[INFO] cloning repository https://github.com/TimTom2016/leptos_ws
[INFO] running `Command { std: "git" "-c" "credential.helper=" "-c" "credential.helper=/workspace/cargo-home/bin/git-credential-null" "clone" "--bare" "https://github.com/TimTom2016/leptos_ws" "/workspace/cache/git-repos/https%3A%2F%2Fgithub.com%2FTimTom2016%2Fleptos_ws", kill_on_drop: false }`
[INFO] [stderr] Cloning into bare repository '/workspace/cache/git-repos/https%3A%2F%2Fgithub.com%2FTimTom2016%2Fleptos_ws'...
[INFO] running `Command { std: "git" "rev-parse" "HEAD", kill_on_drop: false }`
[INFO] [stdout] 59cf29d8fb10ad4faf96c459e56c04af2a6e05f4
[INFO] testing TimTom2016/leptos_ws/59cf29d8fb10ad4faf96c459e56c04af2a6e05f4 against nightly-2024-10-28 for randomize-layout
[INFO] running `Command { std: "git" "clone" "/workspace/cache/git-repos/https%3A%2F%2Fgithub.com%2FTimTom2016%2Fleptos_ws" "/workspace/builds/worker-6-tc1/source", kill_on_drop: false }`
[INFO] [stderr] Cloning into '/workspace/builds/worker-6-tc1/source'...
[INFO] [stderr] done.
[INFO] validating manifest of git repo https://github.com/TimTom2016/leptos_ws on toolchain nightly-2024-10-28
[INFO] running `Command { std: CARGO_HOME="/workspace/cargo-home" RUSTUP_HOME="/workspace/rustup-home" "/workspace/cargo-home/bin/cargo" "+nightly-2024-10-28" "metadata" "--manifest-path" "Cargo.toml" "--no-deps", kill_on_drop: false }`
[INFO] started tweaking git repo https://github.com/TimTom2016/leptos_ws
[INFO] finished tweaking git repo https://github.com/TimTom2016/leptos_ws
[INFO] tweaked toml for git repo https://github.com/TimTom2016/leptos_ws written to /workspace/builds/worker-6-tc1/source/Cargo.toml
[INFO] running `Command { std: CARGO_HOME="/workspace/cargo-home" RUSTUP_HOME="/workspace/rustup-home" "/workspace/cargo-home/bin/cargo" "+nightly-2024-10-28" "generate-lockfile" "--manifest-path" "Cargo.toml", kill_on_drop: false }`
[INFO] [stderr]     Updating crates.io index
[INFO] [stderr]      Locking 228 packages to latest compatible versions
[INFO] [stderr]       Adding js-sys v0.3.70 (available: v0.3.72)
[INFO] [stderr]       Adding json-patch v2.0.0 (available: v3.0.1)
[INFO] [stderr]       Adding wasm-bindgen v0.2.93 (available: v0.2.95)
[INFO] [stderr]       Adding wasm-bindgen-backend v0.2.93 (available: v0.2.95)
[INFO] [stderr]       Adding wasm-bindgen-futures v0.4.43 (available: v0.4.45)
[INFO] [stderr]       Adding wasm-bindgen-macro v0.2.93 (available: v0.2.95)
[INFO] [stderr]       Adding wasm-bindgen-macro-support v0.2.93 (available: v0.2.95)
[INFO] [stderr]       Adding wasm-bindgen-shared v0.2.93 (available: v0.2.95)
[INFO] [stderr]       Adding wasm-streams v0.4.1 (available: v0.4.2)
[INFO] [stderr]       Adding web-sys v0.3.70 (available: v0.3.72)
[INFO] running `Command { std: CARGO_HOME="/workspace/cargo-home" RUSTUP_HOME="/workspace/rustup-home" "/workspace/cargo-home/bin/cargo" "+nightly-2024-10-28" "fetch" "--manifest-path" "Cargo.toml", kill_on_drop: false }`
[INFO] [stderr]  Downloading crates ...
[INFO] [stderr]   Downloaded leptos-use v0.14.0-gamma2
[INFO] [stderr]   Downloaded throw_error v0.2.0-rc0
[INFO] [stderr]   Downloaded guardian v1.2.0
[INFO] [stderr]   Downloaded leptos_server v0.7.0-rc0
[INFO] [stderr]   Downloaded server_fn_macro_default v0.7.0-rc0
[INFO] [stderr]   Downloaded either_of v0.1.0
[INFO] [stderr]   Downloaded leptos_macro v0.7.0-rc0
[INFO] [stderr]   Downloaded leptos_config v0.7.0-rc0
[INFO] [stderr]   Downloaded const_str_slice_concat v0.1.0
[INFO] [stderr]   Downloaded leptos_dom v0.7.0-rc0
[INFO] [stderr]   Downloaded leptos_hot_reload v0.7.0-rc0
[INFO] [stderr]   Downloaded rstml v0.12.0
[INFO] [stderr]   Downloaded next_tuple v0.1.0-rc0
[INFO] [stderr]   Downloaded any_spawner v0.1.1
[INFO] [stderr]   Downloaded hydration_context v0.2.0-rc0
[INFO] [stderr]   Downloaded or_poisoned v0.1.0
[INFO] [stderr]   Downloaded reactive_graph v0.1.0-rc0
[INFO] [stderr]   Downloaded reactive_stores_macro v0.1.0-rc0
[INFO] [stderr]   Downloaded reactive_stores v0.1.0-rc0
[INFO] [stderr]   Downloaded tachys v0.1.0-rc0
[INFO] [stderr]   Downloaded oco_ref v0.2.0
[INFO] [stderr]   Downloaded server_fn_macro v0.7.0-rc0
[INFO] [stderr]   Downloaded leptos v0.7.0-rc0
[INFO] [stderr]   Downloaded server_fn v0.7.0-rc0
[INFO] running `Command { std: "docker" "create" "-v" "/var/lib/crater-agent-workspace/builds/worker-6-tc1/target:/opt/rustwide/target:rw,Z" "-v" "/var/lib/crater-agent-workspace/builds/worker-6-tc1/source:/opt/rustwide/workdir:ro,Z" "-v" "/var/lib/crater-agent-workspace/cargo-home:/opt/rustwide/cargo-home:ro,Z" "-v" "/var/lib/crater-agent-workspace/rustup-home:/opt/rustwide/rustup-home:ro,Z" "-e" "SOURCE_DIR=/opt/rustwide/workdir" "-e" "CARGO_TARGET_DIR=/opt/rustwide/target" "-e" "CARGO_HOME=/opt/rustwide/cargo-home" "-e" "RUSTUP_HOME=/opt/rustwide/rustup-home" "-w" "/opt/rustwide/workdir" "-m" "1610612736" "--user" "0:0" "--network" "none" "ghcr.io/rust-lang/crates-build-env/linux@sha256:4a844ea9eb2546a2d2c7022eacef16ef2e8229c7fbb2c7d4d55a9ceca922f72d" "/opt/rustwide/cargo-home/bin/cargo" "+nightly-2024-10-28" "metadata" "--no-deps" "--format-version=1", kill_on_drop: false }`
[INFO] [stdout] 50a5e7c81a349e95084c1835451e3e35a3282b0a3ea8c09c580e439582279c20
[INFO] running `Command { std: "docker" "start" "-a" "50a5e7c81a349e95084c1835451e3e35a3282b0a3ea8c09c580e439582279c20", kill_on_drop: false }`
[INFO] running `Command { std: "docker" "inspect" "50a5e7c81a349e95084c1835451e3e35a3282b0a3ea8c09c580e439582279c20", kill_on_drop: false }`
[INFO] running `Command { std: "docker" "rm" "-f" "50a5e7c81a349e95084c1835451e3e35a3282b0a3ea8c09c580e439582279c20", kill_on_drop: false }`
[INFO] [stdout] 50a5e7c81a349e95084c1835451e3e35a3282b0a3ea8c09c580e439582279c20
[INFO] running `Command { std: "docker" "create" "-v" "/var/lib/crater-agent-workspace/builds/worker-6-tc1/target:/opt/rustwide/target:rw,Z" "-v" "/var/lib/crater-agent-workspace/builds/worker-6-tc1/source:/opt/rustwide/workdir:ro,Z" "-v" "/var/lib/crater-agent-workspace/cargo-home:/opt/rustwide/cargo-home:ro,Z" "-v" "/var/lib/crater-agent-workspace/rustup-home:/opt/rustwide/rustup-home:ro,Z" "-e" "SOURCE_DIR=/opt/rustwide/workdir" "-e" "CARGO_TARGET_DIR=/opt/rustwide/target" "-e" "CARGO_INCREMENTAL=0" "-e" "RUST_BACKTRACE=full" "-e" "RUSTFLAGS=--cap-lints=forbid" "-e" "RUSTDOCFLAGS=--cap-lints=forbid" "-e" "CARGO_HOME=/opt/rustwide/cargo-home" "-e" "RUSTUP_HOME=/opt/rustwide/rustup-home" "-w" "/opt/rustwide/workdir" "-m" "1610612736" "--user" "0:0" "--network" "none" "ghcr.io/rust-lang/crates-build-env/linux@sha256:4a844ea9eb2546a2d2c7022eacef16ef2e8229c7fbb2c7d4d55a9ceca922f72d" "/opt/rustwide/cargo-home/bin/cargo" "+nightly-2024-10-28" "build" "--frozen" "--message-format=json", kill_on_drop: false }`
[INFO] [stdout] b274b10affaf59156e7d664fec4c66206cd9debfddcaf37d0a30a682a5cd33e8
[INFO] running `Command { std: "docker" "start" "-a" "b274b10affaf59156e7d664fec4c66206cd9debfddcaf37d0a30a682a5cd33e8", kill_on_drop: false }`
[INFO] [stderr]    Compiling proc-macro2 v1.0.89
[INFO] [stderr]    Compiling unicode-ident v1.0.13
[INFO] [stderr]    Compiling memchr v2.7.4
[INFO] [stderr]    Compiling cfg-if v1.0.0
[INFO] [stderr]    Compiling serde v1.0.214
[INFO] [stderr]    Compiling autocfg v1.4.0
[INFO] [stderr]    Compiling version_check v0.9.5
[INFO] [stderr]    Compiling once_cell v1.20.2
[INFO] [stderr]    Compiling thiserror v1.0.66
[INFO] [stderr]    Compiling wasm-bindgen-shared v0.2.93
[INFO] [stderr]    Compiling pin-project-lite v0.2.15
[INFO] [stderr]    Compiling log v0.4.22
[INFO] [stderr]    Compiling bumpalo v3.16.0
[INFO] [stderr]    Compiling libc v0.2.161
[INFO] [stderr]    Compiling wasm-bindgen v0.2.93
[INFO] [stderr]    Compiling futures-core v0.3.31
[INFO] [stderr]    Compiling slab v0.4.9
[INFO] [stderr]    Compiling futures-sink v0.3.31
[INFO] [stderr]    Compiling crossbeam-utils v0.8.20
[INFO] [stderr]    Compiling parking_lot_core v0.9.10
[INFO] [stderr]    Compiling futures-channel v0.3.31
[INFO] [stderr]    Compiling lock_api v0.4.12
[INFO] [stderr]    Compiling unicode-segmentation v1.12.0
[INFO] [stderr]    Compiling futures-io v0.3.31
[INFO] [stderr]    Compiling smallvec v1.13.2
[INFO] [stderr]    Compiling futures-task v0.3.31
[INFO] [stderr]    Compiling pin-utils v0.1.0
[INFO] [stderr]    Compiling quote v1.0.37
[INFO] [stderr]    Compiling scopeguard v1.2.0
[INFO] [stderr]    Compiling hashbrown v0.15.0
[INFO] [stderr]    Compiling equivalent v1.0.1
[INFO] [stderr]    Compiling serde_json v1.0.132
[INFO] [stderr]    Compiling syn v2.0.87
[INFO] [stderr]    Compiling convert_case v0.6.0
[INFO] [stderr]    Compiling itoa v1.0.11
[INFO] [stderr]    Compiling concurrent-queue v2.5.0
[INFO] [stderr]    Compiling proc-macro-error-attr v1.0.4
[INFO] [stderr]    Compiling fnv v1.0.7
[INFO] [stderr]    Compiling ryu v1.0.18
[INFO] [stderr]    Compiling parking v2.2.1
[INFO] [stderr]    Compiling slotmap v1.0.7
[INFO] [stderr]    Compiling indexmap v2.6.0
[INFO] [stderr]    Compiling event-listener v5.3.1
[INFO] [stderr]    Compiling proc-macro-error-attr2 v2.0.0
[INFO] [stderr]    Compiling proc-macro-error v1.0.4
[INFO] [stderr]    Compiling throw_error v0.2.0-rc0
[INFO] [stderr]    Compiling unicode-xid v0.2.6
[INFO] [stderr]    Compiling const_format_proc_macros v0.2.33
[INFO] [stderr]    Compiling event-listener-strategy v0.5.2
[INFO] [stderr]    Compiling send_wrapper v0.6.0
[INFO] [stderr]    Compiling proc-macro2-diagnostics v0.10.1
[INFO] [stderr]    Compiling paste v1.0.15
[INFO] [stderr]    Compiling tinyvec_macros v0.1.1
[INFO] [stderr]    Compiling either v1.13.0
[INFO] [stderr]    Compiling or_poisoned v0.1.0
[INFO] [stderr]    Compiling tinyvec v1.8.0
[INFO] [stderr]    Compiling async-lock v3.4.0
[INFO] [stderr]    Compiling itertools v0.13.0
[INFO] [stderr]    Compiling proc-macro-utils v0.8.0
[INFO] [stderr]    Compiling proc-macro-utils v0.10.0
[INFO] [stderr]    Compiling const_format v0.2.33
[INFO] [stderr]    Compiling guardian v1.2.0
[INFO] [stderr]    Compiling xxhash-rust v0.8.12
[INFO] [stderr]    Compiling percent-encoding v2.3.1
[INFO] [stderr]    Compiling camino v1.1.9
[INFO] [stderr]    Compiling rustc-hash v2.0.0
[INFO] [stderr]    Compiling yansi v1.0.1
[INFO] [stderr]    Compiling anyhow v1.0.92
[INFO] [stderr]    Compiling utf8-width v0.1.7
[INFO] [stderr]    Compiling html-escape v0.2.13
[INFO] [stderr]    Compiling unicode-normalization v0.1.24
[INFO] [stderr]    Compiling manyhow-macros v0.10.4
[INFO] [stderr]    Compiling parking_lot v0.12.3
[INFO] [stderr]    Compiling bytes v1.8.0
[INFO] [stderr]    Compiling unicode-bidi v0.3.17
[INFO] [stderr]    Compiling same-file v1.0.6
[INFO] [stderr]    Compiling winnow v0.6.20
[INFO] [stderr]    Compiling walkdir v2.5.0
[INFO] [stderr]    Compiling http v1.1.0
[INFO] [stderr]    Compiling idna v0.5.0
[INFO] [stderr]    Compiling form_urlencoded v1.2.1
[INFO] [stderr]    Compiling aho-corasick v1.1.3
[INFO] [stderr]    Compiling either_of v0.1.0
[INFO] [stderr]    Compiling regex-syntax v0.8.5
[INFO] [stderr]    Compiling minimal-lexical v0.2.1
[INFO] [stderr]    Compiling ident_case v1.0.1
[INFO] [stderr]    Compiling next_tuple v0.1.0-rc0
[INFO] [stderr]    Compiling collection_literals v1.0.1
[INFO] [stderr]    Compiling const_str_slice_concat v0.1.0
[INFO] [stderr]    Compiling interpolator v0.5.0
[INFO] [stderr]    Compiling wasm-bindgen-backend v0.2.93
[INFO] [stderr]    Compiling proc-macro-error2 v2.0.1
[INFO] [stderr]    Compiling server_fn_macro v0.7.0-rc0
[INFO] [stderr]    Compiling manyhow v0.10.4
[INFO] [stderr]    Compiling prettyplease v0.2.25
[INFO] [stderr]    Compiling hashbrown v0.14.5
[INFO] [stderr]    Compiling strsim v0.11.1
[INFO] [stderr]    Compiling linear-map v1.2.0
[INFO] [stderr]    Compiling drain_filter_polyfill v0.1.3
[INFO] [stderr]    Compiling darling_core v0.20.10
[INFO] [stderr]    Compiling nom v7.1.3
[INFO] [stderr]    Compiling url v2.5.2
[INFO] [stderr]    Compiling wasm-bindgen-macro-support v0.2.93
[INFO] [stderr]    Compiling regex-automata v0.4.8
[INFO] [stderr]    Compiling dashmap v6.1.0
[INFO] [stderr]    Compiling getrandom v0.2.15
[INFO] [stderr]    Compiling pathdiff v0.2.2
[INFO] [stderr]    Compiling uuid v1.11.0
[INFO] [stderr]    Compiling base64 v0.22.1
[INFO] [stderr]    Compiling leptos-use v0.14.0-gamma2
[INFO] [stderr]    Compiling lazy_static v1.5.0
[INFO] [stderr]    Compiling serde_derive v1.0.214
[INFO] [stderr]    Compiling thiserror-impl v1.0.66
[INFO] [stderr]    Compiling wasm-bindgen-macro v0.2.93
[INFO] [stderr]    Compiling futures-macro v0.3.31
[INFO] [stderr]    Compiling derive-where v1.2.7
[INFO] [stderr]    Compiling syn_derive v0.1.8
[INFO] [stderr]    Compiling reactive_stores_macro v0.1.0-rc0
[INFO] [stderr]    Compiling quote-use-macros v0.8.4
[INFO] [stderr]    Compiling futures-util v0.3.31
[INFO] [stderr]    Compiling pin-project-internal v1.1.7
[INFO] [stderr]    Compiling js-sys v0.3.70
[INFO] [stderr]    Compiling quote-use v0.8.4
[INFO] [stderr]    Compiling typed-builder-macro v0.19.1
[INFO] [stderr]    Compiling attribute-derive-macro v0.9.2
[INFO] [stderr]    Compiling rstml v0.12.0
[INFO] [stderr]    Compiling pin-project v1.1.7
[INFO] [stderr]    Compiling server_fn_macro_default v0.7.0-rc0
[INFO] [stderr]    Compiling regex v1.11.1
[INFO] [stderr]    Compiling darling_macro v0.20.10
[INFO] [stderr]    Compiling attribute-derive v0.9.2
[INFO] [stderr]    Compiling typed-builder v0.19.1
[INFO] [stderr]    Compiling darling v0.20.10
[INFO] [stderr]    Compiling async-trait v0.1.83
[INFO] [stderr]    Compiling default-struct-builder v0.5.1
[INFO] [stderr]    Compiling futures-executor v0.3.31
[INFO] [stderr]    Compiling futures v0.3.31
[INFO] [stderr]    Compiling wasm-bindgen-futures v0.4.43
[INFO] [stderr]    Compiling web-sys v0.3.70
[INFO] [stderr]    Compiling any_spawner v0.1.1
[INFO] [stderr]    Compiling leptos_hot_reload v0.7.0-rc0
[INFO] [stderr]    Compiling hydration_context v0.2.0-rc0
[INFO] [stderr]    Compiling serde_spanned v0.6.8
[INFO] [stderr]    Compiling toml_datetime v0.6.8
[INFO] [stderr]    Compiling oco_ref v0.2.0
[INFO] [stderr]    Compiling serde_qs v0.13.0
[INFO] [stderr]    Compiling toml_edit v0.22.22
[INFO] [stderr]    Compiling reactive_graph v0.1.0-rc0
[INFO] [stderr]    Compiling codee v0.2.0
[INFO] [stderr]    Compiling jsonptr v0.4.7
[INFO] [stderr]    Compiling leptos_macro v0.7.0-rc0
[INFO] [stderr]    Compiling json-patch v2.0.0
[INFO] [stderr]    Compiling reactive_stores v0.1.0-rc0
[INFO] [stderr]    Compiling toml v0.8.19
[INFO] [stderr]    Compiling config v0.14.1
[INFO] [stderr]    Compiling leptos_config v0.7.0-rc0
[INFO] [stderr]    Compiling gloo-utils v0.2.0
[INFO] [stderr]    Compiling tachys v0.1.0-rc0
[INFO] [stderr]    Compiling gloo-net v0.6.0
[INFO] [stderr]    Compiling wasm-streams v0.4.1
[INFO] [stderr]    Compiling server_fn v0.7.0-rc0
[INFO] [stderr]    Compiling leptos_dom v0.7.0-rc0
[INFO] [stderr]    Compiling leptos_server v0.7.0-rc0
[INFO] [stderr]    Compiling leptos v0.7.0-rc0
[INFO] [stderr]    Compiling leptos_ws v0.7.0-beta5 (/opt/rustwide/workdir)
[INFO] [stdout] warning: unused imports: `Receiver`, `Sender`, and `channel`
[INFO] [stdout]  --> src/client_signal.rs:7:23
[INFO] [stdout]   |
[INFO] [stdout] 7 | use std::sync::mpsc::{channel, Receiver, Sender};
[INFO] [stdout]   |                       ^^^^^^^  ^^^^^^^^  ^^^^^^
[INFO] [stdout]   |
[INFO] [stdout]   = note: `#[warn(unused_imports)]` on by default
[INFO] [stdout] 
[INFO] [stdout] 
[INFO] [stdout] warning: unused import: `thiserror::Error`
[INFO] [stdout]   --> src/client_signal.rs:13:5
[INFO] [stdout]    |
[INFO] [stdout] 13 | use thiserror::Error;
[INFO] [stdout]    |     ^^^^^^^^^^^^^^^^
[INFO] [stdout] 
[INFO] [stdout] 
[INFO] [stdout] warning: methods `json` and `track` are never used
[INFO] [stdout]   --> src/client_signal.rs:28:8
[INFO] [stdout]    |
[INFO] [stdout] 25 | pub trait ClientSignalTrait {
[INFO] [stdout]    |           ----------------- methods in this trait
[INFO] [stdout] ...
[INFO] [stdout] 28 |     fn json(&self) -> Result<Value, Error>;
[INFO] [stdout]    |        ^^^^
[INFO] [stdout] 29 |     fn set_json(&self, new_value: Value) -> Result<(), Error>;
[INFO] [stdout] 30 |     fn track(&self);
[INFO] [stdout]    |        ^^^^^
[INFO] [stdout]    |
[INFO] [stdout]    = note: `#[warn(dead_code)]` on by default
[INFO] [stdout] 
[INFO] [stdout] 
[INFO] [stdout] warning: method `json` is never used
[INFO] [stdout]   --> src/client_signals.rs:69:12
[INFO] [stdout]    |
[INFO] [stdout] 18 | impl ClientSignals {
[INFO] [stdout]    | ------------------ method in this implementation
[INFO] [stdout] ...
[INFO] [stdout] 69 |     pub fn json(&self, name: &str) -> Option<Result<Value, Error>> {
[INFO] [stdout]    |            ^^^^
[INFO] [stdout] 
[INFO] [stdout] 
[INFO] [stderr]     Finished `dev` profile [unoptimized + debuginfo] target(s) in 51.33s
[INFO] running `Command { std: "docker" "inspect" "b274b10affaf59156e7d664fec4c66206cd9debfddcaf37d0a30a682a5cd33e8", kill_on_drop: false }`
[INFO] running `Command { std: "docker" "rm" "-f" "b274b10affaf59156e7d664fec4c66206cd9debfddcaf37d0a30a682a5cd33e8", kill_on_drop: false }`
[INFO] [stdout] b274b10affaf59156e7d664fec4c66206cd9debfddcaf37d0a30a682a5cd33e8
[INFO] running `Command { std: "docker" "create" "-v" "/var/lib/crater-agent-workspace/builds/worker-6-tc1/target:/opt/rustwide/target:rw,Z" "-v" "/var/lib/crater-agent-workspace/builds/worker-6-tc1/source:/opt/rustwide/workdir:ro,Z" "-v" "/var/lib/crater-agent-workspace/cargo-home:/opt/rustwide/cargo-home:ro,Z" "-v" "/var/lib/crater-agent-workspace/rustup-home:/opt/rustwide/rustup-home:ro,Z" "-e" "SOURCE_DIR=/opt/rustwide/workdir" "-e" "CARGO_TARGET_DIR=/opt/rustwide/target" "-e" "CARGO_INCREMENTAL=0" "-e" "RUST_BACKTRACE=full" "-e" "RUSTFLAGS=--cap-lints=forbid" "-e" "RUSTDOCFLAGS=--cap-lints=forbid" "-e" "CARGO_HOME=/opt/rustwide/cargo-home" "-e" "RUSTUP_HOME=/opt/rustwide/rustup-home" "-w" "/opt/rustwide/workdir" "-m" "1610612736" "--user" "0:0" "--network" "none" "ghcr.io/rust-lang/crates-build-env/linux@sha256:4a844ea9eb2546a2d2c7022eacef16ef2e8229c7fbb2c7d4d55a9ceca922f72d" "/opt/rustwide/cargo-home/bin/cargo" "+nightly-2024-10-28" "test" "--frozen" "--no-run" "--message-format=json", kill_on_drop: false }`
[INFO] [stdout] 9c301c3b058eaa9d7ddf45b8a6c141c04478bdcc1a0efdfb1d5ab6abe4b61e7e
[INFO] running `Command { std: "docker" "start" "-a" "9c301c3b058eaa9d7ddf45b8a6c141c04478bdcc1a0efdfb1d5ab6abe4b61e7e", kill_on_drop: false }`
[INFO] [stdout] warning: unused imports: `Receiver`, `Sender`, and `channel`
[INFO] [stdout]  --> src/client_signal.rs:7:23
[INFO] [stdout]   |
[INFO] [stdout] 7 | use std::sync::mpsc::{channel, Receiver, Sender};
[INFO] [stdout]   |                       ^^^^^^^  ^^^^^^^^  ^^^^^^
[INFO] [stdout]   |
[INFO] [stdout]   = note: `#[warn(unused_imports)]` on by default
[INFO] [stdout] 
[INFO] [stdout] 
[INFO] [stdout] warning: unused import: `thiserror::Error`
[INFO] [stdout]   --> src/client_signal.rs:13:5
[INFO] [stdout]    |
[INFO] [stdout] 13 | use thiserror::Error;
[INFO] [stdout]    |     ^^^^^^^^^^^^^^^^
[INFO] [stdout] 
[INFO] [stdout] 
[INFO] [stderr]    Compiling leptos_ws v0.7.0-beta5 (/opt/rustwide/workdir)
[INFO] [stdout] warning: methods `json` and `track` are never used
[INFO] [stdout]   --> src/client_signal.rs:28:8
[INFO] [stdout]    |
[INFO] [stdout] 25 | pub trait ClientSignalTrait {
[INFO] [stdout]    |           ----------------- methods in this trait
[INFO] [stdout] ...
[INFO] [stdout] 28 |     fn json(&self) -> Result<Value, Error>;
[INFO] [stdout]    |        ^^^^
[INFO] [stdout] 29 |     fn set_json(&self, new_value: Value) -> Result<(), Error>;
[INFO] [stdout] 30 |     fn track(&self);
[INFO] [stdout]    |        ^^^^^
[INFO] [stdout]    |
[INFO] [stdout]    = note: `#[warn(dead_code)]` on by default
[INFO] [stdout] 
[INFO] [stdout] 
[INFO] [stdout] warning: method `json` is never used
[INFO] [stdout]   --> src/client_signals.rs:69:12
[INFO] [stdout]    |
[INFO] [stdout] 18 | impl ClientSignals {
[INFO] [stdout]    | ------------------ method in this implementation
[INFO] [stdout] ...
[INFO] [stdout] 69 |     pub fn json(&self, name: &str) -> Option<Result<Value, Error>> {
[INFO] [stdout]    |            ^^^^
[INFO] [stdout] 
[INFO] [stdout] 
[INFO] [stdout] warning: unused imports: `Receiver`, `Sender`, and `channel`
[INFO] [stdout]  --> src/client_signal.rs:7:23
[INFO] [stdout]   |
[INFO] [stdout] 7 | use std::sync::mpsc::{channel, Receiver, Sender};
[INFO] [stdout]   |                       ^^^^^^^  ^^^^^^^^  ^^^^^^
[INFO] [stdout]   |
[INFO] [stdout]   = note: `#[warn(unused_imports)]` on by default
[INFO] [stdout] 
[INFO] [stdout] 
[INFO] [stdout] warning: unused import: `thiserror::Error`
[INFO] [stdout]   --> src/client_signal.rs:13:5
[INFO] [stdout]    |
[INFO] [stdout] 13 | use thiserror::Error;
[INFO] [stdout]    |     ^^^^^^^^^^^^^^^^
[INFO] [stdout] 
[INFO] [stdout] 
[INFO] [stdout] warning: methods `json` and `track` are never used
[INFO] [stdout]   --> src/client_signal.rs:28:8
[INFO] [stdout]    |
[INFO] [stdout] 25 | pub trait ClientSignalTrait {
[INFO] [stdout]    |           ----------------- methods in this trait
[INFO] [stdout] ...
[INFO] [stdout] 28 |     fn json(&self) -> Result<Value, Error>;
[INFO] [stdout]    |        ^^^^
[INFO] [stdout] 29 |     fn set_json(&self, new_value: Value) -> Result<(), Error>;
[INFO] [stdout] 30 |     fn track(&self);
[INFO] [stdout]    |        ^^^^^
[INFO] [stdout]    |
[INFO] [stdout]    = note: `#[warn(dead_code)]` on by default
[INFO] [stdout] 
[INFO] [stdout] 
[INFO] [stdout] warning: method `json` is never used
[INFO] [stdout]   --> src/client_signals.rs:69:12
[INFO] [stdout]    |
[INFO] [stdout] 18 | impl ClientSignals {
[INFO] [stdout]    | ------------------ method in this implementation
[INFO] [stdout] ...
[INFO] [stdout] 69 |     pub fn json(&self, name: &str) -> Option<Result<Value, Error>> {
[INFO] [stdout]    |            ^^^^
[INFO] [stdout] 
[INFO] [stdout] 
[INFO] [stderr]     Finished `test` profile [unoptimized + debuginfo] target(s) in 0.62s
[INFO] running `Command { std: "docker" "inspect" "9c301c3b058eaa9d7ddf45b8a6c141c04478bdcc1a0efdfb1d5ab6abe4b61e7e", kill_on_drop: false }`
[INFO] running `Command { std: "docker" "rm" "-f" "9c301c3b058eaa9d7ddf45b8a6c141c04478bdcc1a0efdfb1d5ab6abe4b61e7e", kill_on_drop: false }`
[INFO] [stdout] 9c301c3b058eaa9d7ddf45b8a6c141c04478bdcc1a0efdfb1d5ab6abe4b61e7e
[INFO] running `Command { std: "docker" "create" "-v" "/var/lib/crater-agent-workspace/builds/worker-6-tc1/target:/opt/rustwide/target:rw,Z" "-v" "/var/lib/crater-agent-workspace/builds/worker-6-tc1/source:/opt/rustwide/workdir:ro,Z" "-v" "/var/lib/crater-agent-workspace/cargo-home:/opt/rustwide/cargo-home:ro,Z" "-v" "/var/lib/crater-agent-workspace/rustup-home:/opt/rustwide/rustup-home:ro,Z" "-e" "SOURCE_DIR=/opt/rustwide/workdir" "-e" "CARGO_TARGET_DIR=/opt/rustwide/target" "-e" "CARGO_INCREMENTAL=0" "-e" "RUST_BACKTRACE=full" "-e" "RUSTFLAGS=--cap-lints=forbid" "-e" "RUSTDOCFLAGS=--cap-lints=forbid" "-e" "CARGO_HOME=/opt/rustwide/cargo-home" "-e" "RUSTUP_HOME=/opt/rustwide/rustup-home" "-w" "/opt/rustwide/workdir" "-m" "1610612736" "--user" "0:0" "--network" "none" "ghcr.io/rust-lang/crates-build-env/linux@sha256:4a844ea9eb2546a2d2c7022eacef16ef2e8229c7fbb2c7d4d55a9ceca922f72d" "/opt/rustwide/cargo-home/bin/cargo" "+nightly-2024-10-28" "test" "--frozen", kill_on_drop: false }`
[INFO] [stdout] f730195abcaa57f8d3a6be7130d2f46f134a42f744363f24d1a6b3d977703b3e
[INFO] running `Command { std: "docker" "start" "-a" "f730195abcaa57f8d3a6be7130d2f46f134a42f744363f24d1a6b3d977703b3e", kill_on_drop: false }`
[INFO] [stderr] warning: unused imports: `Receiver`, `Sender`, and `channel`
[INFO] [stderr]  --> src/client_signal.rs:7:23
[INFO] [stderr]   |
[INFO] [stderr] 7 | use std::sync::mpsc::{channel, Receiver, Sender};
[INFO] [stderr]   |                       ^^^^^^^  ^^^^^^^^  ^^^^^^
[INFO] [stderr]   |
[INFO] [stderr]   = note: `#[warn(unused_imports)]` on by default
[INFO] [stderr] 
[INFO] [stderr] warning: unused import: `thiserror::Error`
[INFO] [stderr]   --> src/client_signal.rs:13:5
[INFO] [stderr]    |
[INFO] [stderr] 13 | use thiserror::Error;
[INFO] [stderr]    |     ^^^^^^^^^^^^^^^^
[INFO] [stderr] 
[INFO] [stderr] warning: methods `json` and `track` are never used
[INFO] [stderr]   --> src/client_signal.rs:28:8
[INFO] [stderr]    |
[INFO] [stderr] 25 | pub trait ClientSignalTrait {
[INFO] [stderr]    |           ----------------- methods in this trait
[INFO] [stderr] ...
[INFO] [stderr] 28 |     fn json(&self) -> Result<Value, Error>;
[INFO] [stderr]    |        ^^^^
[INFO] [stderr] 29 |     fn set_json(&self, new_value: Value) -> Result<(), Error>;
[INFO] [stderr] 30 |     fn track(&self);
[INFO] [stderr]    |        ^^^^^
[INFO] [stderr]    |
[INFO] [stderr]    = note: `#[warn(dead_code)]` on by default
[INFO] [stderr] 
[INFO] [stderr] warning: method `json` is never used
[INFO] [stderr]   --> src/client_signals.rs:69:12
[INFO] [stderr]    |
[INFO] [stderr] 18 | impl ClientSignals {
[INFO] [stderr]    | ------------------ method in this implementation
[INFO] [stderr] ...
[INFO] [stderr] 69 |     pub fn json(&self, name: &str) -> Option<Result<Value, Error>> {
[INFO] [stderr]    |            ^^^^
[INFO] [stderr] 
[INFO] [stderr] warning: `leptos_ws` (lib) generated 4 warnings (run `cargo fix --lib -p leptos_ws` to apply 2 suggestions)
[INFO] [stderr] warning: `leptos_ws` (lib test) generated 4 warnings (4 duplicates)
[INFO] [stderr]     Finished `test` profile [unoptimized + debuginfo] target(s) in 0.18s
[INFO] [stderr]      Running unittests src/lib.rs (/opt/rustwide/target/debug/deps/leptos_ws-5bdd669d55e9b1d0)
[INFO] [stdout] 
[INFO] [stdout] running 0 tests
[INFO] [stdout] 
[INFO] [stdout] test result: ok. 0 passed; 0 failed; 0 ignored; 0 measured; 0 filtered out; finished in 0.00s
[INFO] [stdout] 
[INFO] [stderr]    Doc-tests leptos_ws
[INFO] [stdout] 
[INFO] [stdout] running 2 tests
[INFO] [stdout] test src/lib.rs - provide_websocket (line 226) ... FAILED
[INFO] [stdout] test src/../README.md - (line 31) ... FAILED
[INFO] [stdout] 
[INFO] [stdout] failures:
[INFO] [stdout] 
[INFO] [stdout] ---- src/lib.rs - provide_websocket (line 226) stdout ----
[INFO] [stdout] error[E0308]: mismatched types
[INFO] [stdout]  --> src/lib.rs:231:12
[INFO] [stdout]   |
[INFO] [stdout] 8 |     if let Ok(Some(_)) = provide_websocket("ws://example.com/socket") {
[INFO] [stdout]   |            ^^^^^^^^^^^   -------------------------------------------- this expression has type `Option<()>`
[INFO] [stdout]   |            |
[INFO] [stdout]   |            expected `Option<()>`, found `Result<_, _>`
[INFO] [stdout]   |
[INFO] [stdout]   = note: expected enum `Option<()>`
[INFO] [stdout]              found enum `Result<_, _>`
[INFO] [stdout] 
[INFO] [stdout] error: aborting due to 1 previous error
[INFO] [stdout] 
[INFO] [stdout] For more information about this error, try `rustc --explain E0308`.
[INFO] [stdout] Couldn't compile the test.
[INFO] [stdout] ---- src/../README.md - (line 31) stdout ----
[INFO] [stdout] error[E0599]: no method named `child` found for struct `leptos::html::HtmlElement` in the current scope
[INFO] [stdout]    --> src/../README.md:44:5
[INFO] [stdout]     |
[INFO] [stdout] 16  |       view! {
[INFO] [stdout]     |  _____^
[INFO] [stdout] 17  | |         <h1>"Count: " {move || count.get().to_string()}</h1>
[INFO] [stdout] 18  | |     }
[INFO] [stdout]     | |_____^ method not found in `HtmlElement<H1, (), ()>`
[INFO] [stdout]     |
[INFO] [stdout]    ::: /opt/rustwide/cargo-home/registry/src/index.crates.io-6f17d22bba15001f/tachys-0.1.0-rc0/src/html/element/mod.rs:127:8
[INFO] [stdout]     |
[INFO] [stdout] 127 |       fn child(self, child: NewChild) -> Self::Output;
[INFO] [stdout]     |          ----- the method is available for `leptos::html::HtmlElement<H1, (), ()>` here
[INFO] [stdout]     |
[INFO] [stdout]     = help: items from traits can only be used if the trait is in scope
[INFO] [stdout]     = note: this error originates in the macro `view` (in Nightly builds, run with -Z macro-backtrace for more info)
[INFO] [stdout] help: trait `ElementChild` which provides `child` is implemented but not in scope; perhaps you want to import it
[INFO] [stdout]     |
[INFO] [stdout] 2   + use leptos::prelude::ElementChild;
[INFO] [stdout]     |
[INFO] [stdout] 
[INFO] [stdout] error[E0599]: no method named `get` found for struct `leptos_ws::client_signal::ClientSignal<i32>` in the current scope
[INFO] [stdout]    --> src/../README.md:45:38
[INFO] [stdout]     |
[INFO] [stdout] 17  |         <h1>"Count: " {move || count.get().to_string()}</h1>
[INFO] [stdout]     |                                      ^^^
[INFO] [stdout]     |
[INFO] [stdout]     = help: items from traits can only be used if the trait is in scope
[INFO] [stdout] help: there is a method `set` with a similar name, but with different arguments
[INFO] [stdout]    --> /opt/rustwide/cargo-home/registry/src/index.crates.io-6f17d22bba15001f/reactive_graph-0.1.0-rc0/src/traits.rs:522:5
[INFO] [stdout]     |
[INFO] [stdout] 522 |     fn set(&self, value: Self::Value);
[INFO] [stdout]     |     ^^^^^^^^^^^^^^^^^^^^^^^^^^^^^^^^^^
[INFO] [stdout] help: trait `Get` which provides `get` is implemented but not in scope; perhaps you want to import it
[INFO] [stdout]     |
[INFO] [stdout] 2   + use leptos::prelude::Get;
[INFO] [stdout]     |
[INFO] [stdout] 
[INFO] [stdout] error: aborting due to 2 previous errors
[INFO] [stdout] 
[INFO] [stdout] For more information about this error, try `rustc --explain E0599`.
[INFO] [stdout] Couldn't compile the test.
[INFO] [stdout] 
[INFO] [stdout] failures:
[INFO] [stdout]     src/../README.md - (line 31)
[INFO] [stdout]     src/lib.rs - provide_websocket (line 226)
[INFO] [stdout] 
[INFO] [stdout] test result: FAILED. 0 passed; 2 failed; 0 ignored; 0 measured; 0 filtered out; finished in 0.18s
[INFO] [stdout] 
[INFO] [stderr] error: doctest failed, to rerun pass `--doc`
[INFO] running `Command { std: "docker" "inspect" "f730195abcaa57f8d3a6be7130d2f46f134a42f744363f24d1a6b3d977703b3e", kill_on_drop: false }`
[INFO] running `Command { std: "docker" "rm" "-f" "f730195abcaa57f8d3a6be7130d2f46f134a42f744363f24d1a6b3d977703b3e", kill_on_drop: false }`
[INFO] [stdout] f730195abcaa57f8d3a6be7130d2f46f134a42f744363f24d1a6b3d977703b3e
