[INFO] cloning repository https://github.com/Malax/libcnb
[INFO] running `Command { std: "git" "-c" "credential.helper=" "-c" "credential.helper=/workspace/cargo-home/bin/git-credential-null" "clone" "--bare" "https://github.com/Malax/libcnb" "/workspace/cache/git-repos/https%3A%2F%2Fgithub.com%2FMalax%2Flibcnb", kill_on_drop: false }`
[INFO] [stderr] Cloning into bare repository '/workspace/cache/git-repos/https%3A%2F%2Fgithub.com%2FMalax%2Flibcnb'...
[INFO] running `Command { std: "git" "rev-parse" "HEAD", kill_on_drop: false }`
[INFO] [stdout] 02437845f58fb9f43b4ac2185059619f4adc7f55
[INFO] testing Malax/libcnb/02437845f58fb9f43b4ac2185059619f4adc7f55 against nightly-2024-10-28 for randomize-layout
[INFO] running `Command { std: "git" "clone" "/workspace/cache/git-repos/https%3A%2F%2Fgithub.com%2FMalax%2Flibcnb" "/workspace/builds/worker-6-tc1/source", kill_on_drop: false }`
[INFO] [stderr] Cloning into '/workspace/builds/worker-6-tc1/source'...
[INFO] [stderr] done.
[INFO] validating manifest of git repo https://github.com/Malax/libcnb on toolchain nightly-2024-10-28
[INFO] running `Command { std: CARGO_HOME="/workspace/cargo-home" RUSTUP_HOME="/workspace/rustup-home" "/workspace/cargo-home/bin/cargo" "+nightly-2024-10-28" "metadata" "--manifest-path" "Cargo.toml" "--no-deps", kill_on_drop: false }`
[INFO] started tweaking git repo https://github.com/Malax/libcnb
[INFO] finished tweaking git repo https://github.com/Malax/libcnb
[INFO] tweaked toml for git repo https://github.com/Malax/libcnb written to /workspace/builds/worker-6-tc1/source/Cargo.toml
[INFO] running `Command { std: CARGO_HOME="/workspace/cargo-home" RUSTUP_HOME="/workspace/rustup-home" "/workspace/cargo-home/bin/cargo" "+nightly-2024-10-28" "generate-lockfile" "--manifest-path" "Cargo.toml", kill_on_drop: false }`
[INFO] [stderr]     Updating crates.io index
[INFO] [stderr]      Locking 184 packages to latest compatible versions
[INFO] [stderr]       Adding opentelemetry v0.21.0 (available: v0.26.0)
[INFO] [stderr]       Adding opentelemetry-stdout v0.2.0 (available: v0.26.0)
[INFO] [stderr]       Adding opentelemetry_sdk v0.21.2 (available: v0.26.0)
[INFO] running `Command { std: CARGO_HOME="/workspace/cargo-home" RUSTUP_HOME="/workspace/rustup-home" "/workspace/cargo-home/bin/cargo" "+nightly-2024-10-28" "fetch" "--manifest-path" "Cargo.toml", kill_on_drop: false }`
[INFO] [stderr]  Downloading crates ...
[INFO] [stderr]   Downloaded which v7.0.0
[INFO] [stderr]   Downloaded fluent-uri v0.1.4
[INFO] [stderr]   Downloaded cyclonedx-bom-macros v0.1.0
[INFO] [stderr]   Downloaded pathdiff v0.2.2
[INFO] [stderr]   Downloaded opentelemetry v0.21.0
[INFO] [stderr]   Downloaded purl v0.1.3
[INFO] [stderr]   Downloaded opentelemetry-stdout v0.2.0
[INFO] [stderr]   Downloaded tar v0.4.43
[INFO] [stderr]   Downloaded fancy-regex v0.14.0
[INFO] [stderr]   Downloaded cyclonedx-bom v0.7.0
[INFO] [stderr]   Downloaded opentelemetry_sdk v0.21.2
[INFO] running `Command { std: "docker" "create" "-v" "/var/lib/crater-agent-workspace/builds/worker-6-tc1/target:/opt/rustwide/target:rw,Z" "-v" "/var/lib/crater-agent-workspace/builds/worker-6-tc1/source:/opt/rustwide/workdir:ro,Z" "-v" "/var/lib/crater-agent-workspace/cargo-home:/opt/rustwide/cargo-home:ro,Z" "-v" "/var/lib/crater-agent-workspace/rustup-home:/opt/rustwide/rustup-home:ro,Z" "-e" "SOURCE_DIR=/opt/rustwide/workdir" "-e" "CARGO_TARGET_DIR=/opt/rustwide/target" "-e" "CARGO_HOME=/opt/rustwide/cargo-home" "-e" "RUSTUP_HOME=/opt/rustwide/rustup-home" "-w" "/opt/rustwide/workdir" "-m" "1610612736" "--user" "0:0" "--network" "none" "ghcr.io/rust-lang/crates-build-env/linux@sha256:4a844ea9eb2546a2d2c7022eacef16ef2e8229c7fbb2c7d4d55a9ceca922f72d" "/opt/rustwide/cargo-home/bin/cargo" "+nightly-2024-10-28" "metadata" "--no-deps" "--format-version=1", kill_on_drop: false }`
[INFO] [stdout] fef22c52d97d822e15132390c9672ee987212f9337df63fd593cf21ac461ad7e
[INFO] running `Command { std: "docker" "start" "-a" "fef22c52d97d822e15132390c9672ee987212f9337df63fd593cf21ac461ad7e", kill_on_drop: false }`
[INFO] running `Command { std: "docker" "inspect" "fef22c52d97d822e15132390c9672ee987212f9337df63fd593cf21ac461ad7e", kill_on_drop: false }`
[INFO] running `Command { std: "docker" "rm" "-f" "fef22c52d97d822e15132390c9672ee987212f9337df63fd593cf21ac461ad7e", kill_on_drop: false }`
[INFO] [stdout] fef22c52d97d822e15132390c9672ee987212f9337df63fd593cf21ac461ad7e
[INFO] running `Command { std: "docker" "create" "-v" "/var/lib/crater-agent-workspace/builds/worker-6-tc1/target:/opt/rustwide/target:rw,Z" "-v" "/var/lib/crater-agent-workspace/builds/worker-6-tc1/source:/opt/rustwide/workdir:ro,Z" "-v" "/var/lib/crater-agent-workspace/cargo-home:/opt/rustwide/cargo-home:ro,Z" "-v" "/var/lib/crater-agent-workspace/rustup-home:/opt/rustwide/rustup-home:ro,Z" "-e" "SOURCE_DIR=/opt/rustwide/workdir" "-e" "CARGO_TARGET_DIR=/opt/rustwide/target" "-e" "CARGO_INCREMENTAL=0" "-e" "RUST_BACKTRACE=full" "-e" "RUSTFLAGS=--cap-lints=forbid" "-e" "RUSTDOCFLAGS=--cap-lints=forbid" "-e" "CARGO_HOME=/opt/rustwide/cargo-home" "-e" "RUSTUP_HOME=/opt/rustwide/rustup-home" "-w" "/opt/rustwide/workdir" "-m" "1610612736" "--user" "0:0" "--network" "none" "ghcr.io/rust-lang/crates-build-env/linux@sha256:4a844ea9eb2546a2d2c7022eacef16ef2e8229c7fbb2c7d4d55a9ceca922f72d" "/opt/rustwide/cargo-home/bin/cargo" "+nightly-2024-10-28" "build" "--frozen" "--message-format=json", kill_on_drop: false }`
[INFO] [stdout] 9682cb40dca8ee88c8ea088a59c9f57da27ecb938a491be65eafde746c80ff73
[INFO] running `Command { std: "docker" "start" "-a" "9682cb40dca8ee88c8ea088a59c9f57da27ecb938a491be65eafde746c80ff73", kill_on_drop: false }`
[INFO] [stderr]    Compiling proc-macro2 v1.0.89
[INFO] [stderr]    Compiling serde v1.0.214
[INFO] [stderr]    Compiling libc v0.2.161
[INFO] [stderr]    Compiling thiserror v1.0.66
[INFO] [stderr]    Compiling hashbrown v0.15.0
[INFO] [stderr]    Compiling autocfg v1.4.0
[INFO] [stderr]    Compiling crossbeam-utils v0.8.20
[INFO] [stderr]    Compiling serde_json v1.0.132
[INFO] [stderr]    Compiling regex-syntax v0.8.5
[INFO] [stderr]    Compiling camino v1.1.9
[INFO] [stderr]    Compiling semver v1.0.23
[INFO] [stderr]    Compiling bit-vec v0.8.0
[INFO] [stderr]    Compiling once_cell v1.20.2
[INFO] [stderr]    Compiling winnow v0.6.20
[INFO] [stderr]    Compiling futures-core v0.3.31
[INFO] [stderr]    Compiling byteorder v1.5.0
[INFO] [stderr]    Compiling futures-sink v0.3.31
[INFO] [stderr]    Compiling bit-set v0.8.0
[INFO] [stderr]    Compiling pin-project-lite v0.2.15
[INFO] [stderr]    Compiling uriparse v0.6.4
[INFO] [stderr]    Compiling futures-task v0.3.31
[INFO] [stderr]    Compiling shlex v1.3.0
[INFO] [stderr]    Compiling urlencoding v2.1.3
[INFO] [stderr]    Compiling futures-channel v0.3.31
[INFO] [stderr]    Compiling iana-time-zone v0.1.61
[INFO] [stderr]    Compiling log v0.4.22
[INFO] [stderr]    Compiling version_check v0.9.5
[INFO] [stderr]    Compiling cc v1.1.33
[INFO] [stderr]    Compiling typenum v1.17.0
[INFO] [stderr]    Compiling slab v0.4.9
[INFO] [stderr]    Compiling num-traits v0.2.19
[INFO] [stderr]    Compiling rustix v0.38.38
[INFO] [stderr]    Compiling tinyvec v1.8.0
[INFO] [stderr]    Compiling indexmap v2.6.0
[INFO] [stderr]    Compiling bstr v1.10.0
[INFO] [stderr]    Compiling crossbeam-channel v0.5.13
[INFO] [stderr]    Compiling quote v1.0.37
[INFO] [stderr]    Compiling generic-array v0.14.7
[INFO] [stderr]    Compiling getrandom v0.2.15
[INFO] [stderr]    Compiling syn v2.0.86
[INFO] [stderr]    Compiling rand_core v0.6.4
[INFO] [stderr]    Compiling crossbeam-epoch v0.9.18
[INFO] [stderr]    Compiling rustls-pki-types v1.10.0
[INFO] [stderr]    Compiling untrusted v0.9.0
[INFO] [stderr]    Compiling pkg-config v0.3.31
[INFO] [stderr]    Compiling spin v0.9.8
[INFO] [stderr]    Compiling regex-automata v0.4.8
[INFO] [stderr]    Compiling unicode-normalization v0.1.24
[INFO] [stderr]    Compiling fixedbitset v0.4.2
[INFO] [stderr]    Compiling rustls v0.23.16
[INFO] [stderr]    Compiling ordered-float v4.4.0
[INFO] [stderr]    Compiling chrono v0.4.38
[INFO] [stderr]    Compiling crossbeam-deque v0.8.5
[INFO] [stderr]    Compiling unicode-bidi v0.3.17
[INFO] [stderr]    Compiling either v1.13.0
[INFO] [stderr]    Compiling home v0.5.9
[INFO] [stderr]    Compiling petgraph v0.6.5
[INFO] [stderr]    Compiling heck v0.5.0
[INFO] [stderr]    Compiling anstyle v1.0.10
[INFO] [stderr]    Compiling zeroize v1.8.1
[INFO] [stderr]    Compiling subtle v2.6.1
[INFO] [stderr]    Compiling webpki-roots v0.26.6
[INFO] [stderr]    Compiling idna v0.5.0
[INFO] [stderr]    Compiling filetime v0.2.25
[INFO] [stderr]    Compiling crc32fast v1.4.2
[INFO] [stderr]    Compiling clap_builder v4.5.20
[INFO] [stderr]    Compiling ring v0.17.8
[INFO] [stderr]    Compiling libz-sys v1.1.20
[INFO] [stderr]    Compiling pathdiff v0.2.2
[INFO] [stderr]    Compiling cpufeatures v0.2.14
[INFO] [stderr]    Compiling tar v0.4.43
[INFO] [stderr]    Compiling termcolor v1.4.1
[INFO] [stderr]    Compiling fs_extra v1.3.0
[INFO] [stderr]    Compiling crypto-common v0.1.6
[INFO] [stderr]    Compiling block-buffer v0.10.4
[INFO] [stderr]    Compiling hex v0.4.3
[INFO] [stderr]    Compiling digest v0.10.7
[INFO] [stderr]    Compiling url v2.5.2
[INFO] [stderr]    Compiling flate2 v1.0.34
[INFO] [stderr]    Compiling sha2 v0.10.8
[INFO] [stderr]    Compiling which v7.0.0
[INFO] [stderr]    Compiling tempfile v3.13.0
[INFO] [stderr]    Compiling serde_derive v1.0.214
[INFO] [stderr]    Compiling thiserror-impl v1.0.66
[INFO] [stderr]    Compiling zerocopy-derive v0.7.35
[INFO] [stderr]    Compiling futures-macro v0.3.31
[INFO] [stderr]    Compiling async-trait v0.1.83
[INFO] [stderr]    Compiling clap_derive v4.5.18
[INFO] [stderr]    Compiling fancy-regex v0.14.0
[INFO] [stderr]    Compiling futures-util v0.3.31
[INFO] [stderr]    Compiling zerocopy v0.7.35
[INFO] [stderr]    Compiling globset v0.4.15
[INFO] [stderr]    Compiling regex v1.11.1
[INFO] [stderr]    Compiling opentelemetry v0.21.0
[INFO] [stderr]    Compiling ignore v0.4.23
[INFO] [stderr]    Compiling ppv-lite86 v0.2.20
[INFO] [stderr]    Compiling clap v4.5.20
[INFO] [stderr]    Compiling rand_chacha v0.3.1
[INFO] [stderr]    Compiling rustls-webpki v0.102.8
[INFO] [stderr]    Compiling rand v0.8.5
[INFO] [stderr]    Compiling futures-executor v0.3.31
[INFO] [stderr]    Compiling opentelemetry_sdk v0.21.2
[INFO] [stderr]    Compiling serde_spanned v0.6.8
[INFO] [stderr]    Compiling toml_datetime v0.6.8
[INFO] [stderr]    Compiling cargo-platform v0.1.8
[INFO] [stderr]    Compiling toml_edit v0.22.22
[INFO] [stderr]    Compiling ureq v2.10.1
[INFO] [stderr]    Compiling opentelemetry-stdout v0.2.0
[INFO] [stderr]    Compiling cargo_metadata v0.18.1
[INFO] [stderr]    Compiling toml v0.8.19
[INFO] [stderr]    Compiling libcnb-proc-macros v0.25.0 (/opt/rustwide/workdir/libcnb-proc-macros)
[INFO] [stderr]    Compiling libcnb-common v0.25.0 (/opt/rustwide/workdir/libcnb-common)
[INFO] [stderr]    Compiling libcnb-data v0.25.0 (/opt/rustwide/workdir/libcnb-data)
[INFO] [stderr]    Compiling libcnb v0.25.0 (/opt/rustwide/workdir/libcnb)
[INFO] [stderr]    Compiling libcnb-package v0.25.0 (/opt/rustwide/workdir/libcnb-package)
[INFO] [stderr]    Compiling libcnb-test v0.25.0 (/opt/rustwide/workdir/libcnb-test)
[INFO] [stderr]    Compiling libherokubuildpack v0.25.0 (/opt/rustwide/workdir/libherokubuildpack)
[INFO] [stderr]    Compiling readonly-layer-files v0.0.0 (/opt/rustwide/workdir/test-buildpacks/readonly-layer-files)
[INFO] [stderr]    Compiling store v0.0.0 (/opt/rustwide/workdir/test-buildpacks/store)
[INFO] [stderr]    Compiling sbom v0.0.0 (/opt/rustwide/workdir/test-buildpacks/sbom)
[INFO] [stderr]    Compiling examples-basics v0.0.0 (/opt/rustwide/workdir/examples/basics)
[INFO] [stderr]    Compiling tracing v0.0.0 (/opt/rustwide/workdir/test-buildpacks/tracing)
[INFO] [stderr]    Compiling examples-execd v0.0.0 (/opt/rustwide/workdir/examples/execd)
[INFO] [stderr]    Compiling libcnb-cargo v0.25.0 (/opt/rustwide/workdir/libcnb-cargo)
[INFO] [stderr]     Finished `dev` profile [unoptimized + debuginfo] target(s) in 21.53s
[INFO] running `Command { std: "docker" "inspect" "9682cb40dca8ee88c8ea088a59c9f57da27ecb938a491be65eafde746c80ff73", kill_on_drop: false }`
[INFO] running `Command { std: "docker" "rm" "-f" "9682cb40dca8ee88c8ea088a59c9f57da27ecb938a491be65eafde746c80ff73", kill_on_drop: false }`
[INFO] [stdout] 9682cb40dca8ee88c8ea088a59c9f57da27ecb938a491be65eafde746c80ff73
[INFO] running `Command { std: "docker" "create" "-v" "/var/lib/crater-agent-workspace/builds/worker-6-tc1/target:/opt/rustwide/target:rw,Z" "-v" "/var/lib/crater-agent-workspace/builds/worker-6-tc1/source:/opt/rustwide/workdir:ro,Z" "-v" "/var/lib/crater-agent-workspace/cargo-home:/opt/rustwide/cargo-home:ro,Z" "-v" "/var/lib/crater-agent-workspace/rustup-home:/opt/rustwide/rustup-home:ro,Z" "-e" "SOURCE_DIR=/opt/rustwide/workdir" "-e" "CARGO_TARGET_DIR=/opt/rustwide/target" "-e" "CARGO_INCREMENTAL=0" "-e" "RUST_BACKTRACE=full" "-e" "RUSTFLAGS=--cap-lints=forbid" "-e" "RUSTDOCFLAGS=--cap-lints=forbid" "-e" "CARGO_HOME=/opt/rustwide/cargo-home" "-e" "RUSTUP_HOME=/opt/rustwide/rustup-home" "-w" "/opt/rustwide/workdir" "-m" "1610612736" "--user" "0:0" "--network" "none" "ghcr.io/rust-lang/crates-build-env/linux@sha256:4a844ea9eb2546a2d2c7022eacef16ef2e8229c7fbb2c7d4d55a9ceca922f72d" "/opt/rustwide/cargo-home/bin/cargo" "+nightly-2024-10-28" "test" "--frozen" "--no-run" "--message-format=json", kill_on_drop: false }`
[INFO] [stdout] 09308d4fe8a17a0ac867774a06b38575f3cddb1c1c130b7addb78075822f5418
[INFO] running `Command { std: "docker" "start" "-a" "09308d4fe8a17a0ac867774a06b38575f3cddb1c1c130b7addb78075822f5418", kill_on_drop: false }`
[INFO] [stderr]    Compiling libcnb-proc-macros v0.25.0 (/opt/rustwide/workdir/libcnb-proc-macros)
[INFO] [stderr]    Compiling serde_test v1.0.177
[INFO] [stderr]    Compiling libcnb-common v0.25.0 (/opt/rustwide/workdir/libcnb-common)
[INFO] [stderr]    Compiling libcnb-data v0.25.0 (/opt/rustwide/workdir/libcnb-data)
[INFO] [stderr]    Compiling libcnb v0.25.0 (/opt/rustwide/workdir/libcnb)
[INFO] [stderr]    Compiling libcnb-package v0.25.0 (/opt/rustwide/workdir/libcnb-package)
[INFO] [stderr]    Compiling libcnb-test v0.25.0 (/opt/rustwide/workdir/libcnb-test)
[INFO] [stderr]    Compiling libherokubuildpack v0.25.0 (/opt/rustwide/workdir/libherokubuildpack)
[INFO] [stderr]    Compiling examples-execd v0.0.0 (/opt/rustwide/workdir/examples/execd)
[INFO] [stderr]    Compiling store v0.0.0 (/opt/rustwide/workdir/test-buildpacks/store)
[INFO] [stderr]    Compiling readonly-layer-files v0.0.0 (/opt/rustwide/workdir/test-buildpacks/readonly-layer-files)
[INFO] [stderr]    Compiling sbom v0.0.0 (/opt/rustwide/workdir/test-buildpacks/sbom)
[INFO] [stderr]    Compiling tracing v0.0.0 (/opt/rustwide/workdir/test-buildpacks/tracing)
[INFO] [stderr]    Compiling examples-basics v0.0.0 (/opt/rustwide/workdir/examples/basics)
[INFO] [stderr]    Compiling libcnb-cargo v0.25.0 (/opt/rustwide/workdir/libcnb-cargo)
[INFO] [stderr]     Finished `test` profile [unoptimized + debuginfo] target(s) in 10.05s
[INFO] running `Command { std: "docker" "inspect" "09308d4fe8a17a0ac867774a06b38575f3cddb1c1c130b7addb78075822f5418", kill_on_drop: false }`
[INFO] running `Command { std: "docker" "rm" "-f" "09308d4fe8a17a0ac867774a06b38575f3cddb1c1c130b7addb78075822f5418", kill_on_drop: false }`
[INFO] [stdout] 09308d4fe8a17a0ac867774a06b38575f3cddb1c1c130b7addb78075822f5418
[INFO] running `Command { std: "docker" "create" "-v" "/var/lib/crater-agent-workspace/builds/worker-6-tc1/target:/opt/rustwide/target:rw,Z" "-v" "/var/lib/crater-agent-workspace/builds/worker-6-tc1/source:/opt/rustwide/workdir:ro,Z" "-v" "/var/lib/crater-agent-workspace/cargo-home:/opt/rustwide/cargo-home:ro,Z" "-v" "/var/lib/crater-agent-workspace/rustup-home:/opt/rustwide/rustup-home:ro,Z" "-e" "SOURCE_DIR=/opt/rustwide/workdir" "-e" "CARGO_TARGET_DIR=/opt/rustwide/target" "-e" "CARGO_INCREMENTAL=0" "-e" "RUST_BACKTRACE=full" "-e" "RUSTFLAGS=--cap-lints=forbid" "-e" "RUSTDOCFLAGS=--cap-lints=forbid" "-e" "CARGO_HOME=/opt/rustwide/cargo-home" "-e" "RUSTUP_HOME=/opt/rustwide/rustup-home" "-w" "/opt/rustwide/workdir" "-m" "1610612736" "--user" "0:0" "--network" "none" "ghcr.io/rust-lang/crates-build-env/linux@sha256:4a844ea9eb2546a2d2c7022eacef16ef2e8229c7fbb2c7d4d55a9ceca922f72d" "/opt/rustwide/cargo-home/bin/cargo" "+nightly-2024-10-28" "test" "--frozen", kill_on_drop: false }`
[INFO] [stdout] a0f003bfa7b477e550c785f366a177f73299cd00a4e3b425601c906574746525
[INFO] running `Command { std: "docker" "start" "-a" "a0f003bfa7b477e550c785f366a177f73299cd00a4e3b425601c906574746525", kill_on_drop: false }`
[INFO] [stderr]     Finished `test` profile [unoptimized + debuginfo] target(s) in 0.25s
[INFO] [stderr]      Running unittests src/main.rs (/opt/rustwide/target/debug/deps/examples_basics-49dc101fafba683f)
[INFO] [stdout] 
[INFO] [stdout] running 0 tests
[INFO] [stdout] 
[INFO] [stdout] test result: ok. 0 passed; 0 failed; 0 ignored; 0 measured; 0 filtered out; finished in 0.00s
[INFO] [stdout] 
[INFO] [stderr]      Running unittests src/bin/dice_roller.rs (/opt/rustwide/target/debug/deps/dice_roller-91f91bf39c46aa3b)
[INFO] [stdout] 
[INFO] [stdout] running 2 tests
[INFO] [stdout] test tests::test_roll_dice ... ok
[INFO] [stdout] test tests::test_env_vars ... ok
[INFO] [stdout] 
[INFO] [stdout] test result: ok. 2 passed; 0 failed; 0 ignored; 0 measured; 0 filtered out; finished in 0.00s
[INFO] [stdout] 
[INFO] [stderr]      Running unittests src/main.rs (/opt/rustwide/target/debug/deps/examples_execd-a432b5f43d0b0d87)
[INFO] [stdout] 
[INFO] [stdout] running 0 tests
[INFO] [stdout] 
[INFO] [stdout] test result: ok. 0 passed; 0 failed; 0 ignored; 0 measured; 0 filtered out; finished in 0.00s
[INFO] [stdout] 
[INFO] [stderr]      Running tests/integration_test.rs (/opt/rustwide/target/debug/deps/integration_test-bef386f2ddb42c48)
[INFO] [stdout] 
[INFO] [stdout] running 1 test
[INFO] [stdout] test basic ... ignored, integration test
[INFO] [stdout] 
[INFO] [stdout] test result: ok. 0 passed; 0 failed; 1 ignored; 0 measured; 0 filtered out; finished in 0.00s
[INFO] [stdout] 
[INFO] [stderr]      Running unittests src/lib.rs (/opt/rustwide/target/debug/deps/libcnb-b4ca24b72cb4960f)
[INFO] [stdout] 
[INFO] [stdout] running 52 tests
[INFO] [stdout] test layer::shared::test::read_layer_without_layer_content_metadata ... ok
[INFO] [stdout] test layer::shared::test::read_nonexistent_layer ... ok
[INFO] [stdout] test layer::shared::test::read_malformed_toml_layer ... ok
[INFO] [stdout] test layer::shared::test::read_layer_without_layer_directory ... ok
[INFO] [stdout] test layer::shared::test::read_layer ... ok
[INFO] [stdout] test layer::shared::test::read_incompatible_metadata_layer ... ok
[INFO] [stdout] test layer::struct_api::handling::tests::create_layer ... ok
[INFO] [stdout] test layer::trait_api::handling::tests::delete_disjointed_layer ... ok
[INFO] [stdout] test layer::trait_api::handling::tests::delete_nonexisting_layer ... ok
[INFO] [stdout] test layer::struct_api::handling::tests::handle_layer_cached_delete ... ok
[INFO] [stdout] test layer::struct_api::handling::tests::handle_layer_uncached ... ok
[INFO] [stdout] test layer::trait_api::handling::tests::delete_layer ... ok
[INFO] [stdout] test layer::struct_api::handling::tests::handle_layer_cached_invalid_metadata_delete ... ok
[INFO] [stdout] test layer::struct_api::handling::tests::handle_layer_cached_keep ... ok
[INFO] [stdout] test layer::trait_api::handling::tests::write_layer_keep_execd ... ok
[INFO] [stdout] test layer::trait_api::tests::default_layer_method_implementations ... ok
[INFO] [stdout] test layer::trait_api::tests::create ... ok
[INFO] [stdout] test layer::trait_api::tests::error_handling_no_directory ... ok
[INFO] [stdout] test layer::trait_api::handling::tests::write_existing_layer_overwrite_with_empty_execd ... ok
[INFO] [stdout] test layer_env::tests::layer_env_delta_eq ... ok
[INFO] [stdout] test layer::trait_api::handling::tests::write_existing_layer_keep_execd ... ok
[INFO] [stdout] test layer::trait_api::tests::create_then_keep ... ok
[INFO] [stdout] test layer::trait_api::handling::tests::write_nonexisting_layer ... ok
[INFO] [stdout] test layer::trait_api::tests::error_handling_no_metadata_toml ... ok
[INFO] [stdout] test layer::trait_api::tests::create_then_recreate ... ok
[INFO] [stdout] test layer_env::tests::modification_behavior_order ... ok
[INFO] [stdout] test layer::struct_api::handling::tests::handle_layer_cached_invalid_metadata_replace ... ok
[INFO] [stdout] test layer::trait_api::tests::create_then_update ... ok
[INFO] [stdout] test layer::trait_api::tests::layer_env_read_write ... ok
[INFO] [stdout] test layer::trait_api::tests::update_with_incompatible_metadata_recreate ... ok
[INFO] [stdout] test env::tests::into_iterator ... ok
[INFO] [stdout] test layer::trait_api::handling::tests::write_nonexisting_layer_with_nonexisting_exec_d_path ... ok
[INFO] [stdout] test layer_env::tests::layer_env_delta_fs_read_write ... ok
[INFO] [stdout] test layer_env::tests::layer_env_insert ... ok
[INFO] [stdout] test layer::trait_api::tests::update_with_incompatible_metadata_replace ... ok
[INFO] [stdout] test layer_env::tests::read_from_layer_dir_layer_paths_launch ... ok
[INFO] [stdout] test layer_env::tests::read_from_layer_dir_layer_paths_build ... ok
[INFO] [stdout] test layer::trait_api::tests::write_layer_env ... ok
[INFO] [stdout] test layer::trait_api::handling::tests::write_existing_layer ... ok
[INFO] [stdout] test platform::tests::read_platform_env_does_not_blow_up_if_platform_env_is_missing ... ok
[INFO] [stdout] test platform::tests::read_platform_env_handles_directories_via_symlinks ... ok
[INFO] [stdout] test platform::tests::read_platform_env_handles_directories_in_env_folder ... ok
[INFO] [stdout] test util::tests::default_on_not_found_with_brokenpipe ... ok
[INFO] [stdout] test platform::tests::read_platform_env_reads_correct_env_vars ... ok
[INFO] [stdout] test util::tests::default_on_not_found_with_ok ... ok
[INFO] [stdout] test layer_env::tests::reference_impl_env_files_have_no_suffix_default_action_is_override ... ok
[INFO] [stdout] test layer_env::tests::reference_impl_add_root_dir_should_append_posix_directories ... ok
[INFO] [stdout] test util::tests::default_on_not_found_with_notfound ... ok
[INFO] [stdout] test util::tests::remove_recursively_no_executable_bit_directory ... ok
[INFO] [stdout] test util::tests::remove_recursively_readonly_directory ... ok
[INFO] [stdout] test layer_env::tests::reference_impl_env_files_have_a_suffix_it_performs_the_matching_action ... ok
[INFO] [stdout] test tracing::tests::test_tracing ... ok
[INFO] [stdout] 
[INFO] [stdout] test result: ok. 52 passed; 0 failed; 0 ignored; 0 measured; 0 filtered out; finished in 0.01s
[INFO] [stdout] 
[INFO] [stderr]      Running unittests src/main.rs (/opt/rustwide/target/debug/deps/cargo_libcnb-731aa0512df4e750)
[INFO] [stdout] 
[INFO] [stdout] running 1 test
[INFO] [stdout] test cli::tests::verify_command ... ok
[INFO] [stdout] 
[INFO] [stdout] test result: ok. 1 passed; 0 failed; 0 ignored; 0 measured; 0 filtered out; finished in 0.00s
[INFO] [stdout] 
[INFO] [stderr]      Running tests/integration_test.rs (/opt/rustwide/target/debug/deps/integration_test-20a5bc54b032f40d)
[INFO] [stdout] 
[INFO] [stdout] running 7 tests
[INFO] [stdout] test package_all_buildpacks_in_monorepo_buildpack_project ... ignored, integration test
[INFO] [stdout] test package_buildpack_in_single_buildpack_project ... ignored, integration test
[INFO] [stdout] test package_command_error_when_run_in_project_with_no_buildpacks ... ignored, integration test
[INFO] [stdout] test package_command_respects_ignore_files ... ignored, integration test
[INFO] [stdout] test package_non_libcnb_buildpack_in_composite_buildpack_project ... ignored, integration test
[INFO] [stdout] test package_single_buildpack_in_monorepo_buildpack_project ... ignored, integration test
[INFO] [stdout] test package_single_composite_buildpack_in_monorepo_buildpack_project ... ignored, integration test
[INFO] [stdout] 
[INFO] [stdout] test result: ok. 0 passed; 0 failed; 7 ignored; 0 measured; 0 filtered out; finished in 0.00s
[INFO] [stdout] 
[INFO] [stderr]      Running unittests src/lib.rs (/opt/rustwide/target/debug/deps/libcnb_common-9750848af3e364b6)
[INFO] [stdout] 
[INFO] [stdout] running 0 tests
[INFO] [stdout] 
[INFO] [stdout] test result: ok. 0 passed; 0 failed; 0 ignored; 0 measured; 0 filtered out; finished in 0.00s
[INFO] [stdout] 
[INFO] [stderr]      Running unittests src/lib.rs (/opt/rustwide/target/debug/deps/libcnb_data-42b25708580b720b)
[INFO] [stdout] 
[INFO] [stdout] running 53 tests
[INFO] [stdout] test buildpack::api::tests::buildpack_api_display ... ok
[INFO] [stdout] test buildpack::api::tests::deserialize_valid_api_versions ... ok
[INFO] [stdout] test buildpack::version::tests::buildpack_version_display ... ok
[INFO] [stdout] test buildpack::api::tests::reject_invalid_api_versions ... ok
[INFO] [stdout] test build_plan::tests::it_serializes_metadata ... ok
[INFO] [stdout] test buildpack::version::tests::deserialize_valid_versions ... ok
[INFO] [stdout] test buildpack::version::tests::reject_negative_versions ... ok
[INFO] [stdout] test buildpack::version::tests::reject_version_suffixes ... ok
[INFO] [stdout] test buildpack::version::tests::reject_versions_with_leading_zeros ... ok
[INFO] [stdout] test buildpack::version::tests::reject_wrong_number_of_version_parts ... ok
[INFO] [stdout] test buildpack_plan::tests::it_deserializes_metadata ... ok
[INFO] [stdout] test build_plan::tests::it_writes_simple_build_plan ... ok
[INFO] [stdout] test buildpack_plan::tests::it_parses_empty ... ok
[INFO] [stdout] test buildpack::stack::tests::deserialize_any_stack ... ok
[INFO] [stdout] test buildpack::stack::tests::deserialize_specific_stack_without_mixins ... ok
[INFO] [stdout] test buildpack_plan::tests::it_parses_simple ... ok
[INFO] [stdout] test buildpack::stack::tests::deserialize_specific_stack_with_mixins ... ok
[INFO] [stdout] test buildpack_plan::tests::it_parses_with_metadata ... ok
[INFO] [stdout] test launch::tests::launch_builder_add_processes ... ok
[INFO] [stdout] test launch::tests::process_builder_args ... ok
[INFO] [stdout] test launch::tests::process_builder ... ok
[INFO] [stdout] test launch::tests::process_with_default_values_serialization ... ok
[INFO] [stdout] test launch::tests::process_with_some_default_values_serialization ... ok
[INFO] [stdout] test launch::tests::process_working_directory_serialization ... ok
[INFO] [stdout] test launch::tests::process_with_default_values_deserialization ... ok
[INFO] [stdout] test layer_content_metadata::tests::deserialize_empty ... ok
[INFO] [stdout] test launch::tests::process_type_validation_valid ... ok
[INFO] [stdout] test layer_content_metadata::tests::deserialize_everything ... ok
[INFO] [stdout] test layer_content_metadata::tests::types_table_with_no_entries_has_defaults ... ok
[INFO] [stdout] test launch::tests::process_type_validation_invalid ... ok
[INFO] [stdout] test exec_d::tests::exec_d_program_output_key_validation_invalid ... ok
[INFO] [stdout] test exec_d::tests::exec_d_program_output_key_validation_valid ... ok
[INFO] [stdout] test buildpack::tests::deserialize_buildpackdescriptor_component ... ok
[INFO] [stdout] test newtypes::tests::literal_macro_success ... ok
[INFO] [stdout] test newtypes::tests::join ... ok
[INFO] [stdout] test newtypes::tests::ord ... ok
[INFO] [stdout] test package_descriptor::tests::it_parses_minimal ... ok
[INFO] [stdout] test package_descriptor::tests::it_parses_with_dependencies_and_platform ... ok
[INFO] [stdout] test package_descriptor::tests::it_serializes ... ok
[INFO] [stdout] test newtypes::tests::deref ... ok
[INFO] [stdout] test buildpack::tests::deserialize_minimal_component_buildpack ... ok
[INFO] [stdout] test buildpack::tests::deserialize_component_buildpack ... ok
[INFO] [stdout] test newtypes::tests::test ... ok
[INFO] [stdout] test buildpack::tests::deserialize_buildpackdescriptor_composite ... ok
[INFO] [stdout] test buildpack::tests::reject_buildpack_with_both_targets_and_order ... ok
[INFO] [stdout] test newtypes::tests::type_eq ... ok
[INFO] [stdout] test buildpack::tests::deserialize_minimal_composite_buildpack ... ok
[INFO] [stdout] test buildpack::id::tests::buildpack_id_validation_valid ... ok
[INFO] [stdout] test layer::tests::layer_name_validation_valid ... ok
[INFO] [stdout] test layer::tests::layer_name_validation_invalid ... ok
[INFO] [stdout] test newtypes::tests::deserialize ... ok
[INFO] [stdout] test buildpack::tests::deserialize_composite_buildpack ... ok
[INFO] [stdout] test buildpack::id::tests::buildpack_id_validation_invalid ... ok
[INFO] [stdout] 
[INFO] [stdout] test result: ok. 53 passed; 0 failed; 0 ignored; 0 measured; 0 filtered out; finished in 0.04s
[INFO] [stdout] 
[INFO] [stderr]      Running unittests src/lib.rs (/opt/rustwide/target/debug/deps/libcnb_package-3ccf7d85e29153e9)
[INFO] [stdout] 
[INFO] [stdout] running 5 tests
[INFO] [stdout] test dependency_graph::tests::test_get_dependencies_one_level_deep ... ok
[INFO] [stdout] test dependency_graph::tests::test_get_dependencies_two_levels_deep ... ok
[INFO] [stdout] test output::tests::test_get_buildpack_target_dir ... ok
[INFO] [stdout] test util::test::test_normalize_path ... ok
[INFO] [stdout] test dependency_graph::tests::test_get_dependencies_with_overlap ... ok
[INFO] [stdout] 
[INFO] [stdout] test result: ok. 5 passed; 0 failed; 0 ignored; 0 measured; 0 filtered out; finished in 0.00s
[INFO] [stdout] 
[INFO] [stderr]      Running unittests src/lib.rs (/opt/rustwide/target/debug/deps/libcnb_proc_macros-fcc71828605e4e6a)
[INFO] [stdout] 
[INFO] [stdout] running 0 tests
[INFO] [stdout] 
[INFO] [stdout] test result: ok. 0 passed; 0 failed; 0 ignored; 0 measured; 0 filtered out; finished in 0.00s
[INFO] [stdout] 
[INFO] [stderr]      Running unittests src/lib.rs (/opt/rustwide/target/debug/deps/libcnb_test-dc97beb2ec06f98b)
[INFO] [stdout] 
[INFO] [stdout] running 51 tests
[INFO] [stdout] test docker::tests::from_docker_port_command_to_command ... ok
[INFO] [stdout] test docker::tests::from_docker_logs_command_to_command ... ok
[INFO] [stdout] test docker::tests::from_docker_exec_command_to_command ... ok
[INFO] [stdout] test docker::tests::from_docker_remove_container_command_to_command ... ok
[INFO] [stdout] test docker::tests::from_docker_remove_image_command_to_command ... ok
[INFO] [stdout] test docker::tests::from_docker_remove_volume_command_to_command ... ok
[INFO] [stdout] test docker::tests::from_docker_run_command_to_command ... ok
[INFO] [stdout] test macros::tests::contains_simple ... ok
[INFO] [stdout] test macros::tests::contains_multiline ... ok
[INFO] [stdout] test macros::tests::contains_simple_with_args ... ok
[INFO] [stdout] test app::tests::copy_app ... ok
[INFO] [stdout] test macros::tests::empty_simple ... ok
[INFO] [stdout] test macros::tests::contains_match_multiline ... ok
[INFO] [stdout] test macros::tests::contains_match_simple_with_args ... ok
[INFO] [stdout] test macros::tests::contains_match_simple ... ok
[INFO] [stdout] test macros::tests::empty_simple_with_args ... ok
[INFO] [stdout] test macros::tests::not_contains_match_multiline ... ok
[INFO] [stdout] test macros::tests::contains_match_multiline_failure - should panic ... ok
[INFO] [stdout] test macros::tests::contains_match_multiline_failure_with_args - should panic ... ok
[INFO] [stdout] test macros::tests::contains_match_simple_failure - should panic ... ok
[INFO] [stdout] test macros::tests::contains_match_simple_failure_with_args - should panic ... ok
[INFO] [stdout] test macros::tests::contains_match_with_invalid_regex - should panic ... ok
[INFO] [stdout] test macros::tests::contains_multiline_failure - should panic ... ok
[INFO] [stdout] test macros::tests::contains_multiline_failure_with_args - should panic ... ok
[INFO] [stdout] test macros::tests::not_contains_match_simple ... ok
[INFO] [stdout] test macros::tests::contains_simple_failure_with_args - should panic ... ok
[INFO] [stdout] test macros::tests::not_contains_multiline ... ok
[INFO] [stdout] test macros::tests::contains_match_with_invalid_regex_and_args - should panic ... ok
[INFO] [stdout] test macros::tests::not_contains_match_simple_with_args ... ok
[INFO] [stdout] test macros::tests::not_contains_simple ... ok
[INFO] [stdout] test macros::tests::contains_simple_failure - should panic ... ok
[INFO] [stdout] test macros::tests::not_contains_simple_with_args ... ok
[INFO] [stdout] test macros::tests::empty_multiline_failure - should panic ... ok
[INFO] [stdout] test pack::tests::from_pack_sbom_download_command_to_command ... ok
[INFO] [stdout] test pack::tests::from_pack_build_command_to_command ... ok
[INFO] [stdout] test macros::tests::empty_multiline_failure_with_args - should panic ... ok
[INFO] [stdout] test macros::tests::empty_simple_failure - should panic ... ok
[INFO] [stdout] test macros::tests::empty_simple_failure_with_args - should panic ... ok
[INFO] [stdout] test macros::tests::not_contains_match_multiline_failure - should panic ... ok
[INFO] [stdout] test macros::tests::not_contains_match_multiline_failure_with_args - should panic ... ok
[INFO] [stdout] test macros::tests::not_contains_match_simple_failure - should panic ... ok
[INFO] [stdout] test util::tests::run_command_program_not_found ... ok
[INFO] [stdout] test macros::tests::not_contains_match_with_invalid_regex - should panic ... ok
[INFO] [stdout] test macros::tests::not_contains_match_with_invalid_regex_and_args - should panic ... ok
[INFO] [stdout] test macros::tests::not_contains_multiline_failure - should panic ... ok
[INFO] [stdout] test macros::tests::not_contains_multiline_failure_with_args - should panic ... ok
[INFO] [stdout] test macros::tests::not_contains_simple_failure - should panic ... ok
[INFO] [stdout] test macros::tests::not_contains_simple_failure_with_args - should panic ... ok
[INFO] [stdout] test macros::tests::not_contains_match_simple_failure_with_args - should panic ... ok
[INFO] [stdout] test util::tests::run_command_nonzero_exit_code ... ok
[INFO] [stdout] test util::tests::run_command_succeeded ... ok
[INFO] [stdout] 
[INFO] [stdout] test result: ok. 51 passed; 0 failed; 0 ignored; 0 measured; 0 filtered out; finished in 0.07s
[INFO] [stdout] 
[INFO] [stderr]      Running tests/integration_test.rs (/opt/rustwide/target/debug/deps/integration_test-dd9dd8d6dbf5a33b)
[INFO] [stdout] 
[INFO] [stdout] running 27 tests
[INFO] [stdout] test address_for_port_when_container_crashed ... ignored, integration test
[INFO] [stdout] test address_for_port_when_port_not_exposed ... ignored, integration test
[INFO] [stdout] test app_dir_absolute_path ... ignored, integration test
[INFO] [stdout] test app_dir_invalid_path ... ignored, integration test
[INFO] [stdout] test app_dir_preprocessor ... ignored, integration test
[INFO] [stdout] test build_multiple_buildpacks ... ignored, integration test
[INFO] [stdout] test build_other_buildpack ... ignored, integration test
[INFO] [stdout] test build_workspace_component_buildpack ... ignored, integration test
[INFO] [stdout] test build_workspace_composite_buildpack ... ignored, integration test
[INFO] [stdout] test download_sbom_files_failure ... ignored, integration test
[INFO] [stdout] test expected_pack_failure ... ignored, integration test
[INFO] [stdout] test expected_pack_failure_still_panics_for_non_pack_failure ... ignored, integration test
[INFO] [stdout] test logs_work_after_container_crashed ... ignored, integration test
[INFO] [stdout] test packaging_failure_compile_error ... ignored, integration test
[INFO] [stdout] test packaging_failure_composite_buildpack_missing_package_toml ... ignored, integration test
[INFO] [stdout] test packaging_failure_invalid_buildpack_toml ... ignored, integration test
[INFO] [stdout] test packaging_failure_invalid_cargo_toml ... ignored, integration test
[INFO] [stdout] test packaging_failure_missing_buildpack_toml ... ignored, integration test
[INFO] [stdout] test packaging_failure_non_existent_workspace_buildpack ... ignored, integration test
[INFO] [stdout] test rebuild ... ignored, integration test
[INFO] [stdout] test run_shell_command_nonzero_exit_status ... ignored, integration test
[INFO] [stdout] test shell_exec_nonzero_exit_status ... ignored, integration test
[INFO] [stdout] test shell_exec_when_container_has_crashed ... ignored, integration test
[INFO] [stdout] test start_container_spawn_failure ... ignored, integration test
[INFO] [stdout] test starting_containers ... ignored, integration test
[INFO] [stdout] test unexpected_pack_failure ... ignored, integration test
[INFO] [stdout] test unexpected_pack_success ... ignored, integration test
[INFO] [stdout] 
[INFO] [stdout] test result: ok. 0 passed; 0 failed; 27 ignored; 0 measured; 0 filtered out; finished in 0.00s
[INFO] [stdout] 
[INFO] [stderr]      Running unittests src/lib.rs (/opt/rustwide/target/debug/deps/libherokubuildpack-1f533c7ef96181bf)
[INFO] [stdout] 
[INFO] [stdout] running 45 tests
[INFO] [stdout] test buildpack_output::ansi_escape::test::empty_line ... ok
[INFO] [stdout] test buildpack_output::ansi_escape::test::handles_nested_color_at_end ... ok
[INFO] [stdout] test buildpack_output::ansi_escape::test::handles_double_nested_color ... ok
[INFO] [stdout] test buildpack_output::ansi_escape::test::handles_nested_color_in_middle ... ok
[INFO] [stdout] test buildpack_output::ansi_escape::test::simple_case ... ok
[INFO] [stdout] test buildpack_output::ansi_escape::test::handles_nested_color_at_start ... ok
[INFO] [stdout] test buildpack_output::ansi_escape::test::splits_newlines ... ok
[INFO] [stdout] test buildpack_output::duration_format::test::test_display_duration ... ok
[INFO] [stdout] test buildpack_output::test::double_warning_step_padding ... ok
[INFO] [stdout] test buildpack_output::test::test_captures ... ok
[INFO] [stdout] test buildpack_output::test::test_important ... ok
[INFO] [stdout] test buildpack_output::test::paragraph_color_codes ... ok
[INFO] [stdout] test buildpack_output::test::warning_after_buildpack ... ok
[INFO] [stdout] test buildpack_output::test::warning_step_padding ... ok
[INFO] [stdout] test buildpack_output::test::write_paragraph_empty_lines ... ok
[INFO] [stdout] test buildpack_output::util::test::test_prefix_first_rest_lines ... ok
[INFO] [stdout] test buildpack_output::util::test::test_prefix_lines ... ok
[INFO] [stdout] test buildpack_output::test::test_error ... ok
[INFO] [stdout] test buildpack_output::util::test::test_paragraph_inspect_write ... ok
[INFO] [stdout] test inventory::artifact::tests::test_arch_display_format ... ok
[INFO] [stdout] test inventory::artifact::tests::test_os_display_format ... ok
[INFO] [stdout] test inventory::checksum::tests::test_checksum_serialization ... ok
[INFO] [stdout] test inventory::checksum::tests::test_invalid_checksum_deserialization ... ok
[INFO] [stdout] test inventory::artifact::tests::test_os_parsing ... ok
[INFO] [stdout] test inventory::checksum::tests::test_invalid_hex_input ... ok
[INFO] [stdout] test inventory::artifact::tests::test_arch_parsing ... ok
[INFO] [stdout] test inventory::checksum::tests::test_checksum_parse_and_serialize ... ok
[INFO] [stdout] test inventory::test::test_dont_resolve_artifact_with_wrong_arch ... ok
[INFO] [stdout] test inventory::test::test_dont_resolve_artifact_with_wrong_version ... ok
[INFO] [stdout] test inventory::test::test_matching_artifact_resolution ... ok
[INFO] [stdout] test toml::test::test_common_case ... ok
[INFO] [stdout] test toml::test::test_does_not_modify_value_types ... ok
[INFO] [stdout] test toml::test::test_partial_match ... ok
[INFO] [stdout] test toml::test::test_value_from_dotted_keys ... ok
[INFO] [stdout] test toml::test::test_value_from_table ... ok
[INFO] [stdout] test write::mappers::test::test_add_prefix ... ok
[INFO] [stdout] test toml::test::test_works_without_keys ... ok
[INFO] [stdout] test write::mappers::test::test_map_utf8_lossy ... ok
[INFO] [stdout] test inventory::checksum::tests::test_invalid_checksum_size ... ok
[INFO] [stdout] test write::test::test_tee_write ... ok
[INFO] [stdout] test write::test::test_mapped_write ... ok
[INFO] [stdout] test buildpack_output::test::test_streaming_a_command ... ok
[INFO] [stdout] test fs::test::test ... ok
[INFO] [stdout] test command::test::test_output_and_write_streams ... ok
[INFO] [stdout] test command::test::test_spawn_and_write_streams ... ok
[INFO] [stdout] 
[INFO] [stdout] test result: ok. 45 passed; 0 failed; 0 ignored; 0 measured; 0 filtered out; finished in 0.00s
[INFO] [stdout] 
[INFO] [stderr]      Running unittests src/main.rs (/opt/rustwide/target/debug/deps/readonly_layer_files-30cbeca08f3d2183)
[INFO] [stdout] 
[INFO] [stdout] running 0 tests
[INFO] [stdout] 
[INFO] [stdout] test result: ok. 0 passed; 0 failed; 0 ignored; 0 measured; 0 filtered out; finished in 0.00s
[INFO] [stdout] 
[INFO] [stderr]      Running tests/integration_test.rs (/opt/rustwide/target/debug/deps/integration_test-dec1c31072f20ed9)
[INFO] [stdout] 
[INFO] [stdout] running 1 test
[INFO] [stdout] test test ... ignored, integration test
[INFO] [stdout] 
[INFO] [stdout] test result: ok. 0 passed; 0 failed; 1 ignored; 0 measured; 0 filtered out; finished in 0.00s
[INFO] [stdout] 
[INFO] [stderr]      Running unittests src/main.rs (/opt/rustwide/target/debug/deps/sbom-3586bf7755d82f61)
[INFO] [stdout] 
[INFO] [stdout] running 0 tests
[INFO] [stdout] 
[INFO] [stdout] test result: ok. 0 passed; 0 failed; 0 ignored; 0 measured; 0 filtered out; finished in 0.00s
[INFO] [stdout] 
[INFO] [stderr]      Running tests/integration_test.rs (/opt/rustwide/target/debug/deps/integration_test-fcddd819758fa2a1)
[INFO] [stdout] 
[INFO] [stdout] running 1 test
[INFO] [stdout] test test ... ignored, integration test
[INFO] [stdout] 
[INFO] [stdout] test result: ok. 0 passed; 0 failed; 1 ignored; 0 measured; 0 filtered out; finished in 0.00s
[INFO] [stdout] 
[INFO] [stderr]      Running unittests src/main.rs (/opt/rustwide/target/debug/deps/store-df0a249148a8a8db)
[INFO] [stdout] 
[INFO] [stdout] running 0 tests
[INFO] [stdout] 
[INFO] [stdout] test result: ok. 0 passed; 0 failed; 0 ignored; 0 measured; 0 filtered out; finished in 0.00s
[INFO] [stdout] 
[INFO] [stderr]      Running tests/integration_test.rs (/opt/rustwide/target/debug/deps/integration_test-44e3b666fa364993)
[INFO] [stdout] 
[INFO] [stdout] running 1 test
[INFO] [stdout] test test ... ignored, integration test
[INFO] [stdout] 
[INFO] [stdout] test result: ok. 0 passed; 0 failed; 1 ignored; 0 measured; 0 filtered out; finished in 0.00s
[INFO] [stdout] 
[INFO] [stderr]      Running unittests src/main.rs (/opt/rustwide/target/debug/deps/tracing-b0652c6fc9ce60ac)
[INFO] [stdout] 
[INFO] [stdout] running 0 tests
[INFO] [stdout] 
[INFO] [stdout] test result: ok. 0 passed; 0 failed; 0 ignored; 0 measured; 0 filtered out; finished in 0.00s
[INFO] [stdout] 
[INFO] [stderr]      Running tests/integration_test.rs (/opt/rustwide/target/debug/deps/integration_test-ec08b27f919ddbde)
[INFO] [stdout] 
[INFO] [stdout] running 1 test
[INFO] [stdout] test test_tracing_export_file ... ignored, integration test
[INFO] [stdout] 
[INFO] [stdout] test result: ok. 0 passed; 0 failed; 1 ignored; 0 measured; 0 filtered out; finished in 0.00s
[INFO] [stdout] 
[INFO] [stderr]    Doc-tests libcnb
[INFO] [stdout] 
[INFO] [stdout] running 21 tests
[INFO] [stdout] test libcnb/src/../README.md - (line 99) - compile ... ok
[INFO] [stdout] test libcnb/src/layer/trait_api/mod.rs - layer::trait_api::LayerResultBuilder<M>::sbom (line 246) - compile ... ok
[INFO] [stdout] test libcnb/src/build.rs - build::BuildContext<B>::uncached_layer (line 389) ... ok
[INFO] [stdout] test libcnb/src/build.rs - build::BuildContext<B>::cached_layer (line 138) ... ok
[INFO] [stdout] test libcnb/src/build.rs - build::BuildContext<B>::cached_layer (line 229) ... ok
[INFO] [stdout] test libcnb/src/build.rs - build::BuildContext<B>::handle_layer (line 46) ... ok
[INFO] [stdout] test libcnb/src/layer/trait_api/mod.rs - layer::trait_api::LayerResultBuilder<M>::exec_d_program (line 218) - compile fail ... ok
[INFO] [stdout] test libcnb/src/platform.rs - platform::Platform::from_path (line 24) - compile ... ok
[INFO] [stdout] test libcnb/src/build.rs - build::BuildResultBuilder (line 502) ... ok
[INFO] [stdout] test libcnb/src/lib.rs - buildpack_main (line 52) ... ok
[INFO] [stdout] test libcnb/src/lib.rs - additional_buildpack_binary_path (line 98) - compile fail ... ok
[INFO] [stdout] test libcnb/src/detect.rs - detect::DetectResultBuilder (line 35) ... ok
[INFO] [stdout] test libcnb/src/env.rs - env::Env (line 9) ... ok
[INFO] [stdout] test libcnb/src/layer_env.rs - layer_env::LayerEnv::new (line 102) ... ok
[INFO] [stdout] test libcnb/src/layer_env.rs - layer_env::LayerEnv::apply (line 122) ... ok
[INFO] [stdout] test libcnb/src/layer_env.rs - layer_env::LayerEnv::read_from_layer_dir (line 252) ... ok
[INFO] [stdout] test libcnb/src/layer_env.rs - layer_env::LayerEnv (line 64) ... ok
[INFO] [stdout] test libcnb/src/layer_env.rs - layer_env::LayerEnv::write_to_layer_dir (line 337) ... ok
[INFO] [stdout] test libcnb/src/layer_env.rs - layer_env::LayerEnv (line 37) ... ok
[INFO] [stdout] test libcnb/src/layer_env.rs - layer_env::LayerEnv::insert (line 173) ... ok
[INFO] [stdout] test libcnb/src/layer_env.rs - layer_env::LayerEnv::chainable_insert (line 216) ... ok
[INFO] [stdout] 
[INFO] [stdout] test result: ok. 21 passed; 0 failed; 0 ignored; 0 measured; 0 filtered out; finished in 2.04s
[INFO] [stdout] 
[INFO] [stderr]    Doc-tests libcnb_common
[INFO] [stdout] 
[INFO] [stdout] running 0 tests
[INFO] [stdout] 
[INFO] [stdout] test result: ok. 0 passed; 0 failed; 0 ignored; 0 measured; 0 filtered out; finished in 0.00s
[INFO] [stdout] 
[INFO] [stderr]    Doc-tests libcnb_data
[INFO] [stdout] 
[INFO] [stdout] running 17 tests
[INFO] [stdout] test libcnb-data/src/newtypes.rs - newtypes::libcnb_newtype (line 26) - compile fail ... ok
[INFO] [stdout] test libcnb-data/src/launch.rs - launch::ProcessBuilder::arg (line 203) ... ok
[INFO] [stdout] test libcnb-data/src/launch.rs - launch::ProcessBuilder (line 173) ... ok
[INFO] [stdout] test libcnb-data/src/launch.rs - launch::ProcessBuilder::arg (line 212) ... ok
[INFO] [stdout] test libcnb-data/src/exec_d.rs - exec_d::exec_d_program_output_key (line 38) ... ok
[INFO] [stdout] test libcnb-data/src/layer.rs - layer::layer_name (line 10) ... ok
[INFO] [stdout] test libcnb-data/src/buildpack/id.rs - buildpack::id::buildpack_id (line 10) ... ok
[INFO] [stdout] test libcnb-data/src/layer.rs - layer::LayerName (line 26) ... ok
[INFO] [stdout] test libcnb-data/src/exec_d.rs - exec_d::ExecDProgramOutputKey (line 54) ... ok
[INFO] [stdout] test libcnb-data/src/launch.rs - launch::LaunchBuilder (line 20) ... ok
[INFO] [stdout] test libcnb-data/src/buildpack/id.rs - buildpack::id::BuildpackId (line 27) ... ok
[INFO] [stdout] test libcnb-data/src/launch.rs - launch::ProcessType (line 293) ... ok
[INFO] [stdout] test libcnb-data/src/package_descriptor.rs - package_descriptor::PackageDescriptor (line 9) ... ok
[INFO] [stdout] test libcnb-data/src/launch.rs - launch::process_type (line 277) ... ok
[INFO] [stdout] test libcnb-data/src/buildpack/mod.rs - buildpack::ComponentBuildpackDescriptor (line 83) ... ok
[INFO] [stdout] test libcnb-data/src/buildpack/mod.rs - buildpack::CompositeBuildpackDescriptor (line 145) ... ok
[INFO] [stdout] test libcnb-data/src/buildpack/mod.rs - buildpack::BuildpackDescriptor (line 27) ... ok
[INFO] [stdout] 
[INFO] [stdout] test result: ok. 17 passed; 0 failed; 0 ignored; 0 measured; 0 filtered out; finished in 1.11s
[INFO] [stdout] 
[INFO] [stderr]    Doc-tests libcnb_package
[INFO] [stdout] 
[INFO] [stdout] running 0 tests
[INFO] [stdout] 
[INFO] [stdout] test result: ok. 0 passed; 0 failed; 0 ignored; 0 measured; 0 filtered out; finished in 0.00s
[INFO] [stdout] 
[INFO] [stderr]    Doc-tests libcnb_proc_macros
[INFO] [stdout] 
[INFO] [stdout] running 1 test
[INFO] [stdout] test libcnb-proc-macros/src/lib.rs - verify_regex (line 17) ... ok
[INFO] [stdout] 
[INFO] [stdout] test result: ok. 1 passed; 0 failed; 0 ignored; 0 measured; 0 filtered out; finished in 0.08s
[INFO] [stdout] 
[INFO] [stderr]    Doc-tests libcnb_test
[INFO] [stdout] 
[INFO] [stdout] running 41 tests
[INFO] [stdout] test libcnb-test/src/build_config.rs - build_config::BuildConfig::new (line 29) - compile ... ok
[INFO] [stdout] test libcnb-test/src/build_config.rs - build_config::BuildConfig::envs (line 148) - compile ... ok
[INFO] [stdout] test libcnb-test/src/build_config.rs - build_config::BuildConfig::env (line 125) - compile ... ok
[INFO] [stdout] test libcnb-test/src/build_config.rs - build_config::BuildConfig::app_dir (line 207) - compile ... ok
[INFO] [stdout] test libcnb-test/src/../README.md - (line 89) - compile ... ok
[INFO] [stdout] test libcnb-test/src/build_config.rs - build_config::BuildConfig::expected_pack_result (line 235) - compile ... ok
[INFO] [stdout] test libcnb-test/src/build_config.rs - build_config::BuildConfig::cargo_profile (line 82) - compile ... ok
[INFO] [stdout] test libcnb-test/src/../README.md - (line 72) - compile ... ok
[INFO] [stdout] test libcnb-test/src/build_config.rs - build_config::BuildConfig::app_dir_preprocessor (line 181) - compile ... ok
[INFO] [stdout] test libcnb-test/src/../README.md - (line 30) - compile ... ok
[INFO] [stdout] test libcnb-test/src/../README.md - (line 151) - compile ... ok
[INFO] [stdout] test libcnb-test/src/../README.md - (line 172) - compile ... ok
[INFO] [stdout] test libcnb-test/src/../README.md - (line 193) - compile ... ok
[INFO] [stdout] test libcnb-test/src/../README.md - (line 51) - compile ... ok
[INFO] [stdout] test libcnb-test/src/build_config.rs - build_config::BuildConfig::buildpacks (line 57) - compile ... ok
[INFO] [stdout] test libcnb-test/src/../README.md - (line 108) - compile ... ok
[INFO] [stdout] test libcnb-test/src/container_config.rs - container_config::ContainerConfig::command (line 97) - compile ... ok
[INFO] [stdout] test libcnb-test/src/container_config.rs - container_config::ContainerConfig::env (line 151) - compile ... ok
[INFO] [stdout] test libcnb-test/src/container_config.rs - container_config::ContainerConfig::bind_mount (line 180) - compile ... ok
[INFO] [stdout] test libcnb-test/src/container_config.rs - container_config::ContainerConfig::envs (line 208) - compile ... ok
[INFO] [stdout] test libcnb-test/src/container_config.rs - container_config::ContainerConfig::expose_port (line 124) - compile ... ok
[INFO] [stdout] test libcnb-test/src/container_context.rs - container_context::ContainerContext::address_for_port (line 90) - compile ... ok
[INFO] [stdout] test libcnb-test/src/container_config.rs - container_config::ContainerConfig::new (line 46) - compile ... ok
[INFO] [stdout] test libcnb-test/src/build_config.rs - build_config::BuildConfig::target_triple (line 103) - compile ... ok
[INFO] [stdout] test libcnb-test/src/container_context.rs - container_context::ContainerContext::shell_exec (line 145) - compile ... ok
[INFO] [stdout] test libcnb-test/src/container_config.rs - container_config::ContainerConfig (line 11) - compile ... ok
[INFO] [stdout] test libcnb-test/src/container_context.rs - container_context::ContainerContext::logs_wait (line 60) - compile ... ok
[INFO] [stdout] test libcnb-test/src/container_config.rs - container_config::ContainerConfig::entrypoint (line 74) - compile ... ok
[INFO] [stdout] test libcnb-test/src/container_context.rs - container_context::ContainerContext::logs_now (line 26) - compile ... ok
[INFO] [stdout] test libcnb-test/src/test_context.rs - test_context::TestContext<'a>::run_shell_command (line 154) - compile ... ok
[INFO] [stdout] test libcnb-test/src/test_context.rs - test_context::TestContext<'a>::start_container (line 36) - compile ... ok
[INFO] [stdout] test libcnb-test/src/test_runner.rs - test_runner::TestRunner (line 13) - compile ... ok
[INFO] [stdout] test libcnb-test/src/test_context.rs - test_context::TestContext<'a>::download_sbom_files (line 216) - compile ... ok
[INFO] [stdout] test libcnb-test/src/test_runner.rs - test_runner::TestRunner::build (line 41) - compile ... ok
[INFO] [stdout] test libcnb-test/src/test_context.rs - test_context::TestContext<'a>::run_shell_command (line 139) - compile ... ok
[INFO] [stdout] test libcnb-test/src/test_context.rs - test_context::TestContext<'a>::rebuild (line 269) - compile ... ok
[INFO] [stdout] test libcnb-test/src/macros.rs - macros::assert_empty (line 106) ... ok
[INFO] [stdout] test libcnb-test/src/macros.rs - macros::assert_contains (line 8) ... ok
[INFO] [stdout] test libcnb-test/src/macros.rs - macros::assert_not_contains (line 57) ... ok
[INFO] [stdout] test libcnb-test/src/macros.rs - macros::assert_contains_match (line 155) ... ok
[INFO] [stdout] test libcnb-test/src/macros.rs - macros::assert_not_contains_match (line 210) ... ok
[INFO] [stdout] 
[INFO] [stdout] test result: ok. 41 passed; 0 failed; 0 ignored; 0 measured; 0 filtered out; finished in 0.40s
[INFO] [stdout] 
[INFO] [stderr]    Doc-tests libherokubuildpack
[INFO] [stdout] 
[INFO] [stdout] running 16 tests
[INFO] [stdout] test libherokubuildpack/src/fs.rs - fs::move_directory_contents (line 8) - compile ... ok
[INFO] [stdout] test libherokubuildpack/src/command.rs - command::CommandExt::spawn_and_write_streams (line 21) - compile ... ok
[INFO] [stdout] test libherokubuildpack/src/command.rs - command::CommandExt::output_and_write_streams (line 47) - compile ... ok
[INFO] [stdout] test libherokubuildpack/src/write.rs - write::mappers::add_prefix (line 195) - compile ... ok
[INFO] [stdout] test libherokubuildpack/src/write.rs - write::mappers::map_utf8_lossy (line 222) - compile ... ok
[INFO] [stdout] test libherokubuildpack/src/error.rs - error::on_error (line 12) ... ok
[INFO] [stdout] test libherokubuildpack/src/buildpack_output/mod.rs - buildpack_output::state::Section (line 138) ... ok
[INFO] [stdout] test libherokubuildpack/src/buildpack_output/mod.rs - buildpack_output::state::NotStarted (line 83) ... ok
[INFO] [stdout] test libherokubuildpack/src/toml.rs - toml::toml_select_value (line 10) ... ok
[INFO] [stdout] test libherokubuildpack/src/buildpack_output/mod.rs - buildpack_output::BuildpackOutput (line 48) ... ok
[INFO] [stdout] test libherokubuildpack/src/buildpack_output/mod.rs - buildpack_output::state::Started (line 108) ... ok
[INFO] [stdout] test libherokubuildpack/src/buildpack_output/mod.rs - buildpack_output (line 6) ... ok
[INFO] [stdout] test libherokubuildpack/src/digest.rs - digest::sha256 (line 10) ... ok
[INFO] [stdout] test libherokubuildpack/src/inventory.rs - inventory (line 36) ... ok
[INFO] [stdout] test libherokubuildpack/src/buildpack_output/mod.rs - buildpack_output::state::Stream (line 167) ... ok
[INFO] [stdout] test libherokubuildpack/src/download.rs - download::download_file (line 16) ... FAILED
[INFO] [stdout] 
[INFO] [stdout] failures:
[INFO] [stdout] 
[INFO] [stdout] ---- libherokubuildpack/src/download.rs - download::download_file (line 16) stdout ----
[INFO] [stdout] Test executable failed (exit status: 101).
[INFO] [stdout] 
[INFO] [stdout] stderr:
[INFO] [stdout] thread 'main' panicked at libherokubuildpack/src/download.rs:12:51:
[INFO] [stdout] called `Result::unwrap()` on an `Err` value: HttpError(Transport(Transport { kind: Dns, message: Some("resolve dns name 'example.com:443'"), url: Some(Url { scheme: "https", cannot_be_a_base: false, username: "", password: None, host: Some(Domain("example.com")), port: None, path: "/", query: None, fragment: None }), source: Some(Custom { kind: Uncategorized, error: "failed to lookup address information: Temporary failure in name resolution" }) }))
[INFO] [stdout] stack backtrace:
[INFO] [stdout]    0:     0x621d039f623a - std::backtrace_rs::backtrace::libunwind::trace::h207520d6e9873551
[INFO] [stdout]                                at /rustc/df4ca44d3fbc9301ee17f30f4d474e6ae4b05252/library/std/src/../../backtrace/src/backtrace/libunwind.rs:116:5
[INFO] [stdout]    1:     0x621d039f623a - std::backtrace_rs::backtrace::trace_unsynchronized::h2ed7433f370e3eca
[INFO] [stdout]                                at /rustc/df4ca44d3fbc9301ee17f30f4d474e6ae4b05252/library/std/src/../../backtrace/src/backtrace/mod.rs:66:5
[INFO] [stdout]    2:     0x621d039f623a - std::sys::backtrace::_print_fmt::h916fac51166b18d7
[INFO] [stdout]                                at /rustc/df4ca44d3fbc9301ee17f30f4d474e6ae4b05252/library/std/src/sys/backtrace.rs:66:9
[INFO] [stdout]    3:     0x621d039f623a - <std::sys::backtrace::BacktraceLock::print::DisplayBacktrace as core::fmt::Display>::fmt::ha0a4c9b8ce3802e6
[INFO] [stdout]                                at /rustc/df4ca44d3fbc9301ee17f30f4d474e6ae4b05252/library/std/src/sys/backtrace.rs:39:26
[INFO] [stdout]    4:     0x621d03a17943 - core::fmt::rt::Argument::fmt::h4cfc8587d52b3eb5
[INFO] [stdout]                                at /rustc/df4ca44d3fbc9301ee17f30f4d474e6ae4b05252/library/core/src/fmt/rt.rs:177:76
[INFO] [stdout]    5:     0x621d03a17943 - core::fmt::write::h522cc39e5b36ae9f
[INFO] [stdout]                                at /rustc/df4ca44d3fbc9301ee17f30f4d474e6ae4b05252/library/core/src/fmt/mod.rs:1190:21
[INFO] [stdout]    6:     0x621d039f2723 - std::io::Write::write_fmt::hf1c1dcc8cc1287f0
[INFO] [stdout]                                at /rustc/df4ca44d3fbc9301ee17f30f4d474e6ae4b05252/library/std/src/io/mod.rs:1839:15
[INFO] [stdout]    7:     0x621d039f6082 - std::sys::backtrace::BacktraceLock::print::h4b9e00b29e9c0942
[INFO] [stdout]                                at /rustc/df4ca44d3fbc9301ee17f30f4d474e6ae4b05252/library/std/src/sys/backtrace.rs:42:9
[INFO] [stdout]    8:     0x621d039f704c - std::panicking::default_hook::{{closure}}::hb59b88280d0324d9
[INFO] [stdout]                                at /rustc/df4ca44d3fbc9301ee17f30f4d474e6ae4b05252/library/std/src/panicking.rs:268:22
[INFO] [stdout]    9:     0x621d039f6e92 - std::panicking::default_hook::he1dd496665be4a29
[INFO] [stdout]                                at /rustc/df4ca44d3fbc9301ee17f30f4d474e6ae4b05252/library/std/src/panicking.rs:295:9
[INFO] [stdout]   10:     0x621d039f7687 - std::panicking::rust_panic_with_hook::h2ff17fe8f26dfcf8
[INFO] [stdout]                                at /rustc/df4ca44d3fbc9301ee17f30f4d474e6ae4b05252/library/std/src/panicking.rs:801:13
[INFO] [stdout]   11:     0x621d039f751a - std::panicking::begin_panic_handler::{{closure}}::h4fad77951c07e101
[INFO] [stdout]                                at /rustc/df4ca44d3fbc9301ee17f30f4d474e6ae4b05252/library/std/src/panicking.rs:674:13
[INFO] [stdout]   12:     0x621d039f6719 - std::sys::backtrace::__rust_end_short_backtrace::hb1a25b3da5d0ea08
[INFO] [stdout]                                at /rustc/df4ca44d3fbc9301ee17f30f4d474e6ae4b05252/library/std/src/sys/backtrace.rs:170:18
[INFO] [stdout]   13:     0x621d039f71ac - rust_begin_unwind
[INFO] [stdout]                                at /rustc/df4ca44d3fbc9301ee17f30f4d474e6ae4b05252/library/std/src/panicking.rs:665:5
[INFO] [stdout]   14:     0x621d03a16280 - core::panicking::panic_fmt::ha9db07b529f9b256
[INFO] [stdout]                                at /rustc/df4ca44d3fbc9301ee17f30f4d474e6ae4b05252/library/core/src/panicking.rs:75:14
[INFO] [stdout]   15:     0x621d03a166c6 - core::result::unwrap_failed::h5e8218e4d4338b8a
[INFO] [stdout]                                at /rustc/df4ca44d3fbc9301ee17f30f4d474e6ae4b05252/library/core/src/result.rs:1698:5
[INFO] [stdout]   16:     0x621d0373fccb - rust_out::main::_doctest_main_libherokubuildpack_src_download_rs_16_0::hdb55cbf08b9d6969
[INFO] [stdout]   17:     0x621d0373faa6 - rust_out::main::ha213a30daa5df4da
[INFO] [stdout]   18:     0x621d0373e0d3 - core::ops::function::FnOnce::call_once::hf7edf7132571051c
[INFO] [stdout]   19:     0x621d0373ddd6 - std::sys::backtrace::__rust_begin_short_backtrace::h32fd822fd2ba4079
[INFO] [stdout]   20:     0x621d0373ddb9 - std::rt::lang_start::{{closure}}::h4039a1c394ed4f7c
[INFO] [stdout]   21:     0x621d039ef077 - core::ops::function::impls::<impl core::ops::function::FnOnce<A> for &F>::call_once::hd87d66b906e0ccaf
[INFO] [stdout]                                at /rustc/df4ca44d3fbc9301ee17f30f4d474e6ae4b05252/library/core/src/ops/function.rs:284:13
[INFO] [stdout]   22:     0x621d039ef077 - std::panicking::try::do_call::hae3703de71fc9e3a
[INFO] [stdout]                                at /rustc/df4ca44d3fbc9301ee17f30f4d474e6ae4b05252/library/std/src/panicking.rs:557:40
[INFO] [stdout]   23:     0x621d039ef077 - std::panicking::try::h1178330e9a2b2645
[INFO] [stdout]                                at /rustc/df4ca44d3fbc9301ee17f30f4d474e6ae4b05252/library/std/src/panicking.rs:520:19
[INFO] [stdout]   24:     0x621d039ef077 - std::panic::catch_unwind::h0acf49d2305d32ad
[INFO] [stdout]                                at /rustc/df4ca44d3fbc9301ee17f30f4d474e6ae4b05252/library/std/src/panic.rs:358:14
[INFO] [stdout]   25:     0x621d039ef077 - std::rt::lang_start_internal::{{closure}}::h2d95182d798177be
[INFO] [stdout]                                at /rustc/df4ca44d3fbc9301ee17f30f4d474e6ae4b05252/library/std/src/rt.rs:174:48
[INFO] [stdout]   26:     0x621d039ef077 - std::panicking::try::do_call::hb506f5bfe11fd30c
[INFO] [stdout]                                at /rustc/df4ca44d3fbc9301ee17f30f4d474e6ae4b05252/library/std/src/panicking.rs:557:40
[INFO] [stdout]   27:     0x621d039ef077 - std::panicking::try::h54d825c46bd0fa95
[INFO] [stdout]                                at /rustc/df4ca44d3fbc9301ee17f30f4d474e6ae4b05252/library/std/src/panicking.rs:520:19
[INFO] [stdout]   28:     0x621d039ef077 - std::panic::catch_unwind::hffbb0ad20c4e9fac
[INFO] [stdout]                                at /rustc/df4ca44d3fbc9301ee17f30f4d474e6ae4b05252/library/std/src/panic.rs:358:14
[INFO] [stdout]   29:     0x621d039ef077 - std::rt::lang_start_internal::h52c291ef1962c925
[INFO] [stdout]                                at /rustc/df4ca44d3fbc9301ee17f30f4d474e6ae4b05252/library/std/src/rt.rs:174:20
[INFO] [stdout]   30:     0x621d0373dd97 - std::rt::lang_start::h8c6075cd6f225ba1
[INFO] [stdout]   31:     0x621d0373ff15 - main
[INFO] [stdout]   32:     0x71ea124ecd90 - <unknown>
[INFO] [stdout]   33:     0x71ea124ece40 - __libc_start_main
[INFO] [stdout]   34:     0x621d0373ade5 - _start
[INFO] [stdout]   35:                0x0 - <unknown>
[INFO] [stdout] 
[INFO] [stdout] 
[INFO] [stdout] 
[INFO] [stdout] failures:
[INFO] [stdout]     libherokubuildpack/src/download.rs - download::download_file (line 16)
[INFO] [stdout] 
[INFO] [stdout] test result: FAILED. 15 passed; 1 failed; 0 ignored; 0 measured; 0 filtered out; finished in 1.87s
[INFO] [stdout] 
[INFO] [stderr] error: doctest failed, to rerun pass `-p libherokubuildpack --doc`
[INFO] running `Command { std: "docker" "inspect" "a0f003bfa7b477e550c785f366a177f73299cd00a4e3b425601c906574746525", kill_on_drop: false }`
[INFO] running `Command { std: "docker" "rm" "-f" "a0f003bfa7b477e550c785f366a177f73299cd00a4e3b425601c906574746525", kill_on_drop: false }`
[INFO] [stdout] a0f003bfa7b477e550c785f366a177f73299cd00a4e3b425601c906574746525
