[INFO] cloning repository https://github.com/Fcornaire/advent-of-code-rs
[INFO] running `Command { std: "git" "-c" "credential.helper=" "-c" "credential.helper=/workspace/cargo-home/bin/git-credential-null" "clone" "--bare" "https://github.com/Fcornaire/advent-of-code-rs" "/workspace/cache/git-repos/https%3A%2F%2Fgithub.com%2FFcornaire%2Fadvent-of-code-rs", kill_on_drop: false }`
[INFO] [stderr] Cloning into bare repository '/workspace/cache/git-repos/https%3A%2F%2Fgithub.com%2FFcornaire%2Fadvent-of-code-rs'...
[INFO] running `Command { std: "git" "rev-parse" "HEAD", kill_on_drop: false }`
[INFO] [stdout] 4ae8c13371db1d393377a441aa516840acf98c21
[INFO] testing Fcornaire/advent-of-code-rs/4ae8c13371db1d393377a441aa516840acf98c21 against nightly-2024-10-28 for randomize-layout
[INFO] running `Command { std: "git" "clone" "/workspace/cache/git-repos/https%3A%2F%2Fgithub.com%2FFcornaire%2Fadvent-of-code-rs" "/workspace/builds/worker-6-tc1/source", kill_on_drop: false }`
[INFO] [stderr] Cloning into '/workspace/builds/worker-6-tc1/source'...
[INFO] [stderr] done.
[INFO] validating manifest of git repo https://github.com/Fcornaire/advent-of-code-rs on toolchain nightly-2024-10-28
[INFO] running `Command { std: CARGO_HOME="/workspace/cargo-home" RUSTUP_HOME="/workspace/rustup-home" "/workspace/cargo-home/bin/cargo" "+nightly-2024-10-28" "metadata" "--manifest-path" "Cargo.toml" "--no-deps", kill_on_drop: false }`
[INFO] removed /workspace/builds/worker-6-tc1/source/.cargo/config.toml
[INFO] started tweaking git repo https://github.com/Fcornaire/advent-of-code-rs
[INFO] finished tweaking git repo https://github.com/Fcornaire/advent-of-code-rs
[INFO] tweaked toml for git repo https://github.com/Fcornaire/advent-of-code-rs written to /workspace/builds/worker-6-tc1/source/Cargo.toml
[INFO] crate git repo https://github.com/Fcornaire/advent-of-code-rs already has a lockfile, it will not be regenerated
[INFO] running `Command { std: CARGO_HOME="/workspace/cargo-home" RUSTUP_HOME="/workspace/rustup-home" "/workspace/cargo-home/bin/cargo" "+nightly-2024-10-28" "fetch" "--manifest-path" "Cargo.toml", kill_on_drop: false }`
[INFO] running `Command { std: "docker" "create" "-v" "/var/lib/crater-agent-workspace/builds/worker-6-tc1/target:/opt/rustwide/target:rw,Z" "-v" "/var/lib/crater-agent-workspace/builds/worker-6-tc1/source:/opt/rustwide/workdir:ro,Z" "-v" "/var/lib/crater-agent-workspace/cargo-home:/opt/rustwide/cargo-home:ro,Z" "-v" "/var/lib/crater-agent-workspace/rustup-home:/opt/rustwide/rustup-home:ro,Z" "-e" "SOURCE_DIR=/opt/rustwide/workdir" "-e" "CARGO_TARGET_DIR=/opt/rustwide/target" "-e" "CARGO_HOME=/opt/rustwide/cargo-home" "-e" "RUSTUP_HOME=/opt/rustwide/rustup-home" "-w" "/opt/rustwide/workdir" "-m" "1610612736" "--user" "0:0" "--network" "none" "ghcr.io/rust-lang/crates-build-env/linux@sha256:4a844ea9eb2546a2d2c7022eacef16ef2e8229c7fbb2c7d4d55a9ceca922f72d" "/opt/rustwide/cargo-home/bin/cargo" "+nightly-2024-10-28" "metadata" "--no-deps" "--format-version=1", kill_on_drop: false }`
[INFO] [stdout] 9d7047f7f2c2570c83f053194f7090e6c6c77e9c0001a2779e860e52ac233d49
[INFO] running `Command { std: "docker" "start" "-a" "9d7047f7f2c2570c83f053194f7090e6c6c77e9c0001a2779e860e52ac233d49", kill_on_drop: false }`
[INFO] running `Command { std: "docker" "inspect" "9d7047f7f2c2570c83f053194f7090e6c6c77e9c0001a2779e860e52ac233d49", kill_on_drop: false }`
[INFO] running `Command { std: "docker" "rm" "-f" "9d7047f7f2c2570c83f053194f7090e6c6c77e9c0001a2779e860e52ac233d49", kill_on_drop: false }`
[INFO] [stdout] 9d7047f7f2c2570c83f053194f7090e6c6c77e9c0001a2779e860e52ac233d49
[INFO] running `Command { std: "docker" "create" "-v" "/var/lib/crater-agent-workspace/builds/worker-6-tc1/target:/opt/rustwide/target:rw,Z" "-v" "/var/lib/crater-agent-workspace/builds/worker-6-tc1/source:/opt/rustwide/workdir:ro,Z" "-v" "/var/lib/crater-agent-workspace/cargo-home:/opt/rustwide/cargo-home:ro,Z" "-v" "/var/lib/crater-agent-workspace/rustup-home:/opt/rustwide/rustup-home:ro,Z" "-e" "SOURCE_DIR=/opt/rustwide/workdir" "-e" "CARGO_TARGET_DIR=/opt/rustwide/target" "-e" "CARGO_INCREMENTAL=0" "-e" "RUST_BACKTRACE=full" "-e" "RUSTFLAGS=--cap-lints=forbid" "-e" "RUSTDOCFLAGS=--cap-lints=forbid" "-e" "CARGO_HOME=/opt/rustwide/cargo-home" "-e" "RUSTUP_HOME=/opt/rustwide/rustup-home" "-w" "/opt/rustwide/workdir" "-m" "1610612736" "--user" "0:0" "--network" "none" "ghcr.io/rust-lang/crates-build-env/linux@sha256:4a844ea9eb2546a2d2c7022eacef16ef2e8229c7fbb2c7d4d55a9ceca922f72d" "/opt/rustwide/cargo-home/bin/cargo" "+nightly-2024-10-28" "build" "--frozen" "--message-format=json", kill_on_drop: false }`
[INFO] [stdout] 035b54563678ad8a0284dde06fc7a834bf3ee0eaf2e6e1081f7a1f1be432dad1
[INFO] running `Command { std: "docker" "start" "-a" "035b54563678ad8a0284dde06fc7a834bf3ee0eaf2e6e1081f7a1f1be432dad1", kill_on_drop: false }`
[INFO] [stderr]    Compiling autocfg v1.1.0
[INFO] [stderr]    Compiling cfg-if v1.0.0
[INFO] [stderr]    Compiling crossbeam-utils v0.8.16
[INFO] [stderr]    Compiling proc-macro2 v1.0.70
[INFO] [stderr]    Compiling unicode-ident v1.0.12
[INFO] [stderr]    Compiling once_cell v1.19.0
[INFO] [stderr]    Compiling scopeguard v1.2.0
[INFO] [stderr]    Compiling lazy_static v1.4.0
[INFO] [stderr]    Compiling rayon-core v1.12.0
[INFO] [stderr]    Compiling libc v0.2.150
[INFO] [stderr]    Compiling portable-atomic v1.6.0
[INFO] [stderr]    Compiling either v1.9.0
[INFO] [stderr]    Compiling tracing-core v0.1.32
[INFO] [stderr]    Compiling memchr v2.6.4
[INFO] [stderr]    Compiling unicode-width v0.1.11
[INFO] [stderr]    Compiling log v0.4.20
[INFO] [stderr]    Compiling num-traits v0.2.17
[INFO] [stderr]    Compiling memoffset v0.9.0
[INFO] [stderr]    Compiling num-integer v0.1.45
[INFO] [stderr]    Compiling crossbeam-epoch v0.9.15
[INFO] [stderr]    Compiling num-bigint v0.4.4
[INFO] [stderr]    Compiling num-iter v0.1.43
[INFO] [stderr]    Compiling quote v1.0.33
[INFO] [stderr]    Compiling num-rational v0.4.1
[INFO] [stderr]    Compiling aho-corasick v1.1.2
[INFO] [stderr]    Compiling syn v2.0.41
[INFO] [stderr]    Compiling crossbeam-deque v0.8.3
[INFO] [stderr]    Compiling regex-syntax v0.8.2
[INFO] [stderr]    Compiling overload v0.1.1
[INFO] [stderr]    Compiling nu-ansi-term v0.46.0
[INFO] [stderr]    Compiling tracing-log v0.2.0
[INFO] [stderr]    Compiling num-complex v0.4.4
[INFO] [stderr]    Compiling console v0.15.7
[INFO] [stderr]    Compiling rayon v1.8.0
[INFO] [stderr]    Compiling thread_local v1.1.7
[INFO] [stderr]    Compiling sharded-slab v0.1.7
[INFO] [stderr]    Compiling pin-project-lite v0.2.13
[INFO] [stderr]    Compiling number_prefix v0.4.0
[INFO] [stderr]    Compiling smallvec v1.11.2
[INFO] [stderr]    Compiling itertools v0.12.0
[INFO] [stderr]    Compiling pico-args v0.5.0
[INFO] [stderr]    Compiling tracing-subscriber v0.3.18
[INFO] [stderr]    Compiling regex-automata v0.4.3
[INFO] [stderr]    Compiling indicatif v0.17.7
[INFO] [stderr]    Compiling num v0.4.1
[INFO] [stderr]    Compiling tracing-attributes v0.1.27
[INFO] [stderr]    Compiling regex v1.10.2
[INFO] [stderr]    Compiling tracing v0.1.40
[INFO] [stderr]    Compiling advent_of_code v0.9.3 (/opt/rustwide/workdir)
[INFO] [stdout] warning: value assigned to `fst` is never read
[INFO] [stdout]   --> src/bin/01.rs:50:13
[INFO] [stdout]    |
[INFO] [stdout] 50 |     let mut fst: u32 = 0;
[INFO] [stdout]    |             ^^^
[INFO] [stdout]    |
[INFO] [stdout]    = help: maybe it is overwritten before being read?
[INFO] [stdout]    = note: `#[warn(unused_assignments)]` on by default
[INFO] [stdout] 
[INFO] [stdout] 
[INFO] [stdout] warning: variable `ind` is assigned to, but never used
[INFO] [stdout]   --> src/bin/01.rs:92:13
[INFO] [stdout]    |
[INFO] [stdout] 92 |     let mut ind = 1;
[INFO] [stdout]    |             ^^^
[INFO] [stdout]    |
[INFO] [stdout]    = note: consider using `_ind` instead
[INFO] [stdout]    = note: `#[warn(unused_variables)]` on by default
[INFO] [stdout] 
[INFO] [stdout] 
[INFO] [stderr]     Finished `dev` profile [unoptimized + debuginfo] target(s) in 8.96s
[INFO] running `Command { std: "docker" "inspect" "035b54563678ad8a0284dde06fc7a834bf3ee0eaf2e6e1081f7a1f1be432dad1", kill_on_drop: false }`
[INFO] running `Command { std: "docker" "rm" "-f" "035b54563678ad8a0284dde06fc7a834bf3ee0eaf2e6e1081f7a1f1be432dad1", kill_on_drop: false }`
[INFO] [stdout] 035b54563678ad8a0284dde06fc7a834bf3ee0eaf2e6e1081f7a1f1be432dad1
[INFO] running `Command { std: "docker" "create" "-v" "/var/lib/crater-agent-workspace/builds/worker-6-tc1/target:/opt/rustwide/target:rw,Z" "-v" "/var/lib/crater-agent-workspace/builds/worker-6-tc1/source:/opt/rustwide/workdir:ro,Z" "-v" "/var/lib/crater-agent-workspace/cargo-home:/opt/rustwide/cargo-home:ro,Z" "-v" "/var/lib/crater-agent-workspace/rustup-home:/opt/rustwide/rustup-home:ro,Z" "-e" "SOURCE_DIR=/opt/rustwide/workdir" "-e" "CARGO_TARGET_DIR=/opt/rustwide/target" "-e" "CARGO_INCREMENTAL=0" "-e" "RUST_BACKTRACE=full" "-e" "RUSTFLAGS=--cap-lints=forbid" "-e" "RUSTDOCFLAGS=--cap-lints=forbid" "-e" "CARGO_HOME=/opt/rustwide/cargo-home" "-e" "RUSTUP_HOME=/opt/rustwide/rustup-home" "-w" "/opt/rustwide/workdir" "-m" "1610612736" "--user" "0:0" "--network" "none" "ghcr.io/rust-lang/crates-build-env/linux@sha256:4a844ea9eb2546a2d2c7022eacef16ef2e8229c7fbb2c7d4d55a9ceca922f72d" "/opt/rustwide/cargo-home/bin/cargo" "+nightly-2024-10-28" "test" "--frozen" "--no-run" "--message-format=json", kill_on_drop: false }`
[INFO] [stdout] 5f90ff92f30eaa7400604da3bc53b7b530a6d666242a772a539bb16514b3ca80
[INFO] running `Command { std: "docker" "start" "-a" "5f90ff92f30eaa7400604da3bc53b7b530a6d666242a772a539bb16514b3ca80", kill_on_drop: false }`
[INFO] [stderr]    Compiling advent_of_code v0.9.3 (/opt/rustwide/workdir)
[INFO] [stdout] warning: value assigned to `fst` is never read
[INFO] [stdout]   --> src/bin/01.rs:50:13
[INFO] [stdout]    |
[INFO] [stdout] 50 |     let mut fst: u32 = 0;
[INFO] [stdout]    |             ^^^
[INFO] [stdout]    |
[INFO] [stdout]    = help: maybe it is overwritten before being read?
[INFO] [stdout]    = note: `#[warn(unused_assignments)]` on by default
[INFO] [stdout] 
[INFO] [stdout] 
[INFO] [stdout] warning: variable `ind` is assigned to, but never used
[INFO] [stdout]   --> src/bin/01.rs:92:13
[INFO] [stdout]    |
[INFO] [stdout] 92 |     let mut ind = 1;
[INFO] [stdout]    |             ^^^
[INFO] [stdout]    |
[INFO] [stdout]    = note: consider using `_ind` instead
[INFO] [stdout]    = note: `#[warn(unused_variables)]` on by default
[INFO] [stdout] 
[INFO] [stdout] 
[INFO] [stderr]     Finished `test` profile [unoptimized + debuginfo] target(s) in 1.58s
[INFO] running `Command { std: "docker" "inspect" "5f90ff92f30eaa7400604da3bc53b7b530a6d666242a772a539bb16514b3ca80", kill_on_drop: false }`
[INFO] running `Command { std: "docker" "rm" "-f" "5f90ff92f30eaa7400604da3bc53b7b530a6d666242a772a539bb16514b3ca80", kill_on_drop: false }`
[INFO] [stdout] 5f90ff92f30eaa7400604da3bc53b7b530a6d666242a772a539bb16514b3ca80
[INFO] running `Command { std: "docker" "create" "-v" "/var/lib/crater-agent-workspace/builds/worker-6-tc1/target:/opt/rustwide/target:rw,Z" "-v" "/var/lib/crater-agent-workspace/builds/worker-6-tc1/source:/opt/rustwide/workdir:ro,Z" "-v" "/var/lib/crater-agent-workspace/cargo-home:/opt/rustwide/cargo-home:ro,Z" "-v" "/var/lib/crater-agent-workspace/rustup-home:/opt/rustwide/rustup-home:ro,Z" "-e" "SOURCE_DIR=/opt/rustwide/workdir" "-e" "CARGO_TARGET_DIR=/opt/rustwide/target" "-e" "CARGO_INCREMENTAL=0" "-e" "RUST_BACKTRACE=full" "-e" "RUSTFLAGS=--cap-lints=forbid" "-e" "RUSTDOCFLAGS=--cap-lints=forbid" "-e" "CARGO_HOME=/opt/rustwide/cargo-home" "-e" "RUSTUP_HOME=/opt/rustwide/rustup-home" "-w" "/opt/rustwide/workdir" "-m" "1610612736" "--user" "0:0" "--network" "none" "ghcr.io/rust-lang/crates-build-env/linux@sha256:4a844ea9eb2546a2d2c7022eacef16ef2e8229c7fbb2c7d4d55a9ceca922f72d" "/opt/rustwide/cargo-home/bin/cargo" "+nightly-2024-10-28" "test" "--frozen", kill_on_drop: false }`
[INFO] [stdout] f4411f0d48a75be880d73405652f105280e2ab249871f7bb44d1cf997ab1f53c
[INFO] running `Command { std: "docker" "start" "-a" "f4411f0d48a75be880d73405652f105280e2ab249871f7bb44d1cf997ab1f53c", kill_on_drop: false }`
[INFO] [stderr] warning: value assigned to `fst` is never read
[INFO] [stderr]   --> src/bin/01.rs:50:13
[INFO] [stderr]    |
[INFO] [stderr] 50 |     let mut fst: u32 = 0;
[INFO] [stderr]    |             ^^^
[INFO] [stderr]    |
[INFO] [stderr]    = help: maybe it is overwritten before being read?
[INFO] [stderr]    = note: `#[warn(unused_assignments)]` on by default
[INFO] [stderr] 
[INFO] [stderr] warning: variable `ind` is assigned to, but never used
[INFO] [stderr]   --> src/bin/01.rs:92:13
[INFO] [stderr]    |
[INFO] [stderr] 92 |     let mut ind = 1;
[INFO] [stderr]    |             ^^^
[INFO] [stderr]    |
[INFO] [stderr]    = note: consider using `_ind` instead
[INFO] [stderr]    = note: `#[warn(unused_variables)]` on by default
[INFO] [stderr] 
[INFO] [stderr] warning: `advent_of_code` (bin "01" test) generated 2 warnings
[INFO] [stderr]     Finished `test` profile [unoptimized + debuginfo] target(s) in 0.03s
[INFO] [stderr]      Running unittests src/lib.rs (/opt/rustwide/target/debug/deps/advent_of_code-a87c09049fe55453)
[INFO] [stdout] 
[INFO] [stdout] running 0 tests
[INFO] [stdout] 
[INFO] [stdout] test result: ok. 0 passed; 0 failed; 0 ignored; 0 measured; 0 filtered out; finished in 0.00s
[INFO] [stdout] 
[INFO] [stderr]      Running unittests src/bin/01.rs (/opt/rustwide/target/debug/deps/01-17f2d50c85ff14c0)
[INFO] [stdout] 
[INFO] [stdout] running 2 tests
[INFO] [stdout] test tests::test_part_one ... ok
[INFO] [stdout] test tests::test_part_two ... ok
[INFO] [stdout] 
[INFO] [stdout] test result: ok. 2 passed; 0 failed; 0 ignored; 0 measured; 0 filtered out; finished in 0.00s
[INFO] [stdout] 
[INFO] [stderr]      Running unittests src/bin/02.rs (/opt/rustwide/target/debug/deps/02-18daef9082e59ba9)
[INFO] [stdout] 
[INFO] [stdout] running 2 tests
[INFO] [stdout] test tests::test_part_one ... ok
[INFO] [stdout] test tests::test_part_two ... ok
[INFO] [stdout] 
[INFO] [stdout] test result: ok. 2 passed; 0 failed; 0 ignored; 0 measured; 0 filtered out; finished in 0.00s
[INFO] [stdout] 
[INFO] [stderr]      Running unittests src/bin/03.rs (/opt/rustwide/target/debug/deps/03-0a6b72cc082678f0)
[INFO] [stdout] 
[INFO] [stdout] running 2 tests
[INFO] [stdout] test tests::test_part_one ... ok
[INFO] [stdout] test tests::test_part_two ... ok
[INFO] [stdout] 
[INFO] [stdout] test result: ok. 2 passed; 0 failed; 0 ignored; 0 measured; 0 filtered out; finished in 0.00s
[INFO] [stdout] 
[INFO] [stderr]      Running unittests src/bin/04.rs (/opt/rustwide/target/debug/deps/04-6a5107e7a8d26213)
[INFO] [stdout] 
[INFO] [stdout] running 2 tests
[INFO] [stdout] test tests::test_part_two ... ok
[INFO] [stdout] test tests::test_part_one ... ok
[INFO] [stdout] 
[INFO] [stdout] test result: ok. 2 passed; 0 failed; 0 ignored; 0 measured; 0 filtered out; finished in 0.00s
[INFO] [stdout] 
[INFO] [stderr]      Running unittests src/bin/06.rs (/opt/rustwide/target/debug/deps/06-c67e605fe8e37c11)
[INFO] [stdout] 
[INFO] [stdout] running 2 tests
[INFO] [stdout] test tests::test_part_one ... ok
[INFO] [stdout] test tests::test_part_two ... ok
[INFO] [stdout] 
[INFO] [stdout] test result: ok. 2 passed; 0 failed; 0 ignored; 0 measured; 0 filtered out; finished in 0.00s
[INFO] [stdout] 
[INFO] [stderr]      Running unittests src/bin/07.rs (/opt/rustwide/target/debug/deps/07-62153c21fc484467)
[INFO] [stdout] 
[INFO] [stdout] running 3 tests
[INFO] [stdout] test tests::test_get_type_default ... ok
[INFO] [stdout] test tests::test_part_two ... ok
[INFO] [stdout] test tests::test_part_one ... ok
[INFO] [stdout] 
[INFO] [stdout] test result: ok. 3 passed; 0 failed; 0 ignored; 0 measured; 0 filtered out; finished in 0.00s
[INFO] [stdout] 
[INFO] [stderr]      Running unittests src/bin/08.rs (/opt/rustwide/target/debug/deps/08-9cbb8ce871fb7fc9)
[INFO] [stdout] 
[INFO] [stdout] running 2 tests
[INFO] [stdout] test tests::test_part_one ... ok
[INFO] [stdout] test tests::test_part_two ... ok
[INFO] [stdout] 
[INFO] [stdout] test result: ok. 2 passed; 0 failed; 0 ignored; 0 measured; 0 filtered out; finished in 0.18s
[INFO] [stdout] 
[INFO] [stderr]      Running unittests src/bin/09.rs (/opt/rustwide/target/debug/deps/09-5490b48d263bd48f)
[INFO] [stdout] 
[INFO] [stdout] running 2 tests
[INFO] [stdout] test tests::test_part_one ... ok
[INFO] [stdout] test tests::test_part_two ... ok
[INFO] [stdout] 
[INFO] [stdout] test result: ok. 2 passed; 0 failed; 0 ignored; 0 measured; 0 filtered out; finished in 0.00s
[INFO] [stdout] 
[INFO] [stderr]      Running unittests src/bin/11.rs (/opt/rustwide/target/debug/deps/11-264d4eeacb28649b)
[INFO] [stdout] 
[INFO] [stdout] running 2 tests
[INFO] [stdout]   [2m2024-11-02T02:49:52.950288Z[0m [34mDEBUG[0m [1;34m11[0m[34m: [34mDistance between 1 (3,0) and 2 (7,1) with multiplier (0,1) is 6[0m
[INFO] [stdout]     [2;3mat[0m src/bin/11.rs:183
[INFO] [stdout] 
[INFO] [stdout]   [2m2024-11-02T02:49:52.950342Z[0m [34mDEBUG[0m [1;34m11[0m[34m: [34mDistance between 2 (7,1) and 4 (6,4) with multiplier (1,0) is 5[0m
[INFO] [stdout]     [2;3mat[0m src/bin/11.rs:183
[INFO] [stdout] 
[INFO] [stdout]   [2m2024-11-02T02:49:52.950381Z[0m [34mDEBUG[0m [1;34m11[0m[34m: [34mDistance between 3 (0,2) and 7 (7,8) with multiplier (2,2) is 17[0m
[INFO] [stdout]     [2;3mat[0m src/bin/11.rs:183
[INFO] [stdout] 
[INFO] [stdout]   [2m2024-11-02T02:49:52.950386Z[0m [34mDEBUG[0m [1;34m11[0m[34m: [34mDistance between 1 (3,0) and 6 (9,6) with multiplier (1,2) is 15[0m
[INFO] [stdout]     [2;3mat[0m src/bin/11.rs:183
[INFO] [stdout] 
[INFO] [stdout]   [2m2024-11-02T02:49:52.950493Z[0m [34mDEBUG[0m [1;34m11[0m[34m: [34mDistance between 2 (7,1) and 5 (1,5) with multiplier (1,2) is 13[0m
[INFO] [stdout]     [2;3mat[0m src/bin/11.rs:183
[INFO] [stdout] 
[INFO] [stdout]   [2m2024-11-02T02:49:52.950548Z[0m [34mDEBUG[0m [1;34m11[0m[34m: [34mDistance between 1 (3,0) and 8 (0,9) with multiplier (2,1) is 15[0m
[INFO] [stdout]     [2;3mat[0m src/bin/11.rs:183
[INFO] [stdout] 
[INFO] [stdout]   [2m2024-11-02T02:49:52.950565Z[0m [34mDEBUG[0m [1;34m11[0m[34m: [34mDistance between 3 (0,2) and 8 (0,9) with multiplier (2,0) is 9[0m
[INFO] [stdout]     [2;3mat[0m src/bin/11.rs:183
[INFO] [stdout] 
[INFO] [stdout]   [2m2024-11-02T02:49:52.950609Z[0m [34mDEBUG[0m [1;34m11[0m[34m: [34mDistance between 1 (3,0) and 7 (7,8) with multiplier (2,1) is 15[0m
[INFO] [stdout]     [2;3mat[0m src/bin/11.rs:183
[INFO] [stdout] 
[INFO] [stdout]   [2m2024-11-02T02:49:52.950631Z[0m [34mDEBUG[0m [1;34m11[0m[34m: [34mDistance between 6 (9,6) and 8 (0,9) with multiplier (1,3) is 16[0m
[INFO] [stdout]     [2;3mat[0m src/bin/11.rs:183
[INFO] [stdout] 
[INFO] [stdout]   [2m2024-11-02T02:49:52.950638Z[0m [34mDEBUG[0m [1;34m11[0m[34m: [34mDistance between 2 (7,1) and 6 (9,6) with multiplier (1,1) is 9[0m
[INFO] [stdout]     [2;3mat[0m src/bin/11.rs:183
[INFO] [stdout] 
[INFO] [stdout]   [2m2024-11-02T02:49:52.950725Z[0m [34mDEBUG[0m [1;34m11[0m[34m: [34mDistance between 2 (7,1) and 3 (0,2) with multiplier (0,2) is 10[0m
[INFO] [stdout]     [2;3mat[0m src/bin/11.rs:183
[INFO] [stdout] 
[INFO] [stdout]   [2m2024-11-02T02:49:52.950732Z[0m [34mDEBUG[0m [1;34m11[0m[34m: [34mDistance between 1 (3,0) and 9 (4,9) with multiplier (2,0) is 12[0m
[INFO] [stdout]     [2;3mat[0m src/bin/11.rs:183
[INFO] [stdout] 
[INFO] [stdout]   [2m2024-11-02T02:49:52.950761Z[0m [34mDEBUG[0m [1;34m11[0m[34m: [34mDistance between 3 (0,2) and 9 (4,9) with multiplier (2,1) is 14[0m
[INFO] [stdout]     [2;3mat[0m src/bin/11.rs:183
[INFO] [stdout] 
[INFO] [stdout]   [2m2024-11-02T02:49:52.950848Z[0m [34mDEBUG[0m [1;34m11[0m[34m: [34mDistance between 1 (3,0) and 4 (6,4) with multiplier (1,1) is 9[0m
[INFO] [stdout]     [2;3mat[0m src/bin/11.rs:183
[INFO] [stdout] 
[INFO] [stdout]   [2m2024-11-02T02:49:52.950875Z[0m [34mDEBUG[0m [1;34m11[0m[34m: [34mDistance between 6 (9,6) and 9 (4,9) with multiplier (1,2) is 11[0m
[INFO] [stdout]     [2;3mat[0m src/bin/11.rs:183
[INFO] [stdout] 
[INFO] [stdout]   [2m2024-11-02T02:49:52.950887Z[0m [34mDEBUG[0m [1;34m11[0m[34m: [34mDistance between 2 (7,1) and 7 (7,8) with multiplier (2,0) is 9[0m
[INFO] [stdout]     [2;3mat[0m src/bin/11.rs:183
[INFO] [stdout] 
[INFO] [stdout]   [2m2024-11-02T02:49:52.950931Z[0m [34mDEBUG[0m [1;34m11[0m[34m: [34mDistance between 4 (6,4) and 5 (1,5) with multiplier (0,2) is 8[0m
[INFO] [stdout]     [2;3mat[0m src/bin/11.rs:183
[INFO] [stdout] 
[INFO] [stdout]   [2m2024-11-02T02:49:52.950955Z[0m [34mDEBUG[0m [1;34m11[0m[34m: [34mDistance between 2 (7,1) and 8 (0,9) with multiplier (2,2) is 19[0m
[INFO] [stdout]     [2;3mat[0m src/bin/11.rs:183
[INFO] [stdout] 
[INFO] [stdout]   [2m2024-11-02T02:49:52.950965Z[0m [34mDEBUG[0m [1;34m11[0m[34m: [34mDistance between 1 (3,0) and 5 (1,5) with multiplier (1,1) is 9[0m
[INFO] [stdout]     [2;3mat[0m src/bin/11.rs:183
[INFO] [stdout] 
[INFO] [stdout]   [2m2024-11-02T02:49:52.951076Z[0m [34mDEBUG[0m [1;34m11[0m[34m: [34mDistance between 1 (3,0) and 3 (0,2) with multiplier (0,1) is 6[0m
[INFO] [stdout]     [2;3mat[0m src/bin/11.rs:183
[INFO] [stdout] 
[INFO] [stdout]   [2m2024-11-02T02:49:52.951137Z[0m [34mDEBUG[0m [1;34m11[0m[34m: [34mDistance between 4 (6,4) and 6 (9,6) with multiplier (0,1) is 6[0m
[INFO] [stdout]     [2;3mat[0m src/bin/11.rs:183
[INFO] [stdout] 
[INFO] [stdout]   [2m2024-11-02T02:49:52.951189Z[0m [34mDEBUG[0m [1;34m11[0m[34m: [34mDistance between 2 (7,1) and 9 (4,9) with multiplier (2,1) is 14[0m
[INFO] [stdout]     [2;3mat[0m src/bin/11.rs:183
[INFO] [stdout] 
[INFO] [stdout]   [2m2024-11-02T02:49:52.951205Z[0m [34mDEBUG[0m [1;34m11[0m[34m: [34mDistance between 7 (7,8) and 9 (4,9) with multiplier (0,1) is 5[0m
[INFO] [stdout]     [2;3mat[0m src/bin/11.rs:183
[INFO] [stdout] 
[INFO] [stdout]   [2m2024-11-02T02:49:52.951229Z[0m [34mDEBUG[0m [1;34m11[0m[34m: [34mDistance between 5 (1,5) and 9 (4,9) with multiplier (1,1) is 9[0m
[INFO] [stdout]     [2;3mat[0m src/bin/11.rs:183
[INFO] [stdout] 
[INFO] [stdout]   [2m2024-11-02T02:49:52.951268Z[0m [34mDEBUG[0m [1;34m11[0m[34m: [34mDistance between 4 (6,4) and 8 (0,9) with multiplier (1,2) is 14[0m
[INFO] [stdout]     [2;3mat[0m src/bin/11.rs:183
[INFO] [stdout] 
[INFO] [stdout]   [2m2024-11-02T02:49:52.951342Z[0m [34mDEBUG[0m [1;34m11[0m[34m: [34mDistance between 4 (6,4) and 7 (7,8) with multiplier (1,0) is 6[0m
[INFO] [stdout]     [2;3mat[0m src/bin/11.rs:183
[INFO] [stdout] 
[INFO] [stdout]   [2m2024-11-02T02:49:52.951341Z[0m [34mDEBUG[0m [1;34m11[0m[34m: [34mDistance between 3 (0,2) and 4 (6,4) with multiplier (1,2) is 11[0m
[INFO] [stdout]     [2;3mat[0m src/bin/11.rs:183
[INFO] [stdout] 
[INFO] [stdout]   [2m2024-11-02T02:49:52.951461Z[0m [34mDEBUG[0m [1;34m11[0m[34m: [34mDistance between 4 (6,4) and 9 (4,9) with multiplier (1,1) is 9[0m
[INFO] [stdout]     [2;3mat[0m src/bin/11.rs:183
[INFO] [stdout] 
[INFO] [stdout]   [2m2024-11-02T02:49:52.951480Z[0m [34mDEBUG[0m [1;34m11[0m[34m: [34mDistance between 6 (9,6) and 7 (7,8) with multiplier (1,1) is 6[0m
[INFO] [stdout]     [2;3mat[0m src/bin/11.rs:183
[INFO] [stdout] 
[INFO] [stdout]   [2m2024-11-02T02:49:52.951558Z[0m [34mDEBUG[0m [1;34m11[0m[34m: [34mDistance between 3 (0,2) and 5 (1,5) with multiplier (1,0) is 5[0m
[INFO] [stdout]     [2;3mat[0m src/bin/11.rs:183
[INFO] [stdout] 
[INFO] [stdout]   [2m2024-11-02T02:49:52.951574Z[0m [34mDEBUG[0m [1;34m11[0m[34m: [34mDistance between 5 (1,5) and 6 (9,6) with multiplier (0,3) is 12[0m
[INFO] [stdout]     [2;3mat[0m src/bin/11.rs:183
[INFO] [stdout] 
[INFO] [stdout]   [2m2024-11-02T02:49:52.951596Z[0m [34mDEBUG[0m [1;34m11[0m[34m: [34mDistance between 8 (0,9) and 9 (4,9) with multiplier (0,1) is 5[0m
[INFO] [stdout]     [2;3mat[0m src/bin/11.rs:183
[INFO] [stdout] 
[INFO] [stdout]   [2m2024-11-02T02:49:52.951724Z[0m [34mDEBUG[0m [1;34m11[0m[34m: [34mDistance between 5 (1,5) and 7 (7,8) with multiplier (1,2) is 12[0m
[INFO] [stdout]     [2;3mat[0m src/bin/11.rs:183
[INFO] [stdout] 
[INFO] [stdout]   [2m2024-11-02T02:49:52.952717Z[0m [34mDEBUG[0m [1;34m11[0m[34m: [34mDistance between 5 (1,5) and 8 (0,9) with multiplier (1,0) is 6[0m
[INFO] [stdout]     [2;3mat[0m src/bin/11.rs:183
[INFO] [stdout] 
[INFO] [stdout]   [2m2024-11-02T02:49:52.952901Z[0m [34mDEBUG[0m [1;34m11[0m[34m: [34mDistance between 3 (0,2) and 6 (9,6) with multiplier (1,3) is 17[0m
[INFO] [stdout]     [2;3mat[0m src/bin/11.rs:183
[INFO] [stdout] 
[INFO] [stdout]   [2m2024-11-02T02:49:52.952904Z[0m [34mDEBUG[0m [1;34m11[0m[34m: [34mDistance between 7 (7,8) and 8 (0,9) with multiplier (0,2) is 10[0m
[INFO] [stdout]     [2;3mat[0m src/bin/11.rs:183
[INFO] [stdout] 
[INFO] [stdout]   [2m2024-11-02T02:49:52.953651Z[0m [34mDEBUG[0m [1;34m11[0m[34m: [34mall paths [6, 6, 9, 9, 15, 15, 15, 12, 10, 5, 13, 9, 9, 19, 14, 11, 5, 17, 17, 9, 14, 8, 6, 6, 14, 9, 12, 12, 6, 9, 6, 16, 11, 10, 5, 5][0m
[INFO] [stdout]     [2;3mat[0m src/bin/11.rs:204
[INFO] [stdout] 
[INFO] [stdout] test tests::test_part_one ... ok
[INFO] [stdout] test tests::test_part_two ... FAILED
[INFO] [stdout] 
[INFO] [stdout] failures:
[INFO] [stdout] 
[INFO] [stdout] ---- tests::test_part_two stdout ----
[INFO] [stdout] thread 'tests::test_part_two' panicked at src/bin/11.rs:291:14:
[INFO] [stdout] setting default subscriber failed: SetGlobalDefaultError("a global default trace dispatcher has already been set")
[INFO] [stdout] stack backtrace:
[INFO] [stdout]    0:     0x595507299cda - std::backtrace_rs::backtrace::libunwind::trace::h207520d6e9873551
[INFO] [stdout]                                at /rustc/df4ca44d3fbc9301ee17f30f4d474e6ae4b05252/library/std/src/../../backtrace/src/backtrace/libunwind.rs:116:5
[INFO] [stdout]    1:     0x595507299cda - std::backtrace_rs::backtrace::trace_unsynchronized::h2ed7433f370e3eca
[INFO] [stdout]                                at /rustc/df4ca44d3fbc9301ee17f30f4d474e6ae4b05252/library/std/src/../../backtrace/src/backtrace/mod.rs:66:5
[INFO] [stdout]    2:     0x595507299cda - std::sys::backtrace::_print_fmt::h916fac51166b18d7
[INFO] [stdout]                                at /rustc/df4ca44d3fbc9301ee17f30f4d474e6ae4b05252/library/std/src/sys/backtrace.rs:66:9
[INFO] [stdout]    3:     0x595507299cda - <std::sys::backtrace::BacktraceLock::print::DisplayBacktrace as core::fmt::Display>::fmt::ha0a4c9b8ce3802e6
[INFO] [stdout]                                at /rustc/df4ca44d3fbc9301ee17f30f4d474e6ae4b05252/library/std/src/sys/backtrace.rs:39:26
[INFO] [stdout]    4:     0x5955072c0fe3 - core::fmt::rt::Argument::fmt::h4cfc8587d52b3eb5
[INFO] [stdout]                                at /rustc/df4ca44d3fbc9301ee17f30f4d474e6ae4b05252/library/core/src/fmt/rt.rs:177:76
[INFO] [stdout]    5:     0x5955072c0fe3 - core::fmt::write::h522cc39e5b36ae9f
[INFO] [stdout]                                at /rustc/df4ca44d3fbc9301ee17f30f4d474e6ae4b05252/library/core/src/fmt/mod.rs:1190:21
[INFO] [stdout]    6:     0x595507296733 - std::io::Write::write_fmt::h7d3c26752da97734
[INFO] [stdout]                                at /rustc/df4ca44d3fbc9301ee17f30f4d474e6ae4b05252/library/std/src/io/mod.rs:1839:15
[INFO] [stdout]    7:     0x595507299b22 - std::sys::backtrace::BacktraceLock::print::h4b9e00b29e9c0942
[INFO] [stdout]                                at /rustc/df4ca44d3fbc9301ee17f30f4d474e6ae4b05252/library/std/src/sys/backtrace.rs:42:9
[INFO] [stdout]    8:     0x59550729b16a - std::panicking::default_hook::{{closure}}::hb59b88280d0324d9
[INFO] [stdout]                                at /rustc/df4ca44d3fbc9301ee17f30f4d474e6ae4b05252/library/std/src/panicking.rs:268:22
[INFO] [stdout]    9:     0x59550729af74 - std::panicking::default_hook::he1dd496665be4a29
[INFO] [stdout]                                at /rustc/df4ca44d3fbc9301ee17f30f4d474e6ae4b05252/library/std/src/panicking.rs:292:9
[INFO] [stdout]   10:     0x5955071eb169 - <alloc::boxed::Box<F,A> as core::ops::function::Fn<Args>>::call::h4ff71de18744e1dc
[INFO] [stdout]                                at /rustc/df4ca44d3fbc9301ee17f30f4d474e6ae4b05252/library/alloc/src/boxed.rs:2468:9
[INFO] [stdout]   11:     0x5955071eb169 - test::test_main::{{closure}}::hcf7c055ce117aa81
[INFO] [stdout]                                at /rustc/df4ca44d3fbc9301ee17f30f4d474e6ae4b05252/library/test/src/lib.rs:133:21
[INFO] [stdout]   12:     0x59550729b868 - <alloc::boxed::Box<F,A> as core::ops::function::Fn<Args>>::call::h1d66c6bbd60c9692
[INFO] [stdout]                                at /rustc/df4ca44d3fbc9301ee17f30f4d474e6ae4b05252/library/alloc/src/boxed.rs:2468:9
[INFO] [stdout]   13:     0x59550729b868 - std::panicking::rust_panic_with_hook::h2ff17fe8f26dfcf8
[INFO] [stdout]                                at /rustc/df4ca44d3fbc9301ee17f30f4d474e6ae4b05252/library/std/src/panicking.rs:809:13
[INFO] [stdout]   14:     0x59550729b62a - std::panicking::begin_panic_handler::{{closure}}::h4fad77951c07e101
[INFO] [stdout]                                at /rustc/df4ca44d3fbc9301ee17f30f4d474e6ae4b05252/library/std/src/panicking.rs:674:13
[INFO] [stdout]   15:     0x59550729a1b9 - std::sys::backtrace::__rust_end_short_backtrace::hb1a25b3da5d0ea08
[INFO] [stdout]                                at /rustc/df4ca44d3fbc9301ee17f30f4d474e6ae4b05252/library/std/src/sys/backtrace.rs:170:18
[INFO] [stdout]   16:     0x59550729b2bc - rust_begin_unwind
[INFO] [stdout]                                at /rustc/df4ca44d3fbc9301ee17f30f4d474e6ae4b05252/library/std/src/panicking.rs:665:5
[INFO] [stdout]   17:     0x5955072bf150 - core::panicking::panic_fmt::ha9db07b529f9b256
[INFO] [stdout]                                at /rustc/df4ca44d3fbc9301ee17f30f4d474e6ae4b05252/library/core/src/panicking.rs:75:14
[INFO] [stdout]   18:     0x5955072bf596 - core::result::unwrap_failed::h5e8218e4d4338b8a
[INFO] [stdout]                                at /rustc/df4ca44d3fbc9301ee17f30f4d474e6ae4b05252/library/core/src/result.rs:1698:5
[INFO] [stdout]   19:     0x59550719419e - core::result::Result<T,E>::expect::hea4eec491db20890
[INFO] [stdout]                                at /rustc/df4ca44d3fbc9301ee17f30f4d474e6ae4b05252/library/core/src/result.rs:1060:23
[INFO] [stdout]   20:     0x595507198898 - _11::tests::test_part_two::h6a0bd2ff754bcc47
[INFO] [stdout]                                at /opt/rustwide/workdir/src/bin/11.rs:290:9
[INFO] [stdout]   21:     0x5955071987f7 - _11::tests::test_part_two::{{closure}}::hbce19d13e4e4db6c
[INFO] [stdout]                                at /opt/rustwide/workdir/src/bin/11.rs:284:23
[INFO] [stdout]   22:     0x59550718dcb6 - core::ops::function::FnOnce::call_once::hda5144036b3bc833
[INFO] [stdout]                                at /rustc/df4ca44d3fbc9301ee17f30f4d474e6ae4b05252/library/core/src/ops/function.rs:250:5
[INFO] [stdout]   23:     0x5955071efa3b - core::ops::function::FnOnce::call_once::h22c3ba5715e93f05
[INFO] [stdout]                                at /rustc/df4ca44d3fbc9301ee17f30f4d474e6ae4b05252/library/core/src/ops/function.rs:250:5
[INFO] [stdout]   24:     0x5955071efa3b - test::__rust_begin_short_backtrace::h8e82d8113d0da17f
[INFO] [stdout]                                at /rustc/df4ca44d3fbc9301ee17f30f4d474e6ae4b05252/library/test/src/lib.rs:621:18
[INFO] [stdout]   25:     0x5955071ef3b7 - test::run_test_in_process::{{closure}}::h33235f4f20b7b7c7
[INFO] [stdout]                                at /rustc/df4ca44d3fbc9301ee17f30f4d474e6ae4b05252/library/test/src/lib.rs:644:60
[INFO] [stdout]   26:     0x5955071ef3b7 - <core::panic::unwind_safe::AssertUnwindSafe<F> as core::ops::function::FnOnce<()>>::call_once::hb5043206310c586f
[INFO] [stdout]                                at /rustc/df4ca44d3fbc9301ee17f30f4d474e6ae4b05252/library/core/src/panic/unwind_safe.rs:272:9
[INFO] [stdout]   27:     0x5955071ef3b7 - std::panicking::try::do_call::h9ad4731a60ab23e2
[INFO] [stdout]                                at /rustc/df4ca44d3fbc9301ee17f30f4d474e6ae4b05252/library/std/src/panicking.rs:557:40
[INFO] [stdout]   28:     0x5955071ef3b7 - std::panicking::try::h3824d23db772a716
[INFO] [stdout]                                at /rustc/df4ca44d3fbc9301ee17f30f4d474e6ae4b05252/library/std/src/panicking.rs:520:19
[INFO] [stdout]   29:     0x5955071ef3b7 - std::panic::catch_unwind::h5afd514605fde46b
[INFO] [stdout]                                at /rustc/df4ca44d3fbc9301ee17f30f4d474e6ae4b05252/library/std/src/panic.rs:358:14
[INFO] [stdout]   30:     0x5955071ef3b7 - test::run_test_in_process::h0d5cbfa7067d1720
[INFO] [stdout]                                at /rustc/df4ca44d3fbc9301ee17f30f4d474e6ae4b05252/library/test/src/lib.rs:644:27
[INFO] [stdout]   31:     0x5955071ef3b7 - test::run_test::{{closure}}::h708eb8872708115d
[INFO] [stdout]                                at /rustc/df4ca44d3fbc9301ee17f30f4d474e6ae4b05252/library/test/src/lib.rs:565:43
[INFO] [stdout]   32:     0x5955071b2ad4 - test::run_test::{{closure}}::h392c51cee94713ab
[INFO] [stdout]                                at /rustc/df4ca44d3fbc9301ee17f30f4d474e6ae4b05252/library/test/src/lib.rs:595:41
[INFO] [stdout]   33:     0x5955071b2ad4 - std::sys::backtrace::__rust_begin_short_backtrace::h2f40290710935a8b
[INFO] [stdout]                                at /rustc/df4ca44d3fbc9301ee17f30f4d474e6ae4b05252/library/std/src/sys/backtrace.rs:154:18
[INFO] [stdout]   34:     0x5955071b627e - std::thread::Builder::spawn_unchecked_::{{closure}}::{{closure}}::h3fd968d89053a903
[INFO] [stdout]                                at /rustc/df4ca44d3fbc9301ee17f30f4d474e6ae4b05252/library/std/src/thread/mod.rs:541:17
[INFO] [stdout]   35:     0x5955071b627e - <core::panic::unwind_safe::AssertUnwindSafe<F> as core::ops::function::FnOnce<()>>::call_once::h743f637ba4229880
[INFO] [stdout]                                at /rustc/df4ca44d3fbc9301ee17f30f4d474e6ae4b05252/library/core/src/panic/unwind_safe.rs:272:9
[INFO] [stdout]   36:     0x5955071b627e - std::panicking::try::do_call::h07440897322525a6
[INFO] [stdout]                                at /rustc/df4ca44d3fbc9301ee17f30f4d474e6ae4b05252/library/std/src/panicking.rs:557:40
[INFO] [stdout]   37:     0x5955071b627e - std::panicking::try::he5a2e00188156637
[INFO] [stdout]                                at /rustc/df4ca44d3fbc9301ee17f30f4d474e6ae4b05252/library/std/src/panicking.rs:520:19
[INFO] [stdout]   38:     0x5955071b627e - std::panic::catch_unwind::hbaf3cae49b3c6433
[INFO] [stdout]                                at /rustc/df4ca44d3fbc9301ee17f30f4d474e6ae4b05252/library/std/src/panic.rs:358:14
[INFO] [stdout]   39:     0x5955071b627e - std::thread::Builder::spawn_unchecked_::{{closure}}::h8e141ea224820bce
[INFO] [stdout]                                at /rustc/df4ca44d3fbc9301ee17f30f4d474e6ae4b05252/library/std/src/thread/mod.rs:540:30
[INFO] [stdout]   40:     0x5955071b627e - core::ops::function::FnOnce::call_once{{vtable.shim}}::h90d312fedd7b8ea8
[INFO] [stdout]                                at /rustc/df4ca44d3fbc9301ee17f30f4d474e6ae4b05252/library/core/src/ops/function.rs:250:5
[INFO] [stdout]   41:     0x59550729f75b - <alloc::boxed::Box<F,A> as core::ops::function::FnOnce<Args>>::call_once::h69aa08ddb6adb8b6
[INFO] [stdout]                                at /rustc/df4ca44d3fbc9301ee17f30f4d474e6ae4b05252/library/alloc/src/boxed.rs:2454:9
[INFO] [stdout]   42:     0x59550729f75b - <alloc::boxed::Box<F,A> as core::ops::function::FnOnce<Args>>::call_once::h5aa36efdb79c806f
[INFO] [stdout]                                at /rustc/df4ca44d3fbc9301ee17f30f4d474e6ae4b05252/library/alloc/src/boxed.rs:2454:9
[INFO] [stdout]   43:     0x59550729f75b - std::sys::pal::unix::thread::Thread::new::thread_start::h6cd80a1b4be5158d
[INFO] [stdout]                                at /rustc/df4ca44d3fbc9301ee17f30f4d474e6ae4b05252/library/std/src/sys/pal/unix/thread.rs:105:17
[INFO] [stdout]   44:     0x7001903baac3 - <unknown>
[INFO] [stdout]   45:     0x70019044ba04 - clone
[INFO] [stdout]   46:                0x0 - <unknown>
[INFO] [stdout] 
[INFO] [stdout] 
[INFO] [stdout] failures:
[INFO] [stdout]     tests::test_part_two
[INFO] [stdout] 
[INFO] [stdout] test result: FAILED. 1 passed; 1 failed; 0 ignored; 0 measured; 0 filtered out; finished in 0.01s
[INFO] [stdout] 
[INFO] [stderr] error: test failed, to rerun pass `--bin 11`
[INFO] running `Command { std: "docker" "inspect" "f4411f0d48a75be880d73405652f105280e2ab249871f7bb44d1cf997ab1f53c", kill_on_drop: false }`
[INFO] running `Command { std: "docker" "rm" "-f" "f4411f0d48a75be880d73405652f105280e2ab249871f7bb44d1cf997ab1f53c", kill_on_drop: false }`
[INFO] [stdout] f4411f0d48a75be880d73405652f105280e2ab249871f7bb44d1cf997ab1f53c
