[INFO] fetching crate salvo_core 0.73.0...
[INFO] testing salvo_core-0.73.0 against nightly-2024-10-28 for randomize-layout
[INFO] extracting crate salvo_core 0.73.0 into /workspace/builds/worker-2-tc1/source
[INFO] validating manifest of crates.io crate salvo_core 0.73.0 on toolchain nightly-2024-10-28
[INFO] running `Command { std: CARGO_HOME="/workspace/cargo-home" RUSTUP_HOME="/workspace/rustup-home" "/workspace/cargo-home/bin/cargo" "+nightly-2024-10-28" "metadata" "--manifest-path" "Cargo.toml" "--no-deps", kill_on_drop: false }`
[INFO] started tweaking crates.io crate salvo_core 0.73.0
[INFO] finished tweaking crates.io crate salvo_core 0.73.0
[INFO] tweaked toml for crates.io crate salvo_core 0.73.0 written to /workspace/builds/worker-2-tc1/source/Cargo.toml
[INFO] running `Command { std: CARGO_HOME="/workspace/cargo-home" RUSTUP_HOME="/workspace/rustup-home" "/workspace/cargo-home/bin/cargo" "+nightly-2024-10-28" "generate-lockfile" "--manifest-path" "Cargo.toml", kill_on_drop: false }`
[INFO] [stderr]     Updating crates.io index
[INFO] [stderr]      Locking 224 packages to latest compatible versions
[INFO] [stderr]       Adding brotli v6.0.0 (available: v7.0.0)
[INFO] [stderr]       Adding salvo_macros v0.73.0 (available: v0.74.0)
[INFO] running `Command { std: CARGO_HOME="/workspace/cargo-home" RUSTUP_HOME="/workspace/rustup-home" "/workspace/cargo-home/bin/cargo" "+nightly-2024-10-28" "fetch" "--manifest-path" "Cargo.toml", kill_on_drop: false }`
[INFO] [stderr]  Downloading crates ...
[INFO] [stderr]   Downloaded salvo-http3 v0.3.1
[INFO] running `Command { std: "docker" "create" "-v" "/var/lib/crater-agent-workspace/builds/worker-2-tc1/target:/opt/rustwide/target:rw,Z" "-v" "/var/lib/crater-agent-workspace/builds/worker-2-tc1/source:/opt/rustwide/workdir:ro,Z" "-v" "/var/lib/crater-agent-workspace/cargo-home:/opt/rustwide/cargo-home:ro,Z" "-v" "/var/lib/crater-agent-workspace/rustup-home:/opt/rustwide/rustup-home:ro,Z" "-e" "SOURCE_DIR=/opt/rustwide/workdir" "-e" "CARGO_TARGET_DIR=/opt/rustwide/target" "-e" "CARGO_HOME=/opt/rustwide/cargo-home" "-e" "RUSTUP_HOME=/opt/rustwide/rustup-home" "-w" "/opt/rustwide/workdir" "-m" "1610612736" "--user" "0:0" "--network" "none" "ghcr.io/rust-lang/crates-build-env/linux@sha256:4a844ea9eb2546a2d2c7022eacef16ef2e8229c7fbb2c7d4d55a9ceca922f72d" "/opt/rustwide/cargo-home/bin/cargo" "+nightly-2024-10-28" "metadata" "--no-deps" "--format-version=1", kill_on_drop: false }`
[INFO] [stdout] 34f2ed30fec334f2500e0138f606862f884e97578d184319bd49d6aca0d7de5e
[INFO] running `Command { std: "docker" "start" "-a" "34f2ed30fec334f2500e0138f606862f884e97578d184319bd49d6aca0d7de5e", kill_on_drop: false }`
[INFO] running `Command { std: "docker" "inspect" "34f2ed30fec334f2500e0138f606862f884e97578d184319bd49d6aca0d7de5e", kill_on_drop: false }`
[INFO] running `Command { std: "docker" "rm" "-f" "34f2ed30fec334f2500e0138f606862f884e97578d184319bd49d6aca0d7de5e", kill_on_drop: false }`
[INFO] [stdout] 34f2ed30fec334f2500e0138f606862f884e97578d184319bd49d6aca0d7de5e
[INFO] running `Command { std: "docker" "create" "-v" "/var/lib/crater-agent-workspace/builds/worker-2-tc1/target:/opt/rustwide/target:rw,Z" "-v" "/var/lib/crater-agent-workspace/builds/worker-2-tc1/source:/opt/rustwide/workdir:ro,Z" "-v" "/var/lib/crater-agent-workspace/cargo-home:/opt/rustwide/cargo-home:ro,Z" "-v" "/var/lib/crater-agent-workspace/rustup-home:/opt/rustwide/rustup-home:ro,Z" "-e" "SOURCE_DIR=/opt/rustwide/workdir" "-e" "CARGO_TARGET_DIR=/opt/rustwide/target" "-e" "CARGO_INCREMENTAL=0" "-e" "RUST_BACKTRACE=full" "-e" "RUSTFLAGS=--cap-lints=forbid" "-e" "RUSTDOCFLAGS=--cap-lints=forbid" "-e" "CARGO_HOME=/opt/rustwide/cargo-home" "-e" "RUSTUP_HOME=/opt/rustwide/rustup-home" "-w" "/opt/rustwide/workdir" "-m" "1610612736" "--user" "0:0" "--network" "none" "ghcr.io/rust-lang/crates-build-env/linux@sha256:4a844ea9eb2546a2d2c7022eacef16ef2e8229c7fbb2c7d4d55a9ceca922f72d" "/opt/rustwide/cargo-home/bin/cargo" "+nightly-2024-10-28" "build" "--frozen" "--message-format=json", kill_on_drop: false }`
[INFO] [stdout] 3d124a60c822d94a2c731a6832c7ca0c864c4ae6768e335f9be0844f4e466fea
[INFO] running `Command { std: "docker" "start" "-a" "3d124a60c822d94a2c731a6832c7ca0c864c4ae6768e335f9be0844f4e466fea", kill_on_drop: false }`
[INFO] [stderr]    Compiling libc v0.2.161
[INFO] [stderr]    Compiling syn v2.0.86
[INFO] [stderr]    Compiling version_check v0.9.5
[INFO] [stderr]    Compiling bytes v1.8.0
[INFO] [stderr]    Compiling subtle v2.6.1
[INFO] [stderr]    Compiling pin-project-lite v0.2.15
[INFO] [stderr]    Compiling fnv v1.0.7
[INFO] [stderr]    Compiling futures-core v0.3.31
[INFO] [stderr]    Compiling cpufeatures v0.2.14
[INFO] [stderr]    Compiling slab v0.4.9
[INFO] [stderr]    Compiling serde v1.0.214
[INFO] [stderr]    Compiling once_cell v1.20.2
[INFO] [stderr]    Compiling pin-utils v0.1.0
[INFO] [stderr]    Compiling httparse v1.9.5
[INFO] [stderr]    Compiling futures-task v0.3.31
[INFO] [stderr]    Compiling futures-io v0.3.31
[INFO] [stderr]    Compiling percent-encoding v2.3.1
[INFO] [stderr]    Compiling smallvec v1.13.2
[INFO] [stderr]    Compiling futures-sink v0.3.31
[INFO] [stderr]    Compiling memchr v2.7.4
[INFO] [stderr]    Compiling opaque-debug v0.3.1
[INFO] [stderr]    Compiling tinyvec_macros v0.1.1
[INFO] [stderr]    Compiling lock_api v0.4.12
[INFO] [stderr]    Compiling tinyvec v1.8.0
[INFO] [stderr]    Compiling time-core v0.1.2
[INFO] [stderr]    Compiling tracing-core v0.1.32
[INFO] [stderr]    Compiling atomic-waker v1.1.2
[INFO] [stderr]    Compiling alloc-no-stdlib v2.0.4
[INFO] [stderr]    Compiling rustix v0.38.38
[INFO] [stderr]    Compiling unicase v2.8.0
[INFO] [stderr]    Compiling mime v0.3.17
[INFO] [stderr]    Compiling generic-array v0.14.7
[INFO] [stderr]    Compiling toml_datetime v0.6.8
[INFO] [stderr]    Compiling winnow v0.6.20
[INFO] [stderr]    Compiling futures-util v0.3.31
[INFO] [stderr]    Compiling bitflags v2.6.0
[INFO] [stderr]    Compiling cfg_aliases v0.2.1
[INFO] [stderr]    Compiling num-conv v0.1.0
[INFO] [stderr]    Compiling powerfmt v0.2.0
[INFO] [stderr]    Compiling zstd-safe v7.2.1
[INFO] [stderr]    Compiling http v1.1.0
[INFO] [stderr]    Compiling parking_lot_core v0.9.10
[INFO] [stderr]    Compiling try-lock v0.2.5
[INFO] [stderr]    Compiling httpdate v1.0.3
[INFO] [stderr]    Compiling thiserror v1.0.66
[INFO] [stderr]    Compiling want v0.3.1
[INFO] [stderr]    Compiling deranged v0.3.11
[INFO] [stderr]    Compiling time-macros v0.2.18
[INFO] [stderr]    Compiling nix v0.29.0
[INFO] [stderr]    Compiling mime-infer v3.0.0
[INFO] [stderr]    Compiling jobserver v0.1.32
[INFO] [stderr]    Compiling aho-corasick v1.1.3
[INFO] [stderr]    Compiling alloc-stdlib v0.2.2
[INFO] [stderr]    Compiling multer v3.1.0
[INFO] [stderr]    Compiling block-buffer v0.10.4
[INFO] [stderr]    Compiling inout v0.1.3
[INFO] [stderr]    Compiling cookie v0.18.1
[INFO] [stderr]    Compiling form_urlencoded v1.2.1
[INFO] [stderr]    Compiling futures-channel v0.3.31
[INFO] [stderr]    Compiling unicode-bidi v0.3.17
[INFO] [stderr]    Compiling adler2 v2.0.0
[INFO] [stderr]    Compiling scopeguard v1.2.0
[INFO] [stderr]    Compiling cc v1.1.31
[INFO] [stderr]    Compiling linux-raw-sys v0.4.14
[INFO] [stderr]    Compiling serde_json v1.0.132
[INFO] [stderr]    Compiling unicode-normalization v0.1.24
[INFO] [stderr]    Compiling miniz_oxide v0.8.0
[INFO] [stderr]    Compiling regex-automata v0.4.8
[INFO] [stderr]    Compiling http-body v1.0.1
[INFO] [stderr]    Compiling headers-core v0.3.0
[INFO] [stderr]    Compiling brotli-decompressor v4.0.1
[INFO] [stderr]    Compiling crc32fast v1.4.2
[INFO] [stderr]    Compiling encoding_rs v0.8.35
[INFO] [stderr]    Compiling xml-rs v0.8.22
[INFO] [stderr]    Compiling idna v0.5.0
[INFO] [stderr]    Compiling spin v0.9.8
[INFO] [stderr]    Compiling log v0.4.22
[INFO] [stderr]    Compiling base64 v0.22.1
[INFO] [stderr]    Compiling base64 v0.21.7
[INFO] [stderr]    Compiling fastrand v2.1.1
[INFO] [stderr]    Compiling getrandom v0.2.15
[INFO] [stderr]    Compiling mio v1.0.2
[INFO] [stderr]    Compiling socket2 v0.5.7
[INFO] [stderr]    Compiling rand_core v0.6.4
[INFO] [stderr]    Compiling toml_edit v0.22.22
[INFO] [stderr]    Compiling time v0.3.36
[INFO] [stderr]    Compiling crypto-common v0.1.6
[INFO] [stderr]    Compiling url v2.5.2
[INFO] [stderr]    Compiling digest v0.10.7
[INFO] [stderr]    Compiling cipher v0.4.4
[INFO] [stderr]    Compiling zstd-sys v2.0.13+zstd.1.5.6
[INFO] [stderr]    Compiling universal-hash v0.5.1
[INFO] [stderr]    Compiling ctr v0.9.2
[INFO] [stderr]    Compiling polyval v0.6.2
[INFO] [stderr]    Compiling aes v0.8.4
[INFO] [stderr]    Compiling aead v0.5.2
[INFO] [stderr]    Compiling sha1 v0.10.6
[INFO] [stderr]    Compiling sha2 v0.10.8
[INFO] [stderr]    Compiling ghash v0.5.1
[INFO] [stderr]    Compiling hmac v0.12.1
[INFO] [stderr]    Compiling headers v0.4.0
[INFO] [stderr]    Compiling regex v1.11.1
[INFO] [stderr]    Compiling parking_lot v0.12.3
[INFO] [stderr]    Compiling aes-gcm v0.10.3
[INFO] [stderr]    Compiling tempfile v3.13.0
[INFO] [stderr]    Compiling http-body-util v0.1.2
[INFO] [stderr]    Compiling brotli v6.0.0
[INFO] [stderr]    Compiling salvo-serde-util v0.73.0
[INFO] [stderr]    Compiling flate2 v1.0.34
[INFO] [stderr]    Compiling sync_wrapper v1.0.1
[INFO] [stderr]    Compiling tokio-macros v2.4.0
[INFO] [stderr]    Compiling zerocopy-derive v0.7.35
[INFO] [stderr]    Compiling serde_derive v1.0.214
[INFO] [stderr]    Compiling tracing-attributes v0.1.27
[INFO] [stderr]    Compiling thiserror-impl v1.0.66
[INFO] [stderr]    Compiling tokio v1.41.0
[INFO] [stderr]    Compiling zerocopy v0.7.35
[INFO] [stderr]    Compiling pin-project-internal v1.1.7
[INFO] [stderr]    Compiling enumflags2_derive v0.7.10
[INFO] [stderr]    Compiling proc-macro-crate v3.2.0
[INFO] [stderr]    Compiling async-trait v0.1.83
[INFO] [stderr]    Compiling enumflags2 v0.7.10
[INFO] [stderr]    Compiling tracing v0.1.40
[INFO] [stderr]    Compiling ppv-lite86 v0.2.20
[INFO] [stderr]    Compiling pin-project v1.1.7
[INFO] [stderr]    Compiling salvo_macros v0.73.0
[INFO] [stderr]    Compiling rand_chacha v0.3.1
[INFO] [stderr]    Compiling rand v0.8.5
[INFO] [stderr]    Compiling zstd v0.13.2
[INFO] [stderr]    Compiling tokio-util v0.7.12
[INFO] [stderr]    Compiling serde_urlencoded v0.7.1
[INFO] [stderr]    Compiling multimap v0.10.0
[INFO] [stderr]    Compiling serde-xml-rs v0.6.0
[INFO] [stderr]    Compiling h2 v0.4.6
[INFO] [stderr]    Compiling hyper v1.5.0
[INFO] [stderr]    Compiling hyper-util v0.1.10
[INFO] [stderr]    Compiling salvo_core v0.73.0 (/opt/rustwide/workdir)
[INFO] [stderr]     Finished `dev` profile [unoptimized + debuginfo] target(s) in 52.23s
[INFO] running `Command { std: "docker" "inspect" "3d124a60c822d94a2c731a6832c7ca0c864c4ae6768e335f9be0844f4e466fea", kill_on_drop: false }`
[INFO] running `Command { std: "docker" "rm" "-f" "3d124a60c822d94a2c731a6832c7ca0c864c4ae6768e335f9be0844f4e466fea", kill_on_drop: false }`
[INFO] [stdout] 3d124a60c822d94a2c731a6832c7ca0c864c4ae6768e335f9be0844f4e466fea
[INFO] running `Command { std: "docker" "create" "-v" "/var/lib/crater-agent-workspace/builds/worker-2-tc1/target:/opt/rustwide/target:rw,Z" "-v" "/var/lib/crater-agent-workspace/builds/worker-2-tc1/source:/opt/rustwide/workdir:ro,Z" "-v" "/var/lib/crater-agent-workspace/cargo-home:/opt/rustwide/cargo-home:ro,Z" "-v" "/var/lib/crater-agent-workspace/rustup-home:/opt/rustwide/rustup-home:ro,Z" "-e" "SOURCE_DIR=/opt/rustwide/workdir" "-e" "CARGO_TARGET_DIR=/opt/rustwide/target" "-e" "CARGO_INCREMENTAL=0" "-e" "RUST_BACKTRACE=full" "-e" "RUSTFLAGS=--cap-lints=forbid" "-e" "RUSTDOCFLAGS=--cap-lints=forbid" "-e" "CARGO_HOME=/opt/rustwide/cargo-home" "-e" "RUSTUP_HOME=/opt/rustwide/rustup-home" "-w" "/opt/rustwide/workdir" "-m" "1610612736" "--user" "0:0" "--network" "none" "ghcr.io/rust-lang/crates-build-env/linux@sha256:4a844ea9eb2546a2d2c7022eacef16ef2e8229c7fbb2c7d4d55a9ceca922f72d" "/opt/rustwide/cargo-home/bin/cargo" "+nightly-2024-10-28" "test" "--frozen" "--no-run" "--message-format=json", kill_on_drop: false }`
[INFO] [stdout] 231020f3101f7e28f034fe3a284a223522786c1b048f3a87e62c37914ee531ee
[INFO] running `Command { std: "docker" "start" "-a" "231020f3101f7e28f034fe3a284a223522786c1b048f3a87e62c37914ee531ee", kill_on_drop: false }`
[INFO] [stderr]    Compiling salvo_core v0.73.0 (/opt/rustwide/workdir)
[INFO] [stderr]     Finished `test` profile [unoptimized + debuginfo] target(s) in 11.17s
[INFO] running `Command { std: "docker" "inspect" "231020f3101f7e28f034fe3a284a223522786c1b048f3a87e62c37914ee531ee", kill_on_drop: false }`
[INFO] running `Command { std: "docker" "rm" "-f" "231020f3101f7e28f034fe3a284a223522786c1b048f3a87e62c37914ee531ee", kill_on_drop: false }`
[INFO] [stdout] 231020f3101f7e28f034fe3a284a223522786c1b048f3a87e62c37914ee531ee
[INFO] running `Command { std: "docker" "create" "-v" "/var/lib/crater-agent-workspace/builds/worker-2-tc1/target:/opt/rustwide/target:rw,Z" "-v" "/var/lib/crater-agent-workspace/builds/worker-2-tc1/source:/opt/rustwide/workdir:ro,Z" "-v" "/var/lib/crater-agent-workspace/cargo-home:/opt/rustwide/cargo-home:ro,Z" "-v" "/var/lib/crater-agent-workspace/rustup-home:/opt/rustwide/rustup-home:ro,Z" "-e" "SOURCE_DIR=/opt/rustwide/workdir" "-e" "CARGO_TARGET_DIR=/opt/rustwide/target" "-e" "CARGO_INCREMENTAL=0" "-e" "RUST_BACKTRACE=full" "-e" "RUSTFLAGS=--cap-lints=forbid" "-e" "RUSTDOCFLAGS=--cap-lints=forbid" "-e" "CARGO_HOME=/opt/rustwide/cargo-home" "-e" "RUSTUP_HOME=/opt/rustwide/rustup-home" "-w" "/opt/rustwide/workdir" "-m" "1610612736" "--user" "0:0" "--network" "none" "ghcr.io/rust-lang/crates-build-env/linux@sha256:4a844ea9eb2546a2d2c7022eacef16ef2e8229c7fbb2c7d4d55a9ceca922f72d" "/opt/rustwide/cargo-home/bin/cargo" "+nightly-2024-10-28" "test" "--frozen", kill_on_drop: false }`
[INFO] [stdout] 9d03a957a58a27e0b44b4dbf9fa9d43850a190a1793d9cc8b30efd062acead8a
[INFO] running `Command { std: "docker" "start" "-a" "9d03a957a58a27e0b44b4dbf9fa9d43850a190a1793d9cc8b30efd062acead8a", kill_on_drop: false }`
[INFO] [stderr]     Finished `test` profile [unoptimized + debuginfo] target(s) in 0.21s
[INFO] [stderr]      Running unittests src/lib.rs (/opt/rustwide/target/debug/deps/salvo_core-2513e43ebee52afa)
[INFO] [stdout] 
[INFO] [stdout] running 103 tests
[INFO] [stdout] test conn::addr::tests::test_addr_ipv4 ... ok
[INFO] [stdout] test conn::joined::tests::test_joined_listener ... ok
[INFO] [stdout] test conn::addr::tests::test_addr_ipv6 ... ok
[INFO] [stdout] test conn::unix::tests::test_unix_listener ... ok
[INFO] [stdout] test catcher::tests::test_custom_catcher ... ok
[INFO] [stdout] test catcher::tests::test_handle_error ... ok
[INFO] [stdout] test conn::tcp::tests::test_tcp_listener ... ok
[INFO] [stdout] test depot::test::test_depot ... ok
[INFO] [stdout] test extract::case::tests::test_rename_fields ... ok
[INFO] [stdout] test extract::case::tests::test_rename_variants ... ok
[INFO] [stdout] test extract::metadata::tests::test_parse_source_format ... ok
[INFO] [stdout] test error::tests::test_error ... ok
[INFO] [stdout] test depot::test::test_middleware_use_depot ... ok
[INFO] [stdout] test extract::metadata::tests::test_parse_source_from ... ok
[INFO] [stdout] test http::range::tests::test_parse ... ok
[INFO] [stdout] test http::response::test::test_body_empty ... ok
[INFO] [stdout] test http::tests::test_guess_accept_mime ... ok
[INFO] [stdout] test routing::filters::path::tests::test_detect_consts ... ok
[INFO] [stdout] test http::response::test::test_body_stream1 ... ok
[INFO] [stdout] test http::request::tests::test_parse_queries ... ok
[INFO] [stdout] test http::errors::parse_error::tests::test_write_error ... ok
[INFO] [stdout] test http::request::tests::test_query ... ok
[INFO] [stdout] test http::response::test::test_body_stream2 ... ok
[INFO] [stdout] test routing::filters::path::tests::test_detect_consts0 ... ok
[INFO] [stdout] test routing::filters::path::tests::test_detect_const_and_named ... ok
[INFO] [stdout] test http::request::tests::test_parse_json ... ok
[INFO] [stdout] test fs::test::test_named_file_builder ... ok
[INFO] [stdout] test routing::filters::path::tests::test_detect_consts2 ... ok
[INFO] [stdout] test routing::filters::path::tests::test_detect_consts1 ... ok
[INFO] [stdout] test routing::filters::path::tests::test_detect_many_slashes ... ok
[INFO] [stdout] test routing::filters::path::tests::test_detect_named_regex ... ok
[INFO] [stdout] test routing::filters::path::tests::test_detect_many ... ok
[INFO] [stdout] test routing::filters::path::tests::test_parse_multi_regex ... ok
[INFO] [stdout] test routing::filters::path::tests::test_parse_comb_3 ... ok
[INFO] [stdout] test routing::filters::path::tests::test_parse_multi_regex_with_prefix ... ok
[INFO] [stdout] test routing::filters::path::tests::test_parse_empty ... ok
[INFO] [stdout] test http::request::tests::test_form ... ok
[INFO] [stdout] test routing::filters::path::tests::test_parse_many_slashes ... ok
[INFO] [stdout] test routing::filters::path::tests::test_parse_comb_2 ... ok
[INFO] [stdout] test routing::filters::path::tests::test_parse_dot_after_param ... ok
[INFO] [stdout] test routing::filters::path::tests::test_parse_comb_1 ... ok
[INFO] [stdout] test routing::filters::path::tests::test_parse_comb_4 ... ok
[INFO] [stdout] test routing::filters::path::tests::test_detect_wildcard ... ok
[INFO] [stdout] test routing::filters::path::tests::test_parse_multi_const ... ok
[INFO] [stdout] test routing::filters::path::tests::test_parse_named_follow_another_panic ... ok
[INFO] [stdout] test routing::filters::path::tests::test_parse_single_const ... ok
[INFO] [stdout] test routing::filters::tests::test_methods ... ok
[INFO] [stdout] test routing::filters::path::tests::test_parse_num ... ok
[INFO] [stdout] test routing::filters::path::tests::test_parse_root ... ok
[INFO] [stdout] test routing::filters::path::tests::test_parse_rest2_failed ... ok
[INFO] [stdout] test routing::router::tests::test_router_debug ... ok
[INFO] [stdout] test routing::router::tests::test_router_detect1 ... ok
[INFO] [stdout] test routing::filters::path::tests::test_parse_single_regex ... ok
[INFO] [stdout] test routing::filters::path::tests::test_parse_rest_failed2 ... ok
[INFO] [stdout] test routing::filters::tests::test_opts ... ok
[INFO] [stdout] test routing::filters::path::tests::test_parse_rest_failed1 ... ok
[INFO] [stdout] test routing::filters::path::tests::test_parse_comb_5 ... ok
[INFO] [stdout] test routing::filters::path::tests::test_parse_wildcard_regex ... ok
[INFO] [stdout] test routing::router::tests::test_router_detect10 ... ok
[INFO] [stdout] test routing::filters::path::tests::test_parse_multi_regex_with_prefix_and_suffix ... ok
[INFO] [stdout] test routing::router::tests::test_router_detect2 ... ok
[INFO] [stdout] test routing::filters::path::tests::test_parse_rest ... ok
[INFO] [stdout] test routing::router::tests::test_router_detect3 ... ok
[INFO] [stdout] test routing::filters::path::tests::test_parse_single_regex_with_prefix_and_suffix ... ok
[INFO] [stdout] test routing::router::tests::test_router_detect4 ... ok
[INFO] [stdout] test routing::filters::path::tests::test_parse_single_regex_with_prefix ... ok
[INFO] [stdout] test routing::router::tests::test_router_detect13 ... ok
[INFO] [stdout] test routing::filters::path::tests::test_parse_multi_regex_with_suffix ... ok
[INFO] [stdout] test routing::router::tests::test_router_detect_path_encoded ... ok
[INFO] [stdout] test routing::tests::test_custom_filter ... ok
[INFO] [stdout] test routing::router::tests::test_router_detect9 ... ok
[INFO] [stdout] test routing::router::tests::test_router_detect5 ... ok
[INFO] [stdout] test routing::router::tests::test_router_detect_utf8 ... ok
[INFO] [stdout] test routing::filters::path::tests::test_parse_single_regex_with_suffix ... ok
[INFO] [stdout] test serde::request::tests::test_de_request_with_extract_rename_all ... ok
[INFO] [stdout] test serde::request::tests::test_de_request_with_both_rename_all ... ok
[INFO] [stdout] test routing::router::tests::test_router_detect12 ... ok
[INFO] [stdout] test routing::router::tests::test_router_detect6 ... ok
[INFO] [stdout] test serde::request::tests::test_de_request_from_query ... ok
[INFO] [stdout] test serde::request::tests::test_de_request_with_json_bool ... ok
[INFO] [stdout] test serde::request::tests::test_de_request_with_form_json_str ... ok
[INFO] [stdout] test serde::request::tests::test_de_request_with_rename ... ok
[INFO] [stdout] test serde::request::tests::test_de_request_with_json_vec ... ok
[INFO] [stdout] test serde::request::tests::test_de_request_with_rename_all ... ok
[INFO] [stdout] test serde::request::tests::test_de_request_with_multi_sources ... ok
[INFO] [stdout] test serde::request::tests::test_de_request_with_lifetime ... ok
[INFO] [stdout] test serde::request::tests::test_de_request_with_serde_rename_all ... ok
[INFO] [stdout] test writing::tests::test_write_string ... ok
[INFO] [stdout] test service::tests::test_service ... ok
[INFO] [stdout] test server::tests::test_regression_209 ... ok
[INFO] [stdout] test server::tests::test_server ... ok
[INFO] [stdout] test serde::tests::test_de_str_map ... ok
[INFO] [stdout] test writing::json::tests::test_write_json_content ... ok
[INFO] [stdout] test serde::request::tests::test_de_request_with_json_str ... ok
[INFO] [stdout] test writing::text::tests::test_write_json_text ... ok
[INFO] [stdout] test writing::text::tests::test_write_str ... ok
[INFO] [stdout] test writing::text::tests::test_write_html_text ... ok
[INFO] [stdout] test serde::tests::test_de_str_multi_map ... ok
[INFO] [stdout] test writing::text::tests::test_write_plain_text ... ok
[INFO] [stdout] test writing::tests::test_write_str ... ok
[INFO] [stdout] test routing::router::tests::test_router_detect11 ... ok
[INFO] [stdout] test writing::text::tests::test_write_string ... ok
[INFO] [stdout] test fs::test::test_chunk_read ... ok
[INFO] [stdout] 
[INFO] [stdout] test result: ok. 103 passed; 0 failed; 0 ignored; 0 measured; 0 filtered out; finished in 0.62s
[INFO] [stdout] 
[INFO] [stderr]    Doc-tests salvo_core
[INFO] [stdout] 
[INFO] [stdout] running 48 tests
[INFO] [stdout] test src/handler.rs - handler (line 67) ... ignored
[INFO] [stdout] test src/depot.rs - depot::Depot (line 14) - compile ... ok
[INFO] [stdout] test src/fs/named_file.rs - fs::named_file::NamedFile (line 40) ... ok
[INFO] [stdout] test src/handler.rs - handler (line 24) ... ok
[INFO] [stdout] test src/handler.rs - handler (line 45) ... ok
[INFO] [stdout] test src/handler.rs - handler (line 103) ... ok
[INFO] [stdout] test src/handler.rs - handler (line 13) ... ok
[INFO] [stdout] test src/http/response.rs - http::response::Response::channel (line 493) ... ok
[INFO] [stdout] test src/routing/mod.rs - routing (line 130) ... ok
[INFO] [stdout] test src/fs/named_file.rs - fs::named_file::NamedFile::open (line 271) ... ok
[INFO] [stdout] test src/http/request.rs - http::request::Request::extensions (line 497) ... FAILED
[INFO] [stdout] test src/http/request.rs - http::request::Request::method_mut (line 334) ... ok
[INFO] [stdout] test src/http/response.rs - http::response::Response::status_code (line 364) ... ok
[INFO] [stdout] test src/http/request.rs - http::request::Request::headers (line 393) ... ok
[INFO] [stdout] test src/http/request.rs - http::request::Request::extensions_mut (line 583) ... ok
[INFO] [stdout] test src/http/request.rs - http::request::Request::headers_mut (line 407) ... ok
[INFO] [stdout] test src/routing/mod.rs - routing (line 294) ... ok
[INFO] [stdout] test src/routing/mod.rs - routing (line 164) ... FAILED
[INFO] [stdout] test src/http/request.rs - http::request::Request::method (line 320) ... ok
[INFO] [stdout] test src/routing/mod.rs - routing (line 342) ... FAILED
[INFO] [stdout] test src/extract/mod.rs - extract (line 30) ... ok
[INFO] [stdout] test src/extract/mod.rs - extract (line 6) ... ok
[INFO] [stdout] test src/http/request.rs - http::request::Request::uri (line 280) ... ok
[INFO] [stdout] test src/http/request.rs - http::request::Request::uri_mut (line 296) ... ok
[INFO] [stdout] test src/server.rs - server::Server<A>::new (line 112) - compile ... ok
[INFO] [stdout] test src/routing/mod.rs - routing (line 352) ... ok
[INFO] [stdout] test src/server.rs - server::ServerHandle::stop_graceful (line 66) - compile ... ok
[INFO] [stdout] test src/server.rs - server::Server<A>::serve (line 209) - compile ... ok
[INFO] [stdout] test src/test/request/builder.rs - test::request::builder::RequestBuilder::queries (line 69) ... ignored
[INFO] [stdout] test src/test/mod.rs - test (line 5) - compile ... ok
[INFO] [stdout] test src/http/response.rs - http::response::Response::content_type (line 344) ... ok
[INFO] [stdout] test src/writing/json.rs - writing::json::Json (line 16) ... ok
[INFO] [stdout] test src/routing/mod.rs - routing (line 312) ... ok
[INFO] [stdout] test src/routing/mod.rs - routing (line 18) ... ok
[INFO] [stdout] test src/writing/seek.rs - writing::seek::ReadSeeker (line 16) ... ok
[INFO] [stdout] test src/writing/redirect.rs - writing::redirect::Redirect (line 11) ... ok
[INFO] [stdout] test src/routing/mod.rs - routing (line 194) ... ok
[INFO] [stdout] test src/routing/mod.rs - routing (line 323) ... ok
[INFO] [stdout] test src/routing/mod.rs - routing (line 271) ... ok
[INFO] [stdout] test src/catcher.rs - catcher (line 11) ... ok
[INFO] [stdout] test src/service.rs - service::Service::catcher (line 59) ... ok
[INFO] [stdout] test src/writing/text.rs - writing::text::Text (line 11) ... ok
[INFO] [stdout] test src/routing/mod.rs - routing (line 48) ... ok
[INFO] [stdout] test src/routing/mod.rs - routing (line 87) ... ok
[INFO] [stdout] test src/routing/mod.rs - routing (line 240) ... ok
[INFO] [stdout] test src/service.rs - service::Service::allowed_media_types (line 109) ... ok
[INFO] [stdout] test src/http/response.rs - http::response::Response::render (line 381) ... ok
[INFO] [stdout] test src/routing/mod.rs - routing (line 283) ... ok
[INFO] [stdout] 
[INFO] [stdout] failures:
[INFO] [stdout] 
[INFO] [stdout] ---- src/http/request.rs - http::request::Request::extensions (line 497) stdout ----
[INFO] [stdout] error: linking with `cc` failed: exit status: 1
[INFO] [stdout]   |
[INFO] [stdout]   = note: LC_ALL="C" PATH="/opt/rustwide/rustup-home/toolchains/nightly-2024-10-28-x86_64-unknown-linux-gnu/lib/rustlib/x86_64-unknown-linux-gnu/bin:/opt/rustwide/rustup-home/toolchains/nightly-2024-10-28-x86_64-unknown-linux-gnu/lib/rustlib/x86_64-unknown-linux-gnu/bin/self-contained:/opt/rustwide/cargo-home/bin:/usr/local/sbin:/usr/local/bin:/usr/sbin:/usr/bin:/sbin:/bin" VSLANG="1033" "cc" "-m64" "/tmp/rustczLFMdY/symbols.o" "/tmp/rustdoctestWxYZrf/rust_out.rust_out.16b4434b3f29390-cgu.0.rcgu.o" "/tmp/rustdoctestWxYZrf/rust_out.433cx8cl382ppljrnwzuxa40f.rcgu.o" "-Wl,--as-needed" "-Wl,-Bstatic" "/opt/rustwide/target/debug/deps/libsalvo_core-b3e8ddb8bb1f76aa.rlib" "/opt/rustwide/target/debug/deps/libbrotli-59187b3a5bd1f1e3.rlib" "/opt/rustwide/target/debug/deps/libbrotli_decompressor-165b72e347490b4e.rlib" "/opt/rustwide/target/debug/deps/liballoc_stdlib-c05b3c7dd2435eb2.rlib" "/opt/rustwide/target/debug/deps/liballoc_no_stdlib-26a5d660d0c8a7be.rlib" "/opt/rustwide/target/debug/deps/libserde_urlencoded-44b1b2387f14ba55.rlib" "/opt/rustwide/target/debug/deps/libmime_infer-f18be604fc1e9a86.rlib" "/opt/rustwide/target/debug/deps/libunicase-161dc127c4d8fc3a.rlib" "/opt/rustwide/target/debug/deps/libserde_xml_rs-d10cd117dc17a4fd.rlib" "/opt/rustwide/target/debug/deps/libxml-1c9d29b50ccdf7eb.rlib" "/opt/rustwide/target/debug/deps/liblog-b6b1a89bf87ced53.rlib" "/opt/rustwide/target/debug/deps/libzstd-8e8c0bc438675312.rlib" "/opt/rustwide/target/debug/deps/libzstd_safe-783ed5155c6e2e13.rlib" "/opt/rustwide/target/debug/deps/libzstd_sys-7804f71898d6d88d.rlib" "/opt/rustwide/target/debug/deps/libflate2-a35c4f2443aaaaf6.rlib" "/opt/rustwide/target/debug/deps/libminiz_oxide-6c9ecd25b915c77e.rlib" "/opt/rustwide/target/debug/deps/libadler2-b3e8bf616d8ed0c4.rlib" "/opt/rustwide/target/debug/deps/libcrc32fast-f57ab9ea1a06cb05.rlib" "/opt/rustwide/target/debug/deps/liburl-3ecc82cacc8bd093.rlib" "/opt/rustwide/target/debug/deps/libidna-077fbd60ed77fff8.rlib" "/opt/rustwide/target/debug/deps/libunicode_normalization-9ddc68976d8cc053.rlib" "/opt/rustwide/target/debug/deps/libtinyvec-51759a03d8e7a380.rlib" "/opt/rustwide/target/debug/deps/libtinyvec_macros-66661c55905090ec.rlib" "/opt/rustwide/target/debug/deps/libunicode_bidi-7cad909d6a4c23f7.rlib" "/opt/rustwide/target/debug/deps/libform_urlencoded-07a2dedb236e9598.rlib" "/opt/rustwide/target/debug/deps/libnix-dd75b6765d96b0ca.rlib" "/opt/rustwide/target/debug/deps/libserde_json-44948a5fe0a6f090.rlib" "/opt/rustwide/target/debug/deps/libryu-2ae7af5af0bb88e0.rlib" "/opt/rustwide/target/debug/deps/libhyper_util-2a3f85e36000a7e4.rlib" "/opt/rustwide/target/debug/deps/libregex-e2f88c391915fb65.rlib" "/opt/rustwide/target/debug/deps/libregex_automata-9a62ad214a6aa684.rlib" "/opt/rustwide/target/debug/deps/libaho_corasick-417a2760a2457731.rlib" "/opt/rustwide/target/debug/deps/libregex_syntax-eddb13b0f2ea78f9.rlib" "/opt/rustwide/target/debug/deps/libsync_wrapper-4b31b37e719a83d0.rlib" "/opt/rustwide/target/debug/deps/libparking_lot-8294dd5e425c1327.rlib" "/opt/rustwide/target/debug/deps/libparking_lot_core-3956a2ec579ad155.rlib" "/opt/rustwide/target/debug/deps/liblock_api-e2cb0d427dfba242.rlib" "/opt/rustwide/target/debug/deps/libscopeguard-003ee3b9b09cebdb.rlib" "/opt/rustwide/target/debug/deps/libcookie-97f72003d000b639.rlib" "/opt/rustwide/target/debug/deps/libhmac-955709f1187360b5.rlib" "/opt/rustwide/target/debug/deps/libsha2-b9233c854a1b6f23.rlib" "/opt/rustwide/target/debug/deps/libpercent_encoding-a400589552762a21.rlib" "/opt/rustwide/target/debug/deps/libtime-2d594f0f7eace88d.rlib" "/opt/rustwide/target/debug/deps/libtime_core-f088bdeda82daaaf.rlib" "/opt/rustwide/target/debug/deps/libnum_conv-c07d2bc8a05763c7.rlib" "/opt/rustwide/target/debug/deps/libderanged-268d6cdc91cf6c69.rlib" "/opt/rustwide/target/debug/deps/libpowerfmt-b5bd7be737233b4b.rlib" "/opt/rustwide/target/debug/deps/libaes_gcm-d50915f970ee27ec.rlib" "/opt/rustwide/target/debug/deps/libctr-5ef89781ac6bf21a.rlib" "/opt/rustwide/target/debug/deps/libghash-d5255f9c37a2fc46.rlib" "/opt/rustwide/target/debug/deps/libpolyval-83c007586caf189d.rlib" "/opt/rustwide/target/debug/deps/libopaque_debug-f459251d9ab59279.rlib" "/opt/rustwide/target/debug/deps/libuniversal_hash-8c0a32998c51be4c.rlib" "/opt/rustwide/target/debug/deps/libaes-7c449c42ed098324.rlib" "/opt/rustwide/target/debug/deps/libcipher-fa5c7a18619890c7.rlib" "/opt/rustwide/target/debug/deps/libinout-b33222e116f5800c.rlib" "/opt/rustwide/target/debug/deps/libaead-d28fe1a2886f72a9.rlib" "/opt/rustwide/target/debug/deps/libtempfile-a2481f100a4f273c.rlib" "/opt/rustwide/target/debug/deps/libfastrand-f623a11bfaa18180.rlib" "/opt/rustwide/target/debug/deps/librustix-cc87727a98b7ffc5.rlib" "/opt/rustwide/target/debug/deps/libbitflags-2a54fc7d8f815a15.rlib" "/opt/rustwide/target/debug/deps/liblinux_raw_sys-b77fbec2cd3ef233.rlib" "/opt/rustwide/target/debug/deps/librand-5c660f1e1a405931.rlib" "/opt/rustwide/target/debug/deps/librand_chacha-b5e718df5fe0db5c.rlib" "/opt/rustwide/target/debug/deps/libppv_lite86-13ed581a8ce4be3f.rlib" "/opt/rustwide/target/debug/deps/libzerocopy-bd8cb05780f963ba.rlib" "/opt/rustwide/target/debug/deps/libbyteorder-7817d47eb31dfb0c.rlib" "/opt/rustwide/target/debug/deps/libmultimap-031258d3eab7110e.rlib" "/opt/rustwide/target/debug/deps/libmulter-957b886cdf2c1c63.rlib" "/opt/rustwide/target/debug/deps/libspin-6570a0db2981fee9.rlib" "/opt/rustwide/target/debug/deps/libencoding_rs-87763af8bd0f20d8.rlib" "/opt/rustwide/target/debug/deps/libhttp_body_util-6096a271cd277035.rlib" "/opt/rustwide/target/debug/deps/libbase64-c167c3eb3ecc322f.rlib" "/opt/rustwide/target/debug/deps/libthiserror-1f7a2bf0ce1639a5.rlib" "/opt/rustwide/target/debug/deps/libheaders-16733541caf85644.rlib" "/opt/rustwide/target/debug/deps/libsha1-a60a6ee7c34ea4d6.rlib" "/opt/rustwide/target/debug/deps/libcpufeatures-41282f1ae5bdd7cf.rlib" "/opt/rustwide/target/debug/deps/libdigest-eddb0ee94e19a6d2.rlib" "/opt/rustwide/target/debug/deps/libsubtle-2089b4b5c98b2078.rlib" "/opt/rustwide/target/debug/deps/libblock_buffer-90f91f4f164fc7ea.rlib" "/opt/rustwide/target/debug/deps/libcrypto_common-27b10f4acc5459ab.rlib" "/opt/rustwide/target/debug/deps/libgeneric_array-d2a92b2da2a24109.rlib" "/opt/rustwide/target/debug/deps/libtypenum-5326f72807cfe834.rlib" "/opt/rustwide/target/debug/deps/librand_core-cba305c51097e260.rlib" "/opt/rustwide/target/debug/deps/libgetrandom-9a17fb66a373cb5d.rlib" "/opt/rustwide/target/debug/deps/libcfg_if-57bf25c23e31efdb.rlib" "/opt/rustwide/target/debug/deps/libheaders_core-9d24546f53fe000a.rlib" "/opt/rustwide/target/debug/deps/libbase64-309ef582bd843d33.rlib" "/opt/rustwide/target/debug/deps/libenumflags2-092384e22555bb53.rlib" "/opt/rustwide/target/debug/deps/libpin_project-48c6f5b2a3098b2e.rlib" "/opt/rustwide/target/debug/deps/libserde-849f8ed29239dba6.rlib" "/opt/rustwide/target/debug/deps/libmime-34c62d26cca01717.rlib" "/opt/rustwide/target/debug/deps/libhyper-7e1faf1e3161ab25.rlib" "/opt/rustwide/target/debug/deps/libwant-e685d7a406130720.rlib" "/opt/rustwide/target/debug/deps/libtry_lock-c81c639303c73d15.rlib" "/opt/rustwide/target/debug/deps/libsmallvec-2bf71e8326cc0d46.rlib" "/opt/rustwide/target/debug/deps/libhttparse-51f001110b5a7f34.rlib" "/opt/rustwide/target/debug/deps/libh2-f3d91c98d09124a8.rlib" "/opt/rustwide/target/debug/deps/libtracing-cda535108c0c5c2d.rlib" "/opt/rustwide/target/debug/deps/libtracing_core-7c30351e8178d82b.rlib" "/opt/rustwide/target/debug/deps/libonce_cell-6dc575c335e8f5a1.rlib" "/opt/rustwide/target/debug/deps/libindexmap-dc95a38cbf6415fa.rlib" "/opt/rustwide/target/debug/deps/libequivalent-9e89cbd86631a94f.rlib" "/opt/rustwide/target/debug/deps/libhashbrown-29cea3b674da82b3.rlib" "/opt/rustwide/target/debug/deps/libatomic_waker-139ffb07fa982694.rlib" "/opt/rustwide/target/debug/deps/libtokio_util-0b96878b158000a9.rlib" "/opt/rustwide/target/debug/deps/libfutures_sink-96446479240e3330.rlib" "/opt/rustwide/target/debug/deps/libtokio-e514bf214862a273.rlib" "/opt/rustwide/target/debug/deps/libsocket2-c91733397a2bbe57.rlib" "/opt/rustwide/target/debug/deps/libmio-19adc1467f4847a6.rlib" "/opt/rustwide/target/debug/deps/liblibc-cf06f29c0a4f6ede.rlib" "/opt/rustwide/target/debug/deps/libhttpdate-cec10d4fe91818dd.rlib" "/opt/rustwide/target/debug/deps/libfutures_util-26d881d34888278e.rlib" "/opt/rustwide/target/debug/deps/libmemchr-c7ff0286392b94eb.rlib" "/opt/rustwide/target/debug/deps/libfutures_io-124a01bb0b35f096.rlib" "/opt/rustwide/target/debug/deps/libslab-d637e80c635d9ae6.rlib" "/opt/rustwide/target/debug/deps/libpin_project_lite-2633596a5f246a3b.rlib" "/opt/rustwide/target/debug/deps/libfutures_task-6b7e7a881f61604a.rlib" "/opt/rustwide/target/debug/deps/libpin_utils-76c2785263cdb1c1.rlib" "/opt/rustwide/target/debug/deps/libfutures_channel-481fc5026c84318a.rlib" "/opt/rustwide/target/debug/deps/libfutures_core-3267ce8fda4a14eb.rlib" "/opt/rustwide/target/debug/deps/libhttp_body-6f948388504fd55b.rlib" "/opt/rustwide/target/debug/deps/libhttp-d299e842755e0015.rlib" "/opt/rustwide/target/debug/deps/libitoa-add5260810035b6e.rlib" "/opt/rustwide/target/debug/deps/libbytes-6a4c7ea0a880895d.rlib" "/opt/rustwide/target/debug/deps/libfnv-574dedeaa4c89e1d.rlib" "/opt/rustwide/rustup-home/toolchains/nightly-2024-10-28-x86_64-unknown-linux-gnu/lib/rustlib/x86_64-unknown-linux-gnu/lib/libstd-fb8c387236db3c10.rlib" "/opt/rustwide/rustup-home/toolchains/nightly-2024-10-28-x86_64-unknown-linux-gnu/lib/rustlib/x86_64-unknown-linux-gnu/lib/libpanic_unwind-b251837809b2f64b.rlib" "/opt/rustwide/rustup-home/toolchains/nightly-2024-10-28-x86_64-unknown-linux-gnu/lib/rustlib/x86_64-unknown-linux-gnu/lib/libobject-cbef83eaa4e01f04.rlib" "/opt/rustwide/rustup-home/toolchains/nightly-2024-10-28-x86_64-unknown-linux-gnu/lib/rustlib/x86_64-unknown-linux-gnu/lib/libmemchr-12a772286de2fca7.rlib" "/opt/rustwide/rustup-home/toolchains/nightly-2024-10-28-x86_64-unknown-linux-gnu/lib/rustlib/x86_64-unknown-linux-gnu/lib/libaddr2line-023bbe5ada7abfc3.rlib" "/opt/rustwide/rustup-home/toolchains/nightly-2024-10-28-x86_64-unknown-linux-gnu/lib/rustlib/x86_64-unknown-linux-gnu/lib/libgimli-de2bcdf10ec69c2b.rlib" "/opt/rustwide/rustup-home/toolchains/nightly-2024-10-28-x86_64-unknown-linux-gnu/lib/rustlib/x86_64-unknown-linux-gnu/lib/librustc_demangle-8e1754df350800fd.rlib" "/opt/rustwide/rustup-home/toolchains/nightly-2024-10-28-x86_64-unknown-linux-gnu/lib/rustlib/x86_64-unknown-linux-gnu/lib/libstd_detect-06c2ab7b9c32e037.rlib" "/opt/rustwide/rustup-home/toolchains/nightly-2024-10-28-x86_64-unknown-linux-gnu/lib/rustlib/x86_64-unknown-linux-gnu/lib/libhashbrown-51d2621fc57a281b.rlib" "/opt/rustwide/rustup-home/toolchains/nightly-2024-10-28-x86_64-unknown-linux-gnu/lib/rustlib/x86_64-unknown-linux-gnu/lib/librustc_std_workspace_alloc-54a930408793772f.rlib" "/opt/rustwide/rustup-home/toolchains/nightly-2024-10-28-x86_64-unknown-linux-gnu/lib/rustlib/x86_64-unknown-linux-gnu/lib/libminiz_oxide-0c7d01cba400dcb2.rlib" "/opt/rustwide/rustup-home/toolchains/nightly-2024-10-28-x86_64-unknown-linux-gnu/lib/rustlib/x86_64-unknown-linux-gnu/lib/libadler-b9f84d69e331b75b.rlib" "/opt/rustwide/rustup-home/toolchains/nightly-2024-10-28-x86_64-unknown-linux-gnu/lib/rustlib/x86_64-unknown-linux-gnu/lib/libunwind-eec95493246aae39.rlib" "/opt/rustwide/rustup-home/toolchains/nightly-2024-10-28-x86_64-unknown-linux-gnu/lib/rustlib/x86_64-unknown-linux-gnu/lib/libcfg_if-6f6676c475e08ab0.rlib" "/opt/rustwide/rustup-home/toolchains/nightly-2024-10-28-x86_64-unknown-linux-gnu/lib/rustlib/x86_64-unknown-linux-gnu/lib/liblibc-799d520624f8b2e0.rlib" "/opt/rustwide/rustup-home/toolchains/nightly-2024-10-28-x86_64-unknown-linux-gnu/lib/rustlib/x86_64-unknown-linux-gnu/lib/liballoc-fcf93d4842acd9a9.rlib" "/opt/rustwide/rustup-home/toolchains/nightly-2024-10-28-x86_64-unknown-linux-gnu/lib/rustlib/x86_64-unknown-linux-gnu/lib/librustc_std_workspace_core-395a38b8e0851c9b.rlib" "/opt/rustwide/rustup-home/toolchains/nightly-2024-10-28-x86_64-unknown-linux-gnu/lib/rustlib/x86_64-unknown-linux-gnu/lib/libcore-d453bab70303062c.rlib" "/opt/rustwide/rustup-home/toolchains/nightly-2024-10-28-x86_64-unknown-linux-gnu/lib/rustlib/x86_64-unknown-linux-gnu/lib/libcompiler_builtins-0e6386368b0a24e8.rlib" "-Wl,-Bdynamic" "-lgcc_s" "-lutil" "-lrt" "-lpthread" "-lm" "-ldl" "-lc" "-B/opt/rustwide/rustup-home/toolchains/nightly-2024-10-28-x86_64-unknown-linux-gnu/lib/rustlib/x86_64-unknown-linux-gnu/bin/gcc-ld" "-fuse-ld=lld" "-Wl,--eh-frame-hdr" "-Wl,-z,noexecstack" "-L" "/opt/rustwide/target/debug/build/zstd-sys-97d36e0ccc05406a/out" "-L" "/opt/rustwide/rustup-home/toolchains/nightly-2024-10-28-x86_64-unknown-linux-gnu/lib/rustlib/x86_64-unknown-linux-gnu/lib" "-o" "/tmp/rustdoctestWxYZrf/rust_out" "-Wl,--gc-sections" "-pie" "-Wl,-z,relro,-z,now" "-nodefaultlibs"
[INFO] [stdout]   = note: collect2: fatal error: ld terminated with signal 9 [Killed]
[INFO] [stdout]           compilation terminated.
[INFO] [stdout]           
[INFO] [stdout] 
[INFO] [stdout] error: aborting due to 1 previous error
[INFO] [stdout] 
[INFO] [stdout] Couldn't compile the test.
[INFO] [stdout] ---- src/routing/mod.rs - routing (line 164) stdout ----
[INFO] [stdout] error: linking with `cc` failed: exit status: 1
[INFO] [stdout]   |
[INFO] [stdout]   = note: LC_ALL="C" PATH="/opt/rustwide/rustup-home/toolchains/nightly-2024-10-28-x86_64-unknown-linux-gnu/lib/rustlib/x86_64-unknown-linux-gnu/bin:/opt/rustwide/rustup-home/toolchains/nightly-2024-10-28-x86_64-unknown-linux-gnu/lib/rustlib/x86_64-unknown-linux-gnu/bin/self-contained:/opt/rustwide/cargo-home/bin:/usr/local/sbin:/usr/local/bin:/usr/sbin:/usr/bin:/sbin:/bin" VSLANG="1033" "cc" "-m64" "/tmp/rustcwxd6UJ/symbols.o" "/tmp/rustdoctestB7Gesz/rust_out.rust_out.16b4434b3f29390-cgu.0.rcgu.o" "/tmp/rustdoctestB7Gesz/rust_out.433cx8cl382ppljrnwzuxa40f.rcgu.o" "-Wl,--as-needed" "-Wl,-Bstatic" "/opt/rustwide/target/debug/deps/libsalvo_core-b3e8ddb8bb1f76aa.rlib" "/opt/rustwide/target/debug/deps/libbrotli-59187b3a5bd1f1e3.rlib" "/opt/rustwide/target/debug/deps/libbrotli_decompressor-165b72e347490b4e.rlib" "/opt/rustwide/target/debug/deps/liballoc_stdlib-c05b3c7dd2435eb2.rlib" "/opt/rustwide/target/debug/deps/liballoc_no_stdlib-26a5d660d0c8a7be.rlib" "/opt/rustwide/target/debug/deps/libserde_urlencoded-44b1b2387f14ba55.rlib" "/opt/rustwide/target/debug/deps/libmime_infer-f18be604fc1e9a86.rlib" "/opt/rustwide/target/debug/deps/libunicase-161dc127c4d8fc3a.rlib" "/opt/rustwide/target/debug/deps/libserde_xml_rs-d10cd117dc17a4fd.rlib" "/opt/rustwide/target/debug/deps/libxml-1c9d29b50ccdf7eb.rlib" "/opt/rustwide/target/debug/deps/liblog-b6b1a89bf87ced53.rlib" "/opt/rustwide/target/debug/deps/libzstd-8e8c0bc438675312.rlib" "/opt/rustwide/target/debug/deps/libzstd_safe-783ed5155c6e2e13.rlib" "/opt/rustwide/target/debug/deps/libzstd_sys-7804f71898d6d88d.rlib" "/opt/rustwide/target/debug/deps/libflate2-a35c4f2443aaaaf6.rlib" "/opt/rustwide/target/debug/deps/libminiz_oxide-6c9ecd25b915c77e.rlib" "/opt/rustwide/target/debug/deps/libadler2-b3e8bf616d8ed0c4.rlib" "/opt/rustwide/target/debug/deps/libcrc32fast-f57ab9ea1a06cb05.rlib" "/opt/rustwide/target/debug/deps/liburl-3ecc82cacc8bd093.rlib" "/opt/rustwide/target/debug/deps/libidna-077fbd60ed77fff8.rlib" "/opt/rustwide/target/debug/deps/libunicode_normalization-9ddc68976d8cc053.rlib" "/opt/rustwide/target/debug/deps/libtinyvec-51759a03d8e7a380.rlib" "/opt/rustwide/target/debug/deps/libtinyvec_macros-66661c55905090ec.rlib" "/opt/rustwide/target/debug/deps/libunicode_bidi-7cad909d6a4c23f7.rlib" "/opt/rustwide/target/debug/deps/libform_urlencoded-07a2dedb236e9598.rlib" "/opt/rustwide/target/debug/deps/libnix-dd75b6765d96b0ca.rlib" "/opt/rustwide/target/debug/deps/libserde_json-44948a5fe0a6f090.rlib" "/opt/rustwide/target/debug/deps/libryu-2ae7af5af0bb88e0.rlib" "/opt/rustwide/target/debug/deps/libhyper_util-2a3f85e36000a7e4.rlib" "/opt/rustwide/target/debug/deps/libregex-e2f88c391915fb65.rlib" "/opt/rustwide/target/debug/deps/libregex_automata-9a62ad214a6aa684.rlib" "/opt/rustwide/target/debug/deps/libaho_corasick-417a2760a2457731.rlib" "/opt/rustwide/target/debug/deps/libregex_syntax-eddb13b0f2ea78f9.rlib" "/opt/rustwide/target/debug/deps/libsync_wrapper-4b31b37e719a83d0.rlib" "/opt/rustwide/target/debug/deps/libparking_lot-8294dd5e425c1327.rlib" "/opt/rustwide/target/debug/deps/libparking_lot_core-3956a2ec579ad155.rlib" "/opt/rustwide/target/debug/deps/liblock_api-e2cb0d427dfba242.rlib" "/opt/rustwide/target/debug/deps/libscopeguard-003ee3b9b09cebdb.rlib" "/opt/rustwide/target/debug/deps/libcookie-97f72003d000b639.rlib" "/opt/rustwide/target/debug/deps/libhmac-955709f1187360b5.rlib" "/opt/rustwide/target/debug/deps/libsha2-b9233c854a1b6f23.rlib" "/opt/rustwide/target/debug/deps/libpercent_encoding-a400589552762a21.rlib" "/opt/rustwide/target/debug/deps/libtime-2d594f0f7eace88d.rlib" "/opt/rustwide/target/debug/deps/libtime_core-f088bdeda82daaaf.rlib" "/opt/rustwide/target/debug/deps/libnum_conv-c07d2bc8a05763c7.rlib" "/opt/rustwide/target/debug/deps/libderanged-268d6cdc91cf6c69.rlib" "/opt/rustwide/target/debug/deps/libpowerfmt-b5bd7be737233b4b.rlib" "/opt/rustwide/target/debug/deps/libaes_gcm-d50915f970ee27ec.rlib" "/opt/rustwide/target/debug/deps/libctr-5ef89781ac6bf21a.rlib" "/opt/rustwide/target/debug/deps/libghash-d5255f9c37a2fc46.rlib" "/opt/rustwide/target/debug/deps/libpolyval-83c007586caf189d.rlib" "/opt/rustwide/target/debug/deps/libopaque_debug-f459251d9ab59279.rlib" "/opt/rustwide/target/debug/deps/libuniversal_hash-8c0a32998c51be4c.rlib" "/opt/rustwide/target/debug/deps/libaes-7c449c42ed098324.rlib" "/opt/rustwide/target/debug/deps/libcipher-fa5c7a18619890c7.rlib" "/opt/rustwide/target/debug/deps/libinout-b33222e116f5800c.rlib" "/opt/rustwide/target/debug/deps/libaead-d28fe1a2886f72a9.rlib" "/opt/rustwide/target/debug/deps/libtempfile-a2481f100a4f273c.rlib" "/opt/rustwide/target/debug/deps/libfastrand-f623a11bfaa18180.rlib" "/opt/rustwide/target/debug/deps/librustix-cc87727a98b7ffc5.rlib" "/opt/rustwide/target/debug/deps/libbitflags-2a54fc7d8f815a15.rlib" "/opt/rustwide/target/debug/deps/liblinux_raw_sys-b77fbec2cd3ef233.rlib" "/opt/rustwide/target/debug/deps/librand-5c660f1e1a405931.rlib" "/opt/rustwide/target/debug/deps/librand_chacha-b5e718df5fe0db5c.rlib" "/opt/rustwide/target/debug/deps/libppv_lite86-13ed581a8ce4be3f.rlib" "/opt/rustwide/target/debug/deps/libzerocopy-bd8cb05780f963ba.rlib" "/opt/rustwide/target/debug/deps/libbyteorder-7817d47eb31dfb0c.rlib" "/opt/rustwide/target/debug/deps/libmultimap-031258d3eab7110e.rlib" "/opt/rustwide/target/debug/deps/libmulter-957b886cdf2c1c63.rlib" "/opt/rustwide/target/debug/deps/libspin-6570a0db2981fee9.rlib" "/opt/rustwide/target/debug/deps/libencoding_rs-87763af8bd0f20d8.rlib" "/opt/rustwide/target/debug/deps/libhttp_body_util-6096a271cd277035.rlib" "/opt/rustwide/target/debug/deps/libbase64-c167c3eb3ecc322f.rlib" "/opt/rustwide/target/debug/deps/libthiserror-1f7a2bf0ce1639a5.rlib" "/opt/rustwide/target/debug/deps/libheaders-16733541caf85644.rlib" "/opt/rustwide/target/debug/deps/libsha1-a60a6ee7c34ea4d6.rlib" "/opt/rustwide/target/debug/deps/libcpufeatures-41282f1ae5bdd7cf.rlib" "/opt/rustwide/target/debug/deps/libdigest-eddb0ee94e19a6d2.rlib" "/opt/rustwide/target/debug/deps/libsubtle-2089b4b5c98b2078.rlib" "/opt/rustwide/target/debug/deps/libblock_buffer-90f91f4f164fc7ea.rlib" "/opt/rustwide/target/debug/deps/libcrypto_common-27b10f4acc5459ab.rlib" "/opt/rustwide/target/debug/deps/libgeneric_array-d2a92b2da2a24109.rlib" "/opt/rustwide/target/debug/deps/libtypenum-5326f72807cfe834.rlib" "/opt/rustwide/target/debug/deps/librand_core-cba305c51097e260.rlib" "/opt/rustwide/target/debug/deps/libgetrandom-9a17fb66a373cb5d.rlib" "/opt/rustwide/target/debug/deps/libcfg_if-57bf25c23e31efdb.rlib" "/opt/rustwide/target/debug/deps/libheaders_core-9d24546f53fe000a.rlib" "/opt/rustwide/target/debug/deps/libbase64-309ef582bd843d33.rlib" "/opt/rustwide/target/debug/deps/libenumflags2-092384e22555bb53.rlib" "/opt/rustwide/target/debug/deps/libpin_project-48c6f5b2a3098b2e.rlib" "/opt/rustwide/target/debug/deps/libserde-849f8ed29239dba6.rlib" "/opt/rustwide/target/debug/deps/libmime-34c62d26cca01717.rlib" "/opt/rustwide/target/debug/deps/libhyper-7e1faf1e3161ab25.rlib" "/opt/rustwide/target/debug/deps/libwant-e685d7a406130720.rlib" "/opt/rustwide/target/debug/deps/libtry_lock-c81c639303c73d15.rlib" "/opt/rustwide/target/debug/deps/libsmallvec-2bf71e8326cc0d46.rlib" "/opt/rustwide/target/debug/deps/libhttparse-51f001110b5a7f34.rlib" "/opt/rustwide/target/debug/deps/libh2-f3d91c98d09124a8.rlib" "/opt/rustwide/target/debug/deps/libtracing-cda535108c0c5c2d.rlib" "/opt/rustwide/target/debug/deps/libtracing_core-7c30351e8178d82b.rlib" "/opt/rustwide/target/debug/deps/libonce_cell-6dc575c335e8f5a1.rlib" "/opt/rustwide/target/debug/deps/libindexmap-dc95a38cbf6415fa.rlib" "/opt/rustwide/target/debug/deps/libequivalent-9e89cbd86631a94f.rlib" "/opt/rustwide/target/debug/deps/libhashbrown-29cea3b674da82b3.rlib" "/opt/rustwide/target/debug/deps/libatomic_waker-139ffb07fa982694.rlib" "/opt/rustwide/target/debug/deps/libtokio_util-0b96878b158000a9.rlib" "/opt/rustwide/target/debug/deps/libfutures_sink-96446479240e3330.rlib" "/opt/rustwide/target/debug/deps/libtokio-e514bf214862a273.rlib" "/opt/rustwide/target/debug/deps/libsocket2-c91733397a2bbe57.rlib" "/opt/rustwide/target/debug/deps/libmio-19adc1467f4847a6.rlib" "/opt/rustwide/target/debug/deps/liblibc-cf06f29c0a4f6ede.rlib" "/opt/rustwide/target/debug/deps/libhttpdate-cec10d4fe91818dd.rlib" "/opt/rustwide/target/debug/deps/libfutures_util-26d881d34888278e.rlib" "/opt/rustwide/target/debug/deps/libmemchr-c7ff0286392b94eb.rlib" "/opt/rustwide/target/debug/deps/libfutures_io-124a01bb0b35f096.rlib" "/opt/rustwide/target/debug/deps/libslab-d637e80c635d9ae6.rlib" "/opt/rustwide/target/debug/deps/libpin_project_lite-2633596a5f246a3b.rlib" "/opt/rustwide/target/debug/deps/libfutures_task-6b7e7a881f61604a.rlib" "/opt/rustwide/target/debug/deps/libpin_utils-76c2785263cdb1c1.rlib" "/opt/rustwide/target/debug/deps/libfutures_channel-481fc5026c84318a.rlib" "/opt/rustwide/target/debug/deps/libfutures_core-3267ce8fda4a14eb.rlib" "/opt/rustwide/target/debug/deps/libhttp_body-6f948388504fd55b.rlib" "/opt/rustwide/target/debug/deps/libhttp-d299e842755e0015.rlib" "/opt/rustwide/target/debug/deps/libitoa-add5260810035b6e.rlib" "/opt/rustwide/target/debug/deps/libbytes-6a4c7ea0a880895d.rlib" "/opt/rustwide/target/debug/deps/libfnv-574dedeaa4c89e1d.rlib" "/opt/rustwide/rustup-home/toolchains/nightly-2024-10-28-x86_64-unknown-linux-gnu/lib/rustlib/x86_64-unknown-linux-gnu/lib/libstd-fb8c387236db3c10.rlib" "/opt/rustwide/rustup-home/toolchains/nightly-2024-10-28-x86_64-unknown-linux-gnu/lib/rustlib/x86_64-unknown-linux-gnu/lib/libpanic_unwind-b251837809b2f64b.rlib" "/opt/rustwide/rustup-home/toolchains/nightly-2024-10-28-x86_64-unknown-linux-gnu/lib/rustlib/x86_64-unknown-linux-gnu/lib/libobject-cbef83eaa4e01f04.rlib" "/opt/rustwide/rustup-home/toolchains/nightly-2024-10-28-x86_64-unknown-linux-gnu/lib/rustlib/x86_64-unknown-linux-gnu/lib/libmemchr-12a772286de2fca7.rlib" "/opt/rustwide/rustup-home/toolchains/nightly-2024-10-28-x86_64-unknown-linux-gnu/lib/rustlib/x86_64-unknown-linux-gnu/lib/libaddr2line-023bbe5ada7abfc3.rlib" "/opt/rustwide/rustup-home/toolchains/nightly-2024-10-28-x86_64-unknown-linux-gnu/lib/rustlib/x86_64-unknown-linux-gnu/lib/libgimli-de2bcdf10ec69c2b.rlib" "/opt/rustwide/rustup-home/toolchains/nightly-2024-10-28-x86_64-unknown-linux-gnu/lib/rustlib/x86_64-unknown-linux-gnu/lib/librustc_demangle-8e1754df350800fd.rlib" "/opt/rustwide/rustup-home/toolchains/nightly-2024-10-28-x86_64-unknown-linux-gnu/lib/rustlib/x86_64-unknown-linux-gnu/lib/libstd_detect-06c2ab7b9c32e037.rlib" "/opt/rustwide/rustup-home/toolchains/nightly-2024-10-28-x86_64-unknown-linux-gnu/lib/rustlib/x86_64-unknown-linux-gnu/lib/libhashbrown-51d2621fc57a281b.rlib" "/opt/rustwide/rustup-home/toolchains/nightly-2024-10-28-x86_64-unknown-linux-gnu/lib/rustlib/x86_64-unknown-linux-gnu/lib/librustc_std_workspace_alloc-54a930408793772f.rlib" "/opt/rustwide/rustup-home/toolchains/nightly-2024-10-28-x86_64-unknown-linux-gnu/lib/rustlib/x86_64-unknown-linux-gnu/lib/libminiz_oxide-0c7d01cba400dcb2.rlib" "/opt/rustwide/rustup-home/toolchains/nightly-2024-10-28-x86_64-unknown-linux-gnu/lib/rustlib/x86_64-unknown-linux-gnu/lib/libadler-b9f84d69e331b75b.rlib" "/opt/rustwide/rustup-home/toolchains/nightly-2024-10-28-x86_64-unknown-linux-gnu/lib/rustlib/x86_64-unknown-linux-gnu/lib/libunwind-eec95493246aae39.rlib" "/opt/rustwide/rustup-home/toolchains/nightly-2024-10-28-x86_64-unknown-linux-gnu/lib/rustlib/x86_64-unknown-linux-gnu/lib/libcfg_if-6f6676c475e08ab0.rlib" "/opt/rustwide/rustup-home/toolchains/nightly-2024-10-28-x86_64-unknown-linux-gnu/lib/rustlib/x86_64-unknown-linux-gnu/lib/liblibc-799d520624f8b2e0.rlib" "/opt/rustwide/rustup-home/toolchains/nightly-2024-10-28-x86_64-unknown-linux-gnu/lib/rustlib/x86_64-unknown-linux-gnu/lib/liballoc-fcf93d4842acd9a9.rlib" "/opt/rustwide/rustup-home/toolchains/nightly-2024-10-28-x86_64-unknown-linux-gnu/lib/rustlib/x86_64-unknown-linux-gnu/lib/librustc_std_workspace_core-395a38b8e0851c9b.rlib" "/opt/rustwide/rustup-home/toolchains/nightly-2024-10-28-x86_64-unknown-linux-gnu/lib/rustlib/x86_64-unknown-linux-gnu/lib/libcore-d453bab70303062c.rlib" "/opt/rustwide/rustup-home/toolchains/nightly-2024-10-28-x86_64-unknown-linux-gnu/lib/rustlib/x86_64-unknown-linux-gnu/lib/libcompiler_builtins-0e6386368b0a24e8.rlib" "-Wl,-Bdynamic" "-lgcc_s" "-lutil" "-lrt" "-lpthread" "-lm" "-ldl" "-lc" "-B/opt/rustwide/rustup-home/toolchains/nightly-2024-10-28-x86_64-unknown-linux-gnu/lib/rustlib/x86_64-unknown-linux-gnu/bin/gcc-ld" "-fuse-ld=lld" "-Wl,--eh-frame-hdr" "-Wl,-z,noexecstack" "-L" "/opt/rustwide/target/debug/build/zstd-sys-97d36e0ccc05406a/out" "-L" "/opt/rustwide/rustup-home/toolchains/nightly-2024-10-28-x86_64-unknown-linux-gnu/lib/rustlib/x86_64-unknown-linux-gnu/lib" "-o" "/tmp/rustdoctestB7Gesz/rust_out" "-Wl,--gc-sections" "-pie" "-Wl,-z,relro,-z,now" "-nodefaultlibs"
[INFO] [stdout]   = note: collect2: fatal error: ld terminated with signal 9 [Killed]
[INFO] [stdout]           compilation terminated.
[INFO] [stdout]           
[INFO] [stdout] 
[INFO] [stdout] error: aborting due to 1 previous error
[INFO] [stdout] 
[INFO] [stdout] Couldn't compile the test.
[INFO] [stdout] ---- src/routing/mod.rs - routing (line 342) stdout ----
[INFO] [stdout] error: linking with `cc` failed: exit status: 1
[INFO] [stdout]   |
[INFO] [stdout]   = note: LC_ALL="C" PATH="/opt/rustwide/rustup-home/toolchains/nightly-2024-10-28-x86_64-unknown-linux-gnu/lib/rustlib/x86_64-unknown-linux-gnu/bin:/opt/rustwide/rustup-home/toolchains/nightly-2024-10-28-x86_64-unknown-linux-gnu/lib/rustlib/x86_64-unknown-linux-gnu/bin/self-contained:/opt/rustwide/cargo-home/bin:/usr/local/sbin:/usr/local/bin:/usr/sbin:/usr/bin:/sbin:/bin" VSLANG="1033" "cc" "-m64" "/tmp/rustccmcDRR/symbols.o" "/tmp/rustdoctestoe1nYW/rust_out.rust_out.16b4434b3f29390-cgu.0.rcgu.o" "/tmp/rustdoctestoe1nYW/rust_out.433cx8cl382ppljrnwzuxa40f.rcgu.o" "-Wl,--as-needed" "-Wl,-Bstatic" "/opt/rustwide/target/debug/deps/libsalvo_core-b3e8ddb8bb1f76aa.rlib" "/opt/rustwide/target/debug/deps/libbrotli-59187b3a5bd1f1e3.rlib" "/opt/rustwide/target/debug/deps/libbrotli_decompressor-165b72e347490b4e.rlib" "/opt/rustwide/target/debug/deps/liballoc_stdlib-c05b3c7dd2435eb2.rlib" "/opt/rustwide/target/debug/deps/liballoc_no_stdlib-26a5d660d0c8a7be.rlib" "/opt/rustwide/target/debug/deps/libserde_urlencoded-44b1b2387f14ba55.rlib" "/opt/rustwide/target/debug/deps/libmime_infer-f18be604fc1e9a86.rlib" "/opt/rustwide/target/debug/deps/libunicase-161dc127c4d8fc3a.rlib" "/opt/rustwide/target/debug/deps/libserde_xml_rs-d10cd117dc17a4fd.rlib" "/opt/rustwide/target/debug/deps/libxml-1c9d29b50ccdf7eb.rlib" "/opt/rustwide/target/debug/deps/liblog-b6b1a89bf87ced53.rlib" "/opt/rustwide/target/debug/deps/libzstd-8e8c0bc438675312.rlib" "/opt/rustwide/target/debug/deps/libzstd_safe-783ed5155c6e2e13.rlib" "/opt/rustwide/target/debug/deps/libzstd_sys-7804f71898d6d88d.rlib" "/opt/rustwide/target/debug/deps/libflate2-a35c4f2443aaaaf6.rlib" "/opt/rustwide/target/debug/deps/libminiz_oxide-6c9ecd25b915c77e.rlib" "/opt/rustwide/target/debug/deps/libadler2-b3e8bf616d8ed0c4.rlib" "/opt/rustwide/target/debug/deps/libcrc32fast-f57ab9ea1a06cb05.rlib" "/opt/rustwide/target/debug/deps/liburl-3ecc82cacc8bd093.rlib" "/opt/rustwide/target/debug/deps/libidna-077fbd60ed77fff8.rlib" "/opt/rustwide/target/debug/deps/libunicode_normalization-9ddc68976d8cc053.rlib" "/opt/rustwide/target/debug/deps/libtinyvec-51759a03d8e7a380.rlib" "/opt/rustwide/target/debug/deps/libtinyvec_macros-66661c55905090ec.rlib" "/opt/rustwide/target/debug/deps/libunicode_bidi-7cad909d6a4c23f7.rlib" "/opt/rustwide/target/debug/deps/libform_urlencoded-07a2dedb236e9598.rlib" "/opt/rustwide/target/debug/deps/libnix-dd75b6765d96b0ca.rlib" "/opt/rustwide/target/debug/deps/libserde_json-44948a5fe0a6f090.rlib" "/opt/rustwide/target/debug/deps/libryu-2ae7af5af0bb88e0.rlib" "/opt/rustwide/target/debug/deps/libhyper_util-2a3f85e36000a7e4.rlib" "/opt/rustwide/target/debug/deps/libregex-e2f88c391915fb65.rlib" "/opt/rustwide/target/debug/deps/libregex_automata-9a62ad214a6aa684.rlib" "/opt/rustwide/target/debug/deps/libaho_corasick-417a2760a2457731.rlib" "/opt/rustwide/target/debug/deps/libregex_syntax-eddb13b0f2ea78f9.rlib" "/opt/rustwide/target/debug/deps/libsync_wrapper-4b31b37e719a83d0.rlib" "/opt/rustwide/target/debug/deps/libparking_lot-8294dd5e425c1327.rlib" "/opt/rustwide/target/debug/deps/libparking_lot_core-3956a2ec579ad155.rlib" "/opt/rustwide/target/debug/deps/liblock_api-e2cb0d427dfba242.rlib" "/opt/rustwide/target/debug/deps/libscopeguard-003ee3b9b09cebdb.rlib" "/opt/rustwide/target/debug/deps/libcookie-97f72003d000b639.rlib" "/opt/rustwide/target/debug/deps/libhmac-955709f1187360b5.rlib" "/opt/rustwide/target/debug/deps/libsha2-b9233c854a1b6f23.rlib" "/opt/rustwide/target/debug/deps/libpercent_encoding-a400589552762a21.rlib" "/opt/rustwide/target/debug/deps/libtime-2d594f0f7eace88d.rlib" "/opt/rustwide/target/debug/deps/libtime_core-f088bdeda82daaaf.rlib" "/opt/rustwide/target/debug/deps/libnum_conv-c07d2bc8a05763c7.rlib" "/opt/rustwide/target/debug/deps/libderanged-268d6cdc91cf6c69.rlib" "/opt/rustwide/target/debug/deps/libpowerfmt-b5bd7be737233b4b.rlib" "/opt/rustwide/target/debug/deps/libaes_gcm-d50915f970ee27ec.rlib" "/opt/rustwide/target/debug/deps/libctr-5ef89781ac6bf21a.rlib" "/opt/rustwide/target/debug/deps/libghash-d5255f9c37a2fc46.rlib" "/opt/rustwide/target/debug/deps/libpolyval-83c007586caf189d.rlib" "/opt/rustwide/target/debug/deps/libopaque_debug-f459251d9ab59279.rlib" "/opt/rustwide/target/debug/deps/libuniversal_hash-8c0a32998c51be4c.rlib" "/opt/rustwide/target/debug/deps/libaes-7c449c42ed098324.rlib" "/opt/rustwide/target/debug/deps/libcipher-fa5c7a18619890c7.rlib" "/opt/rustwide/target/debug/deps/libinout-b33222e116f5800c.rlib" "/opt/rustwide/target/debug/deps/libaead-d28fe1a2886f72a9.rlib" "/opt/rustwide/target/debug/deps/libtempfile-a2481f100a4f273c.rlib" "/opt/rustwide/target/debug/deps/libfastrand-f623a11bfaa18180.rlib" "/opt/rustwide/target/debug/deps/librustix-cc87727a98b7ffc5.rlib" "/opt/rustwide/target/debug/deps/libbitflags-2a54fc7d8f815a15.rlib" "/opt/rustwide/target/debug/deps/liblinux_raw_sys-b77fbec2cd3ef233.rlib" "/opt/rustwide/target/debug/deps/librand-5c660f1e1a405931.rlib" "/opt/rustwide/target/debug/deps/librand_chacha-b5e718df5fe0db5c.rlib" "/opt/rustwide/target/debug/deps/libppv_lite86-13ed581a8ce4be3f.rlib" "/opt/rustwide/target/debug/deps/libzerocopy-bd8cb05780f963ba.rlib" "/opt/rustwide/target/debug/deps/libbyteorder-7817d47eb31dfb0c.rlib" "/opt/rustwide/target/debug/deps/libmultimap-031258d3eab7110e.rlib" "/opt/rustwide/target/debug/deps/libmulter-957b886cdf2c1c63.rlib" "/opt/rustwide/target/debug/deps/libspin-6570a0db2981fee9.rlib" "/opt/rustwide/target/debug/deps/libencoding_rs-87763af8bd0f20d8.rlib" "/opt/rustwide/target/debug/deps/libhttp_body_util-6096a271cd277035.rlib" "/opt/rustwide/target/debug/deps/libbase64-c167c3eb3ecc322f.rlib" "/opt/rustwide/target/debug/deps/libthiserror-1f7a2bf0ce1639a5.rlib" "/opt/rustwide/target/debug/deps/libheaders-16733541caf85644.rlib" "/opt/rustwide/target/debug/deps/libsha1-a60a6ee7c34ea4d6.rlib" "/opt/rustwide/target/debug/deps/libcpufeatures-41282f1ae5bdd7cf.rlib" "/opt/rustwide/target/debug/deps/libdigest-eddb0ee94e19a6d2.rlib" "/opt/rustwide/target/debug/deps/libsubtle-2089b4b5c98b2078.rlib" "/opt/rustwide/target/debug/deps/libblock_buffer-90f91f4f164fc7ea.rlib" "/opt/rustwide/target/debug/deps/libcrypto_common-27b10f4acc5459ab.rlib" "/opt/rustwide/target/debug/deps/libgeneric_array-d2a92b2da2a24109.rlib" "/opt/rustwide/target/debug/deps/libtypenum-5326f72807cfe834.rlib" "/opt/rustwide/target/debug/deps/librand_core-cba305c51097e260.rlib" "/opt/rustwide/target/debug/deps/libgetrandom-9a17fb66a373cb5d.rlib" "/opt/rustwide/target/debug/deps/libcfg_if-57bf25c23e31efdb.rlib" "/opt/rustwide/target/debug/deps/libheaders_core-9d24546f53fe000a.rlib" "/opt/rustwide/target/debug/deps/libbase64-309ef582bd843d33.rlib" "/opt/rustwide/target/debug/deps/libenumflags2-092384e22555bb53.rlib" "/opt/rustwide/target/debug/deps/libpin_project-48c6f5b2a3098b2e.rlib" "/opt/rustwide/target/debug/deps/libserde-849f8ed29239dba6.rlib" "/opt/rustwide/target/debug/deps/libmime-34c62d26cca01717.rlib" "/opt/rustwide/target/debug/deps/libhyper-7e1faf1e3161ab25.rlib" "/opt/rustwide/target/debug/deps/libwant-e685d7a406130720.rlib" "/opt/rustwide/target/debug/deps/libtry_lock-c81c639303c73d15.rlib" "/opt/rustwide/target/debug/deps/libsmallvec-2bf71e8326cc0d46.rlib" "/opt/rustwide/target/debug/deps/libhttparse-51f001110b5a7f34.rlib" "/opt/rustwide/target/debug/deps/libh2-f3d91c98d09124a8.rlib" "/opt/rustwide/target/debug/deps/libtracing-cda535108c0c5c2d.rlib" "/opt/rustwide/target/debug/deps/libtracing_core-7c30351e8178d82b.rlib" "/opt/rustwide/target/debug/deps/libonce_cell-6dc575c335e8f5a1.rlib" "/opt/rustwide/target/debug/deps/libindexmap-dc95a38cbf6415fa.rlib" "/opt/rustwide/target/debug/deps/libequivalent-9e89cbd86631a94f.rlib" "/opt/rustwide/target/debug/deps/libhashbrown-29cea3b674da82b3.rlib" "/opt/rustwide/target/debug/deps/libatomic_waker-139ffb07fa982694.rlib" "/opt/rustwide/target/debug/deps/libtokio_util-0b96878b158000a9.rlib" "/opt/rustwide/target/debug/deps/libfutures_sink-96446479240e3330.rlib" "/opt/rustwide/target/debug/deps/libtokio-e514bf214862a273.rlib" "/opt/rustwide/target/debug/deps/libsocket2-c91733397a2bbe57.rlib" "/opt/rustwide/target/debug/deps/libmio-19adc1467f4847a6.rlib" "/opt/rustwide/target/debug/deps/liblibc-cf06f29c0a4f6ede.rlib" "/opt/rustwide/target/debug/deps/libhttpdate-cec10d4fe91818dd.rlib" "/opt/rustwide/target/debug/deps/libfutures_util-26d881d34888278e.rlib" "/opt/rustwide/target/debug/deps/libmemchr-c7ff0286392b94eb.rlib" "/opt/rustwide/target/debug/deps/libfutures_io-124a01bb0b35f096.rlib" "/opt/rustwide/target/debug/deps/libslab-d637e80c635d9ae6.rlib" "/opt/rustwide/target/debug/deps/libpin_project_lite-2633596a5f246a3b.rlib" "/opt/rustwide/target/debug/deps/libfutures_task-6b7e7a881f61604a.rlib" "/opt/rustwide/target/debug/deps/libpin_utils-76c2785263cdb1c1.rlib" "/opt/rustwide/target/debug/deps/libfutures_channel-481fc5026c84318a.rlib" "/opt/rustwide/target/debug/deps/libfutures_core-3267ce8fda4a14eb.rlib" "/opt/rustwide/target/debug/deps/libhttp_body-6f948388504fd55b.rlib" "/opt/rustwide/target/debug/deps/libhttp-d299e842755e0015.rlib" "/opt/rustwide/target/debug/deps/libitoa-add5260810035b6e.rlib" "/opt/rustwide/target/debug/deps/libbytes-6a4c7ea0a880895d.rlib" "/opt/rustwide/target/debug/deps/libfnv-574dedeaa4c89e1d.rlib" "/opt/rustwide/rustup-home/toolchains/nightly-2024-10-28-x86_64-unknown-linux-gnu/lib/rustlib/x86_64-unknown-linux-gnu/lib/libstd-fb8c387236db3c10.rlib" "/opt/rustwide/rustup-home/toolchains/nightly-2024-10-28-x86_64-unknown-linux-gnu/lib/rustlib/x86_64-unknown-linux-gnu/lib/libpanic_unwind-b251837809b2f64b.rlib" "/opt/rustwide/rustup-home/toolchains/nightly-2024-10-28-x86_64-unknown-linux-gnu/lib/rustlib/x86_64-unknown-linux-gnu/lib/libobject-cbef83eaa4e01f04.rlib" "/opt/rustwide/rustup-home/toolchains/nightly-2024-10-28-x86_64-unknown-linux-gnu/lib/rustlib/x86_64-unknown-linux-gnu/lib/libmemchr-12a772286de2fca7.rlib" "/opt/rustwide/rustup-home/toolchains/nightly-2024-10-28-x86_64-unknown-linux-gnu/lib/rustlib/x86_64-unknown-linux-gnu/lib/libaddr2line-023bbe5ada7abfc3.rlib" "/opt/rustwide/rustup-home/toolchains/nightly-2024-10-28-x86_64-unknown-linux-gnu/lib/rustlib/x86_64-unknown-linux-gnu/lib/libgimli-de2bcdf10ec69c2b.rlib" "/opt/rustwide/rustup-home/toolchains/nightly-2024-10-28-x86_64-unknown-linux-gnu/lib/rustlib/x86_64-unknown-linux-gnu/lib/librustc_demangle-8e1754df350800fd.rlib" "/opt/rustwide/rustup-home/toolchains/nightly-2024-10-28-x86_64-unknown-linux-gnu/lib/rustlib/x86_64-unknown-linux-gnu/lib/libstd_detect-06c2ab7b9c32e037.rlib" "/opt/rustwide/rustup-home/toolchains/nightly-2024-10-28-x86_64-unknown-linux-gnu/lib/rustlib/x86_64-unknown-linux-gnu/lib/libhashbrown-51d2621fc57a281b.rlib" "/opt/rustwide/rustup-home/toolchains/nightly-2024-10-28-x86_64-unknown-linux-gnu/lib/rustlib/x86_64-unknown-linux-gnu/lib/librustc_std_workspace_alloc-54a930408793772f.rlib" "/opt/rustwide/rustup-home/toolchains/nightly-2024-10-28-x86_64-unknown-linux-gnu/lib/rustlib/x86_64-unknown-linux-gnu/lib/libminiz_oxide-0c7d01cba400dcb2.rlib" "/opt/rustwide/rustup-home/toolchains/nightly-2024-10-28-x86_64-unknown-linux-gnu/lib/rustlib/x86_64-unknown-linux-gnu/lib/libadler-b9f84d69e331b75b.rlib" "/opt/rustwide/rustup-home/toolchains/nightly-2024-10-28-x86_64-unknown-linux-gnu/lib/rustlib/x86_64-unknown-linux-gnu/lib/libunwind-eec95493246aae39.rlib" "/opt/rustwide/rustup-home/toolchains/nightly-2024-10-28-x86_64-unknown-linux-gnu/lib/rustlib/x86_64-unknown-linux-gnu/lib/libcfg_if-6f6676c475e08ab0.rlib" "/opt/rustwide/rustup-home/toolchains/nightly-2024-10-28-x86_64-unknown-linux-gnu/lib/rustlib/x86_64-unknown-linux-gnu/lib/liblibc-799d520624f8b2e0.rlib" "/opt/rustwide/rustup-home/toolchains/nightly-2024-10-28-x86_64-unknown-linux-gnu/lib/rustlib/x86_64-unknown-linux-gnu/lib/liballoc-fcf93d4842acd9a9.rlib" "/opt/rustwide/rustup-home/toolchains/nightly-2024-10-28-x86_64-unknown-linux-gnu/lib/rustlib/x86_64-unknown-linux-gnu/lib/librustc_std_workspace_core-395a38b8e0851c9b.rlib" "/opt/rustwide/rustup-home/toolchains/nightly-2024-10-28-x86_64-unknown-linux-gnu/lib/rustlib/x86_64-unknown-linux-gnu/lib/libcore-d453bab70303062c.rlib" "/opt/rustwide/rustup-home/toolchains/nightly-2024-10-28-x86_64-unknown-linux-gnu/lib/rustlib/x86_64-unknown-linux-gnu/lib/libcompiler_builtins-0e6386368b0a24e8.rlib" "-Wl,-Bdynamic" "-lgcc_s" "-lutil" "-lrt" "-lpthread" "-lm" "-ldl" "-lc" "-B/opt/rustwide/rustup-home/toolchains/nightly-2024-10-28-x86_64-unknown-linux-gnu/lib/rustlib/x86_64-unknown-linux-gnu/bin/gcc-ld" "-fuse-ld=lld" "-Wl,--eh-frame-hdr" "-Wl,-z,noexecstack" "-L" "/opt/rustwide/target/debug/build/zstd-sys-97d36e0ccc05406a/out" "-L" "/opt/rustwide/rustup-home/toolchains/nightly-2024-10-28-x86_64-unknown-linux-gnu/lib/rustlib/x86_64-unknown-linux-gnu/lib" "-o" "/tmp/rustdoctestoe1nYW/rust_out" "-Wl,--gc-sections" "-pie" "-Wl,-z,relro,-z,now" "-nodefaultlibs"
[INFO] [stdout]   = note: collect2: fatal error: ld terminated with signal 9 [Killed]
[INFO] [stdout]           compilation terminated.
[INFO] [stdout]           
[INFO] [stdout] 
[INFO] [stdout] error: aborting due to 1 previous error
[INFO] [stdout] 
[INFO] [stdout] Couldn't compile the test.
[INFO] [stdout] 
[INFO] [stdout] failures:
[INFO] [stdout]     src/http/request.rs - http::request::Request::extensions (line 497)
[INFO] [stdout]     src/routing/mod.rs - routing (line 164)
[INFO] [stdout]     src/routing/mod.rs - routing (line 342)
[INFO] [stdout] 
[INFO] [stdout] test result: FAILED. 43 passed; 3 failed; 2 ignored; 0 measured; 0 filtered out; finished in 45.87s
[INFO] [stdout] 
[INFO] [stderr] error: doctest failed, to rerun pass `--doc`
[INFO] running `Command { std: "docker" "inspect" "9d03a957a58a27e0b44b4dbf9fa9d43850a190a1793d9cc8b30efd062acead8a", kill_on_drop: false }`
[INFO] running `Command { std: "docker" "rm" "-f" "9d03a957a58a27e0b44b4dbf9fa9d43850a190a1793d9cc8b30efd062acead8a", kill_on_drop: false }`
[INFO] [stdout] 9d03a957a58a27e0b44b4dbf9fa9d43850a190a1793d9cc8b30efd062acead8a
