[INFO] fetching crate safecoin-vote-program 1.14.17...
[INFO] testing safecoin-vote-program-1.14.17 against nightly-2024-10-28+rustflags=-Zrandomize-layout for randomize-layout
[INFO] extracting crate safecoin-vote-program 1.14.17 into /workspace/builds/worker-1-tc2/source
[INFO] validating manifest of crates.io crate safecoin-vote-program 1.14.17 on toolchain nightly-2024-10-28
[INFO] running `Command { std: CARGO_HOME="/workspace/cargo-home" RUSTUP_HOME="/workspace/rustup-home" "/workspace/cargo-home/bin/cargo" "+nightly-2024-10-28" "metadata" "--manifest-path" "Cargo.toml" "--no-deps", kill_on_drop: false }`
[INFO] started tweaking crates.io crate safecoin-vote-program 1.14.17
[INFO] finished tweaking crates.io crate safecoin-vote-program 1.14.17
[INFO] tweaked toml for crates.io crate safecoin-vote-program 1.14.17 written to /workspace/builds/worker-1-tc2/source/Cargo.toml
[INFO] running `Command { std: CARGO_HOME="/workspace/cargo-home" RUSTUP_HOME="/workspace/rustup-home" "/workspace/cargo-home/bin/cargo" "+nightly-2024-10-28" "generate-lockfile" "--manifest-path" "Cargo.toml", kill_on_drop: false }`
[INFO] [stderr]     Updating crates.io index
[INFO] [stderr]     Blocking waiting for file lock on package cache
[INFO] [stderr]      Locking 262 packages to latest compatible versions
[INFO] [stderr]       Adding blake3 v1.5.1 (available: v1.5.4)
[INFO] [stderr]       Adding itertools v0.10.5 (available: v0.13.0)
[INFO] [stderr]       Adding num-derive v0.3.3 (available: v0.4.2)
[INFO] [stderr]       Adding rand v0.7.3 (available: v0.8.5)
[INFO] [stderr]       Adding test-case v2.2.2 (available: v3.3.1)
[INFO] [stderr]       Adding zeroize v1.3.0 (available: v1.8.1)
[INFO] running `Command { std: CARGO_HOME="/workspace/cargo-home" RUSTUP_HOME="/workspace/rustup-home" "/workspace/cargo-home/bin/cargo" "+nightly-2024-10-28" "fetch" "--manifest-path" "Cargo.toml", kill_on_drop: false }`
[INFO] running `Command { std: "docker" "create" "-v" "/var/lib/crater-agent-workspace/builds/worker-1-tc2/target:/opt/rustwide/target:rw,Z" "-v" "/var/lib/crater-agent-workspace/builds/worker-1-tc2/source:/opt/rustwide/workdir:ro,Z" "-v" "/var/lib/crater-agent-workspace/cargo-home:/opt/rustwide/cargo-home:ro,Z" "-v" "/var/lib/crater-agent-workspace/rustup-home:/opt/rustwide/rustup-home:ro,Z" "-e" "SOURCE_DIR=/opt/rustwide/workdir" "-e" "CARGO_TARGET_DIR=/opt/rustwide/target" "-e" "CARGO_HOME=/opt/rustwide/cargo-home" "-e" "RUSTUP_HOME=/opt/rustwide/rustup-home" "-w" "/opt/rustwide/workdir" "-m" "1610612736" "--user" "0:0" "--network" "none" "ghcr.io/rust-lang/crates-build-env/linux@sha256:4a844ea9eb2546a2d2c7022eacef16ef2e8229c7fbb2c7d4d55a9ceca922f72d" "/opt/rustwide/cargo-home/bin/cargo" "+nightly-2024-10-28" "metadata" "--no-deps" "--format-version=1", kill_on_drop: false }`
[INFO] [stdout] 38548b509ceb4bd8b80c4e8bd7d6abf1e1c0557b8adf9a2ef55343de486b3438
[INFO] running `Command { std: "docker" "start" "-a" "38548b509ceb4bd8b80c4e8bd7d6abf1e1c0557b8adf9a2ef55343de486b3438", kill_on_drop: false }`
[INFO] running `Command { std: "docker" "inspect" "38548b509ceb4bd8b80c4e8bd7d6abf1e1c0557b8adf9a2ef55343de486b3438", kill_on_drop: false }`
[INFO] running `Command { std: "docker" "rm" "-f" "38548b509ceb4bd8b80c4e8bd7d6abf1e1c0557b8adf9a2ef55343de486b3438", kill_on_drop: false }`
[INFO] [stdout] 38548b509ceb4bd8b80c4e8bd7d6abf1e1c0557b8adf9a2ef55343de486b3438
[INFO] running `Command { std: "docker" "create" "-v" "/var/lib/crater-agent-workspace/builds/worker-1-tc2/target:/opt/rustwide/target:rw,Z" "-v" "/var/lib/crater-agent-workspace/builds/worker-1-tc2/source:/opt/rustwide/workdir:ro,Z" "-v" "/var/lib/crater-agent-workspace/cargo-home:/opt/rustwide/cargo-home:ro,Z" "-v" "/var/lib/crater-agent-workspace/rustup-home:/opt/rustwide/rustup-home:ro,Z" "-e" "SOURCE_DIR=/opt/rustwide/workdir" "-e" "CARGO_TARGET_DIR=/opt/rustwide/target" "-e" "CARGO_INCREMENTAL=0" "-e" "RUST_BACKTRACE=full" "-e" "RUSTFLAGS=--cap-lints=forbid -Zrandomize-layout" "-e" "RUSTDOCFLAGS=--cap-lints=forbid" "-e" "CARGO_HOME=/opt/rustwide/cargo-home" "-e" "RUSTUP_HOME=/opt/rustwide/rustup-home" "-w" "/opt/rustwide/workdir" "-m" "1610612736" "--user" "0:0" "--network" "none" "ghcr.io/rust-lang/crates-build-env/linux@sha256:4a844ea9eb2546a2d2c7022eacef16ef2e8229c7fbb2c7d4d55a9ceca922f72d" "/opt/rustwide/cargo-home/bin/cargo" "+nightly-2024-10-28" "build" "--frozen" "--message-format=json", kill_on_drop: false }`
[INFO] [stdout] 519d861dbecc820baab17c41298ea9591107a38ebfe66ffa2e77a24405b29d84
[INFO] running `Command { std: "docker" "start" "-a" "519d861dbecc820baab17c41298ea9591107a38ebfe66ffa2e77a24405b29d84", kill_on_drop: false }`
[INFO] [stderr]    Compiling libc v0.2.161
[INFO] [stderr]    Compiling typenum v1.17.0
[INFO] [stderr]    Compiling serde v1.0.214
[INFO] [stderr]    Compiling shlex v1.3.0
[INFO] [stderr]    Compiling semver v1.0.23
[INFO] [stderr]    Compiling subtle v2.6.1
[INFO] [stderr]    Compiling syn v1.0.109
[INFO] [stderr]    Compiling getrandom v0.1.16
[INFO] [stderr]    Compiling generic-array v0.14.7
[INFO] [stderr]    Compiling byteorder v1.5.0
[INFO] [stderr]    Compiling itoa v1.0.11
[INFO] [stderr]    Compiling crunchy v0.2.2
[INFO] [stderr]    Compiling crossbeam-utils v0.8.20
[INFO] [stderr]    Compiling syn v2.0.86
[INFO] [stderr]    Compiling log v0.4.22
[INFO] [stderr]    Compiling block-padding v0.2.1
[INFO] [stderr]    Compiling cpufeatures v0.2.14
[INFO] [stderr]    Compiling ahash v0.7.8
[INFO] [stderr]    Compiling wasm-bindgen-shared v0.2.95
[INFO] [stderr]    Compiling tinyvec_macros v0.1.1
[INFO] [stderr]    Compiling fnv v1.0.7
[INFO] [stderr]    Compiling tinyvec v1.8.0
[INFO] [stderr]    Compiling futures-core v0.3.31
[INFO] [stderr]    Compiling opaque-debug v0.3.1
[INFO] [stderr]    Compiling rayon-core v1.12.1
[INFO] [stderr]    Compiling percent-encoding v2.3.1
[INFO] [stderr]    Compiling ryu v1.0.18
[INFO] [stderr]    Compiling either v1.13.0
[INFO] [stderr]    Compiling serde_json v1.0.132
[INFO] [stderr]    Compiling rustc_version v0.4.1
[INFO] [stderr]    Compiling untrusted v0.9.0
[INFO] [stderr]    Compiling bumpalo v3.16.0
[INFO] [stderr]    Compiling feature-probe v0.1.1
[INFO] [stderr]    Compiling spin v0.9.8
[INFO] [stderr]    Compiling toml v0.5.11
[INFO] [stderr]    Compiling aho-corasick v1.1.3
[INFO] [stderr]    Compiling im v15.1.0
[INFO] [stderr]    Compiling num-traits v0.2.19
[INFO] [stderr]    Compiling rustversion v1.0.18
[INFO] [stderr]    Compiling arrayref v0.3.9
[INFO] [stderr]    Compiling bv v0.11.1
[INFO] [stderr]    Compiling safecoin-frozen-abi-macro v1.14.17
[INFO] [stderr]    Compiling regex-syntax v0.8.5
[INFO] [stderr]    Compiling anyhow v1.0.92
[INFO] [stderr]    Compiling safecoin-frozen-abi v1.14.17
[INFO] [stderr]    Compiling jobserver v0.1.32
[INFO] [stderr]    Compiling http v0.2.12
[INFO] [stderr]    Compiling memoffset v0.6.5
[INFO] [stderr]    Compiling tracing-core v0.1.32
[INFO] [stderr]    Compiling unicode-normalization v0.1.24
[INFO] [stderr]    Compiling rustls v0.21.12
[INFO] [stderr]    Compiling crossbeam-epoch v0.9.18
[INFO] [stderr]    Compiling cc v1.1.31
[INFO] [stderr]    Compiling hashbrown v0.15.0
[INFO] [stderr]    Compiling futures-io v0.3.31
[INFO] [stderr]    Compiling crossbeam-deque v0.8.5
[INFO] [stderr]    Compiling arrayvec v0.7.6
[INFO] [stderr]    Compiling signature v1.6.4
[INFO] [stderr]    Compiling bitmaps v2.1.0
[INFO] [stderr]    Compiling futures-sink v0.3.31
[INFO] [stderr]    Compiling constant_time_eq v0.3.1
[INFO] [stderr]    Compiling proc-macro-crate v0.1.5
[INFO] [stderr]    Compiling alloc-no-stdlib v2.0.4
[INFO] [stderr]    Compiling httparse v1.9.5
[INFO] [stderr]    Compiling wasm-bindgen v0.2.95
[INFO] [stderr]    Compiling getrandom v0.2.15
[INFO] [stderr]    Compiling digest v0.9.0
[INFO] [stderr]    Compiling mio v1.0.2
[INFO] [stderr]    Compiling rand_core v0.5.1
[INFO] [stderr]    Compiling libsecp256k1-core v0.2.2
[INFO] [stderr]    Compiling socket2 v0.5.7
[INFO] [stderr]    Compiling rand_core v0.6.4
[INFO] [stderr]    Compiling rayon v1.10.0
[INFO] [stderr]    Compiling sized-chunks v0.6.5
[INFO] [stderr]    Compiling tokio v1.41.0
[INFO] [stderr]    Compiling regex-automata v0.4.8
[INFO] [stderr]    Compiling rand_xoshiro v0.6.0
[INFO] [stderr]    Compiling equivalent v1.0.1
[INFO] [stderr]    Compiling bs58 v0.4.0
[INFO] [stderr]    Compiling indexmap v2.6.0
[INFO] [stderr]    Compiling futures-util v0.3.31
[INFO] [stderr]    Compiling hashbrown v0.12.3
[INFO] [stderr]    Compiling libsecp256k1-gen-genmult v0.2.1
[INFO] [stderr]    Compiling libsecp256k1-gen-ecmult v0.2.1
[INFO] [stderr]    Compiling hashbrown v0.11.2
[INFO] [stderr]    Compiling alloc-stdlib v0.2.2
[INFO] [stderr]    Compiling atty v0.2.14
[INFO] [stderr]    Compiling libsecp256k1 v0.6.0
[INFO] [stderr]    Compiling memmap2 v0.5.10
[INFO] [stderr]    Compiling ed25519 v1.5.3
[INFO] [stderr]    Compiling tracing v0.1.40
[INFO] [stderr]    Compiling humantime v2.1.0
[INFO] [stderr]    Compiling try-lock v0.2.5
[INFO] [stderr]    Compiling base64 v0.12.3
[INFO] [stderr]    Compiling rustc-hash v1.1.0
[INFO] [stderr]    Compiling adler2 v2.0.0
[INFO] [stderr]    Compiling ring v0.17.8
[INFO] [stderr]    Compiling blake3 v1.5.1
[INFO] [stderr]    Compiling safecoin-program v1.14.17
[INFO] [stderr]    Compiling keccak v0.1.5
[INFO] [stderr]    Compiling miniz_oxide v0.8.0
[INFO] [stderr]    Compiling want v0.3.1
[INFO] [stderr]    Compiling brotli-decompressor v4.0.1
[INFO] [stderr]    Compiling borsh-derive-internal v0.9.3
[INFO] [stderr]    Compiling wasm-bindgen-backend v0.2.95
[INFO] [stderr]    Compiling borsh-schema-derive-internal v0.9.3
[INFO] [stderr]    Compiling http-body v0.4.6
[INFO] [stderr]    Compiling safecoin-sdk v1.14.17
[INFO] [stderr]    Compiling itertools v0.10.5
[INFO] [stderr]    Compiling form_urlencoded v1.2.1
[INFO] [stderr]    Compiling futures-channel v0.3.31
[INFO] [stderr]    Compiling crc32fast v1.4.2
[INFO] [stderr]    Compiling derivation-path v0.2.0
[INFO] [stderr]    Compiling tower-service v0.3.3
[INFO] [stderr]    Compiling unicode-bidi v0.3.17
[INFO] [stderr]    Compiling httpdate v1.0.3
[INFO] [stderr]    Compiling regex v1.11.1
[INFO] [stderr]    Compiling base64 v0.13.1
[INFO] [stderr]    Compiling brotli v7.0.0
[INFO] [stderr]    Compiling flate2 v1.0.34
[INFO] [stderr]    Compiling wasm-bindgen-macro-support v0.2.95
[INFO] [stderr]    Compiling idna v0.5.0
[INFO] [stderr]    Compiling env_logger v0.9.3
[INFO] [stderr]    Compiling chrono v0.4.38
[INFO] [stderr]    Compiling uriparse v0.6.4
[INFO] [stderr]    Compiling qstring v0.7.2
[INFO] [stderr]    Compiling base64 v0.21.7
[INFO] [stderr]    Compiling assert_matches v1.5.0
[INFO] [stderr]    Compiling encoding_rs v0.8.35
[INFO] [stderr]    Compiling ipnet v2.10.1
[INFO] [stderr]    Compiling safecoin-logger v1.14.17
[INFO] [stderr]    Compiling rustls-pemfile v1.0.4
[INFO] [stderr]    Compiling tokio-util v0.7.12
[INFO] [stderr]    Compiling url v2.5.2
[INFO] [stderr]    Compiling mime v0.3.17
[INFO] [stderr]    Compiling webpki-roots v0.25.4
[INFO] [stderr]    Compiling sync_wrapper v0.1.2
[INFO] [stderr]    Compiling gethostname v0.2.3
[INFO] [stderr]    Compiling crossbeam-channel v0.5.13
[INFO] [stderr]    Compiling safecoin-program-runtime v1.14.17
[INFO] [stderr]    Compiling safecoin-vote-program v1.14.17 (/opt/rustwide/workdir)
[INFO] [stderr]    Compiling libloading v0.7.4
[INFO] [stderr]    Compiling serde_derive v1.0.214
[INFO] [stderr]    Compiling zerocopy-derive v0.7.35
[INFO] [stderr]    Compiling zeroize_derive v1.4.2
[INFO] [stderr]    Compiling thiserror-impl v1.0.66
[INFO] [stderr]    Compiling borsh-derive v0.9.3
[INFO] [stderr]    Compiling wasm-bindgen-macro v0.2.95
[INFO] [stderr]    Compiling zeroize v1.3.0
[INFO] [stderr]    Compiling bytemuck_derive v1.8.0
[INFO] [stderr]    Compiling borsh v0.9.3
[INFO] [stderr]    Compiling h2 v0.3.26
[INFO] [stderr]    Compiling safecoin-sdk-macro v1.14.17
[INFO] [stderr]    Compiling num-derive v0.3.3
[INFO] [stderr]    Compiling enum-iterator-derive v0.8.1
[INFO] [stderr]    Compiling eager v0.1.0
[INFO] [stderr]    Compiling zerocopy v0.7.35
[INFO] [stderr]    Compiling thiserror v1.0.66
[INFO] [stderr]    Compiling bytemuck v1.19.0
[INFO] [stderr]    Compiling enum-iterator v0.8.1
[INFO] [stderr]    Compiling ppv-lite86 v0.2.20
[INFO] [stderr]    Compiling async-compression v0.4.17
[INFO] [stderr]    Compiling rand_chacha v0.2.2
[INFO] [stderr]    Compiling rand v0.7.3
[INFO] [stderr]    Compiling rustls-webpki v0.101.7
[INFO] [stderr]    Compiling sct v0.7.1
[INFO] [stderr]    Compiling hyper v0.14.31
[INFO] [stderr]    Compiling tokio-rustls v0.24.1
[INFO] [stderr]    Compiling serde_bytes v0.11.15
[INFO] [stderr]    Compiling bincode v1.3.3
[INFO] [stderr]    Compiling serde_urlencoded v0.7.1
[INFO] [stderr]    Compiling hyper-rustls v0.24.2
[INFO] [stderr]    Compiling crypto-common v0.1.6
[INFO] [stderr]    Compiling block-buffer v0.10.4
[INFO] [stderr]    Compiling block-buffer v0.9.0
[INFO] [stderr]    Compiling crypto-mac v0.8.0
[INFO] [stderr]    Compiling sha2 v0.9.9
[INFO] [stderr]    Compiling curve25519-dalek v3.2.1
[INFO] [stderr]    Compiling hmac v0.8.1
[INFO] [stderr]    Compiling pbkdf2 v0.4.0
[INFO] [stderr]    Compiling digest v0.10.7
[INFO] [stderr]    Compiling reqwest v0.11.27
[INFO] [stderr]    Compiling hmac-drbg v0.3.0
[INFO] [stderr]    Compiling sha2 v0.10.8
[INFO] [stderr]    Compiling sha3 v0.10.8
[INFO] [stderr]    Compiling hmac v0.12.1
[INFO] [stderr]    Compiling pbkdf2 v0.11.0
[INFO] [stderr]    Compiling tiny-bip39 v0.8.2
[INFO] [stderr]    Compiling ed25519-dalek v1.0.1
[INFO] [stderr]    Compiling ed25519-dalek-bip32 v0.2.0
[INFO] [stderr]    Compiling safecoin-metrics v1.14.17
[INFO] [stderr]    Compiling safecoin-measure v1.14.17
[INFO] [stdout] warning: unexpected `cfg` condition name: `RUSTC_WITH_SPECIALIZATION`
[INFO] [stdout]  --> src/lib.rs:1:13
[INFO] [stdout]   |
[INFO] [stdout] 1 | #![cfg_attr(RUSTC_WITH_SPECIALIZATION, feature(min_specialization))]
[INFO] [stdout]   |             ^^^^^^^^^^^^^^^^^^^^^^^^^
[INFO] [stdout]   |
[INFO] [stdout]   = help: expected names are: `clippy`, `debug_assertions`, `doc`, `docsrs`, `doctest`, `feature`, `fmt_debug`, `miri`, `overflow_checks`, `panic`, `proc_macro`, `relocation_model`, `rustfmt`, `sanitize`, `sanitizer_cfi_generalize_pointers`, `sanitizer_cfi_normalize_integers`, `target_abi`, `target_arch`, `target_endian`, `target_env`, `target_family`, `target_feature`, `target_has_atomic`, `target_has_atomic_equal_alignment`, `target_has_atomic_load_store`, `target_os`, `target_pointer_width`, `target_thread_local`, `target_vendor`, `test`, `ub_checks`, `unix`, and `windows`
[INFO] [stdout]   = help: consider using a Cargo feature instead
[INFO] [stdout]   = help: or consider adding in `Cargo.toml` the `check-cfg` lint config for the lint:
[INFO] [stdout]            [lints.rust]
[INFO] [stdout]            unexpected_cfgs = { level = "warn", check-cfg = ['cfg(RUSTC_WITH_SPECIALIZATION)'] }
[INFO] [stdout]   = help: or consider adding `println!("cargo::rustc-check-cfg=cfg(RUSTC_WITH_SPECIALIZATION)");` to the top of the `build.rs`
[INFO] [stdout]   = note: see <https://doc.rust-lang.org/nightly/rustc/check-cfg/cargo-specifics.html> for more information about checking conditional configuration
[INFO] [stdout]   = note: `#[warn(unexpected_cfgs)]` on by default
[INFO] [stdout] 
[INFO] [stdout] 
[INFO] [stdout] warning: unused doc comment
[INFO] [stdout]   --> src/vote_state/vote_state_versions.rs:23:21
[INFO] [stdout]    |
[INFO] [stdout] 23 |                     /// the signer for withdrawals
[INFO] [stdout]    |                     ^^^^^^^^^^^^^^^^^^^^^^^^^^^^^^
[INFO] [stdout] 24 |                     authorized_withdrawer: state.authorized_withdrawer,
[INFO] [stdout]    |                     -------------------------------------------------- rustdoc does not generate documentation for expression fields
[INFO] [stdout]    |
[INFO] [stdout]    = help: use `//` for a plain comment
[INFO] [stdout]    = note: `#[warn(unused_doc_comments)]` on by default
[INFO] [stdout] 
[INFO] [stdout] 
[INFO] [stdout] warning: unused doc comment
[INFO] [stdout]   --> src/vote_state/vote_state_versions.rs:26:21
[INFO] [stdout]    |
[INFO] [stdout] 26 | /                     /// percentage (0-100) that represents what part of a rewards
[INFO] [stdout] 27 | |                     ///  payout should be given to this VoteAccount
[INFO] [stdout]    | |___________________________________________________________________^
[INFO] [stdout] 28 |                       commission: state.commission,
[INFO] [stdout]    |                       ---------------------------- rustdoc does not generate documentation for expression fields
[INFO] [stdout]    |
[INFO] [stdout]    = help: use `//` for a plain comment
[INFO] [stdout] 
[INFO] [stdout] 
[INFO] [stdout] warning: unused doc comment
[INFO] [stdout]   --> src/vote_state/vote_state_versions.rs:34:21
[INFO] [stdout]    |
[INFO] [stdout] 34 |                     /// the signer for vote transactions
[INFO] [stdout]    |                     ^^^^^^^^^^^^^^^^^^^^^^^^^^^^^^^^^^^^
[INFO] [stdout] 35 |                     authorized_voters,
[INFO] [stdout]    |                     ----------------- rustdoc does not generate documentation for expression fields
[INFO] [stdout]    |
[INFO] [stdout]    = help: use `//` for a plain comment
[INFO] [stdout] 
[INFO] [stdout] 
[INFO] [stdout] warning: unused doc comment
[INFO] [stdout]   --> src/vote_state/vote_state_versions.rs:37:21
[INFO] [stdout]    |
[INFO] [stdout] 37 | /                     /// history of prior authorized voters and the epochs for which
[INFO] [stdout] 38 | |                     /// they were set, the bottom end of the range is inclusive,
[INFO] [stdout] 39 | |                     /// the top of the range is exclusive
[INFO] [stdout]    | |_________________________________________________________^
[INFO] [stdout] 40 |                       prior_voters: CircBuf::default(),
[INFO] [stdout]    |                       -------------------------------- rustdoc does not generate documentation for expression fields
[INFO] [stdout]    |
[INFO] [stdout]    = help: use `//` for a plain comment
[INFO] [stdout] 
[INFO] [stdout] 
[INFO] [stdout] warning: unused doc comment
[INFO] [stdout]   --> src/vote_state/vote_state_versions.rs:42:21
[INFO] [stdout]    |
[INFO] [stdout] 42 | /                     /// history of how many credits earned by the end of each epoch
[INFO] [stdout] 43 | |                     ///  each tuple is (Epoch, credits, prev_credits)
[INFO] [stdout]    | |_____________________________________________________________________^
[INFO] [stdout] 44 |                       epoch_credits: state.epoch_credits.clone(),
[INFO] [stdout]    |                       ------------------------------------------ rustdoc does not generate documentation for expression fields
[INFO] [stdout]    |
[INFO] [stdout]    = help: use `//` for a plain comment
[INFO] [stdout] 
[INFO] [stdout] 
[INFO] [stdout] warning: unused doc comment
[INFO] [stdout]   --> src/vote_state/vote_state_versions.rs:46:21
[INFO] [stdout]    |
[INFO] [stdout] 46 |                     /// most recent timestamp submitted with a vote
[INFO] [stdout]    |                     ^^^^^^^^^^^^^^^^^^^^^^^^^^^^^^^^^^^^^^^^^^^^^^^
[INFO] [stdout] 47 |                     last_timestamp: state.last_timestamp.clone(),
[INFO] [stdout]    |                     -------------------------------------------- rustdoc does not generate documentation for expression fields
[INFO] [stdout]    |
[INFO] [stdout]    = help: use `//` for a plain comment
[INFO] [stdout] 
[INFO] [stdout] 
[INFO] [stdout] warning: variable does not need to be mutable
[INFO] [stdout]     --> src/vote_state/mod.rs:1593:5
[INFO] [stdout]      |
[INFO] [stdout] 1593 | let mut slot_hash_int = ( (slot_hashes[0].1.to_string().chars().nth(0).unwrap() as usize ) % 10 ) as usize;
[INFO] [stdout]      |     ----^^^^^^^^^^^^^
[INFO] [stdout]      |     |
[INFO] [stdout]      |     help: remove this `mut`
[INFO] [stdout]      |
[INFO] [stdout]      = note: `#[warn(unused_mut)]` on by default
[INFO] [stdout] 
[INFO] [stdout] 
[INFO] [stdout] warning: variable does not need to be mutable
[INFO] [stdout]     --> src/vote_state/mod.rs:1594:5
[INFO] [stdout]      |
[INFO] [stdout] 1594 | let mut mixed_int = ( ( ( (slot_hashes[0].1.to_string().chars().nth(0).unwrap() as usize ) % 9 + 1 ) as usize
[INFO] [stdout]      |     ----^^^^^^^^^
[INFO] [stdout]      |     |
[INFO] [stdout]      |     help: remove this `mut`
[INFO] [stdout] 
[INFO] [stdout] 
[INFO] [stdout] warning: non-local `impl` definition, `impl` blocks should be written at the same level as their item
[INFO] [stdout]   --> src/vote_error.rs:11:46
[INFO] [stdout]    |
[INFO] [stdout] 11 | #[derive(Error, Debug, Clone, PartialEq, Eq, FromPrimitive, ToPrimitive)]
[INFO] [stdout]    |                                              ^------------
[INFO] [stdout]    |                                              |
[INFO] [stdout]    |                                              `FromPrimitive` is not local
[INFO] [stdout]    |                                              move the `impl` block outside of this constant `_IMPL_NUM_FromPrimitive_FOR_VoteError`
[INFO] [stdout] 12 | pub enum VoteError {
[INFO] [stdout]    |          --------- `VoteError` is not local
[INFO] [stdout]    |
[INFO] [stdout]    = note: the derive macro `FromPrimitive` defines the non-local `impl`, and may need to be changed
[INFO] [stdout]    = note: the derive macro `FromPrimitive` may come from an old version of the `num_derive` crate, try updating your dependency with `cargo update -p num_derive`
[INFO] [stdout]    = note: an `impl` is never scoped, even when it is nested inside an item, as it may impact type checking outside of that item, which can be the case if neither the trait or the self type are at the same nesting level as the `impl`
[INFO] [stdout]    = note: items in an anonymous const item (`const _: () = { ... }`) are treated as in the same scope as the anonymous const's declaration for the purpose of this lint
[INFO] [stdout]    = note: `#[warn(non_local_definitions)]` on by default
[INFO] [stdout]    = note: this warning originates in the derive macro `FromPrimitive` (in Nightly builds, run with -Z macro-backtrace for more info)
[INFO] [stdout] 
[INFO] [stdout] 
[INFO] [stdout] warning: non-local `impl` definition, `impl` blocks should be written at the same level as their item
[INFO] [stdout]   --> src/vote_error.rs:11:61
[INFO] [stdout]    |
[INFO] [stdout] 11 | #[derive(Error, Debug, Clone, PartialEq, Eq, FromPrimitive, ToPrimitive)]
[INFO] [stdout]    |                                                             ^----------
[INFO] [stdout]    |                                                             |
[INFO] [stdout]    |                                                             `ToPrimitive` is not local
[INFO] [stdout]    |                                                             move the `impl` block outside of this constant `_IMPL_NUM_ToPrimitive_FOR_VoteError`
[INFO] [stdout] 12 | pub enum VoteError {
[INFO] [stdout]    |          --------- `VoteError` is not local
[INFO] [stdout]    |
[INFO] [stdout]    = note: the derive macro `ToPrimitive` defines the non-local `impl`, and may need to be changed
[INFO] [stdout]    = note: the derive macro `ToPrimitive` may come from an old version of the `num_derive` crate, try updating your dependency with `cargo update -p num_derive`
[INFO] [stdout]    = note: an `impl` is never scoped, even when it is nested inside an item, as it may impact type checking outside of that item, which can be the case if neither the trait or the self type are at the same nesting level as the `impl`
[INFO] [stdout]    = note: items in an anonymous const item (`const _: () = { ... }`) are treated as in the same scope as the anonymous const's declaration for the purpose of this lint
[INFO] [stdout]    = note: this warning originates in the derive macro `ToPrimitive` (in Nightly builds, run with -Z macro-backtrace for more info)
[INFO] [stdout] 
[INFO] [stdout] 
[INFO] [stderr]     Finished `dev` profile [unoptimized + debuginfo] target(s) in 42.73s
[INFO] running `Command { std: "docker" "inspect" "519d861dbecc820baab17c41298ea9591107a38ebfe66ffa2e77a24405b29d84", kill_on_drop: false }`
[INFO] running `Command { std: "docker" "rm" "-f" "519d861dbecc820baab17c41298ea9591107a38ebfe66ffa2e77a24405b29d84", kill_on_drop: false }`
[INFO] [stdout] 519d861dbecc820baab17c41298ea9591107a38ebfe66ffa2e77a24405b29d84
[INFO] running `Command { std: "docker" "create" "-v" "/var/lib/crater-agent-workspace/builds/worker-1-tc2/target:/opt/rustwide/target:rw,Z" "-v" "/var/lib/crater-agent-workspace/builds/worker-1-tc2/source:/opt/rustwide/workdir:ro,Z" "-v" "/var/lib/crater-agent-workspace/cargo-home:/opt/rustwide/cargo-home:ro,Z" "-v" "/var/lib/crater-agent-workspace/rustup-home:/opt/rustwide/rustup-home:ro,Z" "-e" "SOURCE_DIR=/opt/rustwide/workdir" "-e" "CARGO_TARGET_DIR=/opt/rustwide/target" "-e" "CARGO_INCREMENTAL=0" "-e" "RUST_BACKTRACE=full" "-e" "RUSTFLAGS=--cap-lints=forbid -Zrandomize-layout" "-e" "RUSTDOCFLAGS=--cap-lints=forbid" "-e" "CARGO_HOME=/opt/rustwide/cargo-home" "-e" "RUSTUP_HOME=/opt/rustwide/rustup-home" "-w" "/opt/rustwide/workdir" "-m" "1610612736" "--user" "0:0" "--network" "none" "ghcr.io/rust-lang/crates-build-env/linux@sha256:4a844ea9eb2546a2d2c7022eacef16ef2e8229c7fbb2c7d4d55a9ceca922f72d" "/opt/rustwide/cargo-home/bin/cargo" "+nightly-2024-10-28" "test" "--frozen" "--no-run" "--message-format=json", kill_on_drop: false }`
[INFO] [stdout] 2efe0c57cfc3c55bd08337863761256863385ab8a659ff7a764ca24d2c02d79b
[INFO] running `Command { std: "docker" "start" "-a" "2efe0c57cfc3c55bd08337863761256863385ab8a659ff7a764ca24d2c02d79b", kill_on_drop: false }`
[INFO] [stderr]    Compiling proc-macro-error v1.0.4
[INFO] [stdout] warning: unexpected `cfg` condition name: `RUSTC_WITH_SPECIALIZATION`
[INFO] [stdout]  --> src/lib.rs:1:13
[INFO] [stdout]   |
[INFO] [stdout] 1 | #![cfg_attr(RUSTC_WITH_SPECIALIZATION, feature(min_specialization))]
[INFO] [stdout]   |             ^^^^^^^^^^^^^^^^^^^^^^^^^
[INFO] [stdout]   |
[INFO] [stdout]   = help: expected names are: `clippy`, `debug_assertions`, `doc`, `docsrs`, `doctest`, `feature`, `fmt_debug`, `miri`, `overflow_checks`, `panic`, `proc_macro`, `relocation_model`, `rustfmt`, `sanitize`, `sanitizer_cfi_generalize_pointers`, `sanitizer_cfi_normalize_integers`, `target_abi`, `target_arch`, `target_endian`, `target_env`, `target_family`, `target_feature`, `target_has_atomic`, `target_has_atomic_equal_alignment`, `target_has_atomic_load_store`, `target_os`, `target_pointer_width`, `target_thread_local`, `target_vendor`, `test`, `ub_checks`, `unix`, and `windows`
[INFO] [stdout]   = help: consider using a Cargo feature instead
[INFO] [stdout]   = help: or consider adding in `Cargo.toml` the `check-cfg` lint config for the lint:
[INFO] [stdout]            [lints.rust]
[INFO] [stdout]            unexpected_cfgs = { level = "warn", check-cfg = ['cfg(RUSTC_WITH_SPECIALIZATION)'] }
[INFO] [stdout]   = help: or consider adding `println!("cargo::rustc-check-cfg=cfg(RUSTC_WITH_SPECIALIZATION)");` to the top of the `build.rs`
[INFO] [stdout]   = note: see <https://doc.rust-lang.org/nightly/rustc/check-cfg/cargo-specifics.html> for more information about checking conditional configuration
[INFO] [stdout]   = note: `#[warn(unexpected_cfgs)]` on by default
[INFO] [stdout] 
[INFO] [stdout] 
[INFO] [stdout] warning: unused doc comment
[INFO] [stdout]   --> src/vote_state/vote_state_versions.rs:23:21
[INFO] [stdout]    |
[INFO] [stdout] 23 |                     /// the signer for withdrawals
[INFO] [stdout]    |                     ^^^^^^^^^^^^^^^^^^^^^^^^^^^^^^
[INFO] [stdout] 24 |                     authorized_withdrawer: state.authorized_withdrawer,
[INFO] [stdout]    |                     -------------------------------------------------- rustdoc does not generate documentation for expression fields
[INFO] [stdout]    |
[INFO] [stdout]    = help: use `//` for a plain comment
[INFO] [stdout]    = note: `#[warn(unused_doc_comments)]` on by default
[INFO] [stdout] 
[INFO] [stdout] 
[INFO] [stdout] warning: unused doc comment
[INFO] [stdout]   --> src/vote_state/vote_state_versions.rs:26:21
[INFO] [stdout]    |
[INFO] [stdout] 26 | /                     /// percentage (0-100) that represents what part of a rewards
[INFO] [stdout] 27 | |                     ///  payout should be given to this VoteAccount
[INFO] [stdout]    | |___________________________________________________________________^
[INFO] [stdout] 28 |                       commission: state.commission,
[INFO] [stdout]    |                       ---------------------------- rustdoc does not generate documentation for expression fields
[INFO] [stdout]    |
[INFO] [stdout]    = help: use `//` for a plain comment
[INFO] [stdout] 
[INFO] [stdout] 
[INFO] [stdout] warning: unused doc comment
[INFO] [stdout]   --> src/vote_state/vote_state_versions.rs:34:21
[INFO] [stdout]    |
[INFO] [stdout] 34 |                     /// the signer for vote transactions
[INFO] [stdout]    |                     ^^^^^^^^^^^^^^^^^^^^^^^^^^^^^^^^^^^^
[INFO] [stdout] 35 |                     authorized_voters,
[INFO] [stdout]    |                     ----------------- rustdoc does not generate documentation for expression fields
[INFO] [stdout]    |
[INFO] [stdout]    = help: use `//` for a plain comment
[INFO] [stdout] 
[INFO] [stdout] 
[INFO] [stdout] warning: unused doc comment
[INFO] [stdout]   --> src/vote_state/vote_state_versions.rs:37:21
[INFO] [stdout]    |
[INFO] [stdout] 37 | /                     /// history of prior authorized voters and the epochs for which
[INFO] [stdout] 38 | |                     /// they were set, the bottom end of the range is inclusive,
[INFO] [stdout] 39 | |                     /// the top of the range is exclusive
[INFO] [stdout]    | |_________________________________________________________^
[INFO] [stdout] 40 |                       prior_voters: CircBuf::default(),
[INFO] [stdout]    |                       -------------------------------- rustdoc does not generate documentation for expression fields
[INFO] [stdout]    |
[INFO] [stdout]    = help: use `//` for a plain comment
[INFO] [stdout] 
[INFO] [stdout] 
[INFO] [stdout] warning: unused doc comment
[INFO] [stdout]   --> src/vote_state/vote_state_versions.rs:42:21
[INFO] [stdout]    |
[INFO] [stdout] 42 | /                     /// history of how many credits earned by the end of each epoch
[INFO] [stdout] 43 | |                     ///  each tuple is (Epoch, credits, prev_credits)
[INFO] [stdout]    | |_____________________________________________________________________^
[INFO] [stdout] 44 |                       epoch_credits: state.epoch_credits.clone(),
[INFO] [stdout]    |                       ------------------------------------------ rustdoc does not generate documentation for expression fields
[INFO] [stdout]    |
[INFO] [stdout]    = help: use `//` for a plain comment
[INFO] [stdout] 
[INFO] [stdout] 
[INFO] [stdout] warning: unused doc comment
[INFO] [stdout]   --> src/vote_state/vote_state_versions.rs:46:21
[INFO] [stdout]    |
[INFO] [stdout] 46 |                     /// most recent timestamp submitted with a vote
[INFO] [stdout]    |                     ^^^^^^^^^^^^^^^^^^^^^^^^^^^^^^^^^^^^^^^^^^^^^^^
[INFO] [stdout] 47 |                     last_timestamp: state.last_timestamp.clone(),
[INFO] [stdout]    |                     -------------------------------------------- rustdoc does not generate documentation for expression fields
[INFO] [stdout]    |
[INFO] [stdout]    = help: use `//` for a plain comment
[INFO] [stdout] 
[INFO] [stdout] 
[INFO] [stdout] warning: variable does not need to be mutable
[INFO] [stdout]     --> src/vote_state/mod.rs:1593:5
[INFO] [stdout]      |
[INFO] [stdout] 1593 | let mut slot_hash_int = ( (slot_hashes[0].1.to_string().chars().nth(0).unwrap() as usize ) % 10 ) as usize;
[INFO] [stdout]      |     ----^^^^^^^^^^^^^
[INFO] [stdout]      |     |
[INFO] [stdout]      |     help: remove this `mut`
[INFO] [stdout]      |
[INFO] [stdout]      = note: `#[warn(unused_mut)]` on by default
[INFO] [stdout] 
[INFO] [stdout] 
[INFO] [stdout] warning: variable does not need to be mutable
[INFO] [stdout]     --> src/vote_state/mod.rs:1594:5
[INFO] [stdout]      |
[INFO] [stdout] 1594 | let mut mixed_int = ( ( ( (slot_hashes[0].1.to_string().chars().nth(0).unwrap() as usize ) % 9 + 1 ) as usize
[INFO] [stdout]      |     ----^^^^^^^^^
[INFO] [stdout]      |     |
[INFO] [stdout]      |     help: remove this `mut`
[INFO] [stdout] 
[INFO] [stdout] 
[INFO] [stdout] warning: non-local `impl` definition, `impl` blocks should be written at the same level as their item
[INFO] [stdout]   --> src/vote_error.rs:11:46
[INFO] [stdout]    |
[INFO] [stdout] 11 | #[derive(Error, Debug, Clone, PartialEq, Eq, FromPrimitive, ToPrimitive)]
[INFO] [stdout]    |                                              ^------------
[INFO] [stdout]    |                                              |
[INFO] [stdout]    |                                              `FromPrimitive` is not local
[INFO] [stdout]    |                                              move the `impl` block outside of this constant `_IMPL_NUM_FromPrimitive_FOR_VoteError`
[INFO] [stdout] 12 | pub enum VoteError {
[INFO] [stdout]    |          --------- `VoteError` is not local
[INFO] [stdout]    |
[INFO] [stdout]    = note: the derive macro `FromPrimitive` defines the non-local `impl`, and may need to be changed
[INFO] [stdout]    = note: the derive macro `FromPrimitive` may come from an old version of the `num_derive` crate, try updating your dependency with `cargo update -p num_derive`
[INFO] [stdout]    = note: an `impl` is never scoped, even when it is nested inside an item, as it may impact type checking outside of that item, which can be the case if neither the trait or the self type are at the same nesting level as the `impl`
[INFO] [stdout]    = note: items in an anonymous const item (`const _: () = { ... }`) are treated as in the same scope as the anonymous const's declaration for the purpose of this lint
[INFO] [stdout]    = note: `#[warn(non_local_definitions)]` on by default
[INFO] [stdout]    = note: this warning originates in the derive macro `FromPrimitive` (in Nightly builds, run with -Z macro-backtrace for more info)
[INFO] [stdout] 
[INFO] [stdout] 
[INFO] [stdout] warning: non-local `impl` definition, `impl` blocks should be written at the same level as their item
[INFO] [stdout]   --> src/vote_error.rs:11:61
[INFO] [stdout]    |
[INFO] [stdout] 11 | #[derive(Error, Debug, Clone, PartialEq, Eq, FromPrimitive, ToPrimitive)]
[INFO] [stdout]    |                                                             ^----------
[INFO] [stdout]    |                                                             |
[INFO] [stdout]    |                                                             `ToPrimitive` is not local
[INFO] [stdout]    |                                                             move the `impl` block outside of this constant `_IMPL_NUM_ToPrimitive_FOR_VoteError`
[INFO] [stdout] 12 | pub enum VoteError {
[INFO] [stdout]    |          --------- `VoteError` is not local
[INFO] [stdout]    |
[INFO] [stdout]    = note: the derive macro `ToPrimitive` defines the non-local `impl`, and may need to be changed
[INFO] [stdout]    = note: the derive macro `ToPrimitive` may come from an old version of the `num_derive` crate, try updating your dependency with `cargo update -p num_derive`
[INFO] [stdout]    = note: an `impl` is never scoped, even when it is nested inside an item, as it may impact type checking outside of that item, which can be the case if neither the trait or the self type are at the same nesting level as the `impl`
[INFO] [stdout]    = note: items in an anonymous const item (`const _: () = { ... }`) are treated as in the same scope as the anonymous const's declaration for the purpose of this lint
[INFO] [stdout]    = note: this warning originates in the derive macro `ToPrimitive` (in Nightly builds, run with -Z macro-backtrace for more info)
[INFO] [stdout] 
[INFO] [stdout] 
[INFO] [stderr]    Compiling test-case-macros v2.2.2
[INFO] [stderr]    Compiling test-case v2.2.2
[INFO] [stderr]    Compiling safecoin-vote-program v1.14.17 (/opt/rustwide/workdir)
[INFO] [stdout] warning: unexpected `cfg` condition name: `RUSTC_WITH_SPECIALIZATION`
[INFO] [stdout]  --> src/lib.rs:1:13
[INFO] [stdout]   |
[INFO] [stdout] 1 | #![cfg_attr(RUSTC_WITH_SPECIALIZATION, feature(min_specialization))]
[INFO] [stdout]   |             ^^^^^^^^^^^^^^^^^^^^^^^^^
[INFO] [stdout]   |
[INFO] [stdout]   = help: expected names are: `clippy`, `debug_assertions`, `doc`, `docsrs`, `doctest`, `feature`, `fmt_debug`, `miri`, `overflow_checks`, `panic`, `proc_macro`, `relocation_model`, `rustfmt`, `sanitize`, `sanitizer_cfi_generalize_pointers`, `sanitizer_cfi_normalize_integers`, `target_abi`, `target_arch`, `target_endian`, `target_env`, `target_family`, `target_feature`, `target_has_atomic`, `target_has_atomic_equal_alignment`, `target_has_atomic_load_store`, `target_os`, `target_pointer_width`, `target_thread_local`, `target_vendor`, `test`, `ub_checks`, `unix`, and `windows`
[INFO] [stdout]   = help: consider using a Cargo feature instead
[INFO] [stdout]   = help: or consider adding in `Cargo.toml` the `check-cfg` lint config for the lint:
[INFO] [stdout]            [lints.rust]
[INFO] [stdout]            unexpected_cfgs = { level = "warn", check-cfg = ['cfg(RUSTC_WITH_SPECIALIZATION)'] }
[INFO] [stdout]   = help: or consider adding `println!("cargo::rustc-check-cfg=cfg(RUSTC_WITH_SPECIALIZATION)");` to the top of the `build.rs`
[INFO] [stdout]   = note: see <https://doc.rust-lang.org/nightly/rustc/check-cfg/cargo-specifics.html> for more information about checking conditional configuration
[INFO] [stdout]   = note: `#[warn(unexpected_cfgs)]` on by default
[INFO] [stdout] 
[INFO] [stdout] 
[INFO] [stdout] warning: unused doc comment
[INFO] [stdout]   --> src/vote_state/vote_state_versions.rs:23:21
[INFO] [stdout]    |
[INFO] [stdout] 23 |                     /// the signer for withdrawals
[INFO] [stdout]    |                     ^^^^^^^^^^^^^^^^^^^^^^^^^^^^^^
[INFO] [stdout] 24 |                     authorized_withdrawer: state.authorized_withdrawer,
[INFO] [stdout]    |                     -------------------------------------------------- rustdoc does not generate documentation for expression fields
[INFO] [stdout]    |
[INFO] [stdout]    = help: use `//` for a plain comment
[INFO] [stdout]    = note: `#[warn(unused_doc_comments)]` on by default
[INFO] [stdout] 
[INFO] [stdout] 
[INFO] [stdout] warning: unused doc comment
[INFO] [stdout]   --> src/vote_state/vote_state_versions.rs:26:21
[INFO] [stdout]    |
[INFO] [stdout] 26 | /                     /// percentage (0-100) that represents what part of a rewards
[INFO] [stdout] 27 | |                     ///  payout should be given to this VoteAccount
[INFO] [stdout]    | |___________________________________________________________________^
[INFO] [stdout] 28 |                       commission: state.commission,
[INFO] [stdout]    |                       ---------------------------- rustdoc does not generate documentation for expression fields
[INFO] [stdout]    |
[INFO] [stdout]    = help: use `//` for a plain comment
[INFO] [stdout] 
[INFO] [stdout] 
[INFO] [stdout] warning: unused doc comment
[INFO] [stdout]   --> src/vote_state/vote_state_versions.rs:34:21
[INFO] [stdout]    |
[INFO] [stdout] 34 |                     /// the signer for vote transactions
[INFO] [stdout]    |                     ^^^^^^^^^^^^^^^^^^^^^^^^^^^^^^^^^^^^
[INFO] [stdout] 35 |                     authorized_voters,
[INFO] [stdout]    |                     ----------------- rustdoc does not generate documentation for expression fields
[INFO] [stdout]    |
[INFO] [stdout]    = help: use `//` for a plain comment
[INFO] [stdout] 
[INFO] [stdout] 
[INFO] [stdout] warning: unused doc comment
[INFO] [stdout]   --> src/vote_state/vote_state_versions.rs:37:21
[INFO] [stdout]    |
[INFO] [stdout] 37 | /                     /// history of prior authorized voters and the epochs for which
[INFO] [stdout] 38 | |                     /// they were set, the bottom end of the range is inclusive,
[INFO] [stdout] 39 | |                     /// the top of the range is exclusive
[INFO] [stdout]    | |_________________________________________________________^
[INFO] [stdout] 40 |                       prior_voters: CircBuf::default(),
[INFO] [stdout]    |                       -------------------------------- rustdoc does not generate documentation for expression fields
[INFO] [stdout]    |
[INFO] [stdout]    = help: use `//` for a plain comment
[INFO] [stdout] 
[INFO] [stdout] 
[INFO] [stdout] warning: unused doc comment
[INFO] [stdout]   --> src/vote_state/vote_state_versions.rs:42:21
[INFO] [stdout]    |
[INFO] [stdout] 42 | /                     /// history of how many credits earned by the end of each epoch
[INFO] [stdout] 43 | |                     ///  each tuple is (Epoch, credits, prev_credits)
[INFO] [stdout]    | |_____________________________________________________________________^
[INFO] [stdout] 44 |                       epoch_credits: state.epoch_credits.clone(),
[INFO] [stdout]    |                       ------------------------------------------ rustdoc does not generate documentation for expression fields
[INFO] [stdout]    |
[INFO] [stdout]    = help: use `//` for a plain comment
[INFO] [stdout] 
[INFO] [stdout] 
[INFO] [stdout] warning: unused doc comment
[INFO] [stdout]   --> src/vote_state/vote_state_versions.rs:46:21
[INFO] [stdout]    |
[INFO] [stdout] 46 |                     /// most recent timestamp submitted with a vote
[INFO] [stdout]    |                     ^^^^^^^^^^^^^^^^^^^^^^^^^^^^^^^^^^^^^^^^^^^^^^^
[INFO] [stdout] 47 |                     last_timestamp: state.last_timestamp.clone(),
[INFO] [stdout]    |                     -------------------------------------------- rustdoc does not generate documentation for expression fields
[INFO] [stdout]    |
[INFO] [stdout]    = help: use `//` for a plain comment
[INFO] [stdout] 
[INFO] [stdout] 
[INFO] [stdout] warning: variable does not need to be mutable
[INFO] [stdout]     --> src/vote_state/mod.rs:1593:5
[INFO] [stdout]      |
[INFO] [stdout] 1593 | let mut slot_hash_int = ( (slot_hashes[0].1.to_string().chars().nth(0).unwrap() as usize ) % 10 ) as usize;
[INFO] [stdout]      |     ----^^^^^^^^^^^^^
[INFO] [stdout]      |     |
[INFO] [stdout]      |     help: remove this `mut`
[INFO] [stdout]      |
[INFO] [stdout]      = note: `#[warn(unused_mut)]` on by default
[INFO] [stdout] 
[INFO] [stdout] 
[INFO] [stdout] warning: variable does not need to be mutable
[INFO] [stdout]     --> src/vote_state/mod.rs:1594:5
[INFO] [stdout]      |
[INFO] [stdout] 1594 | let mut mixed_int = ( ( ( (slot_hashes[0].1.to_string().chars().nth(0).unwrap() as usize ) % 9 + 1 ) as usize
[INFO] [stdout]      |     ----^^^^^^^^^
[INFO] [stdout]      |     |
[INFO] [stdout]      |     help: remove this `mut`
[INFO] [stdout] 
[INFO] [stdout] 
[INFO] [stdout] warning: non-local `impl` definition, `impl` blocks should be written at the same level as their item
[INFO] [stdout]   --> src/vote_error.rs:11:46
[INFO] [stdout]    |
[INFO] [stdout] 11 | #[derive(Error, Debug, Clone, PartialEq, Eq, FromPrimitive, ToPrimitive)]
[INFO] [stdout]    |                                              ^------------
[INFO] [stdout]    |                                              |
[INFO] [stdout]    |                                              `FromPrimitive` is not local
[INFO] [stdout]    |                                              move the `impl` block outside of this constant `_IMPL_NUM_FromPrimitive_FOR_VoteError`
[INFO] [stdout] 12 | pub enum VoteError {
[INFO] [stdout]    |          --------- `VoteError` is not local
[INFO] [stdout]    |
[INFO] [stdout]    = note: the derive macro `FromPrimitive` defines the non-local `impl`, and may need to be changed
[INFO] [stdout]    = note: the derive macro `FromPrimitive` may come from an old version of the `num_derive` crate, try updating your dependency with `cargo update -p num_derive`
[INFO] [stdout]    = note: an `impl` is never scoped, even when it is nested inside an item, as it may impact type checking outside of that item, which can be the case if neither the trait or the self type are at the same nesting level as the `impl`
[INFO] [stdout]    = note: items in an anonymous const item (`const _: () = { ... }`) are treated as in the same scope as the anonymous const's declaration for the purpose of this lint
[INFO] [stdout]    = note: `#[warn(non_local_definitions)]` on by default
[INFO] [stdout]    = note: this warning originates in the derive macro `FromPrimitive` (in Nightly builds, run with -Z macro-backtrace for more info)
[INFO] [stdout] 
[INFO] [stdout] 
[INFO] [stdout] warning: non-local `impl` definition, `impl` blocks should be written at the same level as their item
[INFO] [stdout]   --> src/vote_error.rs:11:61
[INFO] [stdout]    |
[INFO] [stdout] 11 | #[derive(Error, Debug, Clone, PartialEq, Eq, FromPrimitive, ToPrimitive)]
[INFO] [stdout]    |                                                             ^----------
[INFO] [stdout]    |                                                             |
[INFO] [stdout]    |                                                             `ToPrimitive` is not local
[INFO] [stdout]    |                                                             move the `impl` block outside of this constant `_IMPL_NUM_ToPrimitive_FOR_VoteError`
[INFO] [stdout] 12 | pub enum VoteError {
[INFO] [stdout]    |          --------- `VoteError` is not local
[INFO] [stdout]    |
[INFO] [stdout]    = note: the derive macro `ToPrimitive` defines the non-local `impl`, and may need to be changed
[INFO] [stdout]    = note: the derive macro `ToPrimitive` may come from an old version of the `num_derive` crate, try updating your dependency with `cargo update -p num_derive`
[INFO] [stdout]    = note: an `impl` is never scoped, even when it is nested inside an item, as it may impact type checking outside of that item, which can be the case if neither the trait or the self type are at the same nesting level as the `impl`
[INFO] [stdout]    = note: items in an anonymous const item (`const _: () = { ... }`) are treated as in the same scope as the anonymous const's declaration for the purpose of this lint
[INFO] [stdout]    = note: this warning originates in the derive macro `ToPrimitive` (in Nightly builds, run with -Z macro-backtrace for more info)
[INFO] [stdout] 
[INFO] [stdout] 
[INFO] [stderr]     Finished `test` profile [unoptimized + debuginfo] target(s) in 5.16s
[INFO] running `Command { std: "docker" "inspect" "2efe0c57cfc3c55bd08337863761256863385ab8a659ff7a764ca24d2c02d79b", kill_on_drop: false }`
[INFO] running `Command { std: "docker" "rm" "-f" "2efe0c57cfc3c55bd08337863761256863385ab8a659ff7a764ca24d2c02d79b", kill_on_drop: false }`
[INFO] [stdout] 2efe0c57cfc3c55bd08337863761256863385ab8a659ff7a764ca24d2c02d79b
[INFO] running `Command { std: "docker" "create" "-v" "/var/lib/crater-agent-workspace/builds/worker-1-tc2/target:/opt/rustwide/target:rw,Z" "-v" "/var/lib/crater-agent-workspace/builds/worker-1-tc2/source:/opt/rustwide/workdir:ro,Z" "-v" "/var/lib/crater-agent-workspace/cargo-home:/opt/rustwide/cargo-home:ro,Z" "-v" "/var/lib/crater-agent-workspace/rustup-home:/opt/rustwide/rustup-home:ro,Z" "-e" "SOURCE_DIR=/opt/rustwide/workdir" "-e" "CARGO_TARGET_DIR=/opt/rustwide/target" "-e" "CARGO_INCREMENTAL=0" "-e" "RUST_BACKTRACE=full" "-e" "RUSTFLAGS=--cap-lints=forbid -Zrandomize-layout" "-e" "RUSTDOCFLAGS=--cap-lints=forbid" "-e" "CARGO_HOME=/opt/rustwide/cargo-home" "-e" "RUSTUP_HOME=/opt/rustwide/rustup-home" "-w" "/opt/rustwide/workdir" "-m" "1610612736" "--user" "0:0" "--network" "none" "ghcr.io/rust-lang/crates-build-env/linux@sha256:4a844ea9eb2546a2d2c7022eacef16ef2e8229c7fbb2c7d4d55a9ceca922f72d" "/opt/rustwide/cargo-home/bin/cargo" "+nightly-2024-10-28" "test" "--frozen", kill_on_drop: false }`
[INFO] [stdout] 60991ad75e359a470a1e548802837ba7b0c3f142c657f7ff789865e6b61cec6f
[INFO] running `Command { std: "docker" "start" "-a" "60991ad75e359a470a1e548802837ba7b0c3f142c657f7ff789865e6b61cec6f", kill_on_drop: false }`
[INFO] [stderr] warning: unexpected `cfg` condition name: `RUSTC_WITH_SPECIALIZATION`
[INFO] [stderr]  --> src/lib.rs:1:13
[INFO] [stderr]   |
[INFO] [stderr] 1 | #![cfg_attr(RUSTC_WITH_SPECIALIZATION, feature(min_specialization))]
[INFO] [stderr]   |             ^^^^^^^^^^^^^^^^^^^^^^^^^
[INFO] [stderr]   |
[INFO] [stderr]   = help: expected names are: `clippy`, `debug_assertions`, `doc`, `docsrs`, `doctest`, `feature`, `fmt_debug`, `miri`, `overflow_checks`, `panic`, `proc_macro`, `relocation_model`, `rustfmt`, `sanitize`, `sanitizer_cfi_generalize_pointers`, `sanitizer_cfi_normalize_integers`, `target_abi`, `target_arch`, `target_endian`, `target_env`, `target_family`, `target_feature`, `target_has_atomic`, `target_has_atomic_equal_alignment`, `target_has_atomic_load_store`, `target_os`, `target_pointer_width`, `target_thread_local`, `target_vendor`, `test`, `ub_checks`, `unix`, and `windows`
[INFO] [stderr]   = help: consider using a Cargo feature instead
[INFO] [stderr]   = help: or consider adding in `Cargo.toml` the `check-cfg` lint config for the lint:
[INFO] [stderr]            [lints.rust]
[INFO] [stderr]            unexpected_cfgs = { level = "warn", check-cfg = ['cfg(RUSTC_WITH_SPECIALIZATION)'] }
[INFO] [stderr]   = help: or consider adding `println!("cargo::rustc-check-cfg=cfg(RUSTC_WITH_SPECIALIZATION)");` to the top of the `build.rs`
[INFO] [stderr]   = note: see <https://doc.rust-lang.org/nightly/rustc/check-cfg/cargo-specifics.html> for more information about checking conditional configuration
[INFO] [stderr]   = note: `#[warn(unexpected_cfgs)]` on by default
[INFO] [stderr] 
[INFO] [stderr] warning: unused doc comment
[INFO] [stderr]   --> src/vote_state/vote_state_versions.rs:23:21
[INFO] [stderr]    |
[INFO] [stderr] 23 |                     /// the signer for withdrawals
[INFO] [stderr]    |                     ^^^^^^^^^^^^^^^^^^^^^^^^^^^^^^
[INFO] [stderr] 24 |                     authorized_withdrawer: state.authorized_withdrawer,
[INFO] [stderr]    |                     -------------------------------------------------- rustdoc does not generate documentation for expression fields
[INFO] [stderr]    |
[INFO] [stderr]    = help: use `//` for a plain comment
[INFO] [stderr]    = note: `#[warn(unused_doc_comments)]` on by default
[INFO] [stderr] 
[INFO] [stderr] warning: unused doc comment
[INFO] [stderr]   --> src/vote_state/vote_state_versions.rs:26:21
[INFO] [stderr]    |
[INFO] [stderr] 26 | /                     /// percentage (0-100) that represents what part of a rewards
[INFO] [stderr] 27 | |                     ///  payout should be given to this VoteAccount
[INFO] [stderr]    | |___________________________________________________________________^
[INFO] [stderr] 28 |                       commission: state.commission,
[INFO] [stderr]    |                       ---------------------------- rustdoc does not generate documentation for expression fields
[INFO] [stderr]    |
[INFO] [stderr]    = help: use `//` for a plain comment
[INFO] [stderr] 
[INFO] [stderr] warning: unused doc comment
[INFO] [stderr]   --> src/vote_state/vote_state_versions.rs:34:21
[INFO] [stderr]    |
[INFO] [stderr] 34 |                     /// the signer for vote transactions
[INFO] [stderr]    |                     ^^^^^^^^^^^^^^^^^^^^^^^^^^^^^^^^^^^^
[INFO] [stderr] 35 |                     authorized_voters,
[INFO] [stderr]    |                     ----------------- rustdoc does not generate documentation for expression fields
[INFO] [stderr]    |
[INFO] [stderr]    = help: use `//` for a plain comment
[INFO] [stderr] 
[INFO] [stderr] warning: unused doc comment
[INFO] [stderr]   --> src/vote_state/vote_state_versions.rs:37:21
[INFO] [stderr]    |
[INFO] [stderr] 37 | /                     /// history of prior authorized voters and the epochs for which
[INFO] [stderr] 38 | |                     /// they were set, the bottom end of the range is inclusive,
[INFO] [stderr] 39 | |                     /// the top of the range is exclusive
[INFO] [stderr]    | |_________________________________________________________^
[INFO] [stderr] 40 |                       prior_voters: CircBuf::default(),
[INFO] [stderr]    |                       -------------------------------- rustdoc does not generate documentation for expression fields
[INFO] [stderr]    |
[INFO] [stderr]    = help: use `//` for a plain comment
[INFO] [stderr] 
[INFO] [stderr] warning: unused doc comment
[INFO] [stderr]   --> src/vote_state/vote_state_versions.rs:42:21
[INFO] [stderr]    |
[INFO] [stderr] 42 | /                     /// history of how many credits earned by the end of each epoch
[INFO] [stderr] 43 | |                     ///  each tuple is (Epoch, credits, prev_credits)
[INFO] [stderr]    | |_____________________________________________________________________^
[INFO] [stderr] 44 |                       epoch_credits: state.epoch_credits.clone(),
[INFO] [stderr]    |                       ------------------------------------------ rustdoc does not generate documentation for expression fields
[INFO] [stderr]    |
[INFO] [stderr]    = help: use `//` for a plain comment
[INFO] [stderr] 
[INFO] [stderr] warning: unused doc comment
[INFO] [stderr]   --> src/vote_state/vote_state_versions.rs:46:21
[INFO] [stderr]    |
[INFO] [stderr] 46 |                     /// most recent timestamp submitted with a vote
[INFO] [stderr]    |                     ^^^^^^^^^^^^^^^^^^^^^^^^^^^^^^^^^^^^^^^^^^^^^^^
[INFO] [stderr] 47 |                     last_timestamp: state.last_timestamp.clone(),
[INFO] [stderr]    |                     -------------------------------------------- rustdoc does not generate documentation for expression fields
[INFO] [stderr]    |
[INFO] [stderr]    = help: use `//` for a plain comment
[INFO] [stderr] 
[INFO] [stderr] warning: variable does not need to be mutable
[INFO] [stderr]     --> src/vote_state/mod.rs:1593:5
[INFO] [stderr]      |
[INFO] [stderr] 1593 | let mut slot_hash_int = ( (slot_hashes[0].1.to_string().chars().nth(0).unwrap() as usize ) % 10 ) as usize;
[INFO] [stderr]      |     ----^^^^^^^^^^^^^
[INFO] [stderr]      |     |
[INFO] [stderr]      |     help: remove this `mut`
[INFO] [stderr]      |
[INFO] [stderr]      = note: `#[warn(unused_mut)]` on by default
[INFO] [stderr] 
[INFO] [stderr] warning: variable does not need to be mutable
[INFO] [stderr]     --> src/vote_state/mod.rs:1594:5
[INFO] [stderr]      |
[INFO] [stderr] 1594 | let mut mixed_int = ( ( ( (slot_hashes[0].1.to_string().chars().nth(0).unwrap() as usize ) % 9 + 1 ) as usize
[INFO] [stderr]      |     ----^^^^^^^^^
[INFO] [stderr]      |     |
[INFO] [stderr]      |     help: remove this `mut`
[INFO] [stderr] 
[INFO] [stderr] warning: non-local `impl` definition, `impl` blocks should be written at the same level as their item
[INFO] [stderr]   --> src/vote_error.rs:11:46
[INFO] [stderr]    |
[INFO] [stderr] 11 | #[derive(Error, Debug, Clone, PartialEq, Eq, FromPrimitive, ToPrimitive)]
[INFO] [stderr]    |                                              ^------------
[INFO] [stderr]    |                                              |
[INFO] [stderr]    |                                              `FromPrimitive` is not local
[INFO] [stderr]    |                                              move the `impl` block outside of this constant `_IMPL_NUM_FromPrimitive_FOR_VoteError`
[INFO] [stderr] 12 | pub enum VoteError {
[INFO] [stderr]    |          --------- `VoteError` is not local
[INFO] [stderr]    |
[INFO] [stderr]    = note: the derive macro `FromPrimitive` defines the non-local `impl`, and may need to be changed
[INFO] [stderr]    = note: the derive macro `FromPrimitive` may come from an old version of the `num_derive` crate, try updating your dependency with `cargo update -p num_derive`
[INFO] [stderr]    = note: an `impl` is never scoped, even when it is nested inside an item, as it may impact type checking outside of that item, which can be the case if neither the trait or the self type are at the same nesting level as the `impl`
[INFO] [stderr]    = note: items in an anonymous const item (`const _: () = { ... }`) are treated as in the same scope as the anonymous const's declaration for the purpose of this lint
[INFO] [stderr]    = note: `#[warn(non_local_definitions)]` on by default
[INFO] [stderr]    = note: this warning originates in the derive macro `FromPrimitive` (in Nightly builds, run with -Z macro-backtrace for more info)
[INFO] [stderr] 
[INFO] [stderr] warning: non-local `impl` definition, `impl` blocks should be written at the same level as their item
[INFO] [stderr]   --> src/vote_error.rs:11:61
[INFO] [stderr]    |
[INFO] [stderr] 11 | #[derive(Error, Debug, Clone, PartialEq, Eq, FromPrimitive, ToPrimitive)]
[INFO] [stderr]    |                                                             ^----------
[INFO] [stderr]    |                                                             |
[INFO] [stderr]    |                                                             `ToPrimitive` is not local
[INFO] [stderr]    |                                                             move the `impl` block outside of this constant `_IMPL_NUM_ToPrimitive_FOR_VoteError`
[INFO] [stderr] 12 | pub enum VoteError {
[INFO] [stderr]    |          --------- `VoteError` is not local
[INFO] [stderr]    |
[INFO] [stderr]    = note: the derive macro `ToPrimitive` defines the non-local `impl`, and may need to be changed
[INFO] [stderr]    = note: the derive macro `ToPrimitive` may come from an old version of the `num_derive` crate, try updating your dependency with `cargo update -p num_derive`
[INFO] [stderr]    = note: an `impl` is never scoped, even when it is nested inside an item, as it may impact type checking outside of that item, which can be the case if neither the trait or the self type are at the same nesting level as the `impl`
[INFO] [stderr]    = note: items in an anonymous const item (`const _: () = { ... }`) are treated as in the same scope as the anonymous const's declaration for the purpose of this lint
[INFO] [stderr]    = note: this warning originates in the derive macro `ToPrimitive` (in Nightly builds, run with -Z macro-backtrace for more info)
[INFO] [stderr] 
[INFO] [stderr] warning: `safecoin-vote-program` (lib) generated 11 warnings (run `cargo fix --lib -p safecoin-vote-program` to apply 2 suggestions)
[INFO] [stderr] warning: `safecoin-vote-program` (lib test) generated 11 warnings (11 duplicates)
[INFO] [stderr]     Finished `test` profile [unoptimized + debuginfo] target(s) in 0.24s
[INFO] [stderr]      Running unittests src/lib.rs (/opt/rustwide/target/debug/deps/solana_vote_program-a854d1111ca10ecd)
[INFO] [stdout] 
[INFO] [stdout] running 98 tests
[INFO] [stdout] test vote_error::tests::test_custom_error_decode ... ok
[INFO] [stdout] test vote_processor::tests::test_spoofed_vote ... ok
[INFO] [stdout] test vote_processor::tests::test_vote_process_instruction_decode_bail ... ok
[INFO] [stdout] test vote_processor::tests::test_initialize_vote_account ... ok
[INFO] [stdout] test vote_processor::tests::test_vote_authorize_checked ... ok
[INFO] [stdout] test vote_processor::tests::test_vote_process_instruction ... ok
[INFO] [stdout] test vote_processor::tests::test_authorize_withdrawer ... ok
[INFO] [stdout] test vote_processor::tests::test_voter_base_key_can_not_authorize_new_withdrawer ... ok
[INFO] [stdout] test vote_processor::tests::test_voter_base_key_can_authorize_new_voter_checked ... ok
[INFO] [stdout] test vote_processor::tests::test_vote_state_withdraw ... ok
[INFO] [stdout] test vote_processor::tests::test_vote_signature ... ok
[INFO] [stdout] test vote_processor::tests::test_vote_update_commission ... ok
[INFO] [stdout] test vote_state::VoteStateUpdate_frozen_abi::test_abi_digest ... ok
[INFO] [stdout] test vote_state::tests::test_check_slots_are_valid_bad_hash ... ok
[INFO] [stdout] test vote_state::tests::test_check_slots_are_valid_bad_slot ... ok
[INFO] [stdout] test vote_processor::tests::test_voter_base_key_can_not_authorize_new_withdrawer_checked ... ok
[INFO] [stdout] test vote_processor::tests::test_withdrawer_base_key_can_authorize_new_withdrawer ... ok
[INFO] [stdout] test vote_processor::tests::test_withdrawer_base_key_can_authorize_new_withdrawer_checked ... ok
[INFO] [stdout] test vote_processor::tests::test_vote_update_validator_identity ... ok
[INFO] [stdout] test vote_processor::tests::test_voter_base_key_can_authorize_new_voter ... ok
[INFO] [stdout] test vote_state::tests::test_authorized_voter_is_locked_within_epoch ... ok
[INFO] [stdout] test vote_processor::tests::test_vote_withdraw ... ok
[INFO] [stdout] test vote_state::tests::test_check_slots_are_valid_new_vote ... ok
[INFO] [stdout] test vote_state::tests::test_check_slots_are_valid_next_vote ... ok
[INFO] [stdout] test vote_state::tests::test_check_slots_are_valid_next_vote_only ... ok
[INFO] [stdout] test vote_state::tests::test_check_update_vote_state_empty ... ok
[INFO] [stdout] test vote_state::tests::test_check_update_vote_state_older_than_history_slots_filtered ... ok
[INFO] [stdout] test vote_state::tests::test_check_slots_are_valid_duplicate_vote ... ok
[INFO] [stdout] test vote_state::Vote_frozen_abi::test_abi_digest ... ok
[INFO] [stdout] test vote_state::tests::test_check_slots_are_valid_vote_empty_slot_hashes ... ok
[INFO] [stdout] test vote_state::tests::test_check_update_vote_state_root_on_different_fork ... ok
[INFO] [stdout] test vote_state::tests::test_check_update_vote_state_older_than_history_root ... ok
[INFO] [stdout] test vote_state::tests::test_check_update_vote_state_slot_all_slot_hashes_in_update_ok ... ok
[INFO] [stdout] test vote_processor::tests::test_withdrawer_base_key_can_authorize_new_voter ... ok
[INFO] [stdout] test vote_state::tests::test_check_update_vote_state_slot_hash_mismatch ... ok
[INFO] [stdout] test vote_state::VoteTransaction_frozen_abi::test_abi_digest ... ok
[INFO] [stdout] test vote_state::tests::test_check_update_vote_state_slot_newer_than_slot_history ... ok
[INFO] [stdout] test vote_state::tests::test_check_update_vote_state_older_than_history_slots_filtered_and_not_filtered ... ok
[INFO] [stdout] test vote_state::tests::test_check_update_vote_state_slot_not_on_fork ... ok
[INFO] [stdout] test vote_state::tests::test_check_update_vote_state_slots_not_ordered ... ok
[INFO] [stdout] test vote_state::tests::test_default_vote_state_is_uninitialized ... ok
[INFO] [stdout] test vote_state::tests::test_check_update_vote_state_slot_some_slot_hashes_in_update_ok ... ok
[INFO] [stdout] test vote_state::tests::test_check_update_vote_state_older_than_history_slots_not_filtered ... ok
[INFO] [stdout] test vote_processor::tests::test_withdrawer_base_key_can_authorize_new_voter_checked ... ok
[INFO] [stdout] test vote_state::tests::test_duplicate_vote ... ok
[INFO] [stdout] test vote_state::tests::test_check_update_vote_state_too_old ... ok
[INFO] [stdout] test vote_state::tests::test_epoch_half_check::first_slot ... ok
[INFO] [stdout] test vote_state::tests::test_epoch_half_check::first_slot_in_second_epoch ... ok
[INFO] [stdout] test vote_state::tests::test_epoch_half_check::halfway_through_epoch ... ok
[INFO] [stdout] test vote_state::tests::test_epoch_half_check::halfway_through_epoch_plus_one ... ok
[INFO] [stdout] test vote_state::tests::test_epoch_half_check_with_warmup::first_slot ... ok
[INFO] [stdout] test vote_state::tests::test_epoch_half_check_with_warmup::last_slot_in_epoch ... ok
[INFO] [stdout] test vote_state::tests::test_expire_multiple_votes ... ok
[INFO] [stdout] test vote_state::tests::test_filter_old_votes ... ok
[INFO] [stdout] test vote_state::tests::test_nth_recent_vote ... ok
[INFO] [stdout] test vote_state::tests::test_minimum_balance ... ok
[INFO] [stdout] test vote_state::tests::test_epoch_half_check::last_slot_in_epoch ... ok
[INFO] [stdout] test vote_state::tests::test_epoch_half_check_with_warmup::first_slot_in_second_epoch ... ok
[INFO] [stdout] test vote_state::tests::test_epoch_half_check_with_warmup::halfway_through_epoch_plus_one ... ok
[INFO] [stdout] test vote_state::tests::test_process_new_vote_current_state_contains_bigger_slots ... ok
[INFO] [stdout] test vote_state::tests::test_process_new_vote_state_confirmation_rollback ... ok
[INFO] [stdout] test vote_state::tests::test_process_new_vote_state_confirmations_not_ordered ... ok
[INFO] [stdout] test vote_state::tests::test_process_new_vote_state_confirmations_too_large ... ok
[INFO] [stdout] test vote_state::tests::test_process_new_vote_state_lockout_violation ... ok
[INFO] [stdout] test vote_state::tests::test_process_new_vote_state_new_vote_state_lockout_mismatch ... ok
[INFO] [stdout] test vote_state::tests::test_is_correct_size_and_initialized ... ok
[INFO] [stdout] test vote_state::tests::test_process_new_vote_state_root_progress ... ok
[INFO] [stdout] test vote_state::tests::test_process_new_vote_state_same_slot_but_not_common_ancestor ... ok
[INFO] [stdout] test vote_state::tests::test_process_new_vote_state_slot_smaller_than_root ... ok
[INFO] [stdout] test vote_state::tests::test_process_new_vote_state_slots_not_ordered ... ok
[INFO] [stdout] test vote_state::tests::test_process_new_vote_state_lockout_violation2 ... ok
[INFO] [stdout] test vote_state::tests::test_process_new_vote_state_expired_ancestor_not_removed ... ok
[INFO] [stdout] test vote_state::tests::test_process_new_vote_state_root_rollback ... ok
[INFO] [stdout] test vote_state::tests::test_process_new_vote_state_zero_confirmations ... ok
[INFO] [stdout] test vote_state::tests::test_get_and_update_authorized_voter ... ok
[INFO] [stdout] test vote_state::tests::test_process_new_vote_too_many_votes ... ok
[INFO] [stdout] test vote_state::tests::test_process_missed_votes ... ok
[INFO] [stdout] test vote_state::tests::test_process_vote_empty_slots ... ok
[INFO] [stdout] test vote_state::tests::test_epoch_half_check_with_warmup::halfway_through_epoch ... ok
[INFO] [stdout] test vote_state::tests::test_set_new_authorized_voter ... ok
[INFO] [stdout] test vote_state::tests::test_process_vote_skips_old_vote ... ok
[INFO] [stdout] test vote_state::tests::test_vote_process_timestamp ... ok
[INFO] [stdout] test vote_state::tests::test_vote_state_commission_split ... ok
[INFO] [stdout] test vote_state::tests::test_vote_lockout ... ok
[INFO] [stdout] test vote_state::tests::test_vote_state_epoch_credits ... ok
[INFO] [stdout] test vote_state::tests::test_vote_state_size_of ... ok
[INFO] [stdout] test vote_state::tests::test_vote_double_lockout_after_expiration ... ok
[INFO] [stdout] test vote_state::tests::test_warmup_epoch_half_check_with_warmup ... ok
[INFO] [stdout] test vote_state::tests::test_voter_registration ... ok
[INFO] [stdout] test vote_state::tests::test_vote_credits ... ok
[INFO] [stdout] test vote_state::tests::test_vote_state_increment_credits ... ok
[INFO] [stdout] test vote_state::tests::test_vote_state_max_size ... ok
[INFO] [stdout] test vote_state::tests::test_vote_serialize ... ok
[INFO] [stdout] test vote_state::tests::test_vote_state_epoch0_no_credits ... ok
[INFO] [stdout] test vote_state::tests::test_vote_state_update_increment_credits ... ok
[INFO] [stdout] test vote_state::VoteState_frozen_abi::test_abi_digest ... ok
[INFO] [stdout] test vote_processor::tests::test_authorize_voter ... FAILED
[INFO] [stdout] test vote_state::tests::test_serde_compact_vote_state_update ... ok
[INFO] [stdout] 
[INFO] [stdout] failures:
[INFO] [stdout] 
[INFO] [stdout] ---- vote_processor::tests::test_authorize_voter stdout ----
[INFO] [stdout] thread 'vote_processor::tests::test_authorize_voter' panicked at /opt/rustwide/cargo-home/registry/src/index.crates.io-6f17d22bba15001f/safecoin-program-runtime-1.14.17/src/invoke_context.rs:1102:5:
[INFO] [stdout] assertion `left == right` failed
[INFO] [stdout]   left: Err(UninitializedAccount)
[INFO] [stdout]  right: Ok(())
[INFO] [stdout] stack backtrace:
[INFO] [stdout]    0:     0x5e1723baa55a - std::backtrace_rs::backtrace::libunwind::trace::h207520d6e9873551
[INFO] [stdout]                                at /rustc/df4ca44d3fbc9301ee17f30f4d474e6ae4b05252/library/std/src/../../backtrace/src/backtrace/libunwind.rs:116:5
[INFO] [stdout]    1:     0x5e1723baa55a - std::backtrace_rs::backtrace::trace_unsynchronized::h2ed7433f370e3eca
[INFO] [stdout]                                at /rustc/df4ca44d3fbc9301ee17f30f4d474e6ae4b05252/library/std/src/../../backtrace/src/backtrace/mod.rs:66:5
[INFO] [stdout]    2:     0x5e1723baa55a - std::sys::backtrace::_print_fmt::h916fac51166b18d7
[INFO] [stdout]                                at /rustc/df4ca44d3fbc9301ee17f30f4d474e6ae4b05252/library/std/src/sys/backtrace.rs:66:9
[INFO] [stdout]    3:     0x5e1723baa55a - <std::sys::backtrace::BacktraceLock::print::DisplayBacktrace as core::fmt::Display>::fmt::ha0a4c9b8ce3802e6
[INFO] [stdout]                                at /rustc/df4ca44d3fbc9301ee17f30f4d474e6ae4b05252/library/std/src/sys/backtrace.rs:39:26
[INFO] [stdout]    4:     0x5e1723bd4873 - core::fmt::rt::Argument::fmt::h4cfc8587d52b3eb5
[INFO] [stdout]                                at /rustc/df4ca44d3fbc9301ee17f30f4d474e6ae4b05252/library/core/src/fmt/rt.rs:177:76
[INFO] [stdout]    5:     0x5e1723bd4873 - core::fmt::write::h522cc39e5b36ae9f
[INFO] [stdout]                                at /rustc/df4ca44d3fbc9301ee17f30f4d474e6ae4b05252/library/core/src/fmt/mod.rs:1190:21
[INFO] [stdout]    6:     0x5e1723ba63d3 - std::io::Write::write_fmt::h7d3c26752da97734
[INFO] [stdout]                                at /rustc/df4ca44d3fbc9301ee17f30f4d474e6ae4b05252/library/std/src/io/mod.rs:1839:15
[INFO] [stdout]    7:     0x5e1723baa3a2 - std::sys::backtrace::BacktraceLock::print::h4b9e00b29e9c0942
[INFO] [stdout]                                at /rustc/df4ca44d3fbc9301ee17f30f4d474e6ae4b05252/library/std/src/sys/backtrace.rs:42:9
[INFO] [stdout]    8:     0x5e1723bab9ea - std::panicking::default_hook::{{closure}}::hb59b88280d0324d9
[INFO] [stdout]                                at /rustc/df4ca44d3fbc9301ee17f30f4d474e6ae4b05252/library/std/src/panicking.rs:268:22
[INFO] [stdout]    9:     0x5e1723bab7f4 - std::panicking::default_hook::he1dd496665be4a29
[INFO] [stdout]                                at /rustc/df4ca44d3fbc9301ee17f30f4d474e6ae4b05252/library/std/src/panicking.rs:292:9
[INFO] [stdout]   10:     0x5e17234d8f59 - <alloc::boxed::Box<F,A> as core::ops::function::Fn<Args>>::call::h4ff71de18744e1dc
[INFO] [stdout]                                at /rustc/df4ca44d3fbc9301ee17f30f4d474e6ae4b05252/library/alloc/src/boxed.rs:2468:9
[INFO] [stdout]   11:     0x5e17234d8f59 - test::test_main::{{closure}}::hcf7c055ce117aa81
[INFO] [stdout]                                at /rustc/df4ca44d3fbc9301ee17f30f4d474e6ae4b05252/library/test/src/lib.rs:133:21
[INFO] [stdout]   12:     0x5e1723bac0e8 - <alloc::boxed::Box<F,A> as core::ops::function::Fn<Args>>::call::h1d66c6bbd60c9692
[INFO] [stdout]                                at /rustc/df4ca44d3fbc9301ee17f30f4d474e6ae4b05252/library/alloc/src/boxed.rs:2468:9
[INFO] [stdout]   13:     0x5e1723bac0e8 - std::panicking::rust_panic_with_hook::h2ff17fe8f26dfcf8
[INFO] [stdout]                                at /rustc/df4ca44d3fbc9301ee17f30f4d474e6ae4b05252/library/std/src/panicking.rs:809:13
[INFO] [stdout]   14:     0x5e1723babeaa - std::panicking::begin_panic_handler::{{closure}}::h4fad77951c07e101
[INFO] [stdout]                                at /rustc/df4ca44d3fbc9301ee17f30f4d474e6ae4b05252/library/std/src/panicking.rs:674:13
[INFO] [stdout]   15:     0x5e1723baaa39 - std::sys::backtrace::__rust_end_short_backtrace::hb1a25b3da5d0ea08
[INFO] [stdout]                                at /rustc/df4ca44d3fbc9301ee17f30f4d474e6ae4b05252/library/std/src/sys/backtrace.rs:170:18
[INFO] [stdout]   16:     0x5e1723babb3c - rust_begin_unwind
[INFO] [stdout]                                at /rustc/df4ca44d3fbc9301ee17f30f4d474e6ae4b05252/library/std/src/panicking.rs:665:5
[INFO] [stdout]   17:     0x5e1723bd2500 - core::panicking::panic_fmt::ha9db07b529f9b256
[INFO] [stdout]                                at /rustc/df4ca44d3fbc9301ee17f30f4d474e6ae4b05252/library/core/src/panicking.rs:75:14
[INFO] [stdout]   18:     0x5e1723bd2904 - core::panicking::assert_failed_inner::h04f38944d74a80a8
[INFO] [stdout]   19:     0x5e17234f7751 - core::panicking::assert_failed::h51bed6b6b856856c
[INFO] [stdout]                                at /rustc/df4ca44d3fbc9301ee17f30f4d474e6ae4b05252/library/core/src/panicking.rs:377:5
[INFO] [stdout]   20:     0x5e17234e814b - solana_program_runtime::invoke_context::mock_process_instruction::h9e760410c512827b
[INFO] [stdout]                                at /opt/rustwide/cargo-home/registry/src/index.crates.io-6f17d22bba15001f/safecoin-program-runtime-1.14.17/src/invoke_context.rs:1102:5
[INFO] [stdout]   21:     0x5e172319a5c4 - solana_vote_program::vote_processor::tests::process_instruction::hbeb37f9fbeb8f236
[INFO] [stdout]                                at /opt/rustwide/workdir/src/vote_processor.rs:320:9
[INFO] [stdout]   22:     0x5e17231a8187 - solana_vote_program::vote_processor::tests::test_authorize_voter::h6a755e7b92a0b204
[INFO] [stdout]                                at /opt/rustwide/workdir/src/vote_processor.rs:970:9
[INFO] [stdout]   23:     0x5e17231a66b7 - solana_vote_program::vote_processor::tests::test_authorize_voter::{{closure}}::h7e971b76f2e7202a
[INFO] [stdout]                                at /opt/rustwide/workdir/src/vote_processor.rs:859:30
[INFO] [stdout]   24:     0x5e17231c9c56 - core::ops::function::FnOnce::call_once::h24bd9d8a602e1f14
[INFO] [stdout]                                at /rustc/df4ca44d3fbc9301ee17f30f4d474e6ae4b05252/library/core/src/ops/function.rs:250:5
[INFO] [stdout]   25:     0x5e17234dd82b - core::ops::function::FnOnce::call_once::h22c3ba5715e93f05
[INFO] [stdout]                                at /rustc/df4ca44d3fbc9301ee17f30f4d474e6ae4b05252/library/core/src/ops/function.rs:250:5
[INFO] [stdout]   26:     0x5e17234dd82b - test::__rust_begin_short_backtrace::h8e82d8113d0da17f
[INFO] [stdout]                                at /rustc/df4ca44d3fbc9301ee17f30f4d474e6ae4b05252/library/test/src/lib.rs:621:18
[INFO] [stdout]   27:     0x5e17234dd1a7 - test::run_test_in_process::{{closure}}::h33235f4f20b7b7c7
[INFO] [stdout]                                at /rustc/df4ca44d3fbc9301ee17f30f4d474e6ae4b05252/library/test/src/lib.rs:644:60
[INFO] [stdout]   28:     0x5e17234dd1a7 - <core::panic::unwind_safe::AssertUnwindSafe<F> as core::ops::function::FnOnce<()>>::call_once::hb5043206310c586f
[INFO] [stdout]                                at /rustc/df4ca44d3fbc9301ee17f30f4d474e6ae4b05252/library/core/src/panic/unwind_safe.rs:272:9
[INFO] [stdout]   29:     0x5e17234dd1a7 - std::panicking::try::do_call::h9ad4731a60ab23e2
[INFO] [stdout]                                at /rustc/df4ca44d3fbc9301ee17f30f4d474e6ae4b05252/library/std/src/panicking.rs:557:40
[INFO] [stdout]   30:     0x5e17234dd1a7 - std::panicking::try::h3824d23db772a716
[INFO] [stdout]                                at /rustc/df4ca44d3fbc9301ee17f30f4d474e6ae4b05252/library/std/src/panicking.rs:520:19
[INFO] [stdout]   31:     0x5e17234dd1a7 - std::panic::catch_unwind::h5afd514605fde46b
[INFO] [stdout]                                at /rustc/df4ca44d3fbc9301ee17f30f4d474e6ae4b05252/library/std/src/panic.rs:358:14
[INFO] [stdout]   32:     0x5e17234dd1a7 - test::run_test_in_process::h0d5cbfa7067d1720
[INFO] [stdout]                                at /rustc/df4ca44d3fbc9301ee17f30f4d474e6ae4b05252/library/test/src/lib.rs:644:27
[INFO] [stdout]   33:     0x5e17234dd1a7 - test::run_test::{{closure}}::h708eb8872708115d
[INFO] [stdout]                                at /rustc/df4ca44d3fbc9301ee17f30f4d474e6ae4b05252/library/test/src/lib.rs:565:43
[INFO] [stdout]   34:     0x5e17234a08c4 - test::run_test::{{closure}}::h392c51cee94713ab
[INFO] [stdout]                                at /rustc/df4ca44d3fbc9301ee17f30f4d474e6ae4b05252/library/test/src/lib.rs:595:41
[INFO] [stdout]   35:     0x5e17234a08c4 - std::sys::backtrace::__rust_begin_short_backtrace::h2f40290710935a8b
[INFO] [stdout]                                at /rustc/df4ca44d3fbc9301ee17f30f4d474e6ae4b05252/library/std/src/sys/backtrace.rs:154:18
[INFO] [stdout]   36:     0x5e17234a406e - std::thread::Builder::spawn_unchecked_::{{closure}}::{{closure}}::h3fd968d89053a903
[INFO] [stdout]                                at /rustc/df4ca44d3fbc9301ee17f30f4d474e6ae4b05252/library/std/src/thread/mod.rs:541:17
[INFO] [stdout]   37:     0x5e17234a406e - <core::panic::unwind_safe::AssertUnwindSafe<F> as core::ops::function::FnOnce<()>>::call_once::h743f637ba4229880
[INFO] [stdout]                                at /rustc/df4ca44d3fbc9301ee17f30f4d474e6ae4b05252/library/core/src/panic/unwind_safe.rs:272:9
[INFO] [stdout]   38:     0x5e17234a406e - std::panicking::try::do_call::h07440897322525a6
[INFO] [stdout]                                at /rustc/df4ca44d3fbc9301ee17f30f4d474e6ae4b05252/library/std/src/panicking.rs:557:40
[INFO] [stdout]   39:     0x5e17234a406e - std::panicking::try::he5a2e00188156637
[INFO] [stdout]                                at /rustc/df4ca44d3fbc9301ee17f30f4d474e6ae4b05252/library/std/src/panicking.rs:520:19
[INFO] [stdout]   40:     0x5e17234a406e - std::panic::catch_unwind::hbaf3cae49b3c6433
[INFO] [stdout]                                at /rustc/df4ca44d3fbc9301ee17f30f4d474e6ae4b05252/library/std/src/panic.rs:358:14
[INFO] [stdout]   41:     0x5e17234a406e - std::thread::Builder::spawn_unchecked_::{{closure}}::h8e141ea224820bce
[INFO] [stdout]                                at /rustc/df4ca44d3fbc9301ee17f30f4d474e6ae4b05252/library/std/src/thread/mod.rs:540:30
[INFO] [stdout]   42:     0x5e17234a406e - core::ops::function::FnOnce::call_once{{vtable.shim}}::h90d312fedd7b8ea8
[INFO] [stdout]                                at /rustc/df4ca44d3fbc9301ee17f30f4d474e6ae4b05252/library/core/src/ops/function.rs:250:5
[INFO] [stdout]   43:     0x5e1723bb003b - <alloc::boxed::Box<F,A> as core::ops::function::FnOnce<Args>>::call_once::h69aa08ddb6adb8b6
[INFO] [stdout]                                at /rustc/df4ca44d3fbc9301ee17f30f4d474e6ae4b05252/library/alloc/src/boxed.rs:2454:9
[INFO] [stdout]   44:     0x5e1723bb003b - <alloc::boxed::Box<F,A> as core::ops::function::FnOnce<Args>>::call_once::h5aa36efdb79c806f
[INFO] [stdout]                                at /rustc/df4ca44d3fbc9301ee17f30f4d474e6ae4b05252/library/alloc/src/boxed.rs:2454:9
[INFO] [stdout]   45:     0x5e1723bb003b - std::sys::pal::unix::thread::Thread::new::thread_start::h6cd80a1b4be5158d
[INFO] [stdout]                                at /rustc/df4ca44d3fbc9301ee17f30f4d474e6ae4b05252/library/std/src/sys/pal/unix/thread.rs:105:17
[INFO] [stdout]   46:     0x7b20430f4ac3 - <unknown>
[INFO] [stdout]   47:     0x7b2043185a04 - clone
[INFO] [stdout]   48:                0x0 - <unknown>
[INFO] [stdout] 
[INFO] [stdout] 
[INFO] [stdout] failures:
[INFO] [stdout]     vote_processor::tests::test_authorize_voter
[INFO] [stdout] 
[INFO] [stdout] test result: FAILED. 97 passed; 1 failed; 0 ignored; 0 measured; 0 filtered out; finished in 1.52s
[INFO] [stdout] 
[INFO] [stderr] error: test failed, to rerun pass `--lib`
[INFO] running `Command { std: "docker" "inspect" "60991ad75e359a470a1e548802837ba7b0c3f142c657f7ff789865e6b61cec6f", kill_on_drop: false }`
[INFO] running `Command { std: "docker" "rm" "-f" "60991ad75e359a470a1e548802837ba7b0c3f142c657f7ff789865e6b61cec6f", kill_on_drop: false }`
[INFO] [stdout] 60991ad75e359a470a1e548802837ba7b0c3f142c657f7ff789865e6b61cec6f
