[INFO] fetching crate keyscope 1.4.0...
[INFO] testing keyscope-1.4.0 against nightly-2024-10-28+rustflags=-Zrandomize-layout for randomize-layout
[INFO] extracting crate keyscope 1.4.0 into /workspace/builds/worker-4-tc2/source
[INFO] validating manifest of crates.io crate keyscope 1.4.0 on toolchain nightly-2024-10-28
[INFO] running `Command { std: CARGO_HOME="/workspace/cargo-home" RUSTUP_HOME="/workspace/rustup-home" "/workspace/cargo-home/bin/cargo" "+nightly-2024-10-28" "metadata" "--manifest-path" "Cargo.toml" "--no-deps", kill_on_drop: false }`
[INFO] started tweaking crates.io crate keyscope 1.4.0
[INFO] finished tweaking crates.io crate keyscope 1.4.0
[INFO] tweaked toml for crates.io crate keyscope 1.4.0 written to /workspace/builds/worker-4-tc2/source/Cargo.toml
[INFO] crate crates.io crate keyscope 1.4.0 already has a lockfile, it will not be regenerated
[INFO] running `Command { std: CARGO_HOME="/workspace/cargo-home" RUSTUP_HOME="/workspace/rustup-home" "/workspace/cargo-home/bin/cargo" "+nightly-2024-10-28" "fetch" "--manifest-path" "Cargo.toml", kill_on_drop: false }`
[INFO] [stderr]     Blocking waiting for file lock on package cache
[INFO] [stderr]     Blocking waiting for file lock on package cache
[INFO] running `Command { std: "docker" "create" "-v" "/var/lib/crater-agent-workspace/builds/worker-4-tc2/target:/opt/rustwide/target:rw,Z" "-v" "/var/lib/crater-agent-workspace/builds/worker-4-tc2/source:/opt/rustwide/workdir:ro,Z" "-v" "/var/lib/crater-agent-workspace/cargo-home:/opt/rustwide/cargo-home:ro,Z" "-v" "/var/lib/crater-agent-workspace/rustup-home:/opt/rustwide/rustup-home:ro,Z" "-e" "SOURCE_DIR=/opt/rustwide/workdir" "-e" "CARGO_TARGET_DIR=/opt/rustwide/target" "-e" "CARGO_HOME=/opt/rustwide/cargo-home" "-e" "RUSTUP_HOME=/opt/rustwide/rustup-home" "-w" "/opt/rustwide/workdir" "-m" "1610612736" "--user" "0:0" "--network" "none" "ghcr.io/rust-lang/crates-build-env/linux@sha256:4a844ea9eb2546a2d2c7022eacef16ef2e8229c7fbb2c7d4d55a9ceca922f72d" "/opt/rustwide/cargo-home/bin/cargo" "+nightly-2024-10-28" "metadata" "--no-deps" "--format-version=1", kill_on_drop: false }`
[INFO] [stdout] b57c8e4998cc036ee782e5fb2a8b44fd520f23ac64c4de2ed4d3ccb1b00237bb
[INFO] running `Command { std: "docker" "start" "-a" "b57c8e4998cc036ee782e5fb2a8b44fd520f23ac64c4de2ed4d3ccb1b00237bb", kill_on_drop: false }`
[INFO] running `Command { std: "docker" "inspect" "b57c8e4998cc036ee782e5fb2a8b44fd520f23ac64c4de2ed4d3ccb1b00237bb", kill_on_drop: false }`
[INFO] running `Command { std: "docker" "rm" "-f" "b57c8e4998cc036ee782e5fb2a8b44fd520f23ac64c4de2ed4d3ccb1b00237bb", kill_on_drop: false }`
[INFO] [stdout] b57c8e4998cc036ee782e5fb2a8b44fd520f23ac64c4de2ed4d3ccb1b00237bb
[INFO] running `Command { std: "docker" "create" "-v" "/var/lib/crater-agent-workspace/builds/worker-4-tc2/target:/opt/rustwide/target:rw,Z" "-v" "/var/lib/crater-agent-workspace/builds/worker-4-tc2/source:/opt/rustwide/workdir:ro,Z" "-v" "/var/lib/crater-agent-workspace/cargo-home:/opt/rustwide/cargo-home:ro,Z" "-v" "/var/lib/crater-agent-workspace/rustup-home:/opt/rustwide/rustup-home:ro,Z" "-e" "SOURCE_DIR=/opt/rustwide/workdir" "-e" "CARGO_TARGET_DIR=/opt/rustwide/target" "-e" "CARGO_INCREMENTAL=0" "-e" "RUST_BACKTRACE=full" "-e" "RUSTFLAGS=--cap-lints=forbid -Zrandomize-layout" "-e" "RUSTDOCFLAGS=--cap-lints=forbid" "-e" "CARGO_HOME=/opt/rustwide/cargo-home" "-e" "RUSTUP_HOME=/opt/rustwide/rustup-home" "-w" "/opt/rustwide/workdir" "-m" "1610612736" "--user" "0:0" "--network" "none" "ghcr.io/rust-lang/crates-build-env/linux@sha256:4a844ea9eb2546a2d2c7022eacef16ef2e8229c7fbb2c7d4d55a9ceca922f72d" "/opt/rustwide/cargo-home/bin/cargo" "+nightly-2024-10-28" "build" "--frozen" "--message-format=json", kill_on_drop: false }`
[INFO] [stdout] 539cdfa13855a9131f7843c3ee6e2cd7c30ebbc79480e6d724c6860591edd488
[INFO] running `Command { std: "docker" "start" "-a" "539cdfa13855a9131f7843c3ee6e2cd7c30ebbc79480e6d724c6860591edd488", kill_on_drop: false }`
[INFO] [stderr]    Compiling proc-macro2 v1.0.81
[INFO] [stderr]    Compiling unicode-ident v1.0.12
[INFO] [stderr]    Compiling libc v0.2.154
[INFO] [stderr]    Compiling autocfg v1.3.0
[INFO] [stderr]    Compiling memchr v2.7.2
[INFO] [stderr]    Compiling pin-project-lite v0.2.14
[INFO] [stderr]    Compiling bytes v1.6.0
[INFO] [stderr]    Compiling once_cell v1.19.0
[INFO] [stderr]    Compiling futures-core v0.3.30
[INFO] [stderr]    Compiling log v0.4.21
[INFO] [stderr]    Compiling cc v1.0.96
[INFO] [stderr]    Compiling futures-sink v0.3.30
[INFO] [stderr]    Compiling futures-io v0.3.30
[INFO] [stderr]    Compiling futures-task v0.3.30
[INFO] [stderr]    Compiling serde v1.0.200
[INFO] [stderr]    Compiling hashbrown v0.14.5
[INFO] [stderr]    Compiling equivalent v1.0.1
[INFO] [stderr]    Compiling pkg-config v0.3.30
[INFO] [stderr]    Compiling futures-channel v0.3.30
[INFO] [stderr]    Compiling generic-array v0.14.7
[INFO] [stderr]    Compiling try-lock v0.2.5
[INFO] [stderr]    Compiling tracing-core v0.1.32
[INFO] [stderr]    Compiling want v0.3.1
[INFO] [stderr]    Compiling ryu v1.0.17
[INFO] [stderr]    Compiling openssl v0.10.64
[INFO] [stderr]    Compiling serde_json v1.0.116
[INFO] [stderr]    Compiling bitflags v2.5.0
[INFO] [stderr]    Compiling semver v1.0.23
[INFO] [stderr]    Compiling version_check v0.1.5
[INFO] [stderr]    Compiling slab v0.4.9
[INFO] [stderr]    Compiling num-traits v0.2.19
[INFO] [stderr]    Compiling regex-syntax v0.8.3
[INFO] [stderr]    Compiling http v0.2.12
[INFO] [stderr]    Compiling http v1.1.0
[INFO] [stderr]    Compiling aho-corasick v1.1.3
[INFO] [stderr]    Compiling nom v4.2.3
[INFO] [stderr]    Compiling digest v0.9.0
[INFO] [stderr]    Compiling quote v1.0.36
[INFO] [stderr]    Compiling indexmap v2.2.6
[INFO] [stderr]    Compiling smallvec v1.13.2
[INFO] [stderr]    Compiling iana-time-zone v0.1.60
[INFO] [stderr]    Compiling httpdate v1.0.3
[INFO] [stderr]    Compiling block-buffer v0.9.0
[INFO] [stderr]    Compiling syn v2.0.60
[INFO] [stderr]    Compiling num-bigint v0.2.6
[INFO] [stderr]    Compiling syn v1.0.109
[INFO] [stderr]    Compiling gimli v0.28.1
[INFO] [stderr]    Compiling opaque-debug v0.3.1
[INFO] [stderr]    Compiling adler v1.0.2
[INFO] [stderr]    Compiling subtle v2.4.1
[INFO] [stderr]    Compiling vte_generate_state_changes v0.1.1
[INFO] [stderr]    Compiling rustc_version v0.4.0
[INFO] [stderr]    Compiling crypto-mac v0.11.1
[INFO] [stderr]    Compiling http-body v0.4.6
[INFO] [stderr]    Compiling miniz_oxide v0.7.2
[INFO] [stderr]    Compiling unicode-normalization v0.1.23
[INFO] [stderr]    Compiling http-body v1.0.0
[INFO] [stderr]    Compiling object v0.32.2
[INFO] [stderr]    Compiling zeroize v1.7.0
[INFO] [stderr]    Compiling crc32fast v1.4.0
[INFO] [stderr]    Compiling unicode-bidi v0.3.15
[INFO] [stderr]    Compiling num-integer v0.1.46
[INFO] [stderr]    Compiling num_cpus v1.16.0
[INFO] [stderr]    Compiling socket2 v0.5.7
[INFO] [stderr]    Compiling signal-hook-registry v1.4.2
[INFO] [stderr]    Compiling mio v0.8.11
[INFO] [stderr]    Compiling openssl-sys v0.9.102
[INFO] [stderr]    Compiling backtrace v0.3.71
[INFO] [stderr]    Compiling dirs-sys-next v0.1.2
[INFO] [stderr]    Compiling thiserror v1.0.59
[INFO] [stderr]    Compiling linked-hash-map v0.5.6
[INFO] [stderr]    Compiling dirs-next v2.0.0
[INFO] [stderr]    Compiling shlex v1.3.0
[INFO] [stderr]    Compiling rustc-demangle v0.1.23
[INFO] [stderr]    Compiling cpufeatures v0.2.12
[INFO] [stderr]    Compiling arrayvec v0.5.2
[INFO] [stderr]    Compiling sha2 v0.9.9
[INFO] [stderr]    Compiling yaml-rust v0.4.5
[INFO] [stderr]    Compiling rusticata-macros v1.1.0
[INFO] [stderr]    Compiling idna v0.5.0
[INFO] [stderr]    Compiling regex-automata v0.4.6
[INFO] [stderr]    Compiling vte v0.10.1
[INFO] [stderr]    Compiling native-tls v0.2.11
[INFO] [stderr]    Compiling rusoto_core v0.48.0
[INFO] [stderr]    Compiling http-body-util v0.1.1
[INFO] [stderr]    Compiling hmac v0.11.0
[INFO] [stderr]    Compiling md-5 v0.9.1
[INFO] [stderr]    Compiling anstyle-parse v0.2.4
[INFO] [stderr]    Compiling colorchoice v1.0.1
[INFO] [stderr]    Compiling bit-vec v0.6.3
[INFO] [stderr]    Compiling is_terminal_polyfill v1.70.0
[INFO] [stderr]    Compiling unicode-width v0.1.12
[INFO] [stderr]    Compiling dtoa v0.4.8
[INFO] [stderr]    Compiling regex-syntax v0.6.29
[INFO] [stderr]    Compiling rustls-pki-types v1.7.0
[INFO] [stderr]    Compiling anstyle-query v1.0.3
[INFO] [stderr]    Compiling base64 v0.22.1
[INFO] [stderr]    Compiling byteorder v1.5.0
[INFO] [stderr]    Compiling addr2line v0.21.0
[INFO] [stderr]    Compiling xml-rs v0.8.20
[INFO] [stderr]    Compiling anstyle v1.0.7
[INFO] [stderr]    Compiling anyhow v1.0.82
[INFO] [stderr]    Compiling base64 v0.10.1
[INFO] [stderr]    Compiling rustls-pemfile v2.1.2
[INFO] [stderr]    Compiling anstream v0.6.14
[INFO] [stderr]    Compiling strip-ansi-escapes v0.1.1
[INFO] [stderr]    Compiling der-parser v1.1.1
[INFO] [stderr]    Compiling bit-set v0.5.3
[INFO] [stderr]    Compiling url v2.5.0
[INFO] [stderr]    Compiling terminal_size v0.1.17
[INFO] [stderr]    Compiling time v0.1.45
[INFO] [stderr]    Compiling encoding_rs v0.8.34
[INFO] [stderr]    Compiling overload v0.1.1
[INFO] [stderr]    Compiling heck v0.5.0
[INFO] [stderr]    Compiling sync_wrapper v0.1.2
[INFO] [stderr]    Compiling unsafe-libyaml v0.2.11
[INFO] [stderr]    Compiling strsim v0.11.1
[INFO] [stderr]    Compiling clap_lex v0.7.0
[INFO] [stderr]    Compiling ipnet v2.9.0
[INFO] [stderr]    Compiling nu-ansi-term v0.46.0
[INFO] [stderr]    Compiling clap_builder v4.5.2
[INFO] [stderr]    Compiling x509-parser v0.4.3
[INFO] [stderr]    Compiling subprocess v0.2.9
[INFO] [stderr]    Compiling sharded-slab v0.1.7
[INFO] [stderr]    Compiling tracing-log v0.2.0
[INFO] [stderr]    Compiling thread_local v1.1.8
[INFO] [stderr]    Compiling maplit v1.0.2
[INFO] [stderr]    Compiling histogram v0.6.9
[INFO] [stderr]    Compiling difference v2.0.0
[INFO] [stderr]    Compiling console v0.15.8
[INFO] [stderr]    Compiling regex-automata v0.1.10
[INFO] [stderr]    Compiling error-chain v0.10.0
[INFO] [stderr]    Compiling derive-getters v0.2.1
[INFO] [stderr]    Compiling regex v1.10.4
[INFO] [stderr]    Compiling fancy-regex v0.13.0
[INFO] [stderr]    Compiling matchers v0.1.0
[INFO] [stderr]    Compiling futures-macro v0.3.30
[INFO] [stderr]    Compiling tokio-macros v2.2.0
[INFO] [stderr]    Compiling tracing-attributes v0.1.27
[INFO] [stderr]    Compiling serde_derive v1.0.200
[INFO] [stderr]    Compiling openssl-macros v0.1.1
[INFO] [stderr]    Compiling pin-project-internal v1.1.5
[INFO] [stderr]    Compiling async-trait v0.1.80
[INFO] [stderr]    Compiling thiserror-impl v1.0.59
[INFO] [stderr]    Compiling console v0.14.1
[INFO] [stderr]    Compiling clap_derive v4.5.4
[INFO] [stderr]    Compiling futures-util v0.3.30
[INFO] [stderr]    Compiling tokio v1.37.0
[INFO] [stderr]    Compiling pin-project v1.1.5
[INFO] [stderr]    Compiling tracing v0.1.40
[INFO] [stderr]    Compiling tracing-subscriber v0.3.18
[INFO] [stderr]    Compiling clap v4.5.4
[INFO] [stderr]    Compiling futures-executor v0.3.30
[INFO] [stderr]    Compiling futures v0.3.30
[INFO] [stderr]    Compiling tokio-util v0.7.11
[INFO] [stderr]    Compiling tokio-native-tls v0.3.1
[INFO] [stderr]    Compiling tower v0.4.13
[INFO] [stderr]    Compiling chrono v0.4.38
[INFO] [stderr]    Compiling serde_urlencoded v0.7.1
[INFO] [stderr]    Compiling serde_yaml v0.7.5
[INFO] [stderr]    Compiling serde_yaml v0.9.34+deprecated
[INFO] [stderr]    Compiling serde_variant v0.1.3
[INFO] [stderr]    Compiling h2 v0.3.26
[INFO] [stderr]    Compiling h2 v0.4.4
[INFO] [stderr]    Compiling openapi v0.1.5
[INFO] [stderr]    Compiling junit-report v0.6.0
[INFO] [stderr]    Compiling hyper v0.14.28
[INFO] [stderr]    Compiling hyper v1.3.1
[INFO] [stderr]    Compiling hyper-util v0.1.3
[INFO] [stderr]    Compiling hyper-tls v0.6.0
[INFO] [stderr]    Compiling reqwest v0.12.4
[INFO] [stderr]    Compiling rusoto_credential v0.48.0
[INFO] [stderr]    Compiling hyper-tls v0.5.0
[INFO] [stderr]    Compiling rusoto_signature v0.48.0
[INFO] [stderr]    Compiling service_policy_kit v0.7.1
[INFO] [stderr]    Compiling keyscope v1.4.0 (/opt/rustwide/workdir)
[INFO] [stderr]     Finished `dev` profile [unoptimized + debuginfo] target(s) in 39.19s
[INFO] [stderr] warning: the following packages contain code that will be rejected by a future version of Rust: nom v4.2.3
[INFO] [stderr] note: to see what the problems were, use the option `--future-incompat-report`, or run `cargo report future-incompatibilities --id 2`
[INFO] running `Command { std: "docker" "inspect" "539cdfa13855a9131f7843c3ee6e2cd7c30ebbc79480e6d724c6860591edd488", kill_on_drop: false }`
[INFO] running `Command { std: "docker" "rm" "-f" "539cdfa13855a9131f7843c3ee6e2cd7c30ebbc79480e6d724c6860591edd488", kill_on_drop: false }`
[INFO] [stdout] 539cdfa13855a9131f7843c3ee6e2cd7c30ebbc79480e6d724c6860591edd488
[INFO] running `Command { std: "docker" "create" "-v" "/var/lib/crater-agent-workspace/builds/worker-4-tc2/target:/opt/rustwide/target:rw,Z" "-v" "/var/lib/crater-agent-workspace/builds/worker-4-tc2/source:/opt/rustwide/workdir:ro,Z" "-v" "/var/lib/crater-agent-workspace/cargo-home:/opt/rustwide/cargo-home:ro,Z" "-v" "/var/lib/crater-agent-workspace/rustup-home:/opt/rustwide/rustup-home:ro,Z" "-e" "SOURCE_DIR=/opt/rustwide/workdir" "-e" "CARGO_TARGET_DIR=/opt/rustwide/target" "-e" "CARGO_INCREMENTAL=0" "-e" "RUST_BACKTRACE=full" "-e" "RUSTFLAGS=--cap-lints=forbid -Zrandomize-layout" "-e" "RUSTDOCFLAGS=--cap-lints=forbid" "-e" "CARGO_HOME=/opt/rustwide/cargo-home" "-e" "RUSTUP_HOME=/opt/rustwide/rustup-home" "-w" "/opt/rustwide/workdir" "-m" "1610612736" "--user" "0:0" "--network" "none" "ghcr.io/rust-lang/crates-build-env/linux@sha256:4a844ea9eb2546a2d2c7022eacef16ef2e8229c7fbb2c7d4d55a9ceca922f72d" "/opt/rustwide/cargo-home/bin/cargo" "+nightly-2024-10-28" "test" "--frozen" "--no-run" "--message-format=json", kill_on_drop: false }`
[INFO] [stdout] 0fed231a2103d7c8c11e202bae55525e018765d6c904e5b7d5ba64cb58ca8325
[INFO] running `Command { std: "docker" "start" "-a" "0fed231a2103d7c8c11e202bae55525e018765d6c904e5b7d5ba64cb58ca8325", kill_on_drop: false }`
[INFO] [stderr]    Compiling crossbeam-utils v0.8.19
[INFO] [stderr]    Compiling rustix v0.38.34
[INFO] [stderr]    Compiling rayon-core v1.12.1
[INFO] [stderr]    Compiling linux-raw-sys v0.4.13
[INFO] [stderr]    Compiling fastrand v2.1.0
[INFO] [stderr]    Compiling snapbox-macros v0.3.8
[INFO] [stderr]    Compiling serde_spanned v0.6.5
[INFO] [stderr]    Compiling toml_datetime v0.6.5
[INFO] [stderr]    Compiling os_pipe v1.1.5
[INFO] [stderr]    Compiling wait-timeout v0.2.0
[INFO] [stderr]    Compiling filetime v0.2.23
[INFO] [stderr]    Compiling content_inspector v0.2.4
[INFO] [stderr]    Compiling winnow v0.6.8
[INFO] [stderr]    Compiling similar v2.5.0
[INFO] [stderr]    Compiling dunce v1.0.4
[INFO] [stderr]    Compiling normalize-line-endings v0.3.0
[INFO] [stderr]    Compiling humantime v2.1.0
[INFO] [stderr]    Compiling either v1.11.0
[INFO] [stderr]    Compiling glob v0.3.1
[INFO] [stderr]    Compiling humantime-serde v1.1.1
[INFO] [stderr]    Compiling crossbeam-epoch v0.9.18
[INFO] [stderr]    Compiling crossbeam-deque v0.8.5
[INFO] [stderr]    Compiling rayon v1.10.0
[INFO] [stderr]    Compiling toml_edit v0.22.12
[INFO] [stderr]    Compiling tempfile v3.10.1
[INFO] [stderr]    Compiling snapbox v0.5.9
[INFO] [stderr]    Compiling trycmd v0.15.1
[INFO] [stderr]    Compiling keyscope v1.4.0 (/opt/rustwide/workdir)
[INFO] [stderr]     Finished `test` profile [unoptimized + debuginfo] target(s) in 9.14s
[INFO] [stderr] warning: the following packages contain code that will be rejected by a future version of Rust: nom v4.2.3
[INFO] [stderr] note: to see what the problems were, use the option `--future-incompat-report`, or run `cargo report future-incompatibilities --id 2`
[INFO] running `Command { std: "docker" "inspect" "0fed231a2103d7c8c11e202bae55525e018765d6c904e5b7d5ba64cb58ca8325", kill_on_drop: false }`
[INFO] running `Command { std: "docker" "rm" "-f" "0fed231a2103d7c8c11e202bae55525e018765d6c904e5b7d5ba64cb58ca8325", kill_on_drop: false }`
[INFO] [stdout] 0fed231a2103d7c8c11e202bae55525e018765d6c904e5b7d5ba64cb58ca8325
[INFO] running `Command { std: "docker" "create" "-v" "/var/lib/crater-agent-workspace/builds/worker-4-tc2/target:/opt/rustwide/target:rw,Z" "-v" "/var/lib/crater-agent-workspace/builds/worker-4-tc2/source:/opt/rustwide/workdir:ro,Z" "-v" "/var/lib/crater-agent-workspace/cargo-home:/opt/rustwide/cargo-home:ro,Z" "-v" "/var/lib/crater-agent-workspace/rustup-home:/opt/rustwide/rustup-home:ro,Z" "-e" "SOURCE_DIR=/opt/rustwide/workdir" "-e" "CARGO_TARGET_DIR=/opt/rustwide/target" "-e" "CARGO_INCREMENTAL=0" "-e" "RUST_BACKTRACE=full" "-e" "RUSTFLAGS=--cap-lints=forbid -Zrandomize-layout" "-e" "RUSTDOCFLAGS=--cap-lints=forbid" "-e" "CARGO_HOME=/opt/rustwide/cargo-home" "-e" "RUSTUP_HOME=/opt/rustwide/rustup-home" "-w" "/opt/rustwide/workdir" "-m" "1610612736" "--user" "0:0" "--network" "none" "ghcr.io/rust-lang/crates-build-env/linux@sha256:4a844ea9eb2546a2d2c7022eacef16ef2e8229c7fbb2c7d4d55a9ceca922f72d" "/opt/rustwide/cargo-home/bin/cargo" "+nightly-2024-10-28" "test" "--frozen", kill_on_drop: false }`
[INFO] [stdout] d2d242825553d921455fe07ebfdf745466b6c93ea4841a61886cb850815ee061
[INFO] running `Command { std: "docker" "start" "-a" "d2d242825553d921455fe07ebfdf745466b6c93ea4841a61886cb850815ee061", kill_on_drop: false }`
[INFO] [stderr]     Finished `test` profile [unoptimized + debuginfo] target(s) in 0.26s
[INFO] [stderr] warning: the following packages contain code that will be rejected by a future version of Rust: nom v4.2.3
[INFO] [stderr] note: to see what the problems were, use the option `--future-incompat-report`, or run `cargo report future-incompatibilities --id 2`
[INFO] [stderr]      Running unittests src/lib.rs (/opt/rustwide/target/debug/deps/keyscope-32523254928384a2)
[INFO] [stdout] 
[INFO] [stdout] running 0 tests
[INFO] [stdout] 
[INFO] [stdout] test result: ok. 0 passed; 0 failed; 0 ignored; 0 measured; 0 filtered out; finished in 0.00s
[INFO] [stdout] 
[INFO] [stderr]      Running unittests src/bin/keyscope.rs (/opt/rustwide/target/debug/deps/keyscope-224a0cf3b9150843)
[INFO] [stdout] 
[INFO] [stdout] running 0 tests
[INFO] [stdout] 
[INFO] [stdout] test result: ok. 0 passed; 0 failed; 0 ignored; 0 measured; 0 filtered out; finished in 0.00s
[INFO] [stdout] 
[INFO] [stderr]      Running tests/cli_tests.rs (/opt/rustwide/target/debug/deps/cli_tests-2873a996a2deb282)
[INFO] [stdout] 
[INFO] [stdout] running 1 test
[INFO] [stderr] [2mTesting[0m tests/cmd/main.trycmd:2 ... [32mok[0m
[INFO] [stderr] [2mTesting[0m tests/cmd/main.trycmd:24 ... [32mok[0m
[INFO] [stderr] [2mTesting[0m tests/cmd/providers.trycmd:2 ... [32mok[0m
[INFO] [stderr] [2mTesting[0m tests/cmd/providers.trycmd:17 ... [32mok[0m
[INFO] [stderr] [2mTesting[0m tests/cmd/external-config.trycmd:2 ... [32mok[0m
[INFO] [stderr] [2mTesting[0m tests/cmd/external-config.trycmd:14 ... [32mok[0m
[INFO] [stderr] [2mTesting[0m tests/cmd/external-config.trycmd:21 ... [32mok[0m
[INFO] [stderr] [2mTesting[0m tests/cmd/external-config.trycmd:33 ... [32mok[0m
[INFO] [stderr] [2mTesting[0m tests/cmd/requirements.trycmd:2 ... [32mok[0m
[INFO] [stderr] [2mTesting[0m tests/cmd/requirements.trycmd:20 ... [32mok[0m
[INFO] [stderr] [2mTesting[0m tests/cmd/requirements.trycmd:32 ... [32mok[0m
[INFO] [stderr] [2mTesting[0m tests/cmd/requirements.trycmd:39 ... [32mok[0m
[INFO] [stderr] [2mTesting[0m tests/cmd/validate.trycmd:2 ... [32mok[0m
[INFO] [stderr] [2mTesting[0m tests/cmd/validate.trycmd:50 ... [32mok[0m
[INFO] [stderr] [2mTesting[0m tests/cmd/validate.trycmd:57 ... [32mok[0m
[INFO] [stderr] [2mTesting[0m tests/cmd/validate.trycmd:64 ... [32mok[0m
[INFO] [stderr] [2mTesting[0m tests/cmd/validate.trycmd:71 ... [31mfailed[0m
[INFO] [stderr] Exit: [31m1[0m
[INFO] [stderr] 
[INFO] [stderr] [31m---- expected: stdout[0m
[INFO] [stderr] [32m++++ actual:   stdout[0m
[INFO] [stderr] [2m   1[0m [2m   1[0m [2m|[0m [2m• github:validation: started
[INFO] [stderr] [0m[2m   2[0m      [31m-[0m [31m✗ github:validation: failed [..]
[INFO] [stderr] [0m     [2m   2[0m [32m+[0m [32m✗ github:validation: error 59ms
[INFO] [stderr] [0m     [2m   3[0m [32m+[0m [32m└─ error: error sending request for url (https://api.github.com/user)
[INFO] [stderr] [0m[2m   3[0m [2m   4[0m [2m|[0m [2m
[INFO] [stderr] [0m[2m   4[0m [2m   5[0m [2m|[0m [2mRan 1 interactions with 1 checks in [..]
[INFO] [stderr] [0mstderr:
[INFO] [stderr] [32m[0m
[INFO] [stderr] [2mTesting[0m tests/cmd/validate.trycmd:81 ... [32mok[0m
[INFO] [stderr] [2mTesting[0m tests/cmd/validate.trycmd:90 ... [32mok[0m
[INFO] [stderr] [2mTesting[0m tests/cmd/reporter.trycmd:2 ... [32mok[0m
[INFO] [stderr] [2mTesting[0m tests/cmd/reporter.trycmd:13 ... [32mok[0m
[INFO] [stderr] [2mTesting[0m tests/cmd/reporter.trycmd:20 ... [31mfailed[0m
[INFO] [stderr] Expected [32m1[0m, was [31m101[0m
[INFO] [stderr] 
[INFO] [stderr] [31m---- expected: stdout[0m
[INFO] [stderr] [32m++++ actual:   stdout[0m
[INFO] [stderr] [2m   1[0m      [31m-[0m [31mwrote: junit-out/junit.xml
[INFO] [stderr] [0m     [2m   1[0m [32m+[0m [32mthread 'main' panicked at /opt/rustwide/cargo-home/registry/src/index.crates.io-6f17d22bba15001f/service_policy_kit-0.7.1/src/reporters/junit_output.rs:46:34:
[INFO] [stderr] [0m     [2m   2[0m [32m+[0m [32mcalled `Result::unwrap()` on an `Err` value: Os { code: 30, kind: ReadOnlyFilesystem, message: "Read-only file system" }
[INFO] [stderr] [0m     [2m   3[0m [32m+[0m [32mstack backtrace:
[INFO] [stderr] [0m     [2m   4[0m [32m+[0m [32m   0:     0x5c4668fa846a - std::backtrace_rs::backtrace::libunwind::trace::h207520d6e9873551
[INFO] [stderr] [0m     [2m   5[0m [32m+[0m [32m                               at /rustc/df4ca44d3fbc9301ee17f30f4d474e6ae4b05252/library/std/src/../../backtrace/src/backtrace/libunwind.rs:116:5
[INFO] [stderr] [0m     [2m   6[0m [32m+[0m [32m   1:     0x5c4668fa846a - std::backtrace_rs::backtrace::trace_unsynchronized::h2ed7433f370e3eca
[INFO] [stderr] [0m     [2m   7[0m [32m+[0m [32m                               at /rustc/df4ca44d3fbc9301ee17f30f4d474e6ae4b05252/library/std/src/../../backtrace/src/backtrace/mod.rs:66:5
[INFO] [stderr] [0m     [2m   8[0m [32m+[0m [32m   2:     0x5c4668fa846a - std::sys::backtrace::_print_fmt::h916fac51166b18d7
[INFO] [stderr] [0m     [2m   9[0m [32m+[0m [32m                               at /rustc/df4ca44d3fbc9301ee17f30f4d474e6ae4b05252/library/std/src/sys/backtrace.rs:66:9
[INFO] [stderr] [0m     [2m  10[0m [32m+[0m [32m   3:     0x5c4668fa846a - <std::sys::backtrace::BacktraceLock::print::DisplayBacktrace as core::fmt::Display>::fmt::ha0a4c9b8ce3802e6
[INFO] [stderr] [0m     [2m  11[0m [32m+[0m [32m                               at /rustc/df4ca44d3fbc9301ee17f30f4d474e6ae4b05252/library/std/src/sys/backtrace.rs:39:26
[INFO] [stderr] [0m     [2m  12[0m [32m+[0m [32m   4:     0x5c4668fd08d3 - core::fmt::rt::Argument::fmt::h4cfc8587d52b3eb5
[INFO] [stderr] [0m     [2m  13[0m [32m+[0m [32m                               at /rustc/df4ca44d3fbc9301ee17f30f4d474e6ae4b05252/library/core/src/fmt/rt.rs:177:76
[INFO] [stderr] [0m     [2m  14[0m [32m+[0m [32m   5:     0x5c4668fd08d3 - core::fmt::write::h522cc39e5b36ae9f
[INFO] [stderr] [0m     [2m  15[0m [32m+[0m [32m                               at /rustc/df4ca44d3fbc9301ee17f30f4d474e6ae4b05252/library/core/src/fmt/mod.rs:1190:21
[INFO] [stderr] [0m     [2m  16[0m [32m+[0m [32m   6:     0x5c4668fa48b3 - std::io::Write::write_fmt::hf1c1dcc8cc1287f0
[INFO] [stderr] [0m     [2m  17[0m [32m+[0m [32m                               at /rustc/df4ca44d3fbc9301ee17f30f4d474e6ae4b05252/library/std/src/io/mod.rs:1839:15
[INFO] [stderr] [0m     [2m  18[0m [32m+[0m [32m   7:     0x5c4668fa82b2 - std::sys::backtrace::BacktraceLock::print::h4b9e00b29e9c0942
[INFO] [stderr] [0m     [2m  19[0m [32m+[0m [32m                               at /rustc/df4ca44d3fbc9301ee17f30f4d474e6ae4b05252/library/std/src/sys/backtrace.rs:42:9
[INFO] [stderr] [0m     [2m  20[0m [32m+[0m [32m   8:     0x5c4668fa927c - std::panicking::default_hook::{{closure}}::hb59b88280d0324d9
[INFO] [stderr] [0m     [2m  21[0m [32m+[0m [32m                               at /rustc/df4ca44d3fbc9301ee17f30f4d474e6ae4b05252/library/std/src/panicking.rs:268:22
[INFO] [stderr] [0m     [2m  22[0m [32m+[0m [32m   9:     0x5c4668fa90c2 - std::panicking::default_hook::he1dd496665be4a29
[INFO] [stderr] [0m     [2m  23[0m [32m+[0m [32m                               at /rustc/df4ca44d3fbc9301ee17f30f4d474e6ae4b05252/library/std/src/panicking.rs:295:9
[INFO] [stderr] [0m     [2m  24[0m [32m+[0m [32m  10:     0x5c4668fa98b7 - std::panicking::rust_panic_with_hook::h2ff17fe8f26dfcf8
[INFO] [stderr] [0m     [2m  25[0m [32m+[0m [32m                               at /rustc/df4ca44d3fbc9301ee17f30f4d474e6ae4b05252/library/std/src/panicking.rs:801:13
[INFO] [stderr] [0m     [2m  26[0m [32m+[0m [32m  11:     0x5c4668fa974a - std::panicking::begin_panic_handler::{{closure}}::h4fad77951c07e101
[INFO] [stderr] [0m     [2m  27[0m [32m+[0m [32m                               at /rustc/df4ca44d3fbc9301ee17f30f4d474e6ae4b05252/library/std/src/panicking.rs:674:13
[INFO] [stderr] [0m     [2m  28[0m [32m+[0m [32m  12:     0x5c4668fa8949 - std::sys::backtrace::__rust_end_short_backtrace::hb1a25b3da5d0ea08
[INFO] [stderr] [0m     [2m  29[0m [32m+[0m [32m                               at /rustc/df4ca44d3fbc9301ee17f30f4d474e6ae4b05252/library/std/src/sys/backtrace.rs:170:18
[INFO] [stderr] [0m     [2m  30[0m [32m+[0m [32m  13:     0x5c4668fa93dc - rust_begin_unwind
[INFO] [stderr] [0m     [2m  31[0m [32m+[0m [32m                               at /rustc/df4ca44d3fbc9301ee17f30f4d474e6ae4b05252/library/std/src/panicking.rs:665:5
[INFO] [stderr] [0m     [2m  32[0m [32m+[0m [32m  14:     0x5c4668fce210 - core::panicking::panic_fmt::ha9db07b529f9b256
[INFO] [stderr] [0m     [2m  33[0m [32m+[0m [32m                               at /rustc/df4ca44d3fbc9301ee17f30f4d474e6ae4b05252/library/core/src/panicking.rs:75:14
[INFO] [stderr] [0m     [2m  34[0m [32m+[0m [32m  15:     0x5c4668fce6f6 - core::result::unwrap_failed::h5e8218e4d4338b8a
[INFO] [stderr] [0m     [2m  35[0m [32m+[0m [32m                               at /rustc/df4ca44d3fbc9301ee17f30f4d474e6ae4b05252/library/core/src/result.rs:1698:5
[INFO] [stderr] [0m     [2m  36[0m [32m+[0m [32m  16:     0x5c466857b097 - core::result::Result<T,E>::unwrap::he05209ebc2af8064
[INFO] [stderr] [0m     [2m  37[0m [32m+[0m [32m                               at /rustc/df4ca44d3fbc9301ee17f30f4d474e6ae4b05252/library/core/src/result.rs:1103:23
[INFO] [stderr] [0m     [2m  38[0m [32m+[0m [32m  17:     0x5c466857b097 - <service_policy_kit::reporters::junit_output::JUnitOutput as service_policy_kit::data::ReporterOutput>::end::h22de33d3ef424c51
[INFO] [stderr] [0m     [2m  39[0m [32m+[0m [32m                               at /opt/rustwide/cargo-home/registry/src/index.crates.io-6f17d22bba15001f/service_policy_kit-0.7.1/src/reporters/junit_output.rs:46:13
[INFO] [stderr] [0m     [2m  40[0m [32m+[0m [32m  18:     0x5c466851a870 - service_policy_kit::reporters::reporter::Reporter::end::{{closure}}::hb07dfdf3afd3650d
[INFO] [stderr] [0m     [2m  41[0m [32m+[0m [32m                               at /opt/rustwide/cargo-home/registry/src/index.crates.io-6f17d22bba15001f/service_policy_kit-0.7.1/src/reporters/reporter.rs:40:27
[INFO] [stderr] [0m     [2m  42[0m [32m+[0m [32m  19:     0x5c4668510b9d - <core::slice::iter::IterMut<T> as core::iter::traits::iterator::Iterator>::for_each::hd84db40a389d3eea
[INFO] [stderr] [0m     [2m  43[0m [32m+[0m [32m                               at /rustc/df4ca44d3fbc9301ee17f30f4d474e6ae4b05252/library/core/src/slice/iter/macros.rs:254:21
[INFO] [stderr] [0m     [2m  44[0m [32m+[0m [32m  20:     0x5c466851a832 - service_policy_kit::reporters::reporter::Reporter::end::h1c9420544db9a62b
[INFO] [stderr] [0m     [2m  45[0m [32m+[0m [32m                               at /opt/rustwide/cargo-home/registry/src/index.crates.io-6f17d22bba15001f/service_policy_kit-0.7.1/src/reporters/reporter.rs:38:9
[INFO] [stderr] [0m     [2m  46[0m [32m+[0m [32m  21:     0x5c4668544fcd - service_policy_kit::runner::SequenceRunner::run::ha8ad3ddecffc8af8
[INFO] [stderr] [0m     [2m  47[0m [32m+[0m [32m                               at /opt/rustwide/cargo-home/registry/src/index.crates.io-6f17d22bba15001f/service_policy_kit-0.7.1/src/runner.rs:88:9
[INFO] [stderr] [0m     [2m  48[0m [32m+[0m [32m  22:     0x5c466837370a - keyscope::providers::Provider::key_validate_with_opts::h8ba398a17baa83fa
[INFO] [stderr] [0m     [2m  49[0m [32m+[0m [32m                               at [CWD]/src/providers.rs:113:12
[INFO] [stderr] [0m     [2m  50[0m [32m+[0m [32m  23:     0x5c466834fbb6 - keyscope::cli::cmd::run::hc636f80ac6062706
[INFO] [stderr] [0m     [2m  51[0m [32m+[0m [32m                               at [CWD]/src/bin/cli/cmd.rs:105:23
[INFO] [stderr] [0m     [2m  52[0m [32m+[0m [32m  24:     0x5c4668353136 - keyscope::main::hdd45f781f5c01817
[INFO] [stderr] [0m     [2m  53[0m [32m+[0m [32m                               at [CWD]/src/bin/keyscope.rs:36:11
[INFO] [stderr] [0m     [2m  54[0m [32m+[0m [32m  25:     0x5c466836f30b - core::ops::function::FnOnce::call_once::hf00cf22b0fee7c5a
[INFO] [stderr] [0m     [2m  55[0m [32m+[0m [32m                               at /rustc/df4ca44d3fbc9301ee17f30f4d474e6ae4b05252/library/core/src/ops/function.rs:250:5
[INFO] [stderr] [0m     [2m  56[0m [32m+[0m [32m  26:     0x5c466836f02e - std::sys::backtrace::__rust_begin_short_backtrace::h227b1c8b5440a76a
[INFO] [stderr] [0m     [2m  57[0m [32m+[0m [32m                               at /rustc/df4ca44d3fbc9301ee17f30f4d474e6ae4b05252/library/std/src/sys/backtrace.rs:154:18
[INFO] [stderr] [0m     [2m  58[0m [32m+[0m [32m  27:     0x5c466836b931 - std::rt::lang_start::{{closure}}::h47e06d4be55a1a23
[INFO] [stderr] [0m     [2m  59[0m [32m+[0m [32m                               at /rustc/df4ca44d3fbc9301ee17f30f4d474e6ae4b05252/library/std/src/rt.rs:195:18
[INFO] [stderr] [0m     [2m  60[0m [32m+[0m [32m  28:     0x5c4668f9dfe7 - core::ops::function::impls::<impl core::ops::function::FnOnce<A> for &F>::call_once::hd87d66b906e0ccaf
[INFO] [stderr] [0m     [2m  61[0m [32m+[0m [32m                               at /rustc/df4ca44d3fbc9301ee17f30f4d474e6ae4b05252/library/core/src/ops/function.rs:284:13
[INFO] [stderr] [0m     [2m  62[0m [32m+[0m [32m  29:     0x5c4668f9dfe7 - std::panicking::try::do_call::hae3703de71fc9e3a
[INFO] [stderr] [0m     [2m  63[0m [32m+[0m [32m                               at /rustc/df4ca44d3fbc9301ee17f30f4d474e6ae4b05252/library/std/src/panicking.rs:557:40
[INFO] [stderr] [0m     [2m  64[0m [32m+[0m [32m  30:     0x5c4668f9dfe7 - std::panicking::try::h1178330e9a2b2645
[INFO] [stderr] [0m     [2m  65[0m [32m+[0m [32m                               at /rustc/df4ca44d3fbc9301ee17f30f4d474e6ae4b05252/library/std/src/panicking.rs:520:19
[INFO] [stderr] [0m     [2m  66[0m [32m+[0m [32m  31:     0x5c4668f9dfe7 - std::panic::catch_unwind::h0acf49d2305d32ad
[INFO] [stderr] [0m     [2m  67[0m [32m+[0m [32m                               at /rustc/df4ca44d3fbc9301ee17f30f4d474e6ae4b05252/library/std/src/panic.rs:358:14
[INFO] [stderr] [0m     [2m  68[0m [32m+[0m [32m  32:     0x5c4668f9dfe7 - std::rt::lang_start_internal::{{closure}}::h2d95182d798177be
[INFO] [stderr] [0m     [2m  69[0m [32m+[0m [32m                               at /rustc/df4ca44d3fbc9301ee17f30f4d474e6ae4b05252/library/std/src/rt.rs:174:48
[INFO] [stderr] [0m     [2m  70[0m [32m+[0m [32m  33:     0x5c4668f9dfe7 - std::panicking::try::do_call::hb506f5bfe11fd30c
[INFO] [stderr] [0m     [2m  71[0m [32m+[0m [32m                               at /rustc/df4ca44d3fbc9301ee17f30f4d474e6ae4b05252/library/std/src/panicking.rs:557:40
[INFO] [stderr] [0m     [2m  72[0m [32m+[0m [32m  34:     0x5c4668f9dfe7 - std::panicking::try::h54d825c46bd0fa95
[INFO] [stderr] [0m     [2m  73[0m [32m+[0m [32m                               at /rustc/df4ca44d3fbc9301ee17f30f4d474e6ae4b05252/library/std/src/panicking.rs:520:19
[INFO] [stderr] [0m     [2m  74[0m [32m+[0m [32m  35:     0x5c4668f9dfe7 - std::panic::catch_unwind::hffbb0ad20c4e9fac
[INFO] [stderr] [0m     [2m  75[0m [32m+[0m [32m                               at /rustc/df4ca44d3fbc9301ee17f30f4d474e6ae4b05252/library/std/src/panic.rs:358:14
[INFO] [stderr] [0m     [2m  76[0m [32m+[0m [32m  36:     0x5c4668f9dfe7 - std::rt::lang_start_internal::h52c291ef1962c925
[INFO] [stderr] [0m     [2m  77[0m [32m+[0m [32m                               at /rustc/df4ca44d3fbc9301ee17f30f4d474e6ae4b05252/library/std/src/rt.rs:174:20
[INFO] [stderr] [0m     [2m  78[0m [32m+[0m [32m  37:     0x5c466836b90a - std::rt::lang_start::hb5a4c34f05d98369
[INFO] [stderr] [0m     [2m  79[0m [32m+[0m [32m                               at /rustc/df4ca44d3fbc9301ee17f30f4d474e6ae4b05252/library/std/src/rt.rs:194:17
[INFO] [stderr] [0m     [2m  80[0m [32m+[0m [32m  38:     0x5c4668357ade - main
[INFO] [stderr] [0m     [2m  81[0m [32m+[0m [32m  39:     0x7a1334be9d90 - <unknown>
[INFO] [stderr] [0m     [2m  82[0m [32m+[0m [32m  40:     0x7a1334be9e40 - __libc_start_main
[INFO] [stderr] [0m     [2m  83[0m [32m+[0m [32m  41:     0x5c4668349545 - _start
[INFO] [stderr] [0m     [2m  84[0m [32m+[0m [32m  42:                0x0 - <unknown>
[INFO] [stderr] [0mstderr:
[INFO] [stderr] [32m[0m
[INFO] [stderr] [2mTesting[0m tests/cmd/reporter.trycmd:27 ... [32mok[0m
[INFO] [stderr] [2mUpdate snapshots with `TRYCMD=overwrite`[0m
[INFO] [stderr] [2mDebug output with `TRYCMD=dump`[0m
[INFO] [stdout] test cli_tests ... FAILED
[INFO] [stdout] 
[INFO] [stdout] failures:
[INFO] [stdout] 
[INFO] [stdout] ---- cli_tests stdout ----
[INFO] [stdout] thread 'cli_tests' panicked at /opt/rustwide/cargo-home/registry/src/index.crates.io-6f17d22bba15001f/trycmd-0.15.1/src/runner.rs:104:17:
[INFO] [stdout] 2 of 6 tests failed
[INFO] [stdout] stack backtrace:
[INFO] [stdout]    0:     0x57208606654a - std::backtrace_rs::backtrace::libunwind::trace::h207520d6e9873551
[INFO] [stdout]                                at /rustc/df4ca44d3fbc9301ee17f30f4d474e6ae4b05252/library/std/src/../../backtrace/src/backtrace/libunwind.rs:116:5
[INFO] [stdout]    1:     0x57208606654a - std::backtrace_rs::backtrace::trace_unsynchronized::h2ed7433f370e3eca
[INFO] [stdout]                                at /rustc/df4ca44d3fbc9301ee17f30f4d474e6ae4b05252/library/std/src/../../backtrace/src/backtrace/mod.rs:66:5
[INFO] [stdout]    2:     0x57208606654a - std::sys::backtrace::_print_fmt::h916fac51166b18d7
[INFO] [stdout]                                at /rustc/df4ca44d3fbc9301ee17f30f4d474e6ae4b05252/library/std/src/sys/backtrace.rs:66:9
[INFO] [stdout]    3:     0x57208606654a - <std::sys::backtrace::BacktraceLock::print::DisplayBacktrace as core::fmt::Display>::fmt::ha0a4c9b8ce3802e6
[INFO] [stdout]                                at /rustc/df4ca44d3fbc9301ee17f30f4d474e6ae4b05252/library/std/src/sys/backtrace.rs:39:26
[INFO] [stdout]    4:     0x5720860907d3 - core::fmt::rt::Argument::fmt::h4cfc8587d52b3eb5
[INFO] [stdout]                                at /rustc/df4ca44d3fbc9301ee17f30f4d474e6ae4b05252/library/core/src/fmt/rt.rs:177:76
[INFO] [stdout]    5:     0x5720860907d3 - core::fmt::write::h522cc39e5b36ae9f
[INFO] [stdout]                                at /rustc/df4ca44d3fbc9301ee17f30f4d474e6ae4b05252/library/core/src/fmt/mod.rs:1190:21
[INFO] [stdout]    6:     0x572086061fd3 - std::io::Write::write_fmt::h7d3c26752da97734
[INFO] [stdout]                                at /rustc/df4ca44d3fbc9301ee17f30f4d474e6ae4b05252/library/std/src/io/mod.rs:1839:15
[INFO] [stdout]    7:     0x572086066392 - std::sys::backtrace::BacktraceLock::print::h4b9e00b29e9c0942
[INFO] [stdout]                                at /rustc/df4ca44d3fbc9301ee17f30f4d474e6ae4b05252/library/std/src/sys/backtrace.rs:42:9
[INFO] [stdout]    8:     0x572086067fda - std::panicking::default_hook::{{closure}}::hb59b88280d0324d9
[INFO] [stdout]                                at /rustc/df4ca44d3fbc9301ee17f30f4d474e6ae4b05252/library/std/src/panicking.rs:268:22
[INFO] [stdout]    9:     0x572086067de4 - std::panicking::default_hook::he1dd496665be4a29
[INFO] [stdout]                                at /rustc/df4ca44d3fbc9301ee17f30f4d474e6ae4b05252/library/std/src/panicking.rs:292:9
[INFO] [stdout]   10:     0x57208602e179 - <alloc::boxed::Box<F,A> as core::ops::function::Fn<Args>>::call::h4ff71de18744e1dc
[INFO] [stdout]                                at /rustc/df4ca44d3fbc9301ee17f30f4d474e6ae4b05252/library/alloc/src/boxed.rs:2468:9
[INFO] [stdout]   11:     0x57208602e179 - test::test_main::{{closure}}::hcf7c055ce117aa81
[INFO] [stdout]                                at /rustc/df4ca44d3fbc9301ee17f30f4d474e6ae4b05252/library/test/src/lib.rs:133:21
[INFO] [stdout]   12:     0x5720860686d8 - <alloc::boxed::Box<F,A> as core::ops::function::Fn<Args>>::call::h1d66c6bbd60c9692
[INFO] [stdout]                                at /rustc/df4ca44d3fbc9301ee17f30f4d474e6ae4b05252/library/alloc/src/boxed.rs:2468:9
[INFO] [stdout]   13:     0x5720860686d8 - std::panicking::rust_panic_with_hook::h2ff17fe8f26dfcf8
[INFO] [stdout]                                at /rustc/df4ca44d3fbc9301ee17f30f4d474e6ae4b05252/library/std/src/panicking.rs:809:13
[INFO] [stdout]   14:     0x57208606849a - std::panicking::begin_panic_handler::{{closure}}::h4fad77951c07e101
[INFO] [stdout]                                at /rustc/df4ca44d3fbc9301ee17f30f4d474e6ae4b05252/library/std/src/panicking.rs:674:13
[INFO] [stdout]   15:     0x572086066a29 - std::sys::backtrace::__rust_end_short_backtrace::hb1a25b3da5d0ea08
[INFO] [stdout]                                at /rustc/df4ca44d3fbc9301ee17f30f4d474e6ae4b05252/library/std/src/sys/backtrace.rs:170:18
[INFO] [stdout]   16:     0x57208606812c - rust_begin_unwind
[INFO] [stdout]                                at /rustc/df4ca44d3fbc9301ee17f30f4d474e6ae4b05252/library/std/src/panicking.rs:665:5
[INFO] [stdout]   17:     0x57208608f1d0 - core::panicking::panic_fmt::ha9db07b529f9b256
[INFO] [stdout]                                at /rustc/df4ca44d3fbc9301ee17f30f4d474e6ae4b05252/library/core/src/panicking.rs:75:14
[INFO] [stdout]   18:     0x572085d53bd1 - trycmd::runner::Runner::run::h19d3b461bd1d6eb7
[INFO] [stdout]                                at /opt/rustwide/cargo-home/registry/src/index.crates.io-6f17d22bba15001f/trycmd-0.15.1/src/runner.rs:104:17
[INFO] [stdout]   19:     0x572085d71bc3 - trycmd::cases::TestCases::run::h47522e58981bee16
[INFO] [stdout]                                at /opt/rustwide/cargo-home/registry/src/index.crates.io-6f17d22bba15001f/trycmd-0.15.1/src/cases.rs:173:9
[INFO] [stdout]   20:     0x572085d71c6a - <trycmd::cases::TestCases as core::ops::drop::Drop>::drop::h8a30235e75eabc54
[INFO] [stdout]                                at /opt/rustwide/cargo-home/registry/src/index.crates.io-6f17d22bba15001f/trycmd-0.15.1/src/cases.rs:183:13
[INFO] [stdout]   21:     0x572085cfef27 - core::ptr::drop_in_place<trycmd::cases::TestCases>::h932eccfa0d02f63b
[INFO] [stdout]                                at /rustc/df4ca44d3fbc9301ee17f30f4d474e6ae4b05252/library/core/src/ptr/mod.rs:521:1
[INFO] [stdout]   22:     0x572085cfb4d3 - cli_tests::cli_tests::ha49c4dee914fc9f3
[INFO] [stdout]                                at /opt/rustwide/workdir/tests/cli_tests.rs:5:1
[INFO] [stdout]   23:     0x572085cfb457 - cli_tests::cli_tests::{{closure}}::h6a3ee8259933dc86
[INFO] [stdout]                                at /opt/rustwide/workdir/tests/cli_tests.rs:2:15
[INFO] [stdout]   24:     0x572085cfb176 - core::ops::function::FnOnce::call_once::he397a50915b2d70b
[INFO] [stdout]                                at /rustc/df4ca44d3fbc9301ee17f30f4d474e6ae4b05252/library/core/src/ops/function.rs:250:5
[INFO] [stdout]   25:     0x572086032a4b - core::ops::function::FnOnce::call_once::h22c3ba5715e93f05
[INFO] [stdout]                                at /rustc/df4ca44d3fbc9301ee17f30f4d474e6ae4b05252/library/core/src/ops/function.rs:250:5
[INFO] [stdout]   26:     0x572086032a4b - test::__rust_begin_short_backtrace::h8e82d8113d0da17f
[INFO] [stdout]                                at /rustc/df4ca44d3fbc9301ee17f30f4d474e6ae4b05252/library/test/src/lib.rs:621:18
[INFO] [stdout]   27:     0x5720860323c7 - test::run_test_in_process::{{closure}}::h33235f4f20b7b7c7
[INFO] [stdout]                                at /rustc/df4ca44d3fbc9301ee17f30f4d474e6ae4b05252/library/test/src/lib.rs:644:60
[INFO] [stdout]   28:     0x5720860323c7 - <core::panic::unwind_safe::AssertUnwindSafe<F> as core::ops::function::FnOnce<()>>::call_once::hb5043206310c586f
[INFO] [stdout]                                at /rustc/df4ca44d3fbc9301ee17f30f4d474e6ae4b05252/library/core/src/panic/unwind_safe.rs:272:9
[INFO] [stdout]   29:     0x5720860323c7 - std::panicking::try::do_call::h9ad4731a60ab23e2
[INFO] [stdout]                                at /rustc/df4ca44d3fbc9301ee17f30f4d474e6ae4b05252/library/std/src/panicking.rs:557:40
[INFO] [stdout]   30:     0x5720860323c7 - std::panicking::try::h3824d23db772a716
[INFO] [stdout]                                at /rustc/df4ca44d3fbc9301ee17f30f4d474e6ae4b05252/library/std/src/panicking.rs:520:19
[INFO] [stdout]   31:     0x5720860323c7 - std::panic::catch_unwind::h5afd514605fde46b
[INFO] [stdout]                                at /rustc/df4ca44d3fbc9301ee17f30f4d474e6ae4b05252/library/std/src/panic.rs:358:14
[INFO] [stdout]   32:     0x5720860323c7 - test::run_test_in_process::h0d5cbfa7067d1720
[INFO] [stdout]                                at /rustc/df4ca44d3fbc9301ee17f30f4d474e6ae4b05252/library/test/src/lib.rs:644:27
[INFO] [stdout]   33:     0x5720860323c7 - test::run_test::{{closure}}::h708eb8872708115d
[INFO] [stdout]                                at /rustc/df4ca44d3fbc9301ee17f30f4d474e6ae4b05252/library/test/src/lib.rs:565:43
[INFO] [stdout]   34:     0x572085ff5ae4 - test::run_test::{{closure}}::h392c51cee94713ab
[INFO] [stdout]                                at /rustc/df4ca44d3fbc9301ee17f30f4d474e6ae4b05252/library/test/src/lib.rs:595:41
[INFO] [stdout]   35:     0x572085ff5ae4 - std::sys::backtrace::__rust_begin_short_backtrace::h2f40290710935a8b
[INFO] [stdout]                                at /rustc/df4ca44d3fbc9301ee17f30f4d474e6ae4b05252/library/std/src/sys/backtrace.rs:154:18
[INFO] [stdout]   36:     0x572085ff928e - std::thread::Builder::spawn_unchecked_::{{closure}}::{{closure}}::h3fd968d89053a903
[INFO] [stdout]                                at /rustc/df4ca44d3fbc9301ee17f30f4d474e6ae4b05252/library/std/src/thread/mod.rs:541:17
[INFO] [stdout]   37:     0x572085ff928e - <core::panic::unwind_safe::AssertUnwindSafe<F> as core::ops::function::FnOnce<()>>::call_once::h743f637ba4229880
[INFO] [stdout]                                at /rustc/df4ca44d3fbc9301ee17f30f4d474e6ae4b05252/library/core/src/panic/unwind_safe.rs:272:9
[INFO] [stdout]   38:     0x572085ff928e - std::panicking::try::do_call::h07440897322525a6
[INFO] [stdout]                                at /rustc/df4ca44d3fbc9301ee17f30f4d474e6ae4b05252/library/std/src/panicking.rs:557:40
[INFO] [stdout]   39:     0x572085ff928e - std::panicking::try::he5a2e00188156637
[INFO] [stdout]                                at /rustc/df4ca44d3fbc9301ee17f30f4d474e6ae4b05252/library/std/src/panicking.rs:520:19
[INFO] [stdout]   40:     0x572085ff928e - std::panic::catch_unwind::hbaf3cae49b3c6433
[INFO] [stdout]                                at /rustc/df4ca44d3fbc9301ee17f30f4d474e6ae4b05252/library/std/src/panic.rs:358:14
[INFO] [stdout]   41:     0x572085ff928e - std::thread::Builder::spawn_unchecked_::{{closure}}::h8e141ea224820bce
[INFO] [stdout]                                at /rustc/df4ca44d3fbc9301ee17f30f4d474e6ae4b05252/library/std/src/thread/mod.rs:540:30
[INFO] [stdout]   42:     0x572085ff928e - core::ops::function::FnOnce::call_once{{vtable.shim}}::h90d312fedd7b8ea8
[INFO] [stdout]                                at /rustc/df4ca44d3fbc9301ee17f30f4d474e6ae4b05252/library/core/src/ops/function.rs:250:5
[INFO] [stdout]   43:     0x57208606e11b - <alloc::boxed::Box<F,A> as core::ops::function::FnOnce<Args>>::call_once::h69aa08ddb6adb8b6
[INFO] [stdout]                                at /rustc/df4ca44d3fbc9301ee17f30f4d474e6ae4b05252/library/alloc/src/boxed.rs:2454:9
[INFO] [stdout]   44:     0x57208606e11b - <alloc::boxed::Box<F,A> as core::ops::function::FnOnce<Args>>::call_once::h5aa36efdb79c806f
[INFO] [stdout]                                at /rustc/df4ca44d3fbc9301ee17f30f4d474e6ae4b05252/library/alloc/src/boxed.rs:2454:9
[INFO] [stdout]   45:     0x57208606e11b - std::sys::pal::unix::thread::Thread::new::thread_start::h6cd80a1b4be5158d
[INFO] [stdout]                                at /rustc/df4ca44d3fbc9301ee17f30f4d474e6ae4b05252/library/std/src/sys/pal/unix/thread.rs:105:17
[INFO] [stdout]   46:     0x7adde4cf9ac3 - <unknown>
[INFO] [stdout]   47:     0x7adde4d8aa04 - clone
[INFO] [stdout]   48:                0x0 - <unknown>
[INFO] [stdout] 
[INFO] [stdout] 
[INFO] [stdout] failures:
[INFO] [stdout]     cli_tests
[INFO] [stdout] 
[INFO] [stdout] test result: FAILED. 0 passed; 1 failed; 0 ignored; 0 measured; 0 filtered out; finished in 0.52s
[INFO] [stdout] 
[INFO] [stderr] error: test failed, to rerun pass `--test cli_tests`
[INFO] running `Command { std: "docker" "inspect" "d2d242825553d921455fe07ebfdf745466b6c93ea4841a61886cb850815ee061", kill_on_drop: false }`
[INFO] running `Command { std: "docker" "rm" "-f" "d2d242825553d921455fe07ebfdf745466b6c93ea4841a61886cb850815ee061", kill_on_drop: false }`
[INFO] [stdout] d2d242825553d921455fe07ebfdf745466b6c93ea4841a61886cb850815ee061
