[INFO] fetching crate comiconv 0.3.3...
[INFO] testing comiconv-0.3.3 against nightly-2024-10-28 for randomize-layout
[INFO] extracting crate comiconv 0.3.3 into /workspace/builds/worker-3-tc1/source
[INFO] validating manifest of crates.io crate comiconv 0.3.3 on toolchain nightly-2024-10-28
[INFO] running `Command { std: CARGO_HOME="/workspace/cargo-home" RUSTUP_HOME="/workspace/rustup-home" "/workspace/cargo-home/bin/cargo" "+nightly-2024-10-28" "metadata" "--manifest-path" "Cargo.toml" "--no-deps", kill_on_drop: false }`
[INFO] started tweaking crates.io crate comiconv 0.3.3
[INFO] finished tweaking crates.io crate comiconv 0.3.3
[INFO] tweaked toml for crates.io crate comiconv 0.3.3 written to /workspace/builds/worker-3-tc1/source/Cargo.toml
[INFO] crate crates.io crate comiconv 0.3.3 already has a lockfile, it will not be regenerated
[INFO] running `Command { std: CARGO_HOME="/workspace/cargo-home" RUSTUP_HOME="/workspace/rustup-home" "/workspace/cargo-home/bin/cargo" "+nightly-2024-10-28" "fetch" "--manifest-path" "Cargo.toml", kill_on_drop: false }`
[INFO] [stderr]     Updating crates.io index
[INFO] [stderr]  Downloading crates ...
[INFO] [stderr]   Downloaded profiling v1.0.13
[INFO] [stderr]   Downloaded libavif-image v0.13.0
[INFO] [stderr]   Downloaded libavif v0.13.0
[INFO] [stderr]   Downloaded profiling-procmacros v1.0.13
[INFO] [stderr]   Downloaded num-derive v0.4.1
[INFO] [stderr]   Downloaded arg_enum_proc_macro v0.3.4
[INFO] [stderr]   Downloaded interpolate_name v0.2.4
[INFO] [stderr]   Downloaded simd_helpers v0.1.0
[INFO] [stderr]   Downloaded noop_proc_macro v0.3.0
[INFO] [stderr]   Downloaded maybe-rayon v0.1.1
[INFO] [stderr]   Downloaded v_frame v0.3.7
[INFO] [stderr]   Downloaded version-compare v0.1.1
[INFO] [stderr]   Downloaded scan_fmt v0.2.6
[INFO] [stderr]   Downloaded zune-core v0.4.12
[INFO] [stderr]   Downloaded filetime_creation v0.2.0
[INFO] [stderr]   Downloaded infer v0.15.0
[INFO] [stderr]   Downloaded nasm-rs v0.2.5
[INFO] [stderr]   Downloaded uzers v0.12.0
[INFO] [stderr]   Downloaded lzma-rust v0.1.6
[INFO] [stderr]   Downloaded zopfli v0.8.0
[INFO] [stderr]   Downloaded zune-jpeg v0.4.11
[INFO] [stderr]   Downloaded cfb v0.7.3
[INFO] [stderr]   Downloaded png v0.17.11
[INFO] [stderr]   Downloaded libfuzzer-sys v0.4.7
[INFO] [stderr]   Downloaded indexmap v2.2.0
[INFO] [stderr]   Downloaded winnow v0.5.35
[INFO] [stderr]   Downloaded bytemuck v1.14.1
[INFO] [stderr]   Downloaded image-webp v0.1.2
[INFO] [stderr]   Downloaded cfg-expr v0.15.6
[INFO] [stderr]   Downloaded system-deps v6.2.0
[INFO] [stderr]   Downloaded nt-time v0.6.7
[INFO] [stderr]   Downloaded lzma-rs v0.3.0
[INFO] [stderr]   Downloaded zstd-safe v7.1.0
[INFO] [stderr]   Downloaded cra v0.1.2
[INFO] [stderr]   Downloaded zstd v0.13.1
[INFO] [stderr]   Downloaded av1-grain v0.2.3
[INFO] [stderr]   Downloaded bitstream-io v2.2.0
[INFO] [stderr]   Downloaded rustix v0.38.30
[INFO] [stderr]   Downloaded deflate64 v0.1.8
[INFO] [stderr]   Downloaded built v0.7.2
[INFO] [stderr]   Downloaded sevenz-rust v0.6.0
[INFO] [stderr]   Downloaded zstd-sys v2.0.10+zstd.1.5.6
[INFO] [stderr]   Downloaded libavif-sys v0.16.0+libavif.1.0.4
[INFO] [stderr]   Downloaded rav1e v0.7.1
[INFO] [stderr]   Downloaded libdav1d-sys v0.7.0+libdav1d.1.4.0
[INFO] [stderr]   Downloaded libz-ng-sys v1.1.15
[INFO] running `Command { std: "docker" "create" "-v" "/var/lib/crater-agent-workspace/builds/worker-3-tc1/target:/opt/rustwide/target:rw,Z" "-v" "/var/lib/crater-agent-workspace/builds/worker-3-tc1/source:/opt/rustwide/workdir:ro,Z" "-v" "/var/lib/crater-agent-workspace/cargo-home:/opt/rustwide/cargo-home:ro,Z" "-v" "/var/lib/crater-agent-workspace/rustup-home:/opt/rustwide/rustup-home:ro,Z" "-e" "SOURCE_DIR=/opt/rustwide/workdir" "-e" "CARGO_TARGET_DIR=/opt/rustwide/target" "-e" "CARGO_HOME=/opt/rustwide/cargo-home" "-e" "RUSTUP_HOME=/opt/rustwide/rustup-home" "-w" "/opt/rustwide/workdir" "-m" "1610612736" "--user" "0:0" "--network" "none" "ghcr.io/rust-lang/crates-build-env/linux@sha256:4a844ea9eb2546a2d2c7022eacef16ef2e8229c7fbb2c7d4d55a9ceca922f72d" "/opt/rustwide/cargo-home/bin/cargo" "+nightly-2024-10-28" "metadata" "--no-deps" "--format-version=1", kill_on_drop: false }`
[INFO] [stdout] c610774eda0f9c3995dc59f7bded932832152e9ba68aa29481b990c8c2306218
[INFO] running `Command { std: "docker" "start" "-a" "c610774eda0f9c3995dc59f7bded932832152e9ba68aa29481b990c8c2306218", kill_on_drop: false }`
[INFO] running `Command { std: "docker" "inspect" "c610774eda0f9c3995dc59f7bded932832152e9ba68aa29481b990c8c2306218", kill_on_drop: false }`
[INFO] running `Command { std: "docker" "rm" "-f" "c610774eda0f9c3995dc59f7bded932832152e9ba68aa29481b990c8c2306218", kill_on_drop: false }`
[INFO] [stdout] c610774eda0f9c3995dc59f7bded932832152e9ba68aa29481b990c8c2306218
[INFO] running `Command { std: "docker" "create" "-v" "/var/lib/crater-agent-workspace/builds/worker-3-tc1/target:/opt/rustwide/target:rw,Z" "-v" "/var/lib/crater-agent-workspace/builds/worker-3-tc1/source:/opt/rustwide/workdir:ro,Z" "-v" "/var/lib/crater-agent-workspace/cargo-home:/opt/rustwide/cargo-home:ro,Z" "-v" "/var/lib/crater-agent-workspace/rustup-home:/opt/rustwide/rustup-home:ro,Z" "-e" "SOURCE_DIR=/opt/rustwide/workdir" "-e" "CARGO_TARGET_DIR=/opt/rustwide/target" "-e" "CARGO_INCREMENTAL=0" "-e" "RUST_BACKTRACE=full" "-e" "RUSTFLAGS=--cap-lints=forbid" "-e" "RUSTDOCFLAGS=--cap-lints=forbid" "-e" "CARGO_HOME=/opt/rustwide/cargo-home" "-e" "RUSTUP_HOME=/opt/rustwide/rustup-home" "-w" "/opt/rustwide/workdir" "-m" "1610612736" "--user" "0:0" "--network" "none" "ghcr.io/rust-lang/crates-build-env/linux@sha256:4a844ea9eb2546a2d2c7022eacef16ef2e8229c7fbb2c7d4d55a9ceca922f72d" "/opt/rustwide/cargo-home/bin/cargo" "+nightly-2024-10-28" "build" "--frozen" "--message-format=json", kill_on_drop: false }`
[INFO] [stdout] 8acbd9e05979b3f3ff7ae97268f098059ab8f35a6b10f518fcaa588babf427d1
[INFO] running `Command { std: "docker" "start" "-a" "8acbd9e05979b3f3ff7ae97268f098059ab8f35a6b10f518fcaa588babf427d1", kill_on_drop: false }`
[INFO] [stderr]    Compiling libc v0.2.152
[INFO] [stderr]    Compiling proc-macro2 v1.0.78
[INFO] [stderr]    Compiling typenum v1.17.0
[INFO] [stderr]    Compiling crossbeam-utils v0.8.19
[INFO] [stderr]    Compiling pkg-config v0.3.29
[INFO] [stderr]    Compiling thiserror v1.0.56
[INFO] [stderr]    Compiling crc32fast v1.4.0
[INFO] [stderr]    Compiling log v0.4.20
[INFO] [stderr]    Compiling simd-adler32 v0.3.7
[INFO] [stderr]    Compiling either v1.9.0
[INFO] [stderr]    Compiling generic-array v0.14.7
[INFO] [stderr]    Compiling num-traits v0.2.17
[INFO] [stderr]    Compiling num-integer v0.1.45
[INFO] [stderr]    Compiling num-bigint v0.4.4
[INFO] [stderr]    Compiling subtle v2.5.0
[INFO] [stderr]    Compiling num-rational v0.4.1
[INFO] [stderr]    Compiling adler v1.0.2
[INFO] [stderr]    Compiling hashbrown v0.14.3
[INFO] [stderr]    Compiling anyhow v1.0.79
[INFO] [stderr]    Compiling memchr v2.7.1
[INFO] [stderr]    Compiling miniz_oxide v0.7.1
[INFO] [stderr]    Compiling noop_proc_macro v0.3.0
[INFO] [stderr]    Compiling cpufeatures v0.2.12
[INFO] [stderr]    Compiling minimal-lexical v0.2.1
[INFO] [stderr]    Compiling winnow v0.5.35
[INFO] [stderr]    Compiling libdav1d-sys v0.7.0+libdav1d.1.4.0
[INFO] [stderr]    Compiling built v0.7.2
[INFO] [stderr]    Compiling paste v1.0.14
[INFO] [stderr]    Compiling toml_datetime v0.6.5
[INFO] [stderr]    Compiling time-macros v0.2.18
[INFO] [stderr]    Compiling zstd-safe v7.1.0
[INFO] [stderr]    Compiling crc-catalog v2.4.0
[INFO] [stderr]    Compiling crossbeam-epoch v0.9.18
[INFO] [stderr]    Compiling quote v1.0.35
[INFO] [stderr]    Compiling nom v7.1.3
[INFO] [stderr]    Compiling indexmap v2.2.0
[INFO] [stderr]    Compiling arrayvec v0.7.4
[INFO] [stderr]    Compiling syn v2.0.48
[INFO] [stderr]    Compiling jobserver v0.1.27
[INFO] [stderr]    Compiling crossbeam-deque v0.8.5
[INFO] [stderr]    Compiling rustix v0.38.30
[INFO] [stderr]    Compiling simd_helpers v0.1.0
[INFO] [stderr]    Compiling time v0.3.36
[INFO] [stderr]    Compiling filetime v0.2.23
[INFO] [stderr]    Compiling crc v3.0.1
[INFO] [stderr]    Compiling itertools v0.12.1
[INFO] [stderr]    Compiling cc v1.0.83
[INFO] [stderr]    Compiling rayon-core v1.12.1
[INFO] [stderr]    Compiling maybe-rayon v0.1.1
[INFO] [stderr]    Compiling bitstream-io v2.2.0
[INFO] [stderr]    Compiling linux-raw-sys v0.4.13
[INFO] [stderr]    Compiling utf8parse v0.2.1
[INFO] [stderr]    Compiling new_debug_unreachable v1.0.4
[INFO] [stderr]    Compiling bitflags v2.4.2
[INFO] [stderr]    Compiling scan_fmt v0.2.6
[INFO] [stderr]    Compiling anstyle-parse v0.2.3
[INFO] [stderr]    Compiling fdeflate v0.3.4
[INFO] [stderr]    Compiling zune-core v0.4.12
[INFO] [stderr]    Compiling rayon v1.8.1
[INFO] [stderr]    Compiling portable-atomic v1.6.0
[INFO] [stderr]    Compiling anstyle v1.0.4
[INFO] [stderr]    Compiling cmake v0.1.50
[INFO] [stderr]    Compiling crypto-common v0.1.6
[INFO] [stderr]    Compiling block-buffer v0.10.4
[INFO] [stderr]    Compiling inout v0.1.3
[INFO] [stderr]    Compiling digest v0.10.7
[INFO] [stderr]    Compiling cipher v0.4.4
[INFO] [stderr]    Compiling colorchoice v1.0.0
[INFO] [stderr]    Compiling toml_edit v0.21.0
[INFO] [stderr]    Compiling hmac v0.12.1
[INFO] [stderr]    Compiling zip v1.1.4
[INFO] [stderr]    Compiling typed-arena v2.0.2
[INFO] [stderr]    Compiling byteorder-lite v0.1.0
[INFO] [stderr]    Compiling bit-vec v0.6.3
[INFO] [stderr]    Compiling uuid v1.7.0
[INFO] [stderr]    Compiling anstyle-query v1.0.2
[INFO] [stderr]    Compiling anstream v0.6.11
[INFO] [stderr]    Compiling zopfli v0.8.0
[INFO] [stderr]    Compiling pbkdf2 v0.12.2
[INFO] [stderr]    Compiling aes v0.8.4
[INFO] [stderr]    Compiling bit-set v0.5.3
[INFO] [stderr]    Compiling sha2 v0.10.8
[INFO] [stderr]    Compiling cfb v0.7.3
[INFO] [stderr]    Compiling sha1 v0.10.6
[INFO] [stderr]    Compiling libz-ng-sys v1.1.15
[INFO] [stderr]    Compiling zstd-sys v2.0.10+zstd.1.5.6
[INFO] [stderr]    Compiling bzip2-sys v0.1.11+1.0.8
[INFO] [stderr]    Compiling libavif-sys v0.16.0+libavif.1.0.4
[INFO] [stderr]    Compiling zune-jpeg v0.4.11
[INFO] [stderr]    Compiling nt-time v0.6.7
[INFO] [stderr]    Compiling filetime_creation v0.2.0
[INFO] [stderr]    Compiling lzma-rs v0.3.0
[INFO] [stderr]    Compiling lzma-rust v0.1.6
[INFO] [stderr]    Compiling bytemuck v1.14.1
[INFO] [stderr]    Compiling constant_time_eq v0.3.0
[INFO] [stderr]    Compiling deflate64 v0.1.8
[INFO] [stderr]    Compiling clap_lex v0.6.0
[INFO] [stderr]    Compiling unicode-width v0.1.11
[INFO] [stderr]    Compiling console v0.15.8
[INFO] [stderr]    Compiling clap_builder v4.4.18
[INFO] [stderr]    Compiling infer v0.15.0
[INFO] [stderr]    Compiling uzers v0.12.0
[INFO] [stderr]    Compiling number_prefix v0.4.0
[INFO] [stderr]    Compiling nasm-rs v0.2.5
[INFO] [stderr]    Compiling proc-macro-crate v3.1.0
[INFO] [stderr]    Compiling sevenz-rust v0.6.0
[INFO] [stderr]    Compiling xattr v1.3.1
[INFO] [stderr]    Compiling rav1e v0.7.1
[INFO] [stderr]    Compiling tar v0.4.40
[INFO] [stderr]    Compiling indicatif v0.17.7
[INFO] [stderr]    Compiling bzip2 v0.4.4
[INFO] [stderr]    Compiling thiserror-impl v1.0.56
[INFO] [stderr]    Compiling profiling-procmacros v1.0.13
[INFO] [stderr]    Compiling num-derive v0.4.1
[INFO] [stderr]    Compiling arg_enum_proc_macro v0.3.4
[INFO] [stderr]    Compiling num_enum_derive v0.7.2
[INFO] [stderr]    Compiling displaydoc v0.2.4
[INFO] [stderr]    Compiling profiling v1.0.13
[INFO] [stderr]    Compiling clap v4.4.18
[INFO] [stderr]    Compiling num_enum v0.7.2
[INFO] [stderr]    Compiling v_frame v0.3.7
[INFO] [stderr]    Compiling av1-grain v0.2.3
[INFO] [stderr]    Compiling image-webp v0.1.2
[INFO] [stderr]    Compiling zstd v0.13.1
[INFO] [stderr]    Compiling flate2 v1.0.28
[INFO] [stderr]    Compiling png v0.17.11
[INFO] [stderr]    Compiling image v0.25.1
[INFO] [stderr]    Compiling cra v0.1.2
[INFO] [stderr] The following warnings were emitted during compilation:
[INFO] [stderr] 
[INFO] [stderr] warning: rav1e@0.7.1: nonzero exit status: signal: 9 (SIGKILL)
[INFO] [stderr] 
[INFO] [stderr] error: failed to run custom build command for `rav1e v0.7.1`
[INFO] [stderr] note: To improve backtraces for build dependencies, set the CARGO_PROFILE_DEV_BUILD_OVERRIDE_DEBUG=true environment variable to enable debug information generation.
[INFO] [stderr] 
[INFO] [stderr] Caused by:
[INFO] [stderr]   process didn't exit successfully: `/opt/rustwide/target/debug/build/rav1e-21c58459535cf66a/build-script-build` (exit status: 101)
[INFO] [stderr]   --- stdout
[INFO] [stderr]   cargo:rustc-cfg=nasm_x86_64
[INFO] [stderr]   running: "nasm" "-felf64" "-gdwarf" "-I/opt/rustwide/target/debug/build/rav1e-b7b92b2ca2409228/out/" "-Isrc/" "/opt/rustwide/cargo-home/registry/src/index.crates.io-6f17d22bba15001f/rav1e-0.7.1/src/x86/cdef_avx2.asm" "-o" "/opt/rustwide/target/debug/build/rav1e-b7b92b2ca2409228/out/cdef_avx2.o"
[INFO] [stderr]   running: "nasm" "-felf64" "-gdwarf" "-I/opt/rustwide/target/debug/build/rav1e-b7b92b2ca2409228/out/" "-Isrc/" "/opt/rustwide/cargo-home/registry/src/index.crates.io-6f17d22bba15001f/rav1e-0.7.1/src/x86/looprestoration_avx2.asm" "-o" "/opt/rustwide/target/debug/build/rav1e-b7b92b2ca2409228/out/looprestoration_avx2.o"
[INFO] [stderr]   running: "nasm" "-felf64" "-gdwarf" "-I/opt/rustwide/target/debug/build/rav1e-b7b92b2ca2409228/out/" "-Isrc/" "/opt/rustwide/cargo-home/registry/src/index.crates.io-6f17d22bba15001f/rav1e-0.7.1/src/x86/mc16_avx512.asm" "-o" "/opt/rustwide/target/debug/build/rav1e-b7b92b2ca2409228/out/mc16_avx512.o"
[INFO] [stderr]   running: "nasm" "-felf64" "-gdwarf" "-I/opt/rustwide/target/debug/build/rav1e-b7b92b2ca2409228/out/" "-Isrc/" "/opt/rustwide/cargo-home/registry/src/index.crates.io-6f17d22bba15001f/rav1e-0.7.1/src/x86/ipred_sse.asm" "-o" "/opt/rustwide/target/debug/build/rav1e-b7b92b2ca2409228/out/ipred_sse.o"
[INFO] [stderr]   running: "nasm" "-felf64" "-gdwarf" "-I/opt/rustwide/target/debug/build/rav1e-b7b92b2ca2409228/out/" "-Isrc/" "/opt/rustwide/cargo-home/registry/src/index.crates.io-6f17d22bba15001f/rav1e-0.7.1/src/x86/itx_avx512.asm" "-o" "/opt/rustwide/target/debug/build/rav1e-b7b92b2ca2409228/out/itx_avx512.o"
[INFO] [stderr]   running: "nasm" "-felf64" "-gdwarf" "-I/opt/rustwide/target/debug/build/rav1e-b7b92b2ca2409228/out/" "-Isrc/" "/opt/rustwide/cargo-home/registry/src/index.crates.io-6f17d22bba15001f/rav1e-0.7.1/src/x86/cdef16_avx2.asm" "-o" "/opt/rustwide/target/debug/build/rav1e-b7b92b2ca2409228/out/cdef16_avx2.o"
[INFO] [stderr]   running: "nasm" "-felf64" "-gdwarf" "-I/opt/rustwide/target/debug/build/rav1e-b7b92b2ca2409228/out/" "-Isrc/" "/opt/rustwide/cargo-home/registry/src/index.crates.io-6f17d22bba15001f/rav1e-0.7.1/src/x86/itx16_avx2.asm" "-o" "/opt/rustwide/target/debug/build/rav1e-b7b92b2ca2409228/out/itx16_avx2.o"
[INFO] [stderr]   running: "nasm" "-felf64" "-gdwarf" "-I/opt/rustwide/target/debug/build/rav1e-b7b92b2ca2409228/out/" "-Isrc/" "/opt/rustwide/cargo-home/registry/src/index.crates.io-6f17d22bba15001f/rav1e-0.7.1/src/x86/cdef_dist.asm" "-o" "/opt/rustwide/target/debug/build/rav1e-b7b92b2ca2409228/out/cdef_dist.o"
[INFO] [stderr]   running: "nasm" "-felf64" "-gdwarf" "-I/opt/rustwide/target/debug/build/rav1e-b7b92b2ca2409228/out/" "-Isrc/" "/opt/rustwide/cargo-home/registry/src/index.crates.io-6f17d22bba15001f/rav1e-0.7.1/src/x86/cdef_rav1e.asm" "-o" "/opt/rustwide/target/debug/build/rav1e-b7b92b2ca2409228/out/cdef_rav1e.o"
[INFO] [stderr]   running: "nasm" "-felf64" "-gdwarf" "-I/opt/rustwide/target/debug/build/rav1e-b7b92b2ca2409228/out/" "-Isrc/" "/opt/rustwide/cargo-home/registry/src/index.crates.io-6f17d22bba15001f/rav1e-0.7.1/src/x86/itx_sse.asm" "-o" "/opt/rustwide/target/debug/build/rav1e-b7b92b2ca2409228/out/itx_sse.o"
[INFO] [stderr]   running: "nasm" "-felf64" "-gdwarf" "-I/opt/rustwide/target/debug/build/rav1e-b7b92b2ca2409228/out/" "-Isrc/" "/opt/rustwide/cargo-home/registry/src/index.crates.io-6f17d22bba15001f/rav1e-0.7.1/src/x86/ipred16_avx512.asm" "-o" "/opt/rustwide/target/debug/build/rav1e-b7b92b2ca2409228/out/ipred16_avx512.o"
[INFO] [stderr]   running: "nasm" "-felf64" "-gdwarf" "-I/opt/rustwide/target/debug/build/rav1e-b7b92b2ca2409228/out/" "-Isrc/" "/opt/rustwide/cargo-home/registry/src/index.crates.io-6f17d22bba15001f/rav1e-0.7.1/src/x86/sad_sse2.asm" "-o" "/opt/rustwide/target/debug/build/rav1e-b7b92b2ca2409228/out/sad_sse2.o"
[INFO] [stderr]   running: "nasm" "-felf64" "-gdwarf" "-I/opt/rustwide/target/debug/build/rav1e-b7b92b2ca2409228/out/" "-Isrc/" "/opt/rustwide/cargo-home/registry/src/index.crates.io-6f17d22bba15001f/rav1e-0.7.1/src/x86/cdef_avx512.asm" "-o" "/opt/rustwide/target/debug/build/rav1e-b7b92b2ca2409228/out/cdef_avx512.o"
[INFO] [stderr]   running: "nasm" "-felf64" "-gdwarf" "-I/opt/rustwide/target/debug/build/rav1e-b7b92b2ca2409228/out/" "-Isrc/" "/opt/rustwide/cargo-home/registry/src/index.crates.io-6f17d22bba15001f/rav1e-0.7.1/src/x86/itx16_avx512.asm" "-o" "/opt/rustwide/target/debug/build/rav1e-b7b92b2ca2409228/out/itx16_avx512.o"
[INFO] [stderr]   running: "nasm" "-felf64" "-gdwarf" "-I/opt/rustwide/target/debug/build/rav1e-b7b92b2ca2409228/out/" "-Isrc/" "/opt/rustwide/cargo-home/registry/src/index.crates.io-6f17d22bba15001f/rav1e-0.7.1/src/x86/cdef_sse.asm" "-o" "/opt/rustwide/target/debug/build/rav1e-b7b92b2ca2409228/out/cdef_sse.o"
[INFO] [stderr]   running: "nasm" "-felf64" "-gdwarf" "-I/opt/rustwide/target/debug/build/rav1e-b7b92b2ca2409228/out/" "-Isrc/" "/opt/rustwide/cargo-home/registry/src/index.crates.io-6f17d22bba15001f/rav1e-0.7.1/src/x86/cdef16_sse.asm" "-o" "/opt/rustwide/target/debug/build/rav1e-b7b92b2ca2409228/out/cdef16_sse.o"
[INFO] [stderr]   running: "nasm" "-felf64" "-gdwarf" "-I/opt/rustwide/target/debug/build/rav1e-b7b92b2ca2409228/out/" "-Isrc/" "/opt/rustwide/cargo-home/registry/src/index.crates.io-6f17d22bba15001f/rav1e-0.7.1/src/x86/me.asm" "-o" "/opt/rustwide/target/debug/build/rav1e-b7b92b2ca2409228/out/me.o"
[INFO] [stderr]   running: "nasm" "-felf64" "-gdwarf" "-I/opt/rustwide/target/debug/build/rav1e-b7b92b2ca2409228/out/" "-Isrc/" "/opt/rustwide/cargo-home/registry/src/index.crates.io-6f17d22bba15001f/rav1e-0.7.1/src/x86/ipred16_sse.asm" "-o" "/opt/rustwide/target/debug/build/rav1e-b7b92b2ca2409228/out/ipred16_sse.o"
[INFO] [stderr]   running: "nasm" "-felf64" "-gdwarf" "-I/opt/rustwide/target/debug/build/rav1e-b7b92b2ca2409228/out/" "-Isrc/" "/opt/rustwide/cargo-home/registry/src/index.crates.io-6f17d22bba15001f/rav1e-0.7.1/src/x86/sad_avx.asm" "-o" "/opt/rustwide/target/debug/build/rav1e-b7b92b2ca2409228/out/sad_avx.o"
[INFO] [stderr]   running: "nasm" "-felf64" "-gdwarf" "-I/opt/rustwide/target/debug/build/rav1e-b7b92b2ca2409228/out/" "-Isrc/" "/opt/rustwide/cargo-home/registry/src/index.crates.io-6f17d22bba15001f/rav1e-0.7.1/src/x86/sad_plane.asm" "-o" "/opt/rustwide/target/debug/build/rav1e-b7b92b2ca2409228/out/sad_plane.o"
[INFO] [stderr]   running: "nasm" "-felf64" "-gdwarf" "-I/opt/rustwide/target/debug/build/rav1e-b7b92b2ca2409228/out/" "-Isrc/" "/opt/rustwide/cargo-home/registry/src/index.crates.io-6f17d22bba15001f/rav1e-0.7.1/src/x86/ipred16_avx2.asm" "-o" "/opt/rustwide/target/debug/build/rav1e-b7b92b2ca2409228/out/ipred16_avx2.o"
[INFO] [stderr]   running: "nasm" "-felf64" "-gdwarf" "-I/opt/rustwide/target/debug/build/rav1e-b7b92b2ca2409228/out/" "-Isrc/" "/opt/rustwide/cargo-home/registry/src/index.crates.io-6f17d22bba15001f/rav1e-0.7.1/src/x86/ipred_avx2.asm" "-o" "/opt/rustwide/target/debug/build/rav1e-b7b92b2ca2409228/out/ipred_avx2.o"
[INFO] [stderr]   running: "nasm" "-felf64" "-gdwarf" "-I/opt/rustwide/target/debug/build/rav1e-b7b92b2ca2409228/out/" "-Isrc/" "/opt/rustwide/cargo-home/registry/src/index.crates.io-6f17d22bba15001f/rav1e-0.7.1/src/x86/cdef16_avx512.asm" "-o" "/opt/rustwide/target/debug/build/rav1e-b7b92b2ca2409228/out/cdef16_avx512.o"
[INFO] [stderr]   running: "nasm" "-felf64" "-gdwarf" "-I/opt/rustwide/target/debug/build/rav1e-b7b92b2ca2409228/out/" "-Isrc/" "/opt/rustwide/cargo-home/registry/src/index.crates.io-6f17d22bba15001f/rav1e-0.7.1/src/x86/itx_avx2.asm" "-o" "/opt/rustwide/target/debug/build/rav1e-b7b92b2ca2409228/out/itx_avx2.o"
[INFO] [stderr]   running: "nasm" "-felf64" "-gdwarf" "-I/opt/rustwide/target/debug/build/rav1e-b7b92b2ca2409228/out/" "-Isrc/" "/opt/rustwide/cargo-home/registry/src/index.crates.io-6f17d22bba15001f/rav1e-0.7.1/src/x86/looprestoration16_sse.asm" "-o" "/opt/rustwide/target/debug/build/rav1e-b7b92b2ca2409228/out/looprestoration16_sse.o"
[INFO] [stderr]   running: "nasm" "-felf64" "-gdwarf" "-I/opt/rustwide/target/debug/build/rav1e-b7b92b2ca2409228/out/" "-Isrc/" "/opt/rustwide/cargo-home/registry/src/index.crates.io-6f17d22bba15001f/rav1e-0.7.1/src/x86/satd.asm" "-o" "/opt/rustwide/target/debug/build/rav1e-b7b92b2ca2409228/out/satd.o"
[INFO] [stderr]   running: "nasm" "-felf64" "-gdwarf" "-I/opt/rustwide/target/debug/build/rav1e-b7b92b2ca2409228/out/" "-Isrc/" "/opt/rustwide/cargo-home/registry/src/index.crates.io-6f17d22bba15001f/rav1e-0.7.1/src/x86/satd16_avx2.asm" "-o" "/opt/rustwide/target/debug/build/rav1e-b7b92b2ca2409228/out/satd16_avx2.o"
[INFO] [stderr]   running: "nasm" "-felf64" "-gdwarf" "-I/opt/rustwide/target/debug/build/rav1e-b7b92b2ca2409228/out/" "-Isrc/" "/opt/rustwide/cargo-home/registry/src/index.crates.io-6f17d22bba15001f/rav1e-0.7.1/src/x86/mc16_sse.asm" "-o" "/opt/rustwide/target/debug/build/rav1e-b7b92b2ca2409228/out/mc16_sse.o"
[INFO] [stderr]   running: "nasm" "-felf64" "-gdwarf" "-I/opt/rustwide/target/debug/build/rav1e-b7b92b2ca2409228/out/" "-Isrc/" "/opt/rustwide/cargo-home/registry/src/index.crates.io-6f17d22bba15001f/rav1e-0.7.1/src/x86/looprestoration_avx512.asm" "-o" "/opt/rustwide/target/debug/build/rav1e-b7b92b2ca2409228/out/looprestoration_avx512.o"
[INFO] [stderr]   running: "nasm" "-felf64" "-gdwarf" "-I/opt/rustwide/target/debug/build/rav1e-b7b92b2ca2409228/out/" "-Isrc/" "/opt/rustwide/cargo-home/registry/src/index.crates.io-6f17d22bba15001f/rav1e-0.7.1/src/x86/sse.asm" "-o" "/opt/rustwide/target/debug/build/rav1e-b7b92b2ca2409228/out/sse.o"
[INFO] [stderr]   running: "nasm" "-felf64" "-gdwarf" "-I/opt/rustwide/target/debug/build/rav1e-b7b92b2ca2409228/out/" "-Isrc/" "/opt/rustwide/cargo-home/registry/src/index.crates.io-6f17d22bba15001f/rav1e-0.7.1/src/x86/tables.asm" "-o" "/opt/rustwide/target/debug/build/rav1e-b7b92b2ca2409228/out/tables.o"
[INFO] [stderr]   running: "nasm" "-felf64" "-gdwarf" "-I/opt/rustwide/target/debug/build/rav1e-b7b92b2ca2409228/out/" "-Isrc/" "/opt/rustwide/cargo-home/registry/src/index.crates.io-6f17d22bba15001f/rav1e-0.7.1/src/x86/itx16_sse.asm" "-o" "/opt/rustwide/target/debug/build/rav1e-b7b92b2ca2409228/out/itx16_sse.o"
[INFO] [stderr]   running: "nasm" "-felf64" "-gdwarf" "-I/opt/rustwide/target/debug/build/rav1e-b7b92b2ca2409228/out/" "-Isrc/" "/opt/rustwide/cargo-home/registry/src/index.crates.io-6f17d22bba15001f/rav1e-0.7.1/src/x86/looprestoration_sse.asm" "-o" "/opt/rustwide/target/debug/build/rav1e-b7b92b2ca2409228/out/looprestoration_sse.o"
[INFO] [stderr]   running: "nasm" "-felf64" "-gdwarf" "-I/opt/rustwide/target/debug/build/rav1e-b7b92b2ca2409228/out/" "-Isrc/" "/opt/rustwide/cargo-home/registry/src/index.crates.io-6f17d22bba15001f/rav1e-0.7.1/src/x86/looprestoration16_avx2.asm" "-o" "/opt/rustwide/target/debug/build/rav1e-b7b92b2ca2409228/out/looprestoration16_avx2.o"
[INFO] [stderr]   running: "nasm" "-felf64" "-gdwarf" "-I/opt/rustwide/target/debug/build/rav1e-b7b92b2ca2409228/out/" "-Isrc/" "/opt/rustwide/cargo-home/registry/src/index.crates.io-6f17d22bba15001f/rav1e-0.7.1/src/x86/mc_avx512.asm" "-o" "/opt/rustwide/target/debug/build/rav1e-b7b92b2ca2409228/out/mc_avx512.o"
[INFO] [stderr]   running: "nasm" "-felf64" "-gdwarf" "-I/opt/rustwide/target/debug/build/rav1e-b7b92b2ca2409228/out/" "-Isrc/" "/opt/rustwide/cargo-home/registry/src/index.crates.io-6f17d22bba15001f/rav1e-0.7.1/src/x86/mc_avx2.asm" "-o" "/opt/rustwide/target/debug/build/rav1e-b7b92b2ca2409228/out/mc_avx2.o"
[INFO] [stderr]   running: "nasm" "-felf64" "-gdwarf" "-I/opt/rustwide/target/debug/build/rav1e-b7b92b2ca2409228/out/" "-Isrc/" "/opt/rustwide/cargo-home/registry/src/index.crates.io-6f17d22bba15001f/rav1e-0.7.1/src/x86/looprestoration16_avx512.asm" "-o" "/opt/rustwide/target/debug/build/rav1e-b7b92b2ca2409228/out/looprestoration16_avx512.o"
[INFO] [stderr]   running: "nasm" "-felf64" "-gdwarf" "-I/opt/rustwide/target/debug/build/rav1e-b7b92b2ca2409228/out/" "-Isrc/" "/opt/rustwide/cargo-home/registry/src/index.crates.io-6f17d22bba15001f/rav1e-0.7.1/src/x86/ipred_avx512.asm" "-o" "/opt/rustwide/target/debug/build/rav1e-b7b92b2ca2409228/out/ipred_avx512.o"
[INFO] [stderr]   running: "nasm" "-felf64" "-gdwarf" "-I/opt/rustwide/target/debug/build/rav1e-b7b92b2ca2409228/out/" "-Isrc/" "/opt/rustwide/cargo-home/registry/src/index.crates.io-6f17d22bba15001f/rav1e-0.7.1/src/x86/mc_sse.asm" "-o" "/opt/rustwide/target/debug/build/rav1e-b7b92b2ca2409228/out/mc_sse.o"
[INFO] [stderr]   running: "nasm" "-felf64" "-gdwarf" "-I/opt/rustwide/target/debug/build/rav1e-b7b92b2ca2409228/out/" "-Isrc/" "/opt/rustwide/cargo-home/registry/src/index.crates.io-6f17d22bba15001f/rav1e-0.7.1/src/x86/mc16_avx2.asm" "-o" "/opt/rustwide/target/debug/build/rav1e-b7b92b2ca2409228/out/mc16_avx2.o"
[INFO] [stderr]   cargo:warning=nonzero exit status: signal: 9 (SIGKILL)
[INFO] [stderr] 
[INFO] [stderr]   --- stderr
[INFO] [stderr]   /opt/rustwide/cargo-home/registry/src/index.crates.io-6f17d22bba15001f/rav1e-0.7.1/src/x86/cdef_rav1e.asm:262: warning: dropping trailing empty parameter in call to multi-line macro `ACCUMULATE_TAP' [-w+macro-params-legacy]
[INFO] [stderr]   /opt/rustwide/cargo-home/registry/src/index.crates.io-6f17d22bba15001f/rav1e-0.7.1/src/x86/cdef_rav1e.asm:225: ... from macro `CDEF_FILTER' defined here
[INFO] [stderr]   /opt/rustwide/cargo-home/registry/src/index.crates.io-6f17d22bba15001f/rav1e-0.7.1/src/x86/cdef_rav1e.asm:262: warning: dropping trailing empty parameter in call to multi-line macro `ACCUMULATE_TAP' [-w+macro-params-legacy]
[INFO] [stderr]   /opt/rustwide/cargo-home/registry/src/index.crates.io-6f17d22bba15001f/rav1e-0.7.1/src/x86/cdef_rav1e.asm:226: ... from macro `CDEF_FILTER' defined here
[INFO] [stderr]   /opt/rustwide/cargo-home/registry/src/index.crates.io-6f17d22bba15001f/rav1e-0.7.1/src/x86/cdef_rav1e.asm:262: warning: dropping trailing empty parameter in call to multi-line macro `ACCUMULATE_TAP' [-w+macro-params-legacy]
[INFO] [stderr]   /opt/rustwide/cargo-home/registry/src/index.crates.io-6f17d22bba15001f/rav1e-0.7.1/src/x86/cdef_rav1e.asm:227: ... from macro `CDEF_FILTER' defined here
[INFO] [stderr]   /opt/rustwide/cargo-home/registry/src/index.crates.io-6f17d22bba15001f/rav1e-0.7.1/src/x86/cdef_rav1e.asm:263: warning: dropping trailing empty parameter in call to multi-line macro `ACCUMULATE_TAP' [-w+macro-params-legacy]
[INFO] [stderr]   /opt/rustwide/cargo-home/registry/src/index.crates.io-6f17d22bba15001f/rav1e-0.7.1/src/x86/cdef_rav1e.asm:225: ... from macro `CDEF_FILTER' defined here
[INFO] [stderr]   /opt/rustwide/cargo-home/registry/src/index.crates.io-6f17d22bba15001f/rav1e-0.7.1/src/x86/cdef_rav1e.asm:263: warning: dropping trailing empty parameter in call to multi-line macro `ACCUMULATE_TAP' [-w+macro-params-legacy]
[INFO] [stderr]   /opt/rustwide/cargo-home/registry/src/index.crates.io-6f17d22bba15001f/rav1e-0.7.1/src/x86/cdef_rav1e.asm:226: ... from macro `CDEF_FILTER' defined here
[INFO] [stderr]   /opt/rustwide/cargo-home/registry/src/index.crates.io-6f17d22bba15001f/rav1e-0.7.1/src/x86/cdef_rav1e.asm:263: warning: dropping trailing empty parameter in call to multi-line macro `ACCUMULATE_TAP' [-w+macro-params-legacy]
[INFO] [stderr]   /opt/rustwide/cargo-home/registry/src/index.crates.io-6f17d22bba15001f/rav1e-0.7.1/src/x86/cdef_rav1e.asm:227: ... from macro `CDEF_FILTER' defined here
[INFO] [stderr]   /opt/rustwide/cargo-home/registry/src/index.crates.io-6f17d22bba15001f/rav1e-0.7.1/src/x86/cdef_rav1e.asm:264: warning: dropping trailing empty parameter in call to multi-line macro `ACCUMULATE_TAP' [-w+macro-params-legacy]
[INFO] [stderr]   /opt/rustwide/cargo-home/registry/src/index.crates.io-6f17d22bba15001f/rav1e-0.7.1/src/x86/cdef_rav1e.asm:225: ... from macro `CDEF_FILTER' defined here
[INFO] [stderr]   /opt/rustwide/cargo-home/registry/src/index.crates.io-6f17d22bba15001f/rav1e-0.7.1/src/x86/cdef_rav1e.asm:264: warning: dropping trailing empty parameter in call to multi-line macro `ACCUMULATE_TAP' [-w+macro-params-legacy]
[INFO] [stderr]   /opt/rustwide/cargo-home/registry/src/index.crates.io-6f17d22bba15001f/rav1e-0.7.1/src/x86/cdef_rav1e.asm:226: ... from macro `CDEF_FILTER' defined here
[INFO] [stderr]   /opt/rustwide/cargo-home/registry/src/index.crates.io-6f17d22bba15001f/rav1e-0.7.1/src/x86/cdef_rav1e.asm:264: warning: dropping trailing empty parameter in call to multi-line macro `ACCUMULATE_TAP' [-w+macro-params-legacy]
[INFO] [stderr]   /opt/rustwide/cargo-home/registry/src/index.crates.io-6f17d22bba15001f/rav1e-0.7.1/src/x86/cdef_rav1e.asm:227: ... from macro `CDEF_FILTER' defined here
[INFO] [stderr]   /opt/rustwide/cargo-home/registry/src/index.crates.io-6f17d22bba15001f/rav1e-0.7.1/src/x86/sse.asm:448: warning: dropping trailing empty parameter in call to multi-line macro `LOAD_SCALES_8X4' [-w+macro-params-legacy]
[INFO] [stderr]   /opt/rustwide/cargo-home/registry/src/index.crates.io-6f17d22bba15001f/rav1e-0.7.1/src/x86/sse.asm:400: ... from macro `WEIGHTED_SSE' defined here
[INFO] [stderr]   /opt/rustwide/cargo-home/registry/src/index.crates.io-6f17d22bba15001f/rav1e-0.7.1/src/x86/sse.asm:251: ... from macro `WEIGHTED_SSE_8X4_KERNEL' defined here
[INFO] [stderr]   /opt/rustwide/cargo-home/registry/src/index.crates.io-6f17d22bba15001f/rav1e-0.7.1/src/x86/sse.asm:42: ... from macro `SSE_SCALE' defined here
[INFO] [stderr]   /opt/rustwide/cargo-home/registry/src/index.crates.io-6f17d22bba15001f/rav1e-0.7.1/src/x86/sse.asm:448: warning: trailing garbage after macro name ignored [-w+other]
[INFO] [stderr]   /opt/rustwide/cargo-home/registry/src/index.crates.io-6f17d22bba15001f/rav1e-0.7.1/src/x86/sse.asm:444: ... from macro `WEIGHTED_SSE' defined here
[INFO] [stderr]   /opt/rustwide/cargo-home/registry/src/index.crates.io-6f17d22bba15001f/rav1e-0.7.1/src/x86/sse.asm:450: warning: dropping trailing empty parameter in call to multi-line macro `LOAD_SCALES_8X4' [-w+macro-params-legacy]
[INFO] [stderr]   /opt/rustwide/cargo-home/registry/src/index.crates.io-6f17d22bba15001f/rav1e-0.7.1/src/x86/sse.asm:400: ... from macro `WEIGHTED_SSE' defined here
[INFO] [stderr]   /opt/rustwide/cargo-home/registry/src/index.crates.io-6f17d22bba15001f/rav1e-0.7.1/src/x86/sse.asm:251: ... from macro `WEIGHTED_SSE_8X4_KERNEL' defined here
[INFO] [stderr]   /opt/rustwide/cargo-home/registry/src/index.crates.io-6f17d22bba15001f/rav1e-0.7.1/src/x86/sse.asm:42: ... from macro `SSE_SCALE' defined here
[INFO] [stderr]   /opt/rustwide/cargo-home/registry/src/index.crates.io-6f17d22bba15001f/rav1e-0.7.1/src/x86/sse.asm:450: warning: trailing garbage after macro name ignored [-w+other]
[INFO] [stderr]   /opt/rustwide/cargo-home/registry/src/index.crates.io-6f17d22bba15001f/rav1e-0.7.1/src/x86/sse.asm:444: ... from macro `WEIGHTED_SSE' defined here
[INFO] [stderr]   /opt/rustwide/cargo-home/registry/src/index.crates.io-6f17d22bba15001f/rav1e-0.7.1/src/x86/sse.asm:451: warning: dropping trailing empty parameter in call to multi-line macro `LOAD_SCALES_8X4' [-w+macro-params-legacy]
[INFO] [stderr]   /opt/rustwide/cargo-home/registry/src/index.crates.io-6f17d22bba15001f/rav1e-0.7.1/src/x86/sse.asm:400: ... from macro `WEIGHTED_SSE' defined here
[INFO] [stderr]   /opt/rustwide/cargo-home/registry/src/index.crates.io-6f17d22bba15001f/rav1e-0.7.1/src/x86/sse.asm:251: ... from macro `WEIGHTED_SSE_8X4_KERNEL' defined here
[INFO] [stderr]   /opt/rustwide/cargo-home/registry/src/index.crates.io-6f17d22bba15001f/rav1e-0.7.1/src/x86/sse.asm:42: ... from macro `SSE_SCALE' defined here
[INFO] [stderr]   /opt/rustwide/cargo-home/registry/src/index.crates.io-6f17d22bba15001f/rav1e-0.7.1/src/x86/sse.asm:451: warning: trailing garbage after macro name ignored [-w+other]
[INFO] [stderr]   /opt/rustwide/cargo-home/registry/src/index.crates.io-6f17d22bba15001f/rav1e-0.7.1/src/x86/sse.asm:444: ... from macro `WEIGHTED_SSE' defined here
[INFO] [stderr]   /opt/rustwide/cargo-home/registry/src/index.crates.io-6f17d22bba15001f/rav1e-0.7.1/src/x86/sse.asm:452: warning: dropping trailing empty parameter in call to multi-line macro `LOAD_SCALES_8X4' [-w+macro-params-legacy]
[INFO] [stderr]   /opt/rustwide/cargo-home/registry/src/index.crates.io-6f17d22bba15001f/rav1e-0.7.1/src/x86/sse.asm:400: ... from macro `WEIGHTED_SSE' defined here
[INFO] [stderr]   /opt/rustwide/cargo-home/registry/src/index.crates.io-6f17d22bba15001f/rav1e-0.7.1/src/x86/sse.asm:251: ... from macro `WEIGHTED_SSE_8X4_KERNEL' defined here
[INFO] [stderr]   /opt/rustwide/cargo-home/registry/src/index.crates.io-6f17d22bba15001f/rav1e-0.7.1/src/x86/sse.asm:42: ... from macro `SSE_SCALE' defined here
[INFO] [stderr]   /opt/rustwide/cargo-home/registry/src/index.crates.io-6f17d22bba15001f/rav1e-0.7.1/src/x86/sse.asm:452: warning: trailing garbage after macro name ignored [-w+other]
[INFO] [stderr]   /opt/rustwide/cargo-home/registry/src/index.crates.io-6f17d22bba15001f/rav1e-0.7.1/src/x86/sse.asm:444: ... from macro `WEIGHTED_SSE' defined here
[INFO] [stderr]   /opt/rustwide/cargo-home/registry/src/index.crates.io-6f17d22bba15001f/rav1e-0.7.1/src/x86/sse.asm:456: warning: dropping trailing empty parameter in call to multi-line macro `LOAD_SCALES_16X4' [-w+macro-params-legacy]
[INFO] [stderr]   /opt/rustwide/cargo-home/registry/src/index.crates.io-6f17d22bba15001f/rav1e-0.7.1/src/x86/sse.asm:400: ... from macro `WEIGHTED_SSE' defined here
[INFO] [stderr]   /opt/rustwide/cargo-home/registry/src/index.crates.io-6f17d22bba15001f/rav1e-0.7.1/src/x86/sse.asm:276: ... from macro `WEIGHTED_SSE_16X4_KERNEL' defined here
[INFO] [stderr]   /opt/rustwide/cargo-home/registry/src/index.crates.io-6f17d22bba15001f/rav1e-0.7.1/src/x86/sse.asm:42: ... from macro `SSE_SCALE' defined here
[INFO] [stderr]   /opt/rustwide/cargo-home/registry/src/index.crates.io-6f17d22bba15001f/rav1e-0.7.1/src/x86/sse.asm:456: warning: trailing garbage after macro name ignored [-w+other]
[INFO] [stderr]   /opt/rustwide/cargo-home/registry/src/index.crates.io-6f17d22bba15001f/rav1e-0.7.1/src/x86/sse.asm:444: ... from macro `WEIGHTED_SSE' defined here
[INFO] [stderr]   /opt/rustwide/cargo-home/registry/src/index.crates.io-6f17d22bba15001f/rav1e-0.7.1/src/x86/sse.asm:458: warning: dropping trailing empty parameter in call to multi-line macro `LOAD_SCALES_16X4' [-w+macro-params-legacy]
[INFO] [stderr]   /opt/rustwide/cargo-home/registry/src/index.crates.io-6f17d22bba15001f/rav1e-0.7.1/src/x86/sse.asm:400: ... from macro `WEIGHTED_SSE' defined here
[INFO] [stderr]   /opt/rustwide/cargo-home/registry/src/index.crates.io-6f17d22bba15001f/rav1e-0.7.1/src/x86/sse.asm:276: ... from macro `WEIGHTED_SSE_16X4_KERNEL' defined here
[INFO] [stderr]   /opt/rustwide/cargo-home/registry/src/index.crates.io-6f17d22bba15001f/rav1e-0.7.1/src/x86/sse.asm:42: ... from macro `SSE_SCALE' defined here
[INFO] [stderr]   /opt/rustwide/cargo-home/registry/src/index.crates.io-6f17d22bba15001f/rav1e-0.7.1/src/x86/sse.asm:458: warning: trailing garbage after macro name ignored [-w+other]
[INFO] [stderr]   /opt/rustwide/cargo-home/registry/src/index.crates.io-6f17d22bba15001f/rav1e-0.7.1/src/x86/sse.asm:444: ... from macro `WEIGHTED_SSE' defined here
[INFO] [stderr]   /opt/rustwide/cargo-home/registry/src/index.crates.io-6f17d22bba15001f/rav1e-0.7.1/src/x86/sse.asm:459: warning: dropping trailing empty parameter in call to multi-line macro `LOAD_SCALES_16X4' [-w+macro-params-legacy]
[INFO] [stderr]   /opt/rustwide/cargo-home/registry/src/index.crates.io-6f17d22bba15001f/rav1e-0.7.1/src/x86/sse.asm:400: ... from macro `WEIGHTED_SSE' defined here
[INFO] [stderr]   /opt/rustwide/cargo-home/registry/src/index.crates.io-6f17d22bba15001f/rav1e-0.7.1/src/x86/sse.asm:276: ... from macro `WEIGHTED_SSE_16X4_KERNEL' defined here
[INFO] [stderr]   /opt/rustwide/cargo-home/registry/src/index.crates.io-6f17d22bba15001f/rav1e-0.7.1/src/x86/sse.asm:42: ... from macro `SSE_SCALE' defined here
[INFO] [stderr]   /opt/rustwide/cargo-home/registry/src/index.crates.io-6f17d22bba15001f/rav1e-0.7.1/src/x86/sse.asm:459: warning: trailing garbage after macro name ignored [-w+other]
[INFO] [stderr]   /opt/rustwide/cargo-home/registry/src/index.crates.io-6f17d22bba15001f/rav1e-0.7.1/src/x86/sse.asm:444: ... from macro `WEIGHTED_SSE' defined here
[INFO] [stderr]   /opt/rustwide/cargo-home/registry/src/index.crates.io-6f17d22bba15001f/rav1e-0.7.1/src/x86/sse.asm:460: warning: dropping trailing empty parameter in call to multi-line macro `LOAD_SCALES_16X4' [-w+macro-params-legacy]
[INFO] [stderr]   /opt/rustwide/cargo-home/registry/src/index.crates.io-6f17d22bba15001f/rav1e-0.7.1/src/x86/sse.asm:400: ... from macro `WEIGHTED_SSE' defined here
[INFO] [stderr]   /opt/rustwide/cargo-home/registry/src/index.crates.io-6f17d22bba15001f/rav1e-0.7.1/src/x86/sse.asm:276: ... from macro `WEIGHTED_SSE_16X4_KERNEL' defined here
[INFO] [stderr]   /opt/rustwide/cargo-home/registry/src/index.crates.io-6f17d22bba15001f/rav1e-0.7.1/src/x86/sse.asm:42: ... from macro `SSE_SCALE' defined here
[INFO] [stderr]   /opt/rustwide/cargo-home/registry/src/index.crates.io-6f17d22bba15001f/rav1e-0.7.1/src/x86/sse.asm:460: warning: trailing garbage after macro name ignored [-w+other]
[INFO] [stderr]   /opt/rustwide/cargo-home/registry/src/index.crates.io-6f17d22bba15001f/rav1e-0.7.1/src/x86/sse.asm:444: ... from macro `WEIGHTED_SSE' defined here
[INFO] [stderr]   /opt/rustwide/cargo-home/registry/src/index.crates.io-6f17d22bba15001f/rav1e-0.7.1/src/x86/sse.asm:461: warning: dropping trailing empty parameter in call to multi-line macro `LOAD_SCALES_16X4' [-w+macro-params-legacy]
[INFO] [stderr]   /opt/rustwide/cargo-home/registry/src/index.crates.io-6f17d22bba15001f/rav1e-0.7.1/src/x86/sse.asm:400: ... from macro `WEIGHTED_SSE' defined here
[INFO] [stderr]   /opt/rustwide/cargo-home/registry/src/index.crates.io-6f17d22bba15001f/rav1e-0.7.1/src/x86/sse.asm:276: ... from macro `WEIGHTED_SSE_16X4_KERNEL' defined here
[INFO] [stderr]   /opt/rustwide/cargo-home/registry/src/index.crates.io-6f17d22bba15001f/rav1e-0.7.1/src/x86/sse.asm:42: ... from macro `SSE_SCALE' defined here
[INFO] [stderr]   /opt/rustwide/cargo-home/registry/src/index.crates.io-6f17d22bba15001f/rav1e-0.7.1/src/x86/sse.asm:461: warning: trailing garbage after macro name ignored [-w+other]
[INFO] [stderr]   /opt/rustwide/cargo-home/registry/src/index.crates.io-6f17d22bba15001f/rav1e-0.7.1/src/x86/sse.asm:444: ... from macro `WEIGHTED_SSE' defined here
[INFO] [stderr]   /opt/rustwide/cargo-home/registry/src/index.crates.io-6f17d22bba15001f/rav1e-0.7.1/src/x86/sse.asm:463: warning: trailing garbage after macro name ignored [-w+other]
[INFO] [stderr]   /opt/rustwide/cargo-home/registry/src/index.crates.io-6f17d22bba15001f/rav1e-0.7.1/src/x86/sse.asm:444: ... from macro `WEIGHTED_SSE' defined here
[INFO] [stderr]   /opt/rustwide/cargo-home/registry/src/index.crates.io-6f17d22bba15001f/rav1e-0.7.1/src/x86/sse.asm:464: warning: trailing garbage after macro name ignored [-w+other]
[INFO] [stderr]   /opt/rustwide/cargo-home/registry/src/index.crates.io-6f17d22bba15001f/rav1e-0.7.1/src/x86/sse.asm:444: ... from macro `WEIGHTED_SSE' defined here
[INFO] [stderr]   /opt/rustwide/cargo-home/registry/src/index.crates.io-6f17d22bba15001f/rav1e-0.7.1/src/x86/sse.asm:465: warning: trailing garbage after macro name ignored [-w+other]
[INFO] [stderr]   /opt/rustwide/cargo-home/registry/src/index.crates.io-6f17d22bba15001f/rav1e-0.7.1/src/x86/sse.asm:444: ... from macro `WEIGHTED_SSE' defined here
[INFO] [stderr]   /opt/rustwide/cargo-home/registry/src/index.crates.io-6f17d22bba15001f/rav1e-0.7.1/src/x86/sse.asm:466: warning: trailing garbage after macro name ignored [-w+other]
[INFO] [stderr]   /opt/rustwide/cargo-home/registry/src/index.crates.io-6f17d22bba15001f/rav1e-0.7.1/src/x86/sse.asm:444: ... from macro `WEIGHTED_SSE' defined here
[INFO] [stderr]   /opt/rustwide/cargo-home/registry/src/index.crates.io-6f17d22bba15001f/rav1e-0.7.1/src/x86/sse.asm:468: warning: trailing garbage after macro name ignored [-w+other]
[INFO] [stderr]   /opt/rustwide/cargo-home/registry/src/index.crates.io-6f17d22bba15001f/rav1e-0.7.1/src/x86/sse.asm:444: ... from macro `WEIGHTED_SSE' defined here
[INFO] [stderr]   /opt/rustwide/cargo-home/registry/src/index.crates.io-6f17d22bba15001f/rav1e-0.7.1/src/x86/sse.asm:469: warning: trailing garbage after macro name ignored [-w+other]
[INFO] [stderr]   /opt/rustwide/cargo-home/registry/src/index.crates.io-6f17d22bba15001f/rav1e-0.7.1/src/x86/sse.asm:444: ... from macro `WEIGHTED_SSE' defined here
[INFO] [stderr]   /opt/rustwide/cargo-home/registry/src/index.crates.io-6f17d22bba15001f/rav1e-0.7.1/src/x86/sse.asm:470: warning: trailing garbage after macro name ignored [-w+other]
[INFO] [stderr]   /opt/rustwide/cargo-home/registry/src/index.crates.io-6f17d22bba15001f/rav1e-0.7.1/src/x86/sse.asm:444: ... from macro `WEIGHTED_SSE' defined here
[INFO] [stderr]   /opt/rustwide/cargo-home/registry/src/index.crates.io-6f17d22bba15001f/rav1e-0.7.1/src/x86/sse.asm:471: warning: trailing garbage after macro name ignored [-w+other]
[INFO] [stderr]   /opt/rustwide/cargo-home/registry/src/index.crates.io-6f17d22bba15001f/rav1e-0.7.1/src/x86/sse.asm:444: ... from macro `WEIGHTED_SSE' defined here
[INFO] [stderr]   /opt/rustwide/cargo-home/registry/src/index.crates.io-6f17d22bba15001f/rav1e-0.7.1/src/x86/sse.asm:473: warning: trailing garbage after macro name ignored [-w+other]
[INFO] [stderr]   /opt/rustwide/cargo-home/registry/src/index.crates.io-6f17d22bba15001f/rav1e-0.7.1/src/x86/sse.asm:444: ... from macro `WEIGHTED_SSE' defined here
[INFO] [stderr]   /opt/rustwide/cargo-home/registry/src/index.crates.io-6f17d22bba15001f/rav1e-0.7.1/src/x86/sse.asm:474: warning: trailing garbage after macro name ignored [-w+other]
[INFO] [stderr]   /opt/rustwide/cargo-home/registry/src/index.crates.io-6f17d22bba15001f/rav1e-0.7.1/src/x86/sse.asm:444: ... from macro `WEIGHTED_SSE' defined here
[INFO] [stderr]   /opt/rustwide/cargo-home/registry/src/index.crates.io-6f17d22bba15001f/rav1e-0.7.1/src/x86/tables.asm:41: warning: dropping trailing empty parameter in call to multi-line macro `const' [-w+macro-params-legacy]
[INFO] [stderr]   /opt/rustwide/cargo-home/registry/src/index.crates.io-6f17d22bba15001f/rav1e-0.7.1/src/x86/tables.asm:136: warning: dropping trailing empty parameter in call to multi-line macro `const' [-w+macro-params-legacy]
[INFO] [stderr]   /opt/rustwide/cargo-home/registry/src/index.crates.io-6f17d22bba15001f/rav1e-0.7.1/src/x86/tables.asm:178: warning: dropping trailing empty parameter in call to multi-line macro `const' [-w+macro-params-legacy]
[INFO] [stderr]   /opt/rustwide/cargo-home/registry/src/index.crates.io-6f17d22bba15001f/rav1e-0.7.1/src/x86/tables.asm:198: warning: dropping trailing empty parameter in call to multi-line macro `const' [-w+macro-params-legacy]
[INFO] [stderr]   /opt/rustwide/cargo-home/registry/src/index.crates.io-6f17d22bba15001f/rav1e-0.7.1/src/x86/tables.asm:298: warning: dropping trailing empty parameter in call to multi-line macro `const' [-w+macro-params-legacy]
[INFO] [stderr]   /opt/rustwide/cargo-home/registry/src/index.crates.io-6f17d22bba15001f/rav1e-0.7.1/src/x86/tables.asm:329: warning: dropping trailing empty parameter in call to multi-line macro `const' [-w+macro-params-legacy]
[INFO] [stderr]   /opt/rustwide/cargo-home/registry/src/index.crates.io-6f17d22bba15001f/rav1e-0.7.1/src/x86/tables.asm:518: warning: dropping trailing empty parameter in call to multi-line macro `const' [-w+macro-params-legacy]
[INFO] [stderr]   /opt/rustwide/cargo-home/registry/src/index.crates.io-6f17d22bba15001f/rav1e-0.7.1/src/x86/tables.asm:552: warning: dropping trailing empty parameter in call to multi-line macro `const' [-w+macro-params-legacy]
[INFO] [stderr]   thread 'main' panicked at /opt/rustwide/cargo-home/registry/src/index.crates.io-6f17d22bba15001f/rav1e-0.7.1/build.rs:147:7:
[INFO] [stderr]   NASM build failed. Make sure you have nasm installed or disable the "asm" feature.
[INFO] [stderr]   You can get NASM from https://nasm.us or your system's package manager.
[INFO] [stderr] 
[INFO] [stderr]   error: nonzero exit status: signal: 9 (SIGKILL)
[INFO] [stderr]   stack backtrace:
[INFO] [stderr]      0:     0x5e465b8bdada - std::backtrace_rs::backtrace::libunwind::trace::h207520d6e9873551
[INFO] [stderr]                                  at /rustc/df4ca44d3fbc9301ee17f30f4d474e6ae4b05252/library/std/src/../../backtrace/src/backtrace/libunwind.rs:116:5
[INFO] [stderr]      1:     0x5e465b8bdada - std::backtrace_rs::backtrace::trace_unsynchronized::h2ed7433f370e3eca
[INFO] [stderr]                                  at /rustc/df4ca44d3fbc9301ee17f30f4d474e6ae4b05252/library/std/src/../../backtrace/src/backtrace/mod.rs:66:5
[INFO] [stderr]      2:     0x5e465b8bdada - std::sys::backtrace::_print_fmt::h916fac51166b18d7
[INFO] [stderr]                                  at /rustc/df4ca44d3fbc9301ee17f30f4d474e6ae4b05252/library/std/src/sys/backtrace.rs:66:9
[INFO] [stderr]      3:     0x5e465b8bdada - <std::sys::backtrace::BacktraceLock::print::DisplayBacktrace as core::fmt::Display>::fmt::ha0a4c9b8ce3802e6
[INFO] [stderr]                                  at /rustc/df4ca44d3fbc9301ee17f30f4d474e6ae4b05252/library/std/src/sys/backtrace.rs:39:26
[INFO] [stderr]      4:     0x5e465b8e39a3 - core::fmt::rt::Argument::fmt::h4cfc8587d52b3eb5
[INFO] [stderr]                                  at /rustc/df4ca44d3fbc9301ee17f30f4d474e6ae4b05252/library/core/src/fmt/rt.rs:177:76
[INFO] [stderr]      5:     0x5e465b8e39a3 - core::fmt::write::h522cc39e5b36ae9f
[INFO] [stderr]                                  at /rustc/df4ca44d3fbc9301ee17f30f4d474e6ae4b05252/library/core/src/fmt/mod.rs:1190:21
[INFO] [stderr]      6:     0x5e465b8b9a13 - std::io::Write::write_fmt::hf1c1dcc8cc1287f0
[INFO] [stderr]                                  at /rustc/df4ca44d3fbc9301ee17f30f4d474e6ae4b05252/library/std/src/io/mod.rs:1839:15
[INFO] [stderr]      7:     0x5e465b8bd922 - std::sys::backtrace::BacktraceLock::print::h4b9e00b29e9c0942
[INFO] [stderr]                                  at /rustc/df4ca44d3fbc9301ee17f30f4d474e6ae4b05252/library/std/src/sys/backtrace.rs:42:9
[INFO] [stderr]      8:     0x5e465b8bec5c - std::panicking::default_hook::{{closure}}::hb59b88280d0324d9
[INFO] [stderr]                                  at /rustc/df4ca44d3fbc9301ee17f30f4d474e6ae4b05252/library/std/src/panicking.rs:268:22
[INFO] [stderr]      9:     0x5e465b8beaa2 - std::panicking::default_hook::he1dd496665be4a29
[INFO] [stderr]                                  at /rustc/df4ca44d3fbc9301ee17f30f4d474e6ae4b05252/library/std/src/panicking.rs:295:9
[INFO] [stderr]     10:     0x5e465b8bf297 - std::panicking::rust_panic_with_hook::h2ff17fe8f26dfcf8
[INFO] [stderr]                                  at /rustc/df4ca44d3fbc9301ee17f30f4d474e6ae4b05252/library/std/src/panicking.rs:801:13
[INFO] [stderr]     11:     0x5e465b8bf12a - std::panicking::begin_panic_handler::{{closure}}::h4fad77951c07e101
[INFO] [stderr]                                  at /rustc/df4ca44d3fbc9301ee17f30f4d474e6ae4b05252/library/std/src/panicking.rs:674:13
[INFO] [stderr]     12:     0x5e465b8bdfb9 - std::sys::backtrace::__rust_end_short_backtrace::hb1a25b3da5d0ea08
[INFO] [stderr]                                  at /rustc/df4ca44d3fbc9301ee17f30f4d474e6ae4b05252/library/std/src/sys/backtrace.rs:170:18
[INFO] [stderr]     13:     0x5e465b8bedbc - rust_begin_unwind
[INFO] [stderr]                                  at /rustc/df4ca44d3fbc9301ee17f30f4d474e6ae4b05252/library/std/src/panicking.rs:665:5
[INFO] [stderr]     14:     0x5e465b8e2750 - core::panicking::panic_fmt::ha9db07b529f9b256
[INFO] [stderr]                                  at /rustc/df4ca44d3fbc9301ee17f30f4d474e6ae4b05252/library/core/src/panicking.rs:75:14
[INFO] [stderr]     15:     0x5e465b7c467e - build_script_build::build_nasm_files::{{closure}}::h8f56a5a66b739127
[INFO] [stderr]     16:     0x5e465b7c08b7 - core::result::Result<T,E>::unwrap_or_else::h0327a8b5fc42b0b7
[INFO] [stderr]     17:     0x5e465b7c3e1a - build_script_build::build_nasm_files::h1ad19fa06d482492
[INFO] [stderr]     18:     0x5e465b7c5fa8 - build_script_build::main::h2dd227422541c0ba
[INFO] [stderr]     19:     0x5e465b7bf8c3 - core::ops::function::FnOnce::call_once::h327c9a514359c1fc
[INFO] [stderr]     20:     0x5e465b7bf5f6 - std::sys::backtrace::__rust_begin_short_backtrace::h38fc3b0953e976f7
[INFO] [stderr]     21:     0x5e465b7bf509 - std::rt::lang_start::{{closure}}::h7d5304790a6dfff5
[INFO] [stderr]     22:     0x5e465b8b2137 - core::ops::function::impls::<impl core::ops::function::FnOnce<A> for &F>::call_once::hd87d66b906e0ccaf
[INFO] [stderr]                                  at /rustc/df4ca44d3fbc9301ee17f30f4d474e6ae4b05252/library/core/src/ops/function.rs:284:13
[INFO] [stderr]     23:     0x5e465b8b2137 - std::panicking::try::do_call::hae3703de71fc9e3a
[INFO] [stderr]                                  at /rustc/df4ca44d3fbc9301ee17f30f4d474e6ae4b05252/library/std/src/panicking.rs:557:40
[INFO] [stderr]     24:     0x5e465b8b2137 - std::panicking::try::h1178330e9a2b2645
[INFO] [stderr]                                  at /rustc/df4ca44d3fbc9301ee17f30f4d474e6ae4b05252/library/std/src/panicking.rs:520:19
[INFO] [stderr]     25:     0x5e465b8b2137 - std::panic::catch_unwind::h0acf49d2305d32ad
[INFO] [stderr]                                  at /rustc/df4ca44d3fbc9301ee17f30f4d474e6ae4b05252/library/std/src/panic.rs:358:14
[INFO] [stderr]     26:     0x5e465b8b2137 - std::rt::lang_start_internal::{{closure}}::h2d95182d798177be
[INFO] [stderr]                                  at /rustc/df4ca44d3fbc9301ee17f30f4d474e6ae4b05252/library/std/src/rt.rs:174:48
[INFO] [stderr]     27:     0x5e465b8b2137 - std::panicking::try::do_call::hb506f5bfe11fd30c
[INFO] [stderr]                                  at /rustc/df4ca44d3fbc9301ee17f30f4d474e6ae4b05252/library/std/src/panicking.rs:557:40
[INFO] [stderr]     28:     0x5e465b8b2137 - std::panicking::try::h54d825c46bd0fa95
[INFO] [stderr]                                  at /rustc/df4ca44d3fbc9301ee17f30f4d474e6ae4b05252/library/std/src/panicking.rs:520:19
[INFO] [stderr]     29:     0x5e465b8b2137 - std::panic::catch_unwind::hffbb0ad20c4e9fac
[INFO] [stderr]                                  at /rustc/df4ca44d3fbc9301ee17f30f4d474e6ae4b05252/library/std/src/panic.rs:358:14
[INFO] [stderr]     30:     0x5e465b8b2137 - std::rt::lang_start_internal::h52c291ef1962c925
[INFO] [stderr]                                  at /rustc/df4ca44d3fbc9301ee17f30f4d474e6ae4b05252/library/std/src/rt.rs:174:20
[INFO] [stderr]     31:     0x5e465b7bf4e7 - std::rt::lang_start::hdd264c4c94355430
[INFO] [stderr]     32:     0x5e465b7c6595 - main
[INFO] [stderr]     33:     0x755a2067bd90 - <unknown>
[INFO] [stderr]     34:     0x755a2067be40 - __libc_start_main
[INFO] [stderr]     35:     0x5e465b7beb95 - _start
[INFO] [stderr]     36:                0x0 - <unknown>
[INFO] [stderr] warning: build failed, waiting for other jobs to finish...
[INFO] [stderr] error: failed to run custom build command for `libdav1d-sys v0.7.0+libdav1d.1.4.0`
[INFO] [stderr] note: To improve backtraces for build dependencies, set the CARGO_PROFILE_DEV_BUILD_OVERRIDE_DEBUG=true environment variable to enable debug information generation.
[INFO] [stderr] 
[INFO] [stderr] Caused by:
[INFO] [stderr]   process didn't exit successfully: `/opt/rustwide/target/debug/build/libdav1d-sys-1ce127672fb9949f/build-script-build` (exit status: 101)
[INFO] [stderr]   --- stdout
[INFO] [stderr]   The Meson build system
[INFO] [stderr]   Version: 0.61.2
[INFO] [stderr]   Source dir: /opt/rustwide/cargo-home/registry/src/index.crates.io-6f17d22bba15001f/libdav1d-sys-0.7.0+libdav1d.1.4.0/vendor
[INFO] [stderr]   Build dir: /opt/rustwide/target/debug/build/libdav1d-sys-58ec068a1b025979/out
[INFO] [stderr]   Build type: native build
[INFO] [stderr]   Project name: dav1d
[INFO] [stderr]   Project version: 1.4.0
[INFO] [stderr]   C compiler for the host machine: cc (gcc 11.4.0 "cc (Ubuntu 11.4.0-1ubuntu1~22.04) 11.4.0")
[INFO] [stderr]   C linker for the host machine: cc ld.bfd 2.38
[INFO] [stderr]   Host machine cpu family: x86_64
[INFO] [stderr]   Host machine cpu: x86_64
[INFO] [stderr]   Fetching value of define "__ILP32__" :  
[INFO] [stderr]   Run-time dependency threads found: YES
[INFO] [stderr]   Checking for function "clock_gettime" : YES 
[INFO] [stderr]   Checking for function "posix_memalign" : YES 
[INFO] [stderr]   Library dl found: YES
[INFO] [stderr]   Checking for function "dlsym" with dependency -ldl: YES 
[INFO] [stderr]   Library m found: YES
[INFO] [stderr]   Check usable header "stdatomic.h" : YES 
[INFO] [stderr]   Check usable header "unistd.h" : YES 
[INFO] [stderr]   Check usable header "io.h" : NO 
[INFO] [stderr]   Check usable header "pthread_np.h" : NO 
[INFO] [stderr]   Checking for function "getopt_long" : YES 
[INFO] [stderr]   Checking for function "pthread_getaffinity_np" with dependency threads: YES 
[INFO] [stderr]   Checking for function "pthread_setaffinity_np" with dependency threads: YES 
[INFO] [stderr]   Checking if "_Generic" compiles: YES 
[INFO] [stderr]   Compiler for C supports arguments -fvisibility=hidden: YES 
[INFO] [stderr]   Compiler for C supports arguments -Wundef: YES 
[INFO] [stderr]   Compiler for C supports arguments -Werror=vla: YES 
[INFO] [stderr]   Compiler for C supports arguments -Wno-maybe-uninitialized: YES 
[INFO] [stderr]   Compiler for C supports arguments -Wno-missing-field-initializers: YES 
[INFO] [stderr]   Compiler for C supports arguments -Wno-unused-parameter: YES 
[INFO] [stderr]   Compiler for C supports arguments -Wstrict-prototypes: YES 
[INFO] [stderr]   Compiler for C supports arguments -Werror=missing-prototypes: YES 
[INFO] [stderr]   Compiler for C supports arguments -Wshorten-64-to-32: NO 
[INFO] [stderr]   Fetching value of define "__AVX__" :  
[INFO] [stderr]   Program nasm found: YES (/usr/bin/nasm)
[INFO] [stderr]   Configuring config.asm using configuration
[INFO] [stderr]   Configuring config.h using configuration
[INFO] [stderr]   Configuring version.h using configuration
[INFO] [stderr]   Header <xxhash.h> has symbol "XXH3_createState" : NO 
[INFO] [stderr]   Configuring cli_config.h using configuration
[INFO] [stderr]   Compiler for C supports arguments -Werror=c11-extensions: NO 
[INFO] [stderr]   Compiler for C supports arguments -Werror=c99-c11-compat: YES 
[INFO] [stderr]   First supported argument: -Werror=c99-c11-compat
[INFO] [stderr]   Program objcopy found: YES (/usr/bin/objcopy)
[INFO] [stderr]   Checking for function "posix_memalign" : YES (cached)
[INFO] [stderr]   Build targets in project: 21
[INFO] [stderr] 
[INFO] [stderr]   dav1d 1.4.0
[INFO] [stderr] 
[INFO] [stderr]     User defined options
[INFO] [stderr]       buildtype      : debug
[INFO] [stderr]       default_library: static
[INFO] [stderr]       libdir         : lib
[INFO] [stderr]       prefix         : /
[INFO] [stderr] 
[INFO] [stderr]   Found ninja-1.10.1 at /usr/bin/ninja
[INFO] [stderr]   [1/150] Compiling C object src/libdav1d_bitdepth_8.a.p/filmgrain_tmpl.c.o
[INFO] [stderr]   [2/150] Compiling C object src/libdav1d_bitdepth_8.a.p/fg_apply_tmpl.c.o
[INFO] [stderr]   [3/150] Compiling C object src/libdav1d_bitdepth_8.a.p/ipred_prepare_tmpl.c.o
[INFO] [stderr]   [4/150] Compiling C object src/libdav1d_bitdepth_8.a.p/looprestoration_tmpl.c.o
[INFO] [stderr]   [5/150] Compiling C object src/libdav1d_bitdepth_16.a.p/fg_apply_tmpl.c.o
[INFO] [stderr]   [6/150] Compiling C object src/libdav1d_bitdepth_8.a.p/lr_apply_tmpl.c.o
[INFO] [stderr]   [7/150] Compiling C object src/libdav1d_bitdepth_8.a.p/cdef_tmpl.c.o
[INFO] [stderr]   [8/150] Compiling C object src/libdav1d_bitdepth_8.a.p/loopfilter_tmpl.c.o
[INFO] [stderr]   [9/150] Compiling C object src/libdav1d_bitdepth_8.a.p/cdef_apply_tmpl.c.o
[INFO] [stderr]   [10/150] Compiling C object src/libdav1d_bitdepth_16.a.p/ipred_prepare_tmpl.c.o
[INFO] [stderr]   [11/150] Compiling C object src/libdav1d_bitdepth_8.a.p/lf_apply_tmpl.c.o
[INFO] [stderr]   [12/150] Compiling C object src/libdav1d_bitdepth_16.a.p/filmgrain_tmpl.c.o
[INFO] [stderr]   [13/150] Compiling C object src/libdav1d_bitdepth_16.a.p/cdef_tmpl.c.o
[INFO] [stderr]   [14/150] Compiling C object src/libdav1d_bitdepth_8.a.p/ipred_tmpl.c.o
[INFO] [stderr]   [15/150] Compiling C object src/libdav1d_bitdepth_16.a.p/cdef_apply_tmpl.c.o
[INFO] [stderr]   [16/150] Compiling C object src/libdav1d_bitdepth_16.a.p/loopfilter_tmpl.c.o
[INFO] [stderr]   [17/150] Compiling C object src/libdav1d_bitdepth_16.a.p/itx_tmpl.c.o
[INFO] [stderr]   [18/150] Compiling C object src/libdav1d_bitdepth_16.a.p/lr_apply_tmpl.c.o
[INFO] [stderr]   [19/150] Generating 'src/libdav1d.a.p/cpuid.obj'.
[INFO] [stderr]   [20/150] Compiling C object src/libdav1d_bitdepth_16.a.p/ipred_tmpl.c.o
[INFO] [stderr]   [21/150] Compiling C object src/libdav1d_bitdepth_8.a.p/itx_tmpl.c.o
[INFO] [stderr]   [22/150] Compiling C object src/libdav1d_bitdepth_8.a.p/mc_tmpl.c.o
[INFO] [stderr]   [23/150] Compiling C object src/libdav1d_bitdepth_16.a.p/looprestoration_tmpl.c.o
[INFO] [stderr]   [24/150] Compiling C object src/libdav1d_bitdepth_16.a.p/lf_apply_tmpl.c.o
[INFO] [stderr]   [25/150] Generating include/vcs_version.h with a custom command
[INFO] [stderr]   fatal: not a git repository: '/opt/rustwide/cargo-home/registry/src/index.crates.io-6f17d22bba15001f/libdav1d-sys-0.7.0+libdav1d.1.4.0/vendor/.git'
[INFO] [stderr]   [26/150] Generating 'src/libdav1d.a.p/pal.obj'.
[INFO] [stderr]   [27/150] Generating 'src/libdav1d.a.p/msac.obj'.
[INFO] [stderr]   [28/150] Compiling C object src/libdav1d_bitdepth_16.a.p/mc_tmpl.c.o
[INFO] [stderr]   [29/150] Compiling C object src/libdav1d_bitdepth_8.a.p/recon_tmpl.c.o
[INFO] [stderr]   [30/150] Generating 'src/libdav1d.a.p/refmvs.obj'.
[INFO] [stderr]   [31/150] Generating 'src/libdav1d.a.p/cdef_avx512.obj'.
[INFO] [stderr]   [32/150] Compiling C object src/libdav1d_bitdepth_16.a.p/recon_tmpl.c.o
[INFO] [stderr]   [33/150] Generating 'src/libdav1d.a.p/filmgrain_avx512.obj'.
[INFO] [stderr]   [34/150] Generating 'src/libdav1d.a.p/looprestoration_avx512.obj'.
[INFO] [stderr]   [35/150] Generating 'src/libdav1d.a.p/looprestoration_avx2.obj'.
[INFO] [stderr]   [36/150] Generating 'src/libdav1d.a.p/loopfilter_avx512.obj'.
[INFO] [stderr]   [37/150] Generating 'src/libdav1d.a.p/cdef16_avx512.obj'.
[INFO] [stderr]   [38/150] Generating 'src/libdav1d.a.p/ipred_avx512.obj'.
[INFO] [stderr]   [39/150] Generating 'src/libdav1d.a.p/loopfilter_avx2.obj'.
[INFO] [stderr]   [40/150] Generating 'src/libdav1d.a.p/ipred16_avx512.obj'.
[INFO] [stderr]   [41/150] Generating 'src/libdav1d.a.p/loopfilter_sse.obj'.
[INFO] [stderr]   [42/150] Generating 'src/libdav1d.a.p/filmgrain16_avx512.obj'.
[INFO] [stderr]   [43/150] Generating 'src/libdav1d.a.p/cdef_avx2.obj'.
[INFO] [stderr]   [44/150] Generating 'src/libdav1d.a.p/cdef16_avx2.obj'.
[INFO] [stderr]   [45/150] Generating 'src/libdav1d.a.p/looprestoration16_avx512.obj'.
[INFO] [stderr]   [46/150] Generating 'src/libdav1d.a.p/loopfilter16_avx512.obj'.
[INFO] [stderr]   [47/150] Generating 'src/libdav1d.a.p/filmgrain_avx2.obj'.
[INFO] [stderr]   [48/150] Generating 'src/libdav1d.a.p/mc_avx512.obj'.
[INFO] [stderr]   [49/150] Generating 'src/libdav1d.a.p/ipred_avx2.obj'.
[INFO] [stderr]   [50/150] Generating 'src/libdav1d.a.p/looprestoration_sse.obj'.
[INFO] [stderr]   [51/150] Generating 'src/libdav1d.a.p/filmgrain_sse.obj'.
[INFO] [stderr]   [52/150] Generating 'src/libdav1d.a.p/cdef16_sse.obj'.
[INFO] [stderr]   [53/150] Generating 'src/libdav1d.a.p/loopfilter16_avx2.obj'.
[INFO] [stderr]   [54/150] Generating 'src/libdav1d.a.p/looprestoration16_avx2.obj'.
[INFO] [stderr]   [55/150] Generating 'src/libdav1d.a.p/mc16_avx512.obj'.
[INFO] [stderr]   [56/150] Generating 'src/libdav1d.a.p/cdef_sse.obj'.
[INFO] [stderr]   [57/150] Compiling C object src/libdav1d.a.p/cdf.c.o
[INFO] [stderr]   [58/150] Generating 'src/libdav1d.a.p/filmgrain16_avx2.obj'.
[INFO] [stderr]   [59/150] Compiling C object src/libdav1d.a.p/cpu.c.o
[INFO] [stderr]   [60/150] Generating 'src/libdav1d.a.p/ipred_sse.obj'.
[INFO] [stderr]   [61/150] Generating 'src/libdav1d.a.p/itx_avx512.obj'.
[INFO] [stderr]   FAILED: src/libdav1d.a.p/itx_avx512.obj 
[INFO] [stderr]   /usr/bin/nasm -f elf64 -I /opt/rustwide/cargo-home/registry/src/index.crates.io-6f17d22bba15001f/libdav1d-sys-0.7.0+libdav1d.1.4.0/vendor/src/ -I /opt/rustwide/target/debug/build/libdav1d-sys-58ec068a1b025979/out/ -MQ src/libdav1d.a.p/itx_avx512.obj -MF src/libdav1d.a.p/itx_avx512.obj.ndep ../../../../../cargo-home/registry/src/index.crates.io-6f17d22bba15001f/libdav1d-sys-0.7.0+libdav1d.1.4.0/vendor/src/x86/itx_avx512.asm -o src/libdav1d.a.p/itx_avx512.obj
[INFO] [stderr]   Killed
[INFO] [stderr]   [62/150] Compiling C object src/libdav1d.a.p/data.c.o
[INFO] [stderr]   [63/150] Compiling C object src/libdav1d.a.p/dequant_tables.c.o
[INFO] [stderr]   [64/150] Generating 'src/libdav1d.a.p/itx_sse.obj'.
[INFO] [stderr]   FAILED: src/libdav1d.a.p/itx_sse.obj 
[INFO] [stderr]   /usr/bin/nasm -f elf64 -I /opt/rustwide/cargo-home/registry/src/index.crates.io-6f17d22bba15001f/libdav1d-sys-0.7.0+libdav1d.1.4.0/vendor/src/ -I /opt/rustwide/target/debug/build/libdav1d-sys-58ec068a1b025979/out/ -MQ src/libdav1d.a.p/itx_sse.obj -MF src/libdav1d.a.p/itx_sse.obj.ndep ../../../../../cargo-home/registry/src/index.crates.io-6f17d22bba15001f/libdav1d-sys-0.7.0+libdav1d.1.4.0/vendor/src/x86/itx_sse.asm -o src/libdav1d.a.p/itx_sse.obj
[INFO] [stderr]   Killed
[INFO] [stderr]   [65/150] Generating 'src/libdav1d.a.p/loopfilter16_sse.obj'.
[INFO] [stderr]   [66/150] Generating 'src/libdav1d.a.p/mc_avx2.obj'.
[INFO] [stderr]   [67/150] Compiling C object src/libdav1d.a.p/decode.c.o
[INFO] [stderr]   [68/150] Generating 'src/libdav1d.a.p/ipred16_sse.obj'.
[INFO] [stderr]   [69/150] Generating 'src/libdav1d.a.p/ipred16_avx2.obj'.
[INFO] [stderr]   [70/150] Generating 'src/libdav1d.a.p/looprestoration16_sse.obj'.
[INFO] [stderr]   [71/150] Generating 'src/libdav1d.a.p/itx16_avx512.obj'.
[INFO] [stderr]   [72/150] Generating 'src/libdav1d.a.p/itx_avx2.obj'.
[INFO] [stderr]   [73/150] Generating 'src/libdav1d.a.p/filmgrain16_sse.obj'.
[INFO] [stderr]   [74/150] Generating 'src/libdav1d.a.p/mc16_avx2.obj'.
[INFO] [stderr]   [75/150] Generating 'src/libdav1d.a.p/itx16_sse.obj'.
[INFO] [stderr]   [76/150] Generating 'src/libdav1d.a.p/mc_sse.obj'.
[INFO] [stderr]   [77/150] Generating 'src/libdav1d.a.p/mc16_sse.obj'.
[INFO] [stderr]   [78/150] Generating 'src/libdav1d.a.p/itx16_avx2.obj'.
[INFO] [stderr]   ninja: build stopped: subcommand failed.
[INFO] [stderr] 
[INFO] [stderr]   --- stderr
[INFO] [stderr]   Installing dav1d into "/opt/rustwide/target/debug/build/libdav1d-sys-58ec068a1b025979/out/install"
[INFO] [stderr]   thread 'main' panicked at /opt/rustwide/cargo-home/registry/src/index.crates.io-6f17d22bba15001f/libdav1d-sys-0.7.0+libdav1d.1.4.0/build.rs:55:5:
[INFO] [stderr]   ninja failed
[INFO] [stderr]   stack backtrace:
[INFO] [stderr]      0:     0x62d01cb9d2da - std::backtrace_rs::backtrace::libunwind::trace::h207520d6e9873551
[INFO] [stderr]                                  at /rustc/df4ca44d3fbc9301ee17f30f4d474e6ae4b05252/library/std/src/../../backtrace/src/backtrace/libunwind.rs:116:5
[INFO] [stderr]      1:     0x62d01cb9d2da - std::backtrace_rs::backtrace::trace_unsynchronized::h2ed7433f370e3eca
[INFO] [stderr]                                  at /rustc/df4ca44d3fbc9301ee17f30f4d474e6ae4b05252/library/std/src/../../backtrace/src/backtrace/mod.rs:66:5
[INFO] [stderr]      2:     0x62d01cb9d2da - std::sys::backtrace::_print_fmt::h916fac51166b18d7
[INFO] [stderr]                                  at /rustc/df4ca44d3fbc9301ee17f30f4d474e6ae4b05252/library/std/src/sys/backtrace.rs:66:9
[INFO] [stderr]      3:     0x62d01cb9d2da - <std::sys::backtrace::BacktraceLock::print::DisplayBacktrace as core::fmt::Display>::fmt::ha0a4c9b8ce3802e6
[INFO] [stderr]                                  at /rustc/df4ca44d3fbc9301ee17f30f4d474e6ae4b05252/library/std/src/sys/backtrace.rs:39:26
[INFO] [stderr]      4:     0x62d01cbbd513 - core::fmt::rt::Argument::fmt::h4cfc8587d52b3eb5
[INFO] [stderr]                                  at /rustc/df4ca44d3fbc9301ee17f30f4d474e6ae4b05252/library/core/src/fmt/rt.rs:177:76
[INFO] [stderr]      5:     0x62d01cbbd513 - core::fmt::write::h522cc39e5b36ae9f
[INFO] [stderr]                                  at /rustc/df4ca44d3fbc9301ee17f30f4d474e6ae4b05252/library/core/src/fmt/mod.rs:1190:21
[INFO] [stderr]      6:     0x62d01cb9a723 - std::io::Write::write_fmt::hf1c1dcc8cc1287f0
[INFO] [stderr]                                  at /rustc/df4ca44d3fbc9301ee17f30f4d474e6ae4b05252/library/std/src/io/mod.rs:1839:15
[INFO] [stderr]      7:     0x62d01cb9d122 - std::sys::backtrace::BacktraceLock::print::h4b9e00b29e9c0942
[INFO] [stderr]                                  at /rustc/df4ca44d3fbc9301ee17f30f4d474e6ae4b05252/library/std/src/sys/backtrace.rs:42:9
[INFO] [stderr]      8:     0x62d01cb9e29c - std::panicking::default_hook::{{closure}}::hb59b88280d0324d9
[INFO] [stderr]                                  at /rustc/df4ca44d3fbc9301ee17f30f4d474e6ae4b05252/library/std/src/panicking.rs:268:22
[INFO] [stderr]      9:     0x62d01cb9e0e2 - std::panicking::default_hook::he1dd496665be4a29
[INFO] [stderr]                                  at /rustc/df4ca44d3fbc9301ee17f30f4d474e6ae4b05252/library/std/src/panicking.rs:295:9
[INFO] [stderr]     10:     0x62d01cb9e897 - std::panicking::rust_panic_with_hook::h2ff17fe8f26dfcf8
[INFO] [stderr]                                  at /rustc/df4ca44d3fbc9301ee17f30f4d474e6ae4b05252/library/std/src/panicking.rs:801:13
[INFO] [stderr]     11:     0x62d01cb9e6f6 - std::panicking::begin_panic_handler::{{closure}}::h4fad77951c07e101
[INFO] [stderr]                                  at /rustc/df4ca44d3fbc9301ee17f30f4d474e6ae4b05252/library/std/src/panicking.rs:667:13
[INFO] [stderr]     12:     0x62d01cb9d7b9 - std::sys::backtrace::__rust_end_short_backtrace::hb1a25b3da5d0ea08
[INFO] [stderr]                                  at /rustc/df4ca44d3fbc9301ee17f30f4d474e6ae4b05252/library/std/src/sys/backtrace.rs:170:18
[INFO] [stderr]     13:     0x62d01cb9e3bc - rust_begin_unwind
[INFO] [stderr]                                  at /rustc/df4ca44d3fbc9301ee17f30f4d474e6ae4b05252/library/std/src/panicking.rs:665:5
[INFO] [stderr]     14:     0x62d01cbbc760 - core::panicking::panic_fmt::ha9db07b529f9b256
[INFO] [stderr]                                  at /rustc/df4ca44d3fbc9301ee17f30f4d474e6ae4b05252/library/core/src/panicking.rs:75:14
[INFO] [stderr]     15:     0x62d01cb75abd - build_script_build::main::he9c924f913ef2ef6
[INFO] [stderr]     16:     0x62d01cb71983 - core::ops::function::FnOnce::call_once::h397f0fc7ec3538e0
[INFO] [stderr]     17:     0x62d01cb71436 - std::sys::backtrace::__rust_begin_short_backtrace::h20cc18cc2a353806
[INFO] [stderr]     18:     0x62d01cb71229 - std::rt::lang_start::{{closure}}::h77df808890b6c7b3
[INFO] [stderr]     19:     0x62d01cb97397 - core::ops::function::impls::<impl core::ops::function::FnOnce<A> for &F>::call_once::hd87d66b906e0ccaf
[INFO] [stderr]                                  at /rustc/df4ca44d3fbc9301ee17f30f4d474e6ae4b05252/library/core/src/ops/function.rs:284:13
[INFO] [stderr]     20:     0x62d01cb97397 - std::panicking::try::do_call::hae3703de71fc9e3a
[INFO] [stderr]                                  at /rustc/df4ca44d3fbc9301ee17f30f4d474e6ae4b05252/library/std/src/panicking.rs:557:40
[INFO] [stderr]     21:     0x62d01cb97397 - std::panicking::try::h1178330e9a2b2645
[INFO] [stderr]                                  at /rustc/df4ca44d3fbc9301ee17f30f4d474e6ae4b05252/library/std/src/panicking.rs:520:19
[INFO] [stderr]     22:     0x62d01cb97397 - std::panic::catch_unwind::h0acf49d2305d32ad
[INFO] [stderr]                                  at /rustc/df4ca44d3fbc9301ee17f30f4d474e6ae4b05252/library/std/src/panic.rs:358:14
[INFO] [stderr]     23:     0x62d01cb97397 - std::rt::lang_start_internal::{{closure}}::h2d95182d798177be
[INFO] [stderr]                                  at /rustc/df4ca44d3fbc9301ee17f30f4d474e6ae4b05252/library/std/src/rt.rs:174:48
[INFO] [stderr]     24:     0x62d01cb97397 - std::panicking::try::do_call::hb506f5bfe11fd30c
[INFO] [stderr]                                  at /rustc/df4ca44d3fbc9301ee17f30f4d474e6ae4b05252/library/std/src/panicking.rs:557:40
[INFO] [stderr]     25:     0x62d01cb97397 - std::panicking::try::h54d825c46bd0fa95
[INFO] [stderr]                                  at /rustc/df4ca44d3fbc9301ee17f30f4d474e6ae4b05252/library/std/src/panicking.rs:520:19
[INFO] [stderr]     26:     0x62d01cb97397 - std::panic::catch_unwind::hffbb0ad20c4e9fac
[INFO] [stderr]                                  at /rustc/df4ca44d3fbc9301ee17f30f4d474e6ae4b05252/library/std/src/panic.rs:358:14
[INFO] [stderr]     27:     0x62d01cb97397 - std::rt::lang_start_internal::h52c291ef1962c925
[INFO] [stderr]                                  at /rustc/df4ca44d3fbc9301ee17f30f4d474e6ae4b05252/library/std/src/rt.rs:174:20
[INFO] [stderr]     28:     0x62d01cb71207 - std::rt::lang_start::h5494108f07b4a6c0
[INFO] [stderr]     29:     0x62d01cb76de5 - main
[INFO] [stderr]     30:     0x7014069a6d90 - <unknown>
[INFO] [stderr]     31:     0x7014069a6e40 - __libc_start_main
[INFO] [stderr]     32:     0x62d01cb70105 - _start
[INFO] [stderr]     33:                0x0 - <unknown>
[INFO] running `Command { std: "docker" "inspect" "8acbd9e05979b3f3ff7ae97268f098059ab8f35a6b10f518fcaa588babf427d1", kill_on_drop: false }`
[INFO] running `Command { std: "docker" "rm" "-f" "8acbd9e05979b3f3ff7ae97268f098059ab8f35a6b10f518fcaa588babf427d1", kill_on_drop: false }`
[INFO] [stdout] 8acbd9e05979b3f3ff7ae97268f098059ab8f35a6b10f518fcaa588babf427d1
