[INFO] fetching crate bevy_proto_backend 0.4.0...
[INFO] testing bevy_proto_backend-0.4.0 against nightly-2024-10-28+rustflags=-Zrandomize-layout for randomize-layout
[INFO] extracting crate bevy_proto_backend 0.4.0 into /workspace/builds/worker-2-tc2/source
[INFO] validating manifest of crates.io crate bevy_proto_backend 0.4.0 on toolchain nightly-2024-10-28
[INFO] running `Command { std: CARGO_HOME="/workspace/cargo-home" RUSTUP_HOME="/workspace/rustup-home" "/workspace/cargo-home/bin/cargo" "+nightly-2024-10-28" "metadata" "--manifest-path" "Cargo.toml" "--no-deps", kill_on_drop: false }`
[INFO] started tweaking crates.io crate bevy_proto_backend 0.4.0
[INFO] finished tweaking crates.io crate bevy_proto_backend 0.4.0
[INFO] tweaked toml for crates.io crate bevy_proto_backend 0.4.0 written to /workspace/builds/worker-2-tc2/source/Cargo.toml
[INFO] running `Command { std: CARGO_HOME="/workspace/cargo-home" RUSTUP_HOME="/workspace/rustup-home" "/workspace/cargo-home/bin/cargo" "+nightly-2024-10-28" "generate-lockfile" "--manifest-path" "Cargo.toml", kill_on_drop: false }`
[INFO] [stderr]     Updating crates.io index
[INFO] [stderr]      Locking 340 packages to latest compatible versions
[INFO] [stderr]       Adding bevy v0.11.3 (available: v0.14.2)
[INFO] [stderr]       Adding block-sys v0.1.0-beta.1 (available: v0.1.0-beta.2)
[INFO] [stderr]       Adding block2 v0.2.0-alpha.6 (available: v0.2.0)
[INFO] [stderr]       Adding indexmap v1.9.3 (available: v2.6.0)
[INFO] [stderr]       Adding objc-sys v0.2.0-beta.2 (available: v0.2.0-beta.3)
[INFO] [stderr]       Adding objc2 v0.3.0-beta.3.patch-leaks.3 (available: v0.3.0-beta.5)
[INFO] [stderr]       Adding objc2-encode v2.0.0-pre.2 (available: v2.0.0)
[INFO] running `Command { std: CARGO_HOME="/workspace/cargo-home" RUSTUP_HOME="/workspace/rustup-home" "/workspace/cargo-home/bin/cargo" "+nightly-2024-10-28" "fetch" "--manifest-path" "Cargo.toml", kill_on_drop: false }`
[INFO] [stderr]     Blocking waiting for file lock on package cache
[INFO] running `Command { std: "docker" "create" "-v" "/var/lib/crater-agent-workspace/builds/worker-2-tc2/target:/opt/rustwide/target:rw,Z" "-v" "/var/lib/crater-agent-workspace/builds/worker-2-tc2/source:/opt/rustwide/workdir:ro,Z" "-v" "/var/lib/crater-agent-workspace/cargo-home:/opt/rustwide/cargo-home:ro,Z" "-v" "/var/lib/crater-agent-workspace/rustup-home:/opt/rustwide/rustup-home:ro,Z" "-e" "SOURCE_DIR=/opt/rustwide/workdir" "-e" "CARGO_TARGET_DIR=/opt/rustwide/target" "-e" "CARGO_HOME=/opt/rustwide/cargo-home" "-e" "RUSTUP_HOME=/opt/rustwide/rustup-home" "-w" "/opt/rustwide/workdir" "-m" "1610612736" "--user" "0:0" "--network" "none" "ghcr.io/rust-lang/crates-build-env/linux@sha256:4a844ea9eb2546a2d2c7022eacef16ef2e8229c7fbb2c7d4d55a9ceca922f72d" "/opt/rustwide/cargo-home/bin/cargo" "+nightly-2024-10-28" "metadata" "--no-deps" "--format-version=1", kill_on_drop: false }`
[INFO] [stdout] 57604087b126d2b0cb711f8f271bf4c845479abbea35e6a630d55784924970c6
[INFO] running `Command { std: "docker" "start" "-a" "57604087b126d2b0cb711f8f271bf4c845479abbea35e6a630d55784924970c6", kill_on_drop: false }`
[INFO] running `Command { std: "docker" "inspect" "57604087b126d2b0cb711f8f271bf4c845479abbea35e6a630d55784924970c6", kill_on_drop: false }`
[INFO] running `Command { std: "docker" "rm" "-f" "57604087b126d2b0cb711f8f271bf4c845479abbea35e6a630d55784924970c6", kill_on_drop: false }`
[INFO] [stdout] 57604087b126d2b0cb711f8f271bf4c845479abbea35e6a630d55784924970c6
[INFO] running `Command { std: "docker" "create" "-v" "/var/lib/crater-agent-workspace/builds/worker-2-tc2/target:/opt/rustwide/target:rw,Z" "-v" "/var/lib/crater-agent-workspace/builds/worker-2-tc2/source:/opt/rustwide/workdir:ro,Z" "-v" "/var/lib/crater-agent-workspace/cargo-home:/opt/rustwide/cargo-home:ro,Z" "-v" "/var/lib/crater-agent-workspace/rustup-home:/opt/rustwide/rustup-home:ro,Z" "-e" "SOURCE_DIR=/opt/rustwide/workdir" "-e" "CARGO_TARGET_DIR=/opt/rustwide/target" "-e" "CARGO_INCREMENTAL=0" "-e" "RUST_BACKTRACE=full" "-e" "RUSTFLAGS=--cap-lints=forbid -Zrandomize-layout" "-e" "RUSTDOCFLAGS=--cap-lints=forbid" "-e" "CARGO_HOME=/opt/rustwide/cargo-home" "-e" "RUSTUP_HOME=/opt/rustwide/rustup-home" "-w" "/opt/rustwide/workdir" "-m" "1610612736" "--user" "0:0" "--network" "none" "ghcr.io/rust-lang/crates-build-env/linux@sha256:4a844ea9eb2546a2d2c7022eacef16ef2e8229c7fbb2c7d4d55a9ceca922f72d" "/opt/rustwide/cargo-home/bin/cargo" "+nightly-2024-10-28" "build" "--frozen" "--message-format=json", kill_on_drop: false }`
[INFO] [stdout] 836c8eeb4e76b3e37124894d7e46e5f35d1c6a85ccb42ac02e1d6e665f39f3ad
[INFO] running `Command { std: "docker" "start" "-a" "836c8eeb4e76b3e37124894d7e46e5f35d1c6a85ccb42ac02e1d6e665f39f3ad", kill_on_drop: false }`
[INFO] [stderr]    Compiling proc-macro2 v1.0.89
[INFO] [stderr]    Compiling unicode-ident v1.0.13
[INFO] [stderr]    Compiling serde v1.0.214
[INFO] [stderr]    Compiling autocfg v1.4.0
[INFO] [stderr]    Compiling libc v0.2.161
[INFO] [stderr]    Compiling once_cell v1.20.2
[INFO] [stderr]    Compiling version_check v0.9.5
[INFO] [stderr]    Compiling rustc-hash v1.1.0
[INFO] [stderr]    Compiling toml_datetime v0.6.8
[INFO] [stderr]    Compiling winnow v0.5.40
[INFO] [stderr]    Compiling thiserror v1.0.66
[INFO] [stderr]    Compiling memchr v2.7.4
[INFO] [stderr]    Compiling pin-project-lite v0.2.15
[INFO] [stderr]    Compiling zerocopy v0.7.35
[INFO] [stderr]    Compiling allocator-api2 v0.2.18
[INFO] [stderr]    Compiling crossbeam-utils v0.8.20
[INFO] [stderr]    Compiling parking_lot_core v0.9.10
[INFO] [stderr]    Compiling scopeguard v1.2.0
[INFO] [stderr]    Compiling futures-core v0.3.31
[INFO] [stderr]    Compiling tracing-core v0.1.32
[INFO] [stderr]    Compiling bit-vec v0.6.3
[INFO] [stderr]    Compiling fixedbitset v0.4.2
[INFO] [stderr]    Compiling futures-lite v2.4.0
[INFO] [stderr]    Compiling instant v0.1.13
[INFO] [stderr]    Compiling bit-set v0.5.3
[INFO] [stderr]    Compiling futures-io v0.3.31
[INFO] [stderr]    Compiling waker-fn v1.2.0
[INFO] [stderr]    Compiling async-task v4.7.1
[INFO] [stderr]    Compiling ahash v0.8.11
[INFO] [stderr]    Compiling petgraph v0.6.5
[INFO] [stderr]    Compiling fastrand v1.9.0
[INFO] [stderr]    Compiling lock_api v0.4.12
[INFO] [stderr]    Compiling slab v0.4.9
[INFO] [stderr]    Compiling fastrand v2.1.1
[INFO] [stderr]    Compiling parking v2.2.1
[INFO] [stderr]    Compiling event-listener v2.5.3
[INFO] [stderr]    Compiling num-traits v0.2.19
[INFO] [stderr]    Compiling thread_local v1.1.8
[INFO] [stderr]    Compiling concurrent-queue v2.5.0
[INFO] [stderr]    Compiling quote v1.0.37
[INFO] [stderr]    Compiling futures-lite v1.13.0
[INFO] [stderr]    Compiling downcast-rs v1.2.1
[INFO] [stderr]    Compiling smol_str v0.2.2
[INFO] [stderr]    Compiling bevy_ptr v0.11.3
[INFO] [stderr]    Compiling aho-corasick v1.1.3
[INFO] [stderr]    Compiling async-executor v1.13.1
[INFO] [stderr]    Compiling async-channel v1.9.0
[INFO] [stderr]    Compiling regex-syntax v0.8.5
[INFO] [stderr]    Compiling regex-syntax v0.6.29
[INFO] [stderr]    Compiling syn v2.0.86
[INFO] [stderr]    Compiling lazy_static v1.5.0
[INFO] [stderr]    Compiling overload v0.1.1
[INFO] [stderr]    Compiling sharded-slab v0.1.7
[INFO] [stderr]    Compiling nu-ansi-term v0.46.0
[INFO] [stderr]    Compiling tracing-log v0.2.0
[INFO] [stderr]    Compiling indexmap v1.9.3
[INFO] [stderr]    Compiling tracing-log v0.1.4
[INFO] [stderr]    Compiling getrandom v0.2.15
[INFO] [stderr]    Compiling hashbrown v0.12.3
[INFO] [stderr]    Compiling unicode-xid v0.2.6
[INFO] [stderr]    Compiling uuid v1.11.0
[INFO] [stderr]    Compiling termcolor v1.4.1
[INFO] [stderr]    Compiling unicode-width v0.1.14
[INFO] [stderr]    Compiling spirv v0.2.0+1.5.4
[INFO] [stderr]    Compiling pp-rs v0.2.1
[INFO] [stderr]    Compiling libloading v0.7.4
[INFO] [stderr]    Compiling codespan-reporting v0.11.1
[INFO] [stderr]    Compiling khronos-egl v4.1.0
[INFO] [stderr]    Compiling bevy_tasks v0.11.3
[INFO] [stderr]    Compiling hexf-parse v0.2.1
[INFO] [stderr]    Compiling ash v0.37.3+1.3.251
[INFO] [stderr]    Compiling gpu-alloc-types v0.2.0
[INFO] [stderr]    Compiling crossbeam-channel v0.5.13
[INFO] [stderr]    Compiling arrayvec v0.7.6
[INFO] [stderr]    Compiling anyhow v1.0.92
[INFO] [stderr]    Compiling raw-window-handle v0.5.2
[INFO] [stderr]    Compiling gpu-alloc v0.5.4
[INFO] [stderr]    Compiling toml_edit v0.19.15
[INFO] [stderr]    Compiling sysinfo v0.29.11
[INFO] [stderr]    Compiling libloading v0.8.5
[INFO] [stderr]    Compiling renderdoc-sys v1.1.0
[INFO] [stderr]    Compiling profiling v1.0.16
[INFO] [stderr]    Compiling glow v0.12.3
[INFO] [stderr]    Compiling byteorder v1.5.0
[INFO] [stderr]    Compiling const_soft_float v0.1.4
[INFO] [stderr]    Compiling color_quant v1.1.0
[INFO] [stderr]    Compiling data-encoding v2.6.0
[INFO] [stderr]    Compiling const_panic v0.2.10
[INFO] [stderr]    Compiling static_assertions v1.1.0
[INFO] [stderr]    Compiling pkg-config v0.3.31
[INFO] [stderr]    Compiling radsort v0.1.1
[INFO] [stderr]    Compiling constgebra v0.1.4
[INFO] [stderr]    Compiling ttf-parser v0.25.0
[INFO] [stderr]    Compiling serde_json v1.0.132
[INFO] [stderr]    Compiling euclid v0.22.11
[INFO] [stderr]    Compiling slotmap v1.0.7
[INFO] [stderr]    Compiling svg_fmt v0.4.3
[INFO] [stderr]    Compiling itoa v1.0.11
[INFO] [stderr]    Compiling inflections v1.1.1
[INFO] [stderr]    Compiling ab_glyph_rasterizer v0.1.8
[INFO] [stderr]    Compiling ryu v1.0.18
[INFO] [stderr]    Compiling cpal v0.15.3
[INFO] [stderr]    Compiling approx v0.5.1
[INFO] [stderr]    Compiling regex-automata v0.1.10
[INFO] [stderr]    Compiling xi-unicode v0.3.0
[INFO] [stderr]    Compiling alsa-sys v0.3.1
[INFO] [stderr]    Compiling rectangle-pack v0.4.2
[INFO] [stderr]    Compiling dasp_sample v0.11.0
[INFO] [stderr]    Compiling regex-automata v0.4.8
[INFO] [stderr]    Compiling base64 v0.21.7
[INFO] [stderr]    Compiling guillotiere v0.6.2
[INFO] [stderr]    Compiling accesskit v0.11.2
[INFO] [stderr]    Compiling grid v0.10.0
[INFO] [stderr]    Compiling matchers v0.1.0
[INFO] [stderr]    Compiling syn v1.0.109
[INFO] [stderr]    Compiling percent-encoding v2.3.1
[INFO] [stderr]    Compiling path-clean v1.0.1
[INFO] [stderr]    Compiling taffy v0.3.19
[INFO] [stderr]    Compiling proc-macro-crate v1.3.1
[INFO] [stderr]    Compiling optional-error v0.1.1
[INFO] [stderr]    Compiling bevy_macro_utils v0.11.3
[INFO] [stderr]    Compiling encase_derive_impl v0.6.1
[INFO] [stderr]    Compiling to_phantom v0.1.0
[INFO] [stderr]    Compiling owned_ttf_parser v0.25.0
[INFO] [stderr]    Compiling ab_glyph v0.2.29
[INFO] [stderr]    Compiling regex v1.11.1
[INFO] [stderr]    Compiling glyph_brush_layout v0.2.4
[INFO] [stderr]    Compiling serde_derive v1.0.214
[INFO] [stderr]    Compiling thiserror-impl v1.0.66
[INFO] [stderr]    Compiling bytemuck_derive v1.8.0
[INFO] [stderr]    Compiling tracing-attributes v0.1.27
[INFO] [stderr]    Compiling bevy_utils_proc_macros v0.11.3
[INFO] [stderr]    Compiling bevy_reflect_derive v0.11.3
[INFO] [stderr]    Compiling bevy_ecs_macros v0.11.3
[INFO] [stderr]    Compiling bevy_derive v0.11.3
[INFO] [stderr]    Compiling encase_derive v0.6.1
[INFO] [stderr]    Compiling bevy_encase_derive v0.11.3
[INFO] [stderr]    Compiling bevy_render_macros v0.11.3
[INFO] [stderr]    Compiling gltf-derive v1.4.1
[INFO] [stderr]    Compiling bevy_proto_derive v0.6.0
[INFO] [stderr]    Compiling bytemuck v1.19.0
[INFO] [stderr]    Compiling naga v0.12.3
[INFO] [stderr]    Compiling tracing v0.1.40
[INFO] [stderr]    Compiling image v0.24.9
[INFO] [stderr]    Compiling smallvec v1.13.2
[INFO] [stderr]    Compiling hashbrown v0.14.5
[INFO] [stderr]    Compiling glam v0.24.2
[INFO] [stderr]    Compiling erased-serde v0.3.31
[INFO] [stderr]    Compiling bitflags v2.6.0
[INFO] [stderr]    Compiling gpu-descriptor-types v0.1.2
[INFO] [stderr]    Compiling wgpu-types v0.16.1
[INFO] [stderr]    Compiling alsa v0.9.1
[INFO] [stderr]    Compiling ron v0.8.1
[INFO] [stderr]    Compiling tracing-subscriber v0.3.18
[INFO] [stderr]    Compiling parking_lot v0.12.3
[INFO] [stderr]    Compiling bevy_utils v0.11.3
[INFO] [stderr]    Compiling gpu-descriptor v0.2.4
[INFO] [stderr]    Compiling gltf-json v1.4.1
[INFO] [stderr]    Compiling rodio v0.17.3
[INFO] [stderr]    Compiling bevy_math v0.11.3
[INFO] [stderr]    Compiling hexasphere v9.1.0
[INFO] [stderr]    Compiling bevy_mikktspace v0.11.3
[INFO] [stderr]    Compiling encase v0.6.1
[INFO] [stderr]    Compiling bevy_reflect v0.11.3
[INFO] [stderr]    Compiling wgpu-hal v0.16.2
[INFO] [stderr]    Compiling naga_oil v0.8.2
[INFO] [stderr]    Compiling gltf v1.4.1
[INFO] [stderr]    Compiling wgpu-core v0.16.1
[INFO] [stderr]    Compiling bevy_ecs v0.11.3
[INFO] [stderr]    Compiling wgpu v0.16.3
[INFO] [stderr]    Compiling bevy_app v0.11.3
[INFO] [stderr]    Compiling bevy_core v0.11.3
[INFO] [stderr]    Compiling bevy_log v0.11.3
[INFO] [stderr]    Compiling bevy_time v0.11.3
[INFO] [stderr]    Compiling bevy_input v0.11.3
[INFO] [stderr]    Compiling bevy_a11y v0.11.3
[INFO] [stderr]    Compiling bevy_hierarchy v0.11.3
[INFO] [stderr]    Compiling bevy_diagnostic v0.11.3
[INFO] [stderr]    Compiling bevy_transform v0.11.3
[INFO] [stderr]    Compiling bevy_asset v0.11.3
[INFO] [stderr]    Compiling bevy_window v0.11.3
[INFO] [stderr]    Compiling bevy_audio v0.11.3
[INFO] [stderr]    Compiling bevy_render v0.11.3
[INFO] [stderr]    Compiling bevy_core_pipeline v0.11.3
[INFO] [stderr]    Compiling bevy_scene v0.11.3
[INFO] [stderr]    Compiling bevy_animation v0.11.3
[INFO] [stderr]    Compiling bevy_sprite v0.11.3
[INFO] [stderr]    Compiling bevy_pbr v0.11.3
[INFO] [stderr]    Compiling bevy_text v0.11.3
[INFO] [stderr]    Compiling bevy_ui v0.11.3
[INFO] [stderr]    Compiling bevy_gltf v0.11.3
[INFO] [stderr]    Compiling bevy_internal v0.11.3
[INFO] [stderr]    Compiling bevy v0.11.3
[INFO] [stderr]    Compiling bevy_proto_backend v0.4.0 (/opt/rustwide/workdir)
[INFO] [stderr]     Finished `dev` profile [unoptimized + debuginfo] target(s) in 1m 58s
[INFO] running `Command { std: "docker" "inspect" "836c8eeb4e76b3e37124894d7e46e5f35d1c6a85ccb42ac02e1d6e665f39f3ad", kill_on_drop: false }`
[INFO] running `Command { std: "docker" "rm" "-f" "836c8eeb4e76b3e37124894d7e46e5f35d1c6a85ccb42ac02e1d6e665f39f3ad", kill_on_drop: false }`
[INFO] [stdout] 836c8eeb4e76b3e37124894d7e46e5f35d1c6a85ccb42ac02e1d6e665f39f3ad
[INFO] running `Command { std: "docker" "create" "-v" "/var/lib/crater-agent-workspace/builds/worker-2-tc2/target:/opt/rustwide/target:rw,Z" "-v" "/var/lib/crater-agent-workspace/builds/worker-2-tc2/source:/opt/rustwide/workdir:ro,Z" "-v" "/var/lib/crater-agent-workspace/cargo-home:/opt/rustwide/cargo-home:ro,Z" "-v" "/var/lib/crater-agent-workspace/rustup-home:/opt/rustwide/rustup-home:ro,Z" "-e" "SOURCE_DIR=/opt/rustwide/workdir" "-e" "CARGO_TARGET_DIR=/opt/rustwide/target" "-e" "CARGO_INCREMENTAL=0" "-e" "RUST_BACKTRACE=full" "-e" "RUSTFLAGS=--cap-lints=forbid -Zrandomize-layout" "-e" "RUSTDOCFLAGS=--cap-lints=forbid" "-e" "CARGO_HOME=/opt/rustwide/cargo-home" "-e" "RUSTUP_HOME=/opt/rustwide/rustup-home" "-w" "/opt/rustwide/workdir" "-m" "1610612736" "--user" "0:0" "--network" "none" "ghcr.io/rust-lang/crates-build-env/linux@sha256:4a844ea9eb2546a2d2c7022eacef16ef2e8229c7fbb2c7d4d55a9ceca922f72d" "/opt/rustwide/cargo-home/bin/cargo" "+nightly-2024-10-28" "test" "--frozen" "--no-run" "--message-format=json", kill_on_drop: false }`
[INFO] [stdout] 5b44b0e578497fcd6e2f0f1b29e0256cace2b87e891c0a04ea7ba6da2e13b6d6
[INFO] running `Command { std: "docker" "start" "-a" "5b44b0e578497fcd6e2f0f1b29e0256cace2b87e891c0a04ea7ba6da2e13b6d6", kill_on_drop: false }`
[INFO] [stderr]    Compiling bevy_proto_backend v0.4.0 (/opt/rustwide/workdir)
[INFO] [stderr]     Finished `test` profile [unoptimized + debuginfo] target(s) in 6.72s
[INFO] running `Command { std: "docker" "inspect" "5b44b0e578497fcd6e2f0f1b29e0256cace2b87e891c0a04ea7ba6da2e13b6d6", kill_on_drop: false }`
[INFO] running `Command { std: "docker" "rm" "-f" "5b44b0e578497fcd6e2f0f1b29e0256cace2b87e891c0a04ea7ba6da2e13b6d6", kill_on_drop: false }`
[INFO] [stdout] 5b44b0e578497fcd6e2f0f1b29e0256cace2b87e891c0a04ea7ba6da2e13b6d6
[INFO] running `Command { std: "docker" "create" "-v" "/var/lib/crater-agent-workspace/builds/worker-2-tc2/target:/opt/rustwide/target:rw,Z" "-v" "/var/lib/crater-agent-workspace/builds/worker-2-tc2/source:/opt/rustwide/workdir:ro,Z" "-v" "/var/lib/crater-agent-workspace/cargo-home:/opt/rustwide/cargo-home:ro,Z" "-v" "/var/lib/crater-agent-workspace/rustup-home:/opt/rustwide/rustup-home:ro,Z" "-e" "SOURCE_DIR=/opt/rustwide/workdir" "-e" "CARGO_TARGET_DIR=/opt/rustwide/target" "-e" "CARGO_INCREMENTAL=0" "-e" "RUST_BACKTRACE=full" "-e" "RUSTFLAGS=--cap-lints=forbid -Zrandomize-layout" "-e" "RUSTDOCFLAGS=--cap-lints=forbid" "-e" "CARGO_HOME=/opt/rustwide/cargo-home" "-e" "RUSTUP_HOME=/opt/rustwide/rustup-home" "-w" "/opt/rustwide/workdir" "-m" "1610612736" "--user" "0:0" "--network" "none" "ghcr.io/rust-lang/crates-build-env/linux@sha256:4a844ea9eb2546a2d2c7022eacef16ef2e8229c7fbb2c7d4d55a9ceca922f72d" "/opt/rustwide/cargo-home/bin/cargo" "+nightly-2024-10-28" "test" "--frozen", kill_on_drop: false }`
[INFO] [stdout] 6488f5b98f91984816b40b3d5e7a8d77531f044f88223703854379c1cf8f02ca
[INFO] running `Command { std: "docker" "start" "-a" "6488f5b98f91984816b40b3d5e7a8d77531f044f88223703854379c1cf8f02ca", kill_on_drop: false }`
[INFO] [stderr]     Finished `test` profile [unoptimized + debuginfo] target(s) in 0.35s
[INFO] [stderr]      Running unittests src/lib.rs (/opt/rustwide/target/debug/deps/bevy_proto_backend-380c9ec8bf023e5b)
[INFO] [stdout] 
[INFO] [stdout] running 0 tests
[INFO] [stdout] 
[INFO] [stdout] test result: ok. 0 passed; 0 failed; 0 ignored; 0 measured; 0 filtered out; finished in 0.00s
[INFO] [stdout] 
[INFO] [stderr]    Doc-tests bevy_proto_backend
[INFO] [stdout] 
[INFO] [stdout] running 9 tests
[INFO] [stdout] test src/cycles/mod.rs - cycles (line 31) ... ignored
[INFO] [stdout] test src/cycles/mod.rs - cycles (line 37) ... ignored
[INFO] [stdout] test src/cycles/mod.rs - cycles (line 9) ... ignored
[INFO] [stdout] test src/tree/access.rs - tree::access::ProtoEntityList (line 378) ... ignored
[INFO] [stdout] test src/proto/prototypical.rs - proto::prototypical::Prototypical::Id (line 25) ... ok
[INFO] [stdout] test src/schematics/schematic.rs - schematics::schematic::Schematic (line 16) ... FAILED
[INFO] [stdout] test src/load/loader.rs - load::loader::Loader::extensions (line 28) ... ok
[INFO] [stdout] test src/tree/access.rs - tree::access::SiblingAccess::Id (line 94) ... ok
[INFO] [stdout] test src/tree/access.rs - tree::access::ChildAccess::Id (line 44) ... ok
[INFO] [stdout] 
[INFO] [stdout] failures:
[INFO] [stdout] 
[INFO] [stdout] ---- src/schematics/schematic.rs - schematics::schematic::Schematic (line 16) stdout ----
[INFO] [stdout] error[E0425]: cannot find value `entity` in this scope
[INFO] [stdout]   --> src/schematics/schematic.rs:27:5
[INFO] [stdout]    |
[INFO] [stdout] 14 |     entity.insert(Self(input.0));
[INFO] [stdout]    |     ^^^^^^ not found in this scope
[INFO] [stdout] 
[INFO] [stdout] error[E0425]: cannot find value `entity` in this scope
[INFO] [stdout]   --> src/schematics/schematic.rs:31:5
[INFO] [stdout]    |
[INFO] [stdout] 18 |     entity.remove::<Self>();
[INFO] [stdout]    |     ^^^^^^ not found in this scope
[INFO] [stdout] 
[INFO] [stdout] error: aborting due to 2 previous errors
[INFO] [stdout] 
[INFO] [stdout] For more information about this error, try `rustc --explain E0425`.
[INFO] [stdout] Couldn't compile the test.
[INFO] [stdout] 
[INFO] [stdout] failures:
[INFO] [stdout]     src/schematics/schematic.rs - schematics::schematic::Schematic (line 16)
[INFO] [stdout] 
[INFO] [stdout] test result: FAILED. 4 passed; 1 failed; 4 ignored; 0 measured; 0 filtered out; finished in 10.03s
[INFO] [stdout] 
[INFO] [stderr] error: doctest failed, to rerun pass `--doc`
[INFO] running `Command { std: "docker" "inspect" "6488f5b98f91984816b40b3d5e7a8d77531f044f88223703854379c1cf8f02ca", kill_on_drop: false }`
[INFO] running `Command { std: "docker" "rm" "-f" "6488f5b98f91984816b40b3d5e7a8d77531f044f88223703854379c1cf8f02ca", kill_on_drop: false }`
[INFO] [stdout] 6488f5b98f91984816b40b3d5e7a8d77531f044f88223703854379c1cf8f02ca
