[INFO] cloning repository https://github.com/fgandila/mx-exchange-sc-3.0.8
[INFO] running `Command { std: "git" "-c" "credential.helper=" "-c" "credential.helper=/workspace/cargo-home/bin/git-credential-null" "clone" "--bare" "https://github.com/fgandila/mx-exchange-sc-3.0.8" "/workspace/cache/git-repos/https%3A%2F%2Fgithub.com%2Ffgandila%2Fmx-exchange-sc-3.0.8", kill_on_drop: false }`
[INFO] [stderr] Cloning into bare repository '/workspace/cache/git-repos/https%3A%2F%2Fgithub.com%2Ffgandila%2Fmx-exchange-sc-3.0.8'...
[INFO] running `Command { std: "git" "rev-parse" "HEAD", kill_on_drop: false }`
[INFO] [stdout] 541df21db64baa7e7e304f17e517edb60066b774
[INFO] testing fgandila/mx-exchange-sc-3.0.8/541df21db64baa7e7e304f17e517edb60066b774 against nightly-2024-10-28+rustflags=-Zrandomize-layout for randomize-layout
[INFO] running `Command { std: "git" "clone" "/workspace/cache/git-repos/https%3A%2F%2Fgithub.com%2Ffgandila%2Fmx-exchange-sc-3.0.8" "/workspace/builds/worker-6-tc2/source", kill_on_drop: false }`
[INFO] [stderr] Cloning into '/workspace/builds/worker-6-tc2/source'...
[INFO] [stderr] done.
[INFO] validating manifest of git repo https://github.com/fgandila/mx-exchange-sc-3.0.8 on toolchain nightly-2024-10-28
[INFO] running `Command { std: CARGO_HOME="/workspace/cargo-home" RUSTUP_HOME="/workspace/rustup-home" "/workspace/cargo-home/bin/cargo" "+nightly-2024-10-28" "metadata" "--manifest-path" "Cargo.toml" "--no-deps", kill_on_drop: false }`
[INFO] started tweaking git repo https://github.com/fgandila/mx-exchange-sc-3.0.8
[INFO] finished tweaking git repo https://github.com/fgandila/mx-exchange-sc-3.0.8
[INFO] tweaked toml for git repo https://github.com/fgandila/mx-exchange-sc-3.0.8 written to /workspace/builds/worker-6-tc2/source/Cargo.toml
[INFO] crate git repo https://github.com/fgandila/mx-exchange-sc-3.0.8 already has a lockfile, it will not be regenerated
[INFO] running `Command { std: CARGO_HOME="/workspace/cargo-home" RUSTUP_HOME="/workspace/rustup-home" "/workspace/cargo-home/bin/cargo" "+nightly-2024-10-28" "fetch" "--manifest-path" "Cargo.toml", kill_on_drop: false }`
[INFO] running `Command { std: "docker" "create" "-v" "/var/lib/crater-agent-workspace/builds/worker-6-tc2/target:/opt/rustwide/target:rw,Z" "-v" "/var/lib/crater-agent-workspace/builds/worker-6-tc2/source:/opt/rustwide/workdir:ro,Z" "-v" "/var/lib/crater-agent-workspace/cargo-home:/opt/rustwide/cargo-home:ro,Z" "-v" "/var/lib/crater-agent-workspace/rustup-home:/opt/rustwide/rustup-home:ro,Z" "-e" "SOURCE_DIR=/opt/rustwide/workdir" "-e" "CARGO_TARGET_DIR=/opt/rustwide/target" "-e" "CARGO_HOME=/opt/rustwide/cargo-home" "-e" "RUSTUP_HOME=/opt/rustwide/rustup-home" "-w" "/opt/rustwide/workdir" "-m" "1610612736" "--user" "0:0" "--network" "none" "ghcr.io/rust-lang/crates-build-env/linux@sha256:4a844ea9eb2546a2d2c7022eacef16ef2e8229c7fbb2c7d4d55a9ceca922f72d" "/opt/rustwide/cargo-home/bin/cargo" "+nightly-2024-10-28" "metadata" "--no-deps" "--format-version=1", kill_on_drop: false }`
[INFO] [stdout] ee710d170b0209690bdaa0743f652e0b41f66c13d715c0f2db60dd3d79a38466
[INFO] running `Command { std: "docker" "start" "-a" "ee710d170b0209690bdaa0743f652e0b41f66c13d715c0f2db60dd3d79a38466", kill_on_drop: false }`
[INFO] running `Command { std: "docker" "inspect" "ee710d170b0209690bdaa0743f652e0b41f66c13d715c0f2db60dd3d79a38466", kill_on_drop: false }`
[INFO] running `Command { std: "docker" "rm" "-f" "ee710d170b0209690bdaa0743f652e0b41f66c13d715c0f2db60dd3d79a38466", kill_on_drop: false }`
[INFO] [stdout] ee710d170b0209690bdaa0743f652e0b41f66c13d715c0f2db60dd3d79a38466
[INFO] running `Command { std: "docker" "create" "-v" "/var/lib/crater-agent-workspace/builds/worker-6-tc2/target:/opt/rustwide/target:rw,Z" "-v" "/var/lib/crater-agent-workspace/builds/worker-6-tc2/source:/opt/rustwide/workdir:ro,Z" "-v" "/var/lib/crater-agent-workspace/cargo-home:/opt/rustwide/cargo-home:ro,Z" "-v" "/var/lib/crater-agent-workspace/rustup-home:/opt/rustwide/rustup-home:ro,Z" "-e" "SOURCE_DIR=/opt/rustwide/workdir" "-e" "CARGO_TARGET_DIR=/opt/rustwide/target" "-e" "CARGO_INCREMENTAL=0" "-e" "RUST_BACKTRACE=full" "-e" "RUSTFLAGS=--cap-lints=forbid -Zrandomize-layout" "-e" "RUSTDOCFLAGS=--cap-lints=forbid" "-e" "CARGO_HOME=/opt/rustwide/cargo-home" "-e" "RUSTUP_HOME=/opt/rustwide/rustup-home" "-w" "/opt/rustwide/workdir" "-m" "1610612736" "--user" "0:0" "--network" "none" "ghcr.io/rust-lang/crates-build-env/linux@sha256:4a844ea9eb2546a2d2c7022eacef16ef2e8229c7fbb2c7d4d55a9ceca922f72d" "/opt/rustwide/cargo-home/bin/cargo" "+nightly-2024-10-28" "build" "--frozen" "--message-format=json", kill_on_drop: false }`
[INFO] [stdout] 00052c1755f84af99868b663221a2728833a5fab9948c2680fd36f9e875bd2ed
[INFO] running `Command { std: "docker" "start" "-a" "00052c1755f84af99868b663221a2728833a5fab9948c2680fd36f9e875bd2ed", kill_on_drop: false }`
[INFO] [stderr]    Compiling proc-macro2 v1.0.82
[INFO] [stderr]    Compiling bitflags v2.5.0
[INFO] [stderr]    Compiling hex v0.4.3
[INFO] [stderr]    Compiling smallvec v1.13.0
[INFO] [stderr]    Compiling endian-type v0.1.2
[INFO] [stderr]    Compiling unwrap-infallible v0.1.5
[INFO] [stderr]    Compiling num-traits v0.2.19
[INFO] [stderr]    Compiling hex-literal v0.4.1
[INFO] [stderr]    Compiling arrayvec v0.7.4
[INFO] [stderr]    Compiling version_check v0.9.4
[INFO] [stderr]    Compiling serde v1.0.195
[INFO] [stderr]    Compiling once_cell v1.19.0
[INFO] [stderr]    Compiling nibble_vec v0.1.0
[INFO] [stderr]    Compiling memchr v2.7.2
[INFO] [stderr]    Compiling zerocopy v0.7.34
[INFO] [stderr]    Compiling radix_trie v0.2.1
[INFO] [stderr]    Compiling pin-project-lite v0.2.13
[INFO] [stderr]    Compiling libc v0.2.152
[INFO] [stderr]    Compiling equivalent v1.0.1
[INFO] [stderr]    Compiling ahash v0.8.11
[INFO] [stderr]    Compiling lock_api v0.4.11
[INFO] [stderr]    Compiling slab v0.4.9
[INFO] [stderr]    Compiling bytes v1.5.0
[INFO] [stderr]    Compiling futures-core v0.3.30
[INFO] [stderr]    Compiling futures-sink v0.3.30
[INFO] [stderr]    Compiling parking_lot_core v0.9.9
[INFO] [stderr]    Compiling quote v1.0.36
[INFO] [stderr]    Compiling scopeguard v1.2.0
[INFO] [stderr]    Compiling log v0.4.21
[INFO] [stderr]    Compiling syn v2.0.61
[INFO] [stderr]    Compiling itoa v1.0.10
[INFO] [stderr]    Compiling num-integer v0.1.46
[INFO] [stderr]    Compiling vcpkg v0.2.15
[INFO] [stderr]    Compiling pkg-config v0.3.29
[INFO] [stderr]    Compiling cc v1.0.83
[INFO] [stderr]    Compiling parking_lot v0.12.1
[INFO] [stderr]    Compiling futures-channel v0.3.30
[INFO] [stderr]    Compiling num-bigint v0.4.5
[INFO] [stderr]    Compiling socket2 v0.5.5
[INFO] [stderr]    Compiling signal-hook-registry v1.4.1
[INFO] [stderr]    Compiling mio v1.0.2
[INFO] [stderr]    Compiling futures-task v0.3.30
[INFO] [stderr]    Compiling pin-utils v0.1.0
[INFO] [stderr]    Compiling futures-io v0.3.30
[INFO] [stderr]    Compiling fnv v1.0.7
[INFO] [stderr]    Compiling aho-corasick v1.1.2
[INFO] [stderr]    Compiling http v1.1.0
[INFO] [stderr]    Compiling tracing-core v0.1.32
[INFO] [stderr]    Compiling regex-syntax v0.8.2
[INFO] [stderr]    Compiling openssl v0.10.62
[INFO] [stderr]    Compiling tinyvec_macros v0.1.1
[INFO] [stderr]    Compiling tracing v0.1.40
[INFO] [stderr]    Compiling openssl-sys v0.9.98
[INFO] [stderr]    Compiling foreign-types-shared v0.1.1
[INFO] [stderr]    Compiling httparse v1.8.0
[INFO] [stderr]    Compiling http-body v1.0.0
[INFO] [stderr]    Compiling foreign-types v0.3.2
[INFO] [stderr]    Compiling tinyvec v1.6.0
[INFO] [stderr]    Compiling atomic-waker v1.1.2
[INFO] [stderr]    Compiling crossbeam-utils v0.8.20
[INFO] [stderr]    Compiling try-lock v0.2.5
[INFO] [stderr]    Compiling utf8parse v0.2.1
[INFO] [stderr]    Compiling native-tls v0.2.11
[INFO] [stderr]    Compiling anstyle-parse v0.2.3
[INFO] [stderr]    Compiling want v0.3.1
[INFO] [stderr]    Compiling ryu v1.0.16
[INFO] [stderr]    Compiling anstyle v1.0.8
[INFO] [stderr]    Compiling semver v1.0.21
[INFO] [stderr]    Compiling unicode-normalization v0.1.22
[INFO] [stderr]    Compiling serde_json v1.0.111
[INFO] [stderr]    Compiling tower-layer v0.3.2
[INFO] [stderr]    Compiling openssl-probe v0.1.5
[INFO] [stderr]    Compiling percent-encoding v2.3.1
[INFO] [stderr]    Compiling colorchoice v1.0.0
[INFO] [stderr]    Compiling tower-service v0.3.2
[INFO] [stderr]    Compiling anstyle-query v1.0.2
[INFO] [stderr]    Compiling form_urlencoded v1.2.1
[INFO] [stderr]    Compiling anstream v0.6.11
[INFO] [stderr]    Compiling same-file v1.0.6
[INFO] [stderr]    Compiling either v1.9.0
[INFO] [stderr]    Compiling lazy_static v1.4.0
[INFO] [stderr]    Compiling unicode-bidi v0.3.15
[INFO] [stderr]    Compiling walkdir v2.4.0
[INFO] [stderr]    Compiling regex-automata v0.4.3
[INFO] [stderr]    Compiling idna v0.5.0
[INFO] [stderr]    Compiling crossbeam-epoch v0.9.18
[INFO] [stderr]    Compiling bstr v1.9.0
[INFO] [stderr]    Compiling crc32fast v1.4.2
[INFO] [stderr]    Compiling strsim v0.10.0
[INFO] [stderr]    Compiling heck v0.4.1
[INFO] [stderr]    Compiling clap_lex v0.6.0
[INFO] [stderr]    Compiling thiserror v1.0.61
[INFO] [stderr]    Compiling adler v1.0.2
[INFO] [stderr]    Compiling rustls-pki-types v1.7.0
[INFO] [stderr]    Compiling base64 v0.22.1
[INFO] [stderr]    Compiling miniz_oxide v0.7.1
[INFO] [stderr]    Compiling clap_builder v4.4.18
[INFO] [stderr]    Compiling url v2.5.0
[INFO] [stderr]    Compiling crossbeam-deque v0.8.5
[INFO] [stderr]    Compiling rustls-pemfile v2.1.2
[INFO] [stderr]    Compiling colored v2.1.0
[INFO] [stderr]    Compiling encoding_rs v0.8.33
[INFO] [stderr]    Compiling simd-adler32 v0.3.7
[INFO] [stderr]    Compiling zip v2.1.3
[INFO] [stderr]    Compiling bumpalo v3.16.0
[INFO] [stderr]    Compiling ipnet v2.9.0
[INFO] [stderr]    Compiling lockfree-object-pool v0.1.6
[INFO] [stderr]    Compiling winnow v0.5.34
[INFO] [stderr]    Compiling sync_wrapper v0.1.2
[INFO] [stderr]    Compiling multiversx-sc-codec-derive v0.19.0
[INFO] [stderr]    Compiling multiversx-sc-derive v0.50.5
[INFO] [stderr]    Compiling serde_derive v1.0.195
[INFO] [stderr]    Compiling tokio-macros v2.4.0
[INFO] [stderr]    Compiling multiversx-sc-codec v0.19.0
[INFO] [stderr]    Compiling futures-macro v0.3.30
[INFO] [stderr]    Compiling tokio v1.40.0
[INFO] [stderr]    Compiling openssl-macros v0.1.1
[INFO] [stderr]    Compiling futures-util v0.3.30
[INFO] [stderr]    Compiling pin-project-internal v1.1.5
[INFO] [stderr]    Compiling multiversx-sc v0.50.5
[INFO] [stderr]    Compiling regex v1.10.2
[INFO] [stderr]    Compiling globset v0.4.14
[INFO] [stderr]    Compiling pin-project v1.1.5
[INFO] [stderr]    Compiling thiserror-impl v1.0.61
[INFO] [stderr]    Compiling clap_derive v4.4.7
[INFO] [stderr]    Compiling mime v0.3.17
[INFO] [stderr]    Compiling ignore v0.4.22
[INFO] [stderr]    Compiling http-body-util v0.1.2
[INFO] [stderr]    Compiling Inflector v0.11.4
[INFO] [stderr]    Compiling displaydoc v0.2.4
[INFO] [stderr]    Compiling zopfli v0.8.1
[INFO] [stderr]    Compiling flate2 v1.0.30
[INFO] [stderr]    Compiling clap v4.4.18
[INFO] [stderr]    Compiling unicode-segmentation v1.10.1
[INFO] [stderr]    Compiling convert_case v0.6.0
[INFO] [stderr]    Compiling ruplacer v0.8.2
[INFO] [stderr]    Compiling rustc_version v0.4.0
[INFO] [stderr]    Compiling tokio-util v0.7.10
[INFO] [stderr]    Compiling tower v0.4.13
[INFO] [stderr]    Compiling tokio-native-tls v0.3.1
[INFO] [stderr]    Compiling copy_dir v0.1.3
[INFO] [stderr]    Compiling pathdiff v0.2.1
[INFO] [stderr]    Compiling common-path v1.0.0
[INFO] [stderr]    Compiling hashbrown v0.14.3
[INFO] [stderr]    Compiling toml_datetime v0.6.5
[INFO] [stderr]    Compiling serde_spanned v0.6.5
[INFO] [stderr]    Compiling serde_urlencoded v0.7.1
[INFO] [stderr]    Compiling itertools v0.10.5
[INFO] [stderr]    Compiling typenum v1.17.0
[INFO] [stderr]    Compiling generic-array v0.14.7
[INFO] [stderr]    Compiling subtle v2.5.0
[INFO] [stderr]    Compiling ppv-lite86 v0.2.17
[INFO] [stderr]    Compiling getrandom v0.1.16
[INFO] [stderr]    Compiling getrandom v0.2.12
[INFO] [stderr]    Compiling rand_core v0.6.4
[INFO] [stderr]    Compiling indexmap v2.1.0
[INFO] [stderr]    Compiling rand_core v0.5.1
[INFO] [stderr]    Compiling zeroize_derive v1.4.2
[INFO] [stderr]    Compiling wee_alloc v0.4.5
[INFO] [stderr]    Compiling cpufeatures v0.2.12
[INFO] [stderr]    Compiling rand_chacha v0.3.1
[INFO] [stderr]    Compiling memory_units v0.4.0
[INFO] [stderr]    Compiling cfg-if v0.1.10
[INFO] [stderr]    Compiling keccak v0.1.5
[INFO] [stderr]    Compiling zeroize v1.7.0
[INFO] [stderr]    Compiling h2 v0.4.5
[INFO] [stderr]    Compiling wasmparser v0.208.1
[INFO] [stderr]    Compiling toml_edit v0.21.0
[INFO] [stderr]    Compiling crypto-common v0.1.6
[INFO] [stderr]    Compiling block-buffer v0.10.4
[INFO] [stderr]    Compiling digest v0.10.7
[INFO] [stderr]    Compiling digest v0.9.0
[INFO] [stderr]    Compiling sha3 v0.10.8
[INFO] [stderr]    Compiling block-buffer v0.9.0
[INFO] [stderr]    Compiling rand v0.8.5
[INFO] [stderr]    Compiling rand_chacha v0.2.2
[INFO] [stderr]    Compiling byteorder v1.5.0
[INFO] [stderr]    Compiling opaque-debug v0.3.1
[INFO] [stderr]    Compiling signature v1.6.4
[INFO] [stderr]    Compiling common_errors v0.0.0 (/opt/rustwide/workdir/common/common_errors)
[INFO] [stderr]    Compiling fixed-supply-token v0.0.0 (/opt/rustwide/workdir/common/traits/fixed-supply-token)
[INFO] [stderr]    Compiling math v0.0.0 (/opt/rustwide/workdir/common/modules/math)
[INFO] [stderr]    Compiling mergeable v0.0.0 (/opt/rustwide/workdir/common/traits/mergeable)
[INFO] [stderr]    Compiling unwrappable v0.0.0 (/opt/rustwide/workdir/common/traits/unwrappable)
[INFO] [stderr]    Compiling multiversx-sc-modules v0.50.5
[INFO] [stderr]    Compiling sc_whitelist_module v0.0.0 (/opt/rustwide/workdir/common/modules/sc_whitelist_module)
[INFO] [stderr]    Compiling common_structs v0.0.0 (/opt/rustwide/workdir/common/common_structs)
[INFO] [stderr]    Compiling permissions_module v0.0.0 (/opt/rustwide/workdir/common/modules/permissions_module)
[INFO] [stderr]    Compiling common-types v0.0.0 (/opt/rustwide/workdir/energy-integration/common-types)
[INFO] [stderr]    Compiling utils v0.0.0 (/opt/rustwide/workdir/common/modules/utils)
[INFO] [stderr]    Compiling token_send v0.0.0 (/opt/rustwide/workdir/common/modules/token_send)
[INFO] [stderr]    Compiling legacy_token_decode_module v0.0.0 (/opt/rustwide/workdir/common/modules/legacy_token_decode_module)
[INFO] [stderr]    Compiling week-timekeeping v0.0.0 (/opt/rustwide/workdir/energy-integration/common-modules/week-timekeeping)
[INFO] [stderr]    Compiling toml v0.8.8
[INFO] [stderr]    Compiling pausable v0.0.0 (/opt/rustwide/workdir/common/modules/pausable)
[INFO] [stderr]    Compiling token_merge_helper v0.0.0 (/opt/rustwide/workdir/common/modules/token_merge_helper)
[INFO] [stderr]    Compiling ed25519 v1.5.3
[INFO] [stderr]    Compiling config v0.0.0 (/opt/rustwide/workdir/common/modules/farm/config)
[INFO] [stderr]    Compiling sha2 v0.9.9
[INFO] [stderr]    Compiling curve25519-dalek v3.2.0
[INFO] [stderr]    Compiling hyper v1.3.1
[INFO] [stderr]    Compiling rand v0.7.3
[INFO] [stderr]    Compiling sha2 v0.10.8
[INFO] [stderr]    Compiling simple-lock v0.0.0 (/opt/rustwide/workdir/locked-asset/simple-lock)
[INFO] [stderr]    Compiling farm_token v0.0.0 (/opt/rustwide/workdir/common/modules/farm/farm_token)
[INFO] [stderr]    Compiling hyper-util v0.1.5
[INFO] [stderr]    Compiling rewards v0.0.0 (/opt/rustwide/workdir/common/modules/farm/rewards)
[INFO] [stderr]    Compiling contexts v0.0.0 (/opt/rustwide/workdir/common/modules/farm/contexts)
[INFO] [stderr]    Compiling itertools v0.12.0
[INFO] [stderr]    Compiling events v0.0.0 (/opt/rustwide/workdir/common/modules/farm/events)
[INFO] [stderr]    Compiling farm_base_impl v0.0.0 (/opt/rustwide/workdir/common/modules/farm/farm_base_impl)
[INFO] [stderr]    Compiling base64 v0.21.7
[INFO] [stderr]    Compiling energy-factory v0.0.0 (/opt/rustwide/workdir/locked-asset/energy-factory)
[INFO] [stderr]    Compiling bech32 v0.9.1
[INFO] [stderr]    Compiling bitcoin_hashes v0.11.0
[INFO] [stderr]    Compiling pem v3.0.3
[INFO] [stderr]    Compiling hyper-tls v0.6.0
[INFO] [stderr]    Compiling ed25519-dalek v1.0.1
[INFO] [stderr]    Compiling reqwest v0.12.4
[INFO] [stderr]    Compiling wasmprinter v0.208.1
[INFO] [stderr]    Compiling hmac v0.12.1
[INFO] [stderr]    Compiling pbkdf2 v0.12.2
[INFO] [stderr]    Compiling rand_seeder v0.2.3
[INFO] [stderr]    Compiling serde_repr v0.1.18
[INFO] [stderr]    Compiling energy-query v0.0.0 (/opt/rustwide/workdir/energy-integration/common-modules/energy-query)
[INFO] [stderr]    Compiling locking_module v0.0.0 (/opt/rustwide/workdir/common/modules/locking_module)
[INFO] [stderr]    Compiling weekly-rewards-splitting v0.0.0 (/opt/rustwide/workdir/energy-integration/common-modules/weekly-rewards-splitting)
[INFO] [stderr]    Compiling factory v0.0.0 (/opt/rustwide/workdir/locked-asset/factory)
[INFO] [stderr]    Compiling bip39 v2.0.0
[INFO] [stderr]    Compiling hex-literal v0.3.4
[INFO] [stderr]    Compiling multiversx-chain-vm-executor v0.2.0
[INFO] [stderr]    Compiling fees-collector v0.0.0 (/opt/rustwide/workdir/energy-integration/fees-collector)
[INFO] [stderr]    Compiling farm-boosted-yields v0.0.0 (/opt/rustwide/workdir/energy-integration/farm-boosted-yields)
[INFO] [stderr]    Compiling multiversx-chain-vm v0.8.4
[INFO] [stderr]    Compiling multiversx-chain-scenario-format v0.22.2
[INFO] [stderr]    Compiling energy-factory-mock v0.0.0 (/opt/rustwide/workdir/energy-integration/energy-factory-mock)
[INFO] [stderr]    Compiling pair v0.0.0 (/opt/rustwide/workdir/dex/pair)
[INFO] [stderr]    Compiling lkmex-transfer v0.0.0 (/opt/rustwide/workdir/locked-asset/lkmex-transfer)
[INFO] [stderr]    Compiling farm-v-13 v0.0.0 (/opt/rustwide/workdir/legacy-contracts/farm-v-13)
[INFO] [stderr]    Compiling multiversx-sc-meta v0.50.5
[INFO] [stderr]    Compiling multiversx-sdk v0.4.1
[INFO] [stderr]    Compiling futures-executor v0.3.30
[INFO] [stderr]    Compiling env_filter v0.1.2
[INFO] [stderr]    Compiling farm v0.0.0 (/opt/rustwide/workdir/dex/farm)
[INFO] [stderr]    Compiling humantime v2.1.0
[INFO] [stderr]    Compiling env_logger v0.11.5
[INFO] [stderr]    Compiling farm-with-locked-rewards v0.0.0 (/opt/rustwide/workdir/dex/farm-with-locked-rewards)
[INFO] [stderr]    Compiling farm-staking v0.0.0 (/opt/rustwide/workdir/farm-staking/farm-staking)
[INFO] [stderr]    Compiling router v0.0.0 (/opt/rustwide/workdir/dex/router)
[INFO] [stderr]    Compiling futures v0.3.30
[INFO] [stderr]    Compiling price-discovery v0.0.0 (/opt/rustwide/workdir/dex/price-discovery)
[INFO] [stderr]    Compiling pair-mock v0.0.0 (/opt/rustwide/workdir/dex/pair-mock)
[INFO] [stderr]    Compiling farm-staking-proxy v0.0.0 (/opt/rustwide/workdir/farm-staking/farm-staking-proxy)
[INFO] [stderr]    Compiling farm-staking-proxy-v-13 v0.0.0 (/opt/rustwide/workdir/legacy-contracts/farm-staking-proxy-v-13)
[INFO] [stderr]    Compiling multiversx-sc-scenario v0.50.5
[INFO] [stderr]    Compiling proxy_dex v0.0.0 (/opt/rustwide/workdir/locked-asset/proxy_dex)
[INFO] [stderr]    Compiling proxy-deployer v0.0.0 (/opt/rustwide/workdir/dex/proxy-deployer)
[INFO] [stderr]    Compiling energy-update v0.0.0 (/opt/rustwide/workdir/energy-integration/energy-update)
[INFO] [stderr]    Compiling locked-token-wrapper v0.0.0 (/opt/rustwide/workdir/locked-asset/locked-token-wrapper)
[INFO] [stderr]    Compiling governance-v2 v0.0.0 (/opt/rustwide/workdir/energy-integration/governance-v2)
[INFO] [stderr]    Compiling distribution v0.0.0 (/opt/rustwide/workdir/locked-asset/distribution)
[INFO] [stderr]    Compiling metabonding-staking v0.0.0 (/opt/rustwide/workdir/farm-staking/metabonding-staking)
[INFO] [stderr]    Compiling token-unstake v0.0.0 (/opt/rustwide/workdir/locked-asset/token-unstake)
[INFO] [stderr]    Compiling simple-lock-legacy v0.0.0 (/opt/rustwide/workdir/legacy-contracts/simple-lock-legacy)
[INFO] [stderr]    Compiling pause-all v0.0.0 (/opt/rustwide/workdir/pause-all)
[INFO] [stderr]    Compiling governance v0.0.0 (/opt/rustwide/workdir/dex/governance)
[INFO] [stderr]    Compiling multiversx-sc-snippets v0.50.5
[INFO] [stderr]    Compiling fuzz v0.0.0 (/opt/rustwide/workdir/dex/fuzz)
[INFO] [stderr]    Compiling farm-staking-abi v0.0.0 (/opt/rustwide/workdir/farm-staking/farm-staking/meta)
[INFO] [stderr]    Compiling token-unstake-abi v0.0.0 (/opt/rustwide/workdir/locked-asset/token-unstake/meta)
[INFO] [stderr]    Compiling proxy_dex-meta v0.0.0 (/opt/rustwide/workdir/locked-asset/proxy_dex/meta)
[INFO] [stderr]    Compiling factory-abi v0.0.0 (/opt/rustwide/workdir/locked-asset/factory/meta)
[INFO] [stderr]    Compiling lkmex-transfer-abi v0.0.0 (/opt/rustwide/workdir/locked-asset/lkmex-transfer/meta)
[INFO] [stderr]    Compiling pause-all-meta v0.0.0 (/opt/rustwide/workdir/pause-all/meta)
[INFO] [stderr]    Compiling energy-factory-mock-meta v0.0.0 (/opt/rustwide/workdir/energy-integration/energy-factory-mock/meta)
[INFO] [stderr]    Compiling rust-interact v0.0.0 (/opt/rustwide/workdir/dex/farm-with-locked-rewards/interact-rs)
[INFO] [stdout] warning: unused import: `num_bigint::ToBigUint`
[INFO] [stdout]  --> dex/farm-with-locked-rewards/interact-rs/src/interactor_main.rs:9:5
[INFO] [stdout]   |
[INFO] [stdout] 9 | use num_bigint::ToBigUint;
[INFO] [stdout]   |     ^^^^^^^^^^^^^^^^^^^^^
[INFO] [stdout]   |
[INFO] [stdout]   = note: `#[warn(unused_imports)]` on by default
[INFO] [stdout] 
[INFO] [stdout] 
[INFO] [stdout] warning: unused variable: `cmd`
[INFO] [stdout]   --> dex/farm-with-locked-rewards/interact-rs/src/interactor_main.rs:29:9
[INFO] [stdout]    |
[INFO] [stdout] 29 |     let cmd = args.next().expect("at least one argument required");
[INFO] [stdout]    |         ^^^ help: if this is intentional, prefix it with an underscore: `_cmd`
[INFO] [stdout]    |
[INFO] [stdout]    = note: `#[warn(unused_variables)]` on by default
[INFO] [stdout] 
[INFO] [stdout] 
[INFO] [stdout] warning: unused variable: `interact`
[INFO] [stdout]   --> dex/farm-with-locked-rewards/interact-rs/src/interactor_main.rs:30:13
[INFO] [stdout]    |
[INFO] [stdout] 30 |     let mut interact = ContractInteract::new().await;
[INFO] [stdout]    |             ^^^^^^^^ help: if this is intentional, prefix it with an underscore: `_interact`
[INFO] [stdout] 
[INFO] [stdout] 
[INFO] [stdout] warning: variable does not need to be mutable
[INFO] [stdout]   --> dex/farm-with-locked-rewards/interact-rs/src/interactor_main.rs:30:9
[INFO] [stdout]    |
[INFO] [stdout] 30 |     let mut interact = ContractInteract::new().await;
[INFO] [stdout]    |         ----^^^^^^^^
[INFO] [stdout]    |         |
[INFO] [stdout]    |         help: remove this `mut`
[INFO] [stdout]    |
[INFO] [stdout]    = note: `#[warn(unused_mut)]` on by default
[INFO] [stdout] 
[INFO] [stdout] 
[INFO] [stderr]    Compiling simple-lock-meta v0.0.0 (/opt/rustwide/workdir/locked-asset/simple-lock/meta)
[INFO] [stderr]    Compiling energy-factory-meta v0.0.0 (/opt/rustwide/workdir/locked-asset/energy-factory/meta)
[INFO] [stderr]    Compiling farm-with-locked-rewards-meta v0.0.0 (/opt/rustwide/workdir/dex/farm-with-locked-rewards/meta)
[INFO] [stderr]    Compiling price-discovery-meta v0.0.0 (/opt/rustwide/workdir/dex/price-discovery/meta)
[INFO] [stderr]    Compiling farm-staking-proxy-meta v0.0.0 (/opt/rustwide/workdir/farm-staking/farm-staking-proxy/meta)
[INFO] [stderr]    Compiling farm-v-13-meta v0.0.0 (/opt/rustwide/workdir/legacy-contracts/farm-v-13/meta)
[INFO] [stderr]    Compiling governance-meta v0.0.0 (/opt/rustwide/workdir/dex/governance/meta)
[INFO] [stderr]    Compiling pair-abi v0.0.0 (/opt/rustwide/workdir/dex/pair/meta)
[INFO] [stderr]    Compiling fees-collector-meta v0.0.0 (/opt/rustwide/workdir/energy-integration/fees-collector/meta)
[INFO] [stderr]    Compiling farm-staking-proxy-v-13-meta v0.0.0 (/opt/rustwide/workdir/legacy-contracts/farm-staking-proxy-v-13/meta)
[INFO] [stderr]    Compiling locked-token-wrapper-meta v0.0.0 (/opt/rustwide/workdir/locked-asset/locked-token-wrapper/meta)
[INFO] [stderr]    Compiling farm-abi v0.0.0 (/opt/rustwide/workdir/dex/farm/meta)
[INFO] [stderr]    Compiling simple-lock-legacy-meta v0.0.0 (/opt/rustwide/workdir/legacy-contracts/simple-lock-legacy/meta)
[INFO] [stderr]    Compiling proxy-deployer-meta v0.0.0 (/opt/rustwide/workdir/dex/proxy-deployer/meta)
[INFO] [stderr]    Compiling metabonding-staking-meta v0.0.0 (/opt/rustwide/workdir/farm-staking/metabonding-staking/meta)
[INFO] [stderr]    Compiling distribution-abi v0.0.0 (/opt/rustwide/workdir/locked-asset/distribution/meta)
[INFO] [stderr]    Compiling governance-v2-meta v0.0.0 (/opt/rustwide/workdir/energy-integration/governance-v2/meta)
[INFO] [stderr]    Compiling pair-mock-meta v0.0.0 (/opt/rustwide/workdir/dex/pair-mock/meta)
[INFO] [stderr]    Compiling router-abi v0.0.0 (/opt/rustwide/workdir/dex/router/meta)
[INFO] [stderr]    Compiling energy-update-meta v0.0.0 (/opt/rustwide/workdir/energy-integration/energy-update/meta)
[INFO] [stderr]     Finished `dev` profile [unoptimized + debuginfo] target(s) in 1m 48s
[INFO] running `Command { std: "docker" "inspect" "00052c1755f84af99868b663221a2728833a5fab9948c2680fd36f9e875bd2ed", kill_on_drop: false }`
[INFO] running `Command { std: "docker" "rm" "-f" "00052c1755f84af99868b663221a2728833a5fab9948c2680fd36f9e875bd2ed", kill_on_drop: false }`
[INFO] [stdout] 00052c1755f84af99868b663221a2728833a5fab9948c2680fd36f9e875bd2ed
[INFO] running `Command { std: "docker" "create" "-v" "/var/lib/crater-agent-workspace/builds/worker-6-tc2/target:/opt/rustwide/target:rw,Z" "-v" "/var/lib/crater-agent-workspace/builds/worker-6-tc2/source:/opt/rustwide/workdir:ro,Z" "-v" "/var/lib/crater-agent-workspace/cargo-home:/opt/rustwide/cargo-home:ro,Z" "-v" "/var/lib/crater-agent-workspace/rustup-home:/opt/rustwide/rustup-home:ro,Z" "-e" "SOURCE_DIR=/opt/rustwide/workdir" "-e" "CARGO_TARGET_DIR=/opt/rustwide/target" "-e" "CARGO_INCREMENTAL=0" "-e" "RUST_BACKTRACE=full" "-e" "RUSTFLAGS=--cap-lints=forbid -Zrandomize-layout" "-e" "RUSTDOCFLAGS=--cap-lints=forbid" "-e" "CARGO_HOME=/opt/rustwide/cargo-home" "-e" "RUSTUP_HOME=/opt/rustwide/rustup-home" "-w" "/opt/rustwide/workdir" "-m" "1610612736" "--user" "0:0" "--network" "none" "ghcr.io/rust-lang/crates-build-env/linux@sha256:4a844ea9eb2546a2d2c7022eacef16ef2e8229c7fbb2c7d4d55a9ceca922f72d" "/opt/rustwide/cargo-home/bin/cargo" "+nightly-2024-10-28" "test" "--frozen" "--no-run" "--message-format=json", kill_on_drop: false }`
[INFO] [stdout] 28fba2420b5717bb685c18b593193dc8b08950c4a1d3e8fd573df665353c5c02
[INFO] running `Command { std: "docker" "start" "-a" "28fba2420b5717bb685c18b593193dc8b08950c4a1d3e8fd573df665353c5c02", kill_on_drop: false }`
[INFO] [stderr]    Compiling pause-all-meta v0.0.0 (/opt/rustwide/workdir/pause-all/meta)
[INFO] [stderr]    Compiling router v0.0.0 (/opt/rustwide/workdir/dex/router)
[INFO] [stderr]    Compiling simple-lock-legacy v0.0.0 (/opt/rustwide/workdir/legacy-contracts/simple-lock-legacy)
[INFO] [stderr]    Compiling metabonding-staking-meta v0.0.0 (/opt/rustwide/workdir/farm-staking/metabonding-staking/meta)
[INFO] [stderr]    Compiling dex-tests v0.0.0 (/opt/rustwide/workdir/dex)
[INFO] [stderr]    Compiling farm-staking-proxy-v-13-meta v0.0.0 (/opt/rustwide/workdir/legacy-contracts/farm-staking-proxy-v-13/meta)
[INFO] [stderr]    Compiling farm-staking-proxy v0.0.0 (/opt/rustwide/workdir/farm-staking/farm-staking-proxy)
[INFO] [stderr]    Compiling proxy_dex v0.0.0 (/opt/rustwide/workdir/locked-asset/proxy_dex)
[INFO] [stderr]    Compiling farm-staking-proxy-v-13 v0.0.0 (/opt/rustwide/workdir/legacy-contracts/farm-staking-proxy-v-13)
[INFO] [stderr]    Compiling farm-staking-proxy-meta v0.0.0 (/opt/rustwide/workdir/farm-staking/farm-staking-proxy/meta)
[INFO] [stderr]    Compiling distribution-tests v0.0.0 (/opt/rustwide/workdir/locked-asset)
[INFO] [stderr]    Compiling proxy_dex-meta v0.0.0 (/opt/rustwide/workdir/locked-asset/proxy_dex/meta)
[INFO] [stderr]    Compiling farm-staking-abi v0.0.0 (/opt/rustwide/workdir/farm-staking/farm-staking/meta)
[INFO] [stderr]    Compiling farm v0.0.0 (/opt/rustwide/workdir/dex/farm)
[INFO] [stderr]    Compiling energy-update-meta v0.0.0 (/opt/rustwide/workdir/energy-integration/energy-update/meta)
[INFO] [stderr]    Compiling proxy-deployer-meta v0.0.0 (/opt/rustwide/workdir/dex/proxy-deployer/meta)
[INFO] [stderr]    Compiling fuzz v0.0.0 (/opt/rustwide/workdir/dex/fuzz)
[INFO] [stderr]    Compiling farm-with-locked-rewards v0.0.0 (/opt/rustwide/workdir/dex/farm-with-locked-rewards)
[INFO] [stderr]    Compiling rust-interact v0.0.0 (/opt/rustwide/workdir/dex/farm-with-locked-rewards/interact-rs)
[INFO] [stdout] warning: unused import: `num_bigint::ToBigUint`
[INFO] [stdout]  --> dex/farm-with-locked-rewards/interact-rs/src/interactor_main.rs:9:5
[INFO] [stdout]   |
[INFO] [stdout] 9 | use num_bigint::ToBigUint;
[INFO] [stdout]   |     ^^^^^^^^^^^^^^^^^^^^^
[INFO] [stdout]   |
[INFO] [stdout]   = note: `#[warn(unused_imports)]` on by default
[INFO] [stdout] 
[INFO] [stdout] 
[INFO] [stdout] warning: unused variable: `cmd`
[INFO] [stdout]   --> dex/farm-with-locked-rewards/interact-rs/src/interactor_main.rs:29:9
[INFO] [stdout]    |
[INFO] [stdout] 29 |     let cmd = args.next().expect("at least one argument required");
[INFO] [stdout]    |         ^^^ help: if this is intentional, prefix it with an underscore: `_cmd`
[INFO] [stdout]    |
[INFO] [stdout]    = note: `#[warn(unused_variables)]` on by default
[INFO] [stdout] 
[INFO] [stdout] 
[INFO] [stdout] warning: unused variable: `interact`
[INFO] [stdout]   --> dex/farm-with-locked-rewards/interact-rs/src/interactor_main.rs:30:13
[INFO] [stdout]    |
[INFO] [stdout] 30 |     let mut interact = ContractInteract::new().await;
[INFO] [stdout]    |             ^^^^^^^^ help: if this is intentional, prefix it with an underscore: `_interact`
[INFO] [stdout] 
[INFO] [stdout] 
[INFO] [stdout] warning: variable does not need to be mutable
[INFO] [stdout]   --> dex/farm-with-locked-rewards/interact-rs/src/interactor_main.rs:30:9
[INFO] [stdout]    |
[INFO] [stdout] 30 |     let mut interact = ContractInteract::new().await;
[INFO] [stdout]    |         ----^^^^^^^^
[INFO] [stdout]    |         |
[INFO] [stdout]    |         help: remove this `mut`
[INFO] [stdout]    |
[INFO] [stdout]    = note: `#[warn(unused_mut)]` on by default
[INFO] [stdout] 
[INFO] [stdout] 
[INFO] [stdout] warning: unused variable: `first_farm_token_nonce`
[INFO] [stdout]     --> dex/farm-with-locked-rewards/interact-rs/src/interactor_main.rs:1337:9
[INFO] [stdout]      |
[INFO] [stdout] 1337 |     let first_farm_token_nonce = 1u64;
[INFO] [stdout]      |         ^^^^^^^^^^^^^^^^^^^^^^ help: if this is intentional, prefix it with an underscore: `_first_farm_token_nonce`
[INFO] [stdout] 
[INFO] [stdout] 
[INFO] [stdout] warning: unused variable: `second_farm_token_nonce`
[INFO] [stdout]     --> dex/farm-with-locked-rewards/interact-rs/src/interactor_main.rs:1348:9
[INFO] [stdout]      |
[INFO] [stdout] 1348 |     let second_farm_token_nonce = 2u64;
[INFO] [stdout]      |         ^^^^^^^^^^^^^^^^^^^^^^^ help: if this is intentional, prefix it with an underscore: `_second_farm_token_nonce`
[INFO] [stdout] 
[INFO] [stdout] 
[INFO] [stdout] warning: unused variable: `first_received_reward_amt`
[INFO] [stdout]     --> dex/farm-with-locked-rewards/interact-rs/src/interactor_main.rs:1399:9
[INFO] [stdout]      |
[INFO] [stdout] 1399 |     let first_received_reward_amt =
[INFO] [stdout]      |         ^^^^^^^^^^^^^^^^^^^^^^^^^ help: if this is intentional, prefix it with an underscore: `_first_received_reward_amt`
[INFO] [stdout] 
[INFO] [stdout] 
[INFO] [stderr]    Compiling farm-with-locked-rewards-meta v0.0.0 (/opt/rustwide/workdir/dex/farm-with-locked-rewards/meta)
[INFO] [stderr]    Compiling farm-staking v0.0.0 (/opt/rustwide/workdir/farm-staking/farm-staking)
[INFO] [stderr]    Compiling pause-all v0.0.0 (/opt/rustwide/workdir/pause-all)
[INFO] [stderr]    Compiling energy-update v0.0.0 (/opt/rustwide/workdir/energy-integration/energy-update)
[INFO] [stderr]    Compiling farm-abi v0.0.0 (/opt/rustwide/workdir/dex/farm/meta)
[INFO] [stderr]    Compiling proxy-deployer v0.0.0 (/opt/rustwide/workdir/dex/proxy-deployer)
[INFO] [stderr]    Compiling distribution-abi v0.0.0 (/opt/rustwide/workdir/locked-asset/distribution/meta)
[INFO] [stderr]    Compiling metabonding-staking v0.0.0 (/opt/rustwide/workdir/farm-staking/metabonding-staking)
[INFO] [stderr]    Compiling farm_base_impl v0.0.0 (/opt/rustwide/workdir/common/modules/farm/farm_base_impl)
[INFO] [stderr]    Compiling simple-lock-legacy-meta v0.0.0 (/opt/rustwide/workdir/legacy-contracts/simple-lock-legacy/meta)
[INFO] [stderr]    Compiling router-abi v0.0.0 (/opt/rustwide/workdir/dex/router/meta)
[INFO] [stderr]    Compiling factory-abi v0.0.0 (/opt/rustwide/workdir/locked-asset/factory/meta)
[INFO] [stderr]    Compiling distribution v0.0.0 (/opt/rustwide/workdir/locked-asset/distribution)
[INFO] [stderr]    Compiling factory v0.0.0 (/opt/rustwide/workdir/locked-asset/factory)
[INFO] [stderr]    Compiling locked-token-wrapper v0.0.0 (/opt/rustwide/workdir/locked-asset/locked-token-wrapper)
[INFO] [stderr]    Compiling farm-v-13-meta v0.0.0 (/opt/rustwide/workdir/legacy-contracts/farm-v-13/meta)
[INFO] [stderr]    Compiling governance-v2-meta v0.0.0 (/opt/rustwide/workdir/energy-integration/governance-v2/meta)
[INFO] [stderr]    Compiling governance v0.0.0 (/opt/rustwide/workdir/dex/governance)
[INFO] [stderr]    Compiling events v0.0.0 (/opt/rustwide/workdir/common/modules/farm/events)
[INFO] [stderr]    Compiling token-unstake v0.0.0 (/opt/rustwide/workdir/locked-asset/token-unstake)
[INFO] [stderr]    Compiling governance-meta v0.0.0 (/opt/rustwide/workdir/dex/governance/meta)
[INFO] [stderr]    Compiling locked-token-wrapper-meta v0.0.0 (/opt/rustwide/workdir/locked-asset/locked-token-wrapper/meta)
[INFO] [stderr]    Compiling governance-v2 v0.0.0 (/opt/rustwide/workdir/energy-integration/governance-v2)
[INFO] [stderr]    Compiling pair v0.0.0 (/opt/rustwide/workdir/dex/pair)
[INFO] [stderr]    Compiling pair-abi v0.0.0 (/opt/rustwide/workdir/dex/pair/meta)
[INFO] [stderr]    Compiling token-unstake-abi v0.0.0 (/opt/rustwide/workdir/locked-asset/token-unstake/meta)
[INFO] [stderr]    Compiling pair-mock-meta v0.0.0 (/opt/rustwide/workdir/dex/pair-mock/meta)
[INFO] [stderr]    Compiling fees-collector-meta v0.0.0 (/opt/rustwide/workdir/energy-integration/fees-collector/meta)
[INFO] [stderr]    Compiling price-discovery v0.0.0 (/opt/rustwide/workdir/dex/price-discovery)
[INFO] [stderr]    Compiling simple-lock v0.0.0 (/opt/rustwide/workdir/locked-asset/simple-lock)
[INFO] [stderr]    Compiling pair-mock v0.0.0 (/opt/rustwide/workdir/dex/pair-mock)
[INFO] [stderr]    Compiling lkmex-transfer-abi v0.0.0 (/opt/rustwide/workdir/locked-asset/lkmex-transfer/meta)
[INFO] [stderr]    Compiling energy-factory v0.0.0 (/opt/rustwide/workdir/locked-asset/energy-factory)
[INFO] [stderr]    Compiling farm-v-13 v0.0.0 (/opt/rustwide/workdir/legacy-contracts/farm-v-13)
[INFO] [stderr]    Compiling contexts v0.0.0 (/opt/rustwide/workdir/common/modules/farm/contexts)
[INFO] [stderr]    Compiling lkmex-transfer v0.0.0 (/opt/rustwide/workdir/locked-asset/lkmex-transfer)
[INFO] [stderr]    Compiling energy-factory-mock v0.0.0 (/opt/rustwide/workdir/energy-integration/energy-factory-mock)
[INFO] [stderr]    Compiling fees-collector v0.0.0 (/opt/rustwide/workdir/energy-integration/fees-collector)
[INFO] [stderr]    Compiling price-discovery-meta v0.0.0 (/opt/rustwide/workdir/dex/price-discovery/meta)
[INFO] [stderr]    Compiling energy-factory-mock-meta v0.0.0 (/opt/rustwide/workdir/energy-integration/energy-factory-mock/meta)
[INFO] [stderr]    Compiling farm-boosted-yields v0.0.0 (/opt/rustwide/workdir/energy-integration/farm-boosted-yields)
[INFO] [stderr]    Compiling rewards v0.0.0 (/opt/rustwide/workdir/common/modules/farm/rewards)
[INFO] [stderr]    Compiling farm_token v0.0.0 (/opt/rustwide/workdir/common/modules/farm/farm_token)
[INFO] [stderr]    Compiling weekly-rewards-splitting v0.0.0 (/opt/rustwide/workdir/energy-integration/common-modules/weekly-rewards-splitting)
[INFO] [stderr]    Compiling config v0.0.0 (/opt/rustwide/workdir/common/modules/farm/config)
[INFO] [stderr]    Compiling week-timekeeping v0.0.0 (/opt/rustwide/workdir/energy-integration/common-modules/week-timekeeping)
[INFO] [stderr]    Compiling simple-lock-meta v0.0.0 (/opt/rustwide/workdir/locked-asset/simple-lock/meta)
[INFO] [stderr]    Compiling energy-factory-meta v0.0.0 (/opt/rustwide/workdir/locked-asset/energy-factory/meta)
[INFO] [stderr]    Compiling pausable v0.0.0 (/opt/rustwide/workdir/common/modules/pausable)
[INFO] [stderr]    Compiling locking_module v0.0.0 (/opt/rustwide/workdir/common/modules/locking_module)
[INFO] [stderr]    Compiling energy-query v0.0.0 (/opt/rustwide/workdir/energy-integration/common-modules/energy-query)
[INFO] [stderr]    Compiling legacy_token_decode_module v0.0.0 (/opt/rustwide/workdir/common/modules/legacy_token_decode_module)
[INFO] [stderr]    Compiling token_send v0.0.0 (/opt/rustwide/workdir/common/modules/token_send)
[INFO] [stderr]    Compiling utils v0.0.0 (/opt/rustwide/workdir/common/modules/utils)
[INFO] [stderr]    Compiling token_merge_helper v0.0.0 (/opt/rustwide/workdir/common/modules/token_merge_helper)
[INFO] [stderr]    Compiling permissions_module v0.0.0 (/opt/rustwide/workdir/common/modules/permissions_module)
[INFO] [stderr]    Compiling sc_whitelist_module v0.0.0 (/opt/rustwide/workdir/common/modules/sc_whitelist_module)
[INFO] [stderr]    Compiling common_structs v0.0.0 (/opt/rustwide/workdir/common/common_structs)
[INFO] [stderr]    Compiling mergeable v0.0.0 (/opt/rustwide/workdir/common/traits/mergeable)
[INFO] [stderr]    Compiling unwrappable v0.0.0 (/opt/rustwide/workdir/common/traits/unwrappable)
[INFO] [stderr]    Compiling common_errors v0.0.0 (/opt/rustwide/workdir/common/common_errors)
[INFO] [stderr]    Compiling fixed-supply-token v0.0.0 (/opt/rustwide/workdir/common/traits/fixed-supply-token)
[INFO] [stderr]    Compiling math v0.0.0 (/opt/rustwide/workdir/common/modules/math)
[INFO] [stderr]    Compiling common-types v0.0.0 (/opt/rustwide/workdir/energy-integration/common-types)
[INFO] [stderr]     Finished `test` profile [unoptimized + debuginfo] target(s) in 1m 23s
[INFO] running `Command { std: "docker" "inspect" "28fba2420b5717bb685c18b593193dc8b08950c4a1d3e8fd573df665353c5c02", kill_on_drop: false }`
[INFO] running `Command { std: "docker" "rm" "-f" "28fba2420b5717bb685c18b593193dc8b08950c4a1d3e8fd573df665353c5c02", kill_on_drop: false }`
[INFO] [stdout] 28fba2420b5717bb685c18b593193dc8b08950c4a1d3e8fd573df665353c5c02
[INFO] running `Command { std: "docker" "create" "-v" "/var/lib/crater-agent-workspace/builds/worker-6-tc2/target:/opt/rustwide/target:rw,Z" "-v" "/var/lib/crater-agent-workspace/builds/worker-6-tc2/source:/opt/rustwide/workdir:ro,Z" "-v" "/var/lib/crater-agent-workspace/cargo-home:/opt/rustwide/cargo-home:ro,Z" "-v" "/var/lib/crater-agent-workspace/rustup-home:/opt/rustwide/rustup-home:ro,Z" "-e" "SOURCE_DIR=/opt/rustwide/workdir" "-e" "CARGO_TARGET_DIR=/opt/rustwide/target" "-e" "CARGO_INCREMENTAL=0" "-e" "RUST_BACKTRACE=full" "-e" "RUSTFLAGS=--cap-lints=forbid -Zrandomize-layout" "-e" "RUSTDOCFLAGS=--cap-lints=forbid" "-e" "CARGO_HOME=/opt/rustwide/cargo-home" "-e" "RUSTUP_HOME=/opt/rustwide/rustup-home" "-w" "/opt/rustwide/workdir" "-m" "1610612736" "--user" "0:0" "--network" "none" "ghcr.io/rust-lang/crates-build-env/linux@sha256:4a844ea9eb2546a2d2c7022eacef16ef2e8229c7fbb2c7d4d55a9ceca922f72d" "/opt/rustwide/cargo-home/bin/cargo" "+nightly-2024-10-28" "test" "--frozen", kill_on_drop: false }`
[INFO] [stdout] 3669fd22659be76cc4c2a24e4c0fc784a7fac32c57b020f265f62182a38e392d
[INFO] running `Command { std: "docker" "start" "-a" "3669fd22659be76cc4c2a24e4c0fc784a7fac32c57b020f265f62182a38e392d", kill_on_drop: false }`
[INFO] [stderr] warning: unused import: `num_bigint::ToBigUint`
[INFO] [stderr]  --> dex/farm-with-locked-rewards/interact-rs/src/interactor_main.rs:9:5
[INFO] [stderr]   |
[INFO] [stderr] 9 | use num_bigint::ToBigUint;
[INFO] [stderr]   |     ^^^^^^^^^^^^^^^^^^^^^
[INFO] [stderr]   |
[INFO] [stderr]   = note: `#[warn(unused_imports)]` on by default
[INFO] [stderr] 
[INFO] [stderr] warning: unused variable: `cmd`
[INFO] [stderr]   --> dex/farm-with-locked-rewards/interact-rs/src/interactor_main.rs:29:9
[INFO] [stderr]    |
[INFO] [stderr] 29 |     let cmd = args.next().expect("at least one argument required");
[INFO] [stderr]    |         ^^^ help: if this is intentional, prefix it with an underscore: `_cmd`
[INFO] [stderr]    |
[INFO] [stderr]    = note: `#[warn(unused_variables)]` on by default
[INFO] [stderr] 
[INFO] [stderr] warning: unused variable: `interact`
[INFO] [stderr]   --> dex/farm-with-locked-rewards/interact-rs/src/interactor_main.rs:30:13
[INFO] [stderr]    |
[INFO] [stderr] 30 |     let mut interact = ContractInteract::new().await;
[INFO] [stderr]    |             ^^^^^^^^ help: if this is intentional, prefix it with an underscore: `_interact`
[INFO] [stderr] 
[INFO] [stderr] warning: variable does not need to be mutable
[INFO] [stderr]   --> dex/farm-with-locked-rewards/interact-rs/src/interactor_main.rs:30:9
[INFO] [stderr]    |
[INFO] [stderr] 30 |     let mut interact = ContractInteract::new().await;
[INFO] [stderr]    |         ----^^^^^^^^
[INFO] [stderr]    |         |
[INFO] [stderr]    |         help: remove this `mut`
[INFO] [stderr]    |
[INFO] [stderr]    = note: `#[warn(unused_mut)]` on by default
[INFO] [stderr] 
[INFO] [stderr] warning: unused variable: `first_farm_token_nonce`
[INFO] [stderr]     --> dex/farm-with-locked-rewards/interact-rs/src/interactor_main.rs:1337:9
[INFO] [stderr]      |
[INFO] [stderr] 1337 |     let first_farm_token_nonce = 1u64;
[INFO] [stderr]      |         ^^^^^^^^^^^^^^^^^^^^^^ help: if this is intentional, prefix it with an underscore: `_first_farm_token_nonce`
[INFO] [stderr] 
[INFO] [stderr] warning: unused variable: `second_farm_token_nonce`
[INFO] [stderr]     --> dex/farm-with-locked-rewards/interact-rs/src/interactor_main.rs:1348:9
[INFO] [stderr]      |
[INFO] [stderr] 1348 |     let second_farm_token_nonce = 2u64;
[INFO] [stderr]      |         ^^^^^^^^^^^^^^^^^^^^^^^ help: if this is intentional, prefix it with an underscore: `_second_farm_token_nonce`
[INFO] [stderr] 
[INFO] [stderr] warning: unused variable: `first_received_reward_amt`
[INFO] [stderr]     --> dex/farm-with-locked-rewards/interact-rs/src/interactor_main.rs:1399:9
[INFO] [stderr]      |
[INFO] [stderr] 1399 |     let first_received_reward_amt =
[INFO] [stderr]      |         ^^^^^^^^^^^^^^^^^^^^^^^^^ help: if this is intentional, prefix it with an underscore: `_first_received_reward_amt`
[INFO] [stderr] 
[INFO] [stderr] warning: `rust-interact` (bin "rust-interact" test) generated 7 warnings (run `cargo fix --bin "rust-interact" --tests` to apply 2 suggestions)
[INFO] [stderr]     Finished `test` profile [unoptimized + debuginfo] target(s) in 0.48s
[INFO] [stderr]      Running unittests src/lib.rs (/opt/rustwide/target/debug/deps/common_types-48fb999d0126bb90)
[INFO] [stdout] 
[INFO] [stdout] running 0 tests
[INFO] [stdout] 
[INFO] [stdout] test result: ok. 0 passed; 0 failed; 0 ignored; 0 measured; 0 filtered out; finished in 0.00s
[INFO] [stdout] 
[INFO] [stderr]      Running unittests src/lib.rs (/opt/rustwide/target/debug/deps/common_errors-f836e104b32a4f1d)
[INFO] [stdout] 
[INFO] [stdout] running 0 tests
[INFO] [stdout] 
[INFO] [stdout] test result: ok. 0 passed; 0 failed; 0 ignored; 0 measured; 0 filtered out; finished in 0.00s
[INFO] [stdout] 
[INFO] [stderr]      Running unittests src/lib.rs (/opt/rustwide/target/debug/deps/common_structs-99218aa0798a37aa)
[INFO] [stdout] 
[INFO] [stdout] running 0 tests
[INFO] [stdout] 
[INFO] [stdout] test result: ok. 0 passed; 0 failed; 0 ignored; 0 measured; 0 filtered out; finished in 0.00s
[INFO] [stdout] 
[INFO] [stderr]      Running unittests src/config.rs (/opt/rustwide/target/debug/deps/config-7c3d8bea65b5b7aa)
[INFO] [stdout] 
[INFO] [stdout] running 0 tests
[INFO] [stdout] 
[INFO] [stdout] test result: ok. 0 passed; 0 failed; 0 ignored; 0 measured; 0 filtered out; finished in 0.00s
[INFO] [stdout] 
[INFO] [stderr]      Running unittests src/mod.rs (/opt/rustwide/target/debug/deps/contexts-432638807c296964)
[INFO] [stdout] 
[INFO] [stdout] running 0 tests
[INFO] [stdout] 
[INFO] [stdout] test result: ok. 0 passed; 0 failed; 0 ignored; 0 measured; 0 filtered out; finished in 0.00s
[INFO] [stdout] 
[INFO] [stderr]      Running tests/dex_scenario_go_test.rs (/opt/rustwide/target/debug/deps/dex_scenario_go_test-37ef7aa5a82f9a27)
[INFO] [stdout] 
[INFO] [stdout] running 40 tests
[INFO] [stdout] test calculate_rewards_for_given_position_after_compound_go ... ok
[INFO] [stdout] test check_fee_enabled_after_swap_go ... ok
[INFO] [stdout] test check_fee_disabled_after_swap_go ... ok
[INFO] [stdout] test compound_rewards_go ... ok
[INFO] [stdout] test claim_rewards_go ... ok
[INFO] [stdout] test complete_setup_go ... ok
[INFO] [stdout] test calculate_rewards_for_given_position_go ... ok
[INFO] [stdout] test add_liquidity_go ... ok
[INFO] [stdout] test enter_farm_go ... ok
[INFO] [stdout] test create_pair_twice_go ... ok
[INFO] [stdout] test enter_farm_with_merge_tokens_go ... ok
[INFO] [stdout] test enter_mex_farm_go ... ok
[INFO] [stdout] test exit_mex_farm_go ... ok
[INFO] [stdout] test farm_reward_distr_scen_1_go ... ok
[INFO] [stdout] test farm_reward_distr_scen_2_go ... ok
[INFO] [stdout] test exit_farm_go ... ok
[INFO] [stdout] test farm_reward_distr_scen_3_go ... ok
[INFO] [stdout] test exit_farm_too_soon_go ... ok
[INFO] [stdout] test farm_reward_distr_scen_4_go ... ok
[INFO] [stdout] test farm_with_egld_token_go ... ok
[INFO] [stdout] test farm_wrong_lp_token_go ... ok
[INFO] [stdout] test get_amounts_no_liquidity_go ... ok
[INFO] [stdout] test get_amounts_go ... ok
[INFO] [stdout] test get_pair_non_existent_go ... ok
[INFO] [stdout] test remove_liquidity_and_buyback_and_burn_token_go ... ok
[INFO] [stdout] test remove_liquidity_go ... ok
[INFO] [stdout] test remove_liquidity_twice_go ... ok
[INFO] [stdout] test owner_pause_farm_go ... ok
[INFO] [stdout] test merge_tokens_go ... ok
[INFO] [stdout] test get_pair_views_go ... ok
[INFO] [stdout] test owner_resume_farm_go ... ok
[INFO] [stdout] test router_pause_self_go ... ok
[INFO] [stdout] test remove_pair_go ... ok
[INFO] [stdout] test swap_fixed_input_after_removed_liquidity_go ... ok
[INFO] [stdout] test router_resume_self_go ... ok
[INFO] [stdout] test swap_fixed_output_go ... ok
[INFO] [stdout] test swap_fixed_input_go ... ok
[INFO] [stdout] test swap_same_token_go ... ok
[INFO] [stdout] test swap_wrong_token_go ... ok
[INFO] [stdout] test upgrade_contract_go ... ok
[INFO] [stdout] 
[INFO] [stdout] test result: ok. 40 passed; 0 failed; 0 ignored; 0 measured; 0 filtered out; finished in 0.01s
[INFO] [stdout] 
[INFO] [stderr]      Running tests/dex_scenario_rs_test.rs (/opt/rustwide/target/debug/deps/dex_scenario_rs_test-b4044af6ac3f4cc3)
[INFO] [stdout] 
[INFO] [stdout] running 40 tests
[INFO] [stdout] test complete_setup_rs ... ok
[INFO] [stdout] test claim_rewards_rs ... ok
[INFO] [stdout] test compound_rewards_rs ... ok
[INFO] [stdout] test calculate_rewards_for_given_position_after_compound_rs ... ok
[INFO] [stdout] test calculate_rewards_for_given_position_rs ... ok
[INFO] [stdout] test add_liquidity_rs ... ok
[INFO] [stdout] test check_fee_disabled_after_swap_rs ... ok
[INFO] [stdout] test check_fee_enabled_after_swap_rs ... ok
[INFO] [stdout] test enter_mex_farm_rs ... ok
[INFO] [stdout] test enter_farm_rs ... ok
[INFO] [stdout] test enter_farm_with_merge_tokens_rs ... ok
[INFO] [stdout] test farm_reward_distr_scen_1_rs ... ok
[INFO] [stdout] test exit_farm_rs ... ok
[INFO] [stdout] test farm_with_egld_token_rs ... ok
[INFO] [stdout] test exit_mex_farm_rs ... ok
[INFO] [stdout] test exit_farm_too_soon_rs ... ok
[INFO] [stdout] test farm_reward_distr_scen_3_rs ... ok
[INFO] [stdout] test farm_reward_distr_scen_2_rs ... ok
[INFO] [stdout] test farm_reward_distr_scen_4_rs ... ok
[INFO] [stdout] test owner_pause_farm_rs ... ok
[INFO] [stdout] test get_pair_non_existent_rs ... ok
[INFO] [stdout] test get_pair_views_rs ... ok
[INFO] [stdout] test owner_resume_farm_rs ... ok
[INFO] [stdout] test remove_liquidity_rs ... ok
[INFO] [stdout] test merge_tokens_rs ... ok
[INFO] [stdout] test remove_liquidity_and_buyback_and_burn_token_rs ... ok
[INFO] [stdout] test router_pause_self_rs ... ok
[INFO] [stdout] test router_resume_self_rs ... ok
[INFO] [stdout] test swap_fixed_input_rs ... ok
[INFO] [stdout] test swap_fixed_output_rs ... ok
[INFO] [stdout] test farm_wrong_lp_token_rs ... ok
[INFO] [stdout] test remove_liquidity_twice_rs ... ok
[INFO] [stdout] test swap_fixed_input_after_removed_liquidity_rs ... ok
[INFO] [stdout] test remove_pair_rs ... ok
[INFO] [stdout] test swap_same_token_rs ... ok
[INFO] [stdout] test create_pair_twice_rs ... ok
[INFO] [stdout] test upgrade_contract_rs ... ok
[INFO] [stdout] test swap_wrong_token_rs ... ok
[INFO] [stdout] test get_amounts_rs ... ok
[INFO] [stdout] test get_amounts_no_liquidity_rs ... ok
[INFO] [stdout] 
[INFO] [stdout] test result: ok. 40 passed; 0 failed; 0 ignored; 0 measured; 0 filtered out; finished in 0.78s
[INFO] [stdout] 
[INFO] [stderr]      Running unittests src/lib.rs (/opt/rustwide/target/debug/deps/distribution-d3625b9a607ad4a7)
[INFO] [stdout] 
[INFO] [stdout] running 0 tests
[INFO] [stdout] 
[INFO] [stdout] test result: ok. 0 passed; 0 failed; 0 ignored; 0 measured; 0 filtered out; finished in 0.00s
[INFO] [stdout] 
[INFO] [stderr]      Running unittests src/main.rs (/opt/rustwide/target/debug/deps/distribution_abi-72192f933c0fef46)
[INFO] [stdout] 
[INFO] [stdout] running 0 tests
[INFO] [stdout] 
[INFO] [stdout] test result: ok. 0 passed; 0 failed; 0 ignored; 0 measured; 0 filtered out; finished in 0.00s
[INFO] [stdout] 
[INFO] [stderr]      Running tests/distribution_scenario_go_test.rs (/opt/rustwide/target/debug/deps/distribution_scenario_go_test-c4ddb844bea632af)
[INFO] [stdout] 
[INFO] [stdout] running 29 tests
[INFO] [stdout] test add_liquidity_proxy_go ... ignored
[INFO] [stdout] test add_liquidity_with_merge_tokens_go ... ignored
[INFO] [stdout] test claim_locked_assets_basic_go ... ignored
[INFO] [stdout] test claim_mex_rewards_proxy_after_mint_rewards_go ... ignored
[INFO] [stdout] test claim_only_last_four_go ... ignored
[INFO] [stdout] test claim_rewards_proxy_go ... ignored
[INFO] [stdout] test clear_unclaimable_assets_go ... ignored
[INFO] [stdout] test compound_mex_rewards_proxy_after_mint_rewards_go ... ignored
[INFO] [stdout] test enter_farm_proxy_go ... ignored
[INFO] [stdout] test enter_farm_proxy_with_merge_tokens_go ... ignored
[INFO] [stdout] test enter_mex_farm_proxy_go ... ignored
[INFO] [stdout] test exit_farm_proxy_go ... ignored
[INFO] [stdout] test exit_mex_farm_proxy_after_compound_rewards_and_epoch_increase_go ... ignored
[INFO] [stdout] test exit_mex_farm_proxy_after_compound_rewards_go ... ignored
[INFO] [stdout] test exit_mex_farm_proxy_after_mint_rewards_go ... ignored
[INFO] [stdout] test merge_locked_mex_tokens_go ... ignored
[INFO] [stdout] test merge_wrapped_farm_tokens_go ... ignored
[INFO] [stdout] test merge_wrapped_lp_tokens_go ... ignored
[INFO] [stdout] test multiple_claim_assets_go ... ignored
[INFO] [stdout] test remove_liquidity_proxy_after_swap_mex_go ... ignored
[INFO] [stdout] test remove_liquidity_proxy_after_swap_wegld_go ... ignored
[INFO] [stdout] test remove_liquidity_proxy_go ... ignored
[INFO] [stdout] test set_user_distribution_above_cap_go ... ignored
[INFO] [stdout] test set_user_distribution_duplicate_go ... ignored
[INFO] [stdout] test set_user_distribution_go ... ignored
[INFO] [stdout] test set_user_distribution_with_unlock_go ... ignored
[INFO] [stdout] test undo_last_community_distribution_go ... ignored
[INFO] [stdout] test undo_user_distribution_between_epochs_go ... ignored
[INFO] [stdout] test unlock_assets_basic_go ... ignored
[INFO] [stdout] 
[INFO] [stdout] test result: ok. 0 passed; 0 failed; 29 ignored; 0 measured; 0 filtered out; finished in 0.00s
[INFO] [stdout] 
[INFO] [stderr]      Running unittests src/lib.rs (/opt/rustwide/target/debug/deps/energy_factory-a24e6a3a76b177bd)
[INFO] [stdout] 
[INFO] [stdout] running 0 tests
[INFO] [stdout] 
[INFO] [stdout] test result: ok. 0 passed; 0 failed; 0 ignored; 0 measured; 0 filtered out; finished in 0.00s
[INFO] [stdout] 
[INFO] [stderr]      Running tests/old_tokens_test.rs (/opt/rustwide/target/debug/deps/old_tokens_test-2ee7e1df87534c6b)
[INFO] [stdout] 
[INFO] [stdout] running 4 tests
[INFO] [stdout] test check_initial_old_unlock_schedule_decode_test ... ok
[INFO] [stdout] test min_period_migrated_token_test ... ok
[INFO] [stdout] test min_period_migrated_token_test2 ... ok
[INFO] [stdout] test extend_lock_period_old_token_test ... ok
[INFO] [stdout] 
[INFO] [stdout] test result: ok. 4 passed; 0 failed; 0 ignored; 0 measured; 0 filtered out; finished in 0.00s
[INFO] [stdout] 
[INFO] [stderr]      Running tests/simple_lock_energy_test.rs (/opt/rustwide/target/debug/deps/simple_lock_energy_test-ea1d1cace3c2c0a0)
[INFO] [stdout] 
[INFO] [stdout] running 10 tests
[INFO] [stdout] test init_test ... ok
[INFO] [stdout] test energy_deplete_test ... ok
[INFO] [stdout] test reduce_lock_period_test ... ok
[INFO] [stdout] test test_same_token_nonce ... ok
[INFO] [stdout] test unlock_early_test ... ok
[INFO] [stdout] test multiple_early_unlocks_same_week_test ... ok
[INFO] [stdout] test try_lock ... ok
[INFO] [stdout] test lock_ok ... ok
[INFO] [stdout] test extend_lock_period_endpoint_test ... ok
[INFO] [stdout] test extend_locking_period_test ... ok
[INFO] [stdout] 
[INFO] [stdout] test result: ok. 10 passed; 0 failed; 0 ignored; 0 measured; 0 filtered out; finished in 0.11s
[INFO] [stdout] 
[INFO] [stderr]      Running tests/token_merging_test.rs (/opt/rustwide/target/debug/deps/token_merging_test-3138eaad9c1edfc0)
[INFO] [stdout] 
[INFO] [stdout] running 5 tests
[INFO] [stdout] test token_merging_test ... ok
[INFO] [stdout] test test_specific_tokens_merge ... ok
[INFO] [stdout] test merge_same_schedule_test ... ok
[INFO] [stdout] test token_merging_different_years_test ... ok
[INFO] [stdout] test token_merging_different_years2_test ... ok
[INFO] [stdout] 
[INFO] [stdout] test result: ok. 5 passed; 0 failed; 0 ignored; 0 measured; 0 filtered out; finished in 0.02s
[INFO] [stdout] 
[INFO] [stderr]      Running tests/virtual_lock_test.rs (/opt/rustwide/target/debug/deps/virtual_lock_test-16b4f9f79c5e48d0)
[INFO] [stdout] 
[INFO] [stdout] running 1 test
[INFO] [stdout] test virtual_lock_test ... ok
[INFO] [stdout] 
[INFO] [stdout] test result: ok. 1 passed; 0 failed; 0 ignored; 0 measured; 0 filtered out; finished in 0.61s
[INFO] [stdout] 
[INFO] [stderr]      Running unittests src/main.rs (/opt/rustwide/target/debug/deps/energy_factory_meta-2746933ade0216e0)
[INFO] [stdout] 
[INFO] [stdout] running 0 tests
[INFO] [stdout] 
[INFO] [stdout] test result: ok. 0 passed; 0 failed; 0 ignored; 0 measured; 0 filtered out; finished in 0.00s
[INFO] [stdout] 
[INFO] [stderr]      Running unittests src/lib.rs (/opt/rustwide/target/debug/deps/energy_factory_mock-d841e05502fa2dab)
[INFO] [stdout] 
[INFO] [stdout] running 0 tests
[INFO] [stdout] 
[INFO] [stdout] test result: ok. 0 passed; 0 failed; 0 ignored; 0 measured; 0 filtered out; finished in 0.00s
[INFO] [stdout] 
[INFO] [stderr]      Running unittests src/main.rs (/opt/rustwide/target/debug/deps/energy_factory_mock_meta-15f2f468cb6d50b1)
[INFO] [stdout] 
[INFO] [stdout] running 0 tests
[INFO] [stdout] 
[INFO] [stdout] test result: ok. 0 passed; 0 failed; 0 ignored; 0 measured; 0 filtered out; finished in 0.00s
[INFO] [stdout] 
[INFO] [stderr]      Running unittests src/lib.rs (/opt/rustwide/target/debug/deps/energy_query-f7388171f15fe0d4)
[INFO] [stdout] 
[INFO] [stdout] running 0 tests
[INFO] [stdout] 
[INFO] [stdout] test result: ok. 0 passed; 0 failed; 0 ignored; 0 measured; 0 filtered out; finished in 0.00s
[INFO] [stdout] 
[INFO] [stderr]      Running unittests src/lib.rs (/opt/rustwide/target/debug/deps/energy_update-95837a15e4c556ed)
[INFO] [stdout] 
[INFO] [stdout] running 0 tests
[INFO] [stdout] 
[INFO] [stdout] test result: ok. 0 passed; 0 failed; 0 ignored; 0 measured; 0 filtered out; finished in 0.00s
[INFO] [stdout] 
[INFO] [stderr]      Running unittests src/main.rs (/opt/rustwide/target/debug/deps/energy_update_meta-74b67c9254a563df)
[INFO] [stdout] 
[INFO] [stdout] running 0 tests
[INFO] [stdout] 
[INFO] [stdout] test result: ok. 0 passed; 0 failed; 0 ignored; 0 measured; 0 filtered out; finished in 0.00s
[INFO] [stdout] 
[INFO] [stderr]      Running unittests src/events.rs (/opt/rustwide/target/debug/deps/events-21387773af71e928)
[INFO] [stdout] 
[INFO] [stdout] running 0 tests
[INFO] [stdout] 
[INFO] [stdout] test result: ok. 0 passed; 0 failed; 0 ignored; 0 measured; 0 filtered out; finished in 0.00s
[INFO] [stdout] 
[INFO] [stderr]      Running unittests src/lib.rs (/opt/rustwide/target/debug/deps/factory-f5828731d09ad6ad)
[INFO] [stdout] 
[INFO] [stdout] running 0 tests
[INFO] [stdout] 
[INFO] [stdout] test result: ok. 0 passed; 0 failed; 0 ignored; 0 measured; 0 filtered out; finished in 0.00s
[INFO] [stdout] 
[INFO] [stderr]      Running tests/lock_test.rs (/opt/rustwide/target/debug/deps/lock_test-8c4fed2dcac2fee6)
[INFO] [stdout] 
[INFO] [stdout] running 1 test
[INFO] [stdout] test test_lock_assets ... ok
[INFO] [stdout] 
[INFO] [stdout] test result: ok. 1 passed; 0 failed; 0 ignored; 0 measured; 0 filtered out; finished in 0.02s
[INFO] [stdout] 
[INFO] [stderr]      Running tests/unlock_test.rs (/opt/rustwide/target/debug/deps/unlock_test-bd5b0d012ad40589)
[INFO] [stdout] 
[INFO] [stdout] running 7 tests
[INFO] [stdout] test test_unlock_40_60 ... ok
[INFO] [stdout] test test_unlock_60_40 ... ok
[INFO] [stdout] test test_unlock_100mil_1mil ... ok
[INFO] [stdout] test test_unlock_1mil_100mil ... ok
[INFO] [stdout] test update_energy_after_old_token_unlock_test ... ok
[INFO] [stdout] test test_aggregated_unlock_schedule_with_1_offset ... ok
[INFO] [stdout] test test_aggregated_unlock_schedule ... ok
[INFO] [stdout] 
[INFO] [stdout] test result: ok. 7 passed; 0 failed; 0 ignored; 0 measured; 0 filtered out; finished in 0.04s
[INFO] [stdout] 
[INFO] [stderr]      Running unittests src/main.rs (/opt/rustwide/target/debug/deps/factory_abi-09ff1361322696d9)
[INFO] [stdout] 
[INFO] [stdout] running 0 tests
[INFO] [stdout] 
[INFO] [stdout] test result: ok. 0 passed; 0 failed; 0 ignored; 0 measured; 0 filtered out; finished in 0.00s
[INFO] [stdout] 
[INFO] [stderr]      Running unittests src/lib.rs (/opt/rustwide/target/debug/deps/farm-69a914538d3021ce)
[INFO] [stdout] 
[INFO] [stdout] running 0 tests
[INFO] [stdout] 
[INFO] [stdout] test result: ok. 0 passed; 0 failed; 0 ignored; 0 measured; 0 filtered out; finished in 0.00s
[INFO] [stdout] 
[INFO] [stderr]      Running tests/energy_update_test.rs (/opt/rustwide/target/debug/deps/energy_update_test-d216b9fd8b2ffd2c)
[INFO] [stdout] 
[INFO] [stdout] running 3 tests
[INFO] [stdout] test test_farm_setup ... ok
[INFO] [stdout] test test_energy_update_no_claim_current_week ... ok
[INFO] [stdout] test test_energy_update ... ok
[INFO] [stdout] 
[INFO] [stdout] test result: ok. 3 passed; 0 failed; 0 ignored; 0 measured; 0 filtered out; finished in 0.02s
[INFO] [stdout] 
[INFO] [stderr]      Running tests/farm_multi_user_test.rs (/opt/rustwide/target/debug/deps/farm_multi_user_test-7e6e5b3a0394aa3d)
[INFO] [stdout] 
[INFO] [stdout] running 8 tests
[INFO] [stdout] test farm_change_boosted_yields_factors_test ... ok
[INFO] [stdout] test farm_with_no_boost_test ... ok
[INFO] [stdout] test farm_known_proxy_test ... ok
[INFO] [stdout] test farm_claim_with_minimum_tokens ... ok
[INFO] [stdout] test farm_boosted_yields_claim_with_different_user_pos_test ... ok
[INFO] [stdout] test farm_with_boosted_yields_test ... ok
[INFO] [stdout] test farm_enter_with_multiple_farm_token ... ok
[INFO] [stdout] test farm_multiple_claim_weeks_with_collect_undistributed_rewards_test ... ok
[INFO] [stdout] 
[INFO] [stdout] test result: ok. 8 passed; 0 failed; 0 ignored; 0 measured; 0 filtered out; finished in 0.93s
[INFO] [stdout] 
[INFO] [stderr]      Running tests/farm_review_distribution.rs (/opt/rustwide/target/debug/deps/farm_review_distribution-109b941c6bc4a4fa)
[INFO] [stdout] 
[INFO] [stdout] running 5 tests
[INFO] [stdout] test test_billion_to_trillion ... ok
[INFO] [stdout] test test_rv_earn_twice ... ok
[INFO] [stdout] test test_overview_realistic_numbers ... ok
[INFO] [stdout] test test_overview ... ok
[INFO] [stdout] test test_overview_but_changes_in_per_reward_block ... ok
[INFO] [stdout] 
[INFO] [stdout] test result: ok. 5 passed; 0 failed; 0 ignored; 0 measured; 0 filtered out; finished in 0.06s
[INFO] [stdout] 
[INFO] [stderr]      Running tests/farm_single_user_test.rs (/opt/rustwide/target/debug/deps/farm_single_user_test-1e34858b34c025b5)
[INFO] [stdout] 
[INFO] [stdout] running 8 tests
[INFO] [stdout] test test_enter_farm ... ok
[INFO] [stdout] test test_exit_farm_with_penalty ... ok
[INFO] [stdout] test test_farm_setup ... ok
[INFO] [stdout] test test_exit_farm ... ok
[INFO] [stdout] test test_claim_rewards ... ok
[INFO] [stdout] test test_enter_farm_twice ... ok
[INFO] [stdout] test test_exit_farm_after_enter_twice ... ok
[INFO] [stdout] test test_farm_through_simple_lock ... ok
[INFO] [stdout] 
[INFO] [stdout] test result: ok. 8 passed; 0 failed; 0 ignored; 0 measured; 0 filtered out; finished in 0.08s
[INFO] [stdout] 
[INFO] [stderr]      Running tests/total_farm_position_test.rs (/opt/rustwide/target/debug/deps/total_farm_position_test-195ae1d4a530fc4e)
[INFO] [stdout] 
[INFO] [stdout] running 10 tests
[INFO] [stdout] test farm_total_position_on_claim_migration_test ... ok
[INFO] [stdout] test farm_total_position_on_merge_migration_test ... ok
[INFO] [stdout] test total_farm_position_claim_test ... ok
[INFO] [stdout] test farm_total_position_exit_migration_test ... ok
[INFO] [stdout] test total_farm_position_claim_for_other_test ... ok
[INFO] [stdout] test farm_total_position_migration_test ... ok
[INFO] [stdout] test total_farm_position_through_simple_lock_test ... ok
[INFO] [stdout] test no_boosted_rewards_penalty_for_no_energy_test ... ok
[INFO] [stdout] test total_farm_position_owner_change_test ... ok
[INFO] [stdout] test allow_external_claim_rewards_setting_test ... ok
[INFO] [stdout] 
[INFO] [stdout] test result: ok. 10 passed; 0 failed; 0 ignored; 0 measured; 0 filtered out; finished in 0.94s
[INFO] [stdout] 
[INFO] [stderr]      Running unittests src/main.rs (/opt/rustwide/target/debug/deps/farm_abi-85109379bb594a47)
[INFO] [stdout] 
[INFO] [stdout] running 0 tests
[INFO] [stdout] 
[INFO] [stdout] test result: ok. 0 passed; 0 failed; 0 ignored; 0 measured; 0 filtered out; finished in 0.00s
[INFO] [stdout] 
[INFO] [stderr]      Running unittests src/lib.rs (/opt/rustwide/target/debug/deps/farm_boosted_yields-c68a1f0e22c2d7cd)
[INFO] [stdout] 
[INFO] [stdout] running 0 tests
[INFO] [stdout] 
[INFO] [stdout] test result: ok. 0 passed; 0 failed; 0 ignored; 0 measured; 0 filtered out; finished in 0.00s
[INFO] [stdout] 
[INFO] [stderr]      Running unittests src/lib.rs (/opt/rustwide/target/debug/deps/farm_staking-77ec17a0393b70d9)
[INFO] [stdout] 
[INFO] [stdout] running 0 tests
[INFO] [stdout] 
[INFO] [stdout] test result: ok. 0 passed; 0 failed; 0 ignored; 0 measured; 0 filtered out; finished in 0.00s
[INFO] [stdout] 
[INFO] [stderr]      Running tests/farm_staking_energy_test.rs (/opt/rustwide/target/debug/deps/farm_staking_energy_test-2791f551933e6323)
[INFO] [stdout] 
[INFO] [stdout] running 13 tests
[INFO] [stdout] test farm_staking_boosted_rewards_no_energy_test ... ok
[INFO] [stdout] test claim_boosted_rewards_with_zero_position_test ... ok
[INFO] [stdout] test claim_rewards_per_week_test ... ok
[INFO] [stdout] test farm_staking_farm_position_migration_test ... ok
[INFO] [stdout] test claim_only_boosted_rewards_per_week_test ... ok
[INFO] [stdout] test farm_staking_with_energy_setup_test ... ok
[INFO] [stdout] test farm_staking_full_position_boosted_rewards_test ... ok
[INFO] [stdout] test farm_staking_boosted_rewards_with_energy_test ... ok
[INFO] [stdout] test farm_staking_partial_position_handling_test ... ok
[INFO] [stdout] test boosted_rewards_config_change_test ... ok
[INFO] [stdout] test position_owner_change_test ... ok
[INFO] [stdout] test farm_staking_claim_boosted_rewards_for_user_test ... ok
[INFO] [stdout] test farm_staking_other_user_enter_negative_test ... ok
[INFO] [stdout] 
[INFO] [stdout] test result: ok. 13 passed; 0 failed; 0 ignored; 0 measured; 0 filtered out; finished in 1.00s
[INFO] [stdout] 
[INFO] [stderr]      Running tests/farm_staking_test.rs (/opt/rustwide/target/debug/deps/farm_staking_test-9b857933f4e76334)
[INFO] [stdout] 
[INFO] [stdout] running 9 tests
[INFO] [stdout] test test_farm_setup ... ok
[INFO] [stdout] test test_exit_farm_after_enter_twice ... ok
[INFO] [stdout] test test_withdraw_rewards ... ok
[INFO] [stdout] test test_enter_farm ... ok
[INFO] [stdout] test test_claim_rewards ... ok
[INFO] [stdout] test test_enter_farm_twice ... ok
[INFO] [stdout] test test_unstake_farm ... ok
[INFO] [stdout] test test_unbond ... ok
[INFO] [stdout] test test_withdraw_after_produced_rewards ... ok
[INFO] [stdout] 
[INFO] [stdout] test result: ok. 9 passed; 0 failed; 0 ignored; 0 measured; 0 filtered out; finished in 0.87s
[INFO] [stdout] 
[INFO] [stderr]      Running unittests src/main.rs (/opt/rustwide/target/debug/deps/farm_staking_abi-795326ae34ed5dad)
[INFO] [stdout] 
[INFO] [stdout] running 0 tests
[INFO] [stdout] 
[INFO] [stdout] test result: ok. 0 passed; 0 failed; 0 ignored; 0 measured; 0 filtered out; finished in 0.00s
[INFO] [stdout] 
[INFO] [stderr]      Running unittests src/lib.rs (/opt/rustwide/target/debug/deps/farm_staking_proxy-697721266f217220)
[INFO] [stdout] 
[INFO] [stdout] running 0 tests
[INFO] [stdout] 
[INFO] [stdout] test result: ok. 0 passed; 0 failed; 0 ignored; 0 measured; 0 filtered out; finished in 0.00s
[INFO] [stdout] 
[INFO] [stderr]      Running tests/staking_farm_with_lp.rs (/opt/rustwide/target/debug/deps/staking_farm_with_lp-cedbc50febea0782)
[INFO] [stdout] 
[INFO] [stdout] running 16 tests
[INFO] [stdout] test test_all_setup ... ok
[INFO] [stdout] test farm_staking_compound_rewards_and_unstake_test ... ok
[INFO] [stdout] test test_claim_rewards_farm_proxy_full ... ok
[INFO] [stdout] test test_claim_rewards_farm_proxy_half ... ok
[INFO] [stdout] test test_claim_rewards_farm_proxy_twice ... ok
[INFO] [stdout] test test_stake_farm_proxy ... ok
[INFO] [stdout] test stake_farm_through_proxy_migration_test ... ok
[INFO] [stdout] test claim_for_others_positive_test ... ok
[INFO] [stdout] test test_stake_farm_through_proxy_with_merging ... ok
[INFO] [stdout] test test_farm_stake_proxy_merging_boosted_rewards ... ok
[INFO] [stdout] test test_unstake_through_proxy_no_claim ... ok
[INFO] [stdout] test unbond_test ... ok
[INFO] [stdout] test unstake_through_proxy_after_claim ... ok
[INFO] [stdout] test unstake_partial_position_test ... ok
[INFO] [stdout] test total_farm_position_after_claim_and_exit_metastaking_test ... ok
[INFO] [stdout] test original_caller_negative_test ... ok
[INFO] [stdout] 
[INFO] [stdout] test result: ok. 16 passed; 0 failed; 0 ignored; 0 measured; 0 filtered out; finished in 1.11s
[INFO] [stdout] 
[INFO] [stderr]      Running unittests src/main.rs (/opt/rustwide/target/debug/deps/farm_staking_proxy_meta-9e46000bae9e972b)
[INFO] [stdout] 
[INFO] [stderr]      Running unittests src/lib.rs (/opt/rustwide/target/debug/deps/farm_staking_proxy_v_13-f627139c89d10dc1)
[INFO] [stdout] running 0 tests
[INFO] [stdout] 
[INFO] [stdout] test result: ok. 0 passed; 0 failed; 0 ignored; 0 measured; 0 filtered out; finished in 0.00s
[INFO] [stdout] 
[INFO] [stderr]      Running tests/staking_farm_with_lp.rs (/opt/rustwide/target/debug/deps/staking_farm_with_lp-2e3c41aafe896946)
[INFO] [stdout] 
[INFO] [stdout] running 0 tests
[INFO] [stdout] 
[INFO] [stdout] test result: ok. 0 passed; 0 failed; 0 ignored; 0 measured; 0 filtered out; finished in 0.00s
[INFO] [stdout] 
[INFO] [stdout] 
[INFO] [stdout] running 0 tests
[INFO] [stdout] 
[INFO] [stdout] test result: ok. 0 passed; 0 failed; 0 ignored; 0 measured; 0 filtered out; finished in 0.00s
[INFO] [stdout] 
[INFO] [stderr]      Running unittests src/main.rs (/opt/rustwide/target/debug/deps/farm_staking_proxy_v_13_meta-3d8d324b5f345d7f)
[INFO] [stdout] 
[INFO] [stdout] running 0 tests
[INFO] [stdout] 
[INFO] [stdout] test result: ok. 0 passed; 0 failed; 0 ignored; 0 measured; 0 filtered out; finished in 0.00s
[INFO] [stdout] 
[INFO] [stderr]      Running unittests src/lib.rs (/opt/rustwide/target/debug/deps/farm_v_13-f51cb98d76238a73)
[INFO] [stdout] 
[INFO] [stdout] running 0 tests
[INFO] [stdout] 
[INFO] [stdout] test result: ok. 0 passed; 0 failed; 0 ignored; 0 measured; 0 filtered out; finished in 0.00s
[INFO] [stdout] 
[INFO] [stderr]      Running unittests src/main.rs (/opt/rustwide/target/debug/deps/farm_v_13_meta-84c07b962a01bd7e)
[INFO] [stdout] 
[INFO] [stdout] running 0 tests
[INFO] [stderr]      Running unittests src/lib.rs (/opt/rustwide/target/debug/deps/farm_with_locked_rewards-5a2f2ec6da5c9995)
[INFO] [stdout] 
[INFO] [stdout] test result: ok. 0 passed; 0 failed; 0 ignored; 0 measured; 0 filtered out; finished in 0.00s
[INFO] [stdout] 
[INFO] [stdout] 
[INFO] [stdout] running 0 tests
[INFO] [stdout] 
[INFO] [stdout] test result: ok. 0 passed; 0 failed; 0 ignored; 0 measured; 0 filtered out; finished in 0.00s
[INFO] [stdout] 
[INFO] [stderr]      Running tests/farm_with_locked_rewards_test.rs (/opt/rustwide/target/debug/deps/farm_with_locked_rewards_test-b103318560e35fb3)
[INFO] [stdout] 
[INFO] [stdout] running 6 tests
[INFO] [stdout] test farm_with_no_boost_no_proxy_test ... ok
[INFO] [stdout] test claim_rewards_per_week_test ... ok
[INFO] [stdout] test claim_only_boosted_rewards_per_week_test ... ok
[INFO] [stdout] test farm_with_boosted_yields_no_proxy_test ... ok
[INFO] [stdout] test claim_boosted_rewards_with_zero_position_test ... ok
[INFO] [stdout] test total_farm_position_claim_with_locked_rewards_test ... ok
[INFO] [stdout] 
[INFO] [stdout] test result: ok. 6 passed; 0 failed; 0 ignored; 0 measured; 0 filtered out; finished in 0.07s
[INFO] [stdout] 
[INFO] [stderr]      Running unittests src/main.rs (/opt/rustwide/target/debug/deps/farm_with_locked_rewards_meta-ea88e38ddcd9399a)
[INFO] [stdout] 
[INFO] [stdout] running 0 tests
[INFO] [stdout] 
[INFO] [stdout] test result: ok. 0 passed; 0 failed; 0 ignored; 0 measured; 0 filtered out; finished in 0.00s
[INFO] [stdout] 
[INFO] [stderr]      Running unittests src/lib.rs (/opt/rustwide/target/debug/deps/farm_base_impl-1a103518ae75fca8)
[INFO] [stdout] 
[INFO] [stdout] running 0 tests
[INFO] [stdout] 
[INFO] [stdout] test result: ok. 0 passed; 0 failed; 0 ignored; 0 measured; 0 filtered out; finished in 0.00s
[INFO] [stdout] 
[INFO] [stderr]      Running unittests src/farm_token.rs (/opt/rustwide/target/debug/deps/farm_token-e1346f02171e61ca)
[INFO] [stdout] 
[INFO] [stdout] running 0 tests
[INFO] [stdout] 
[INFO] [stdout] test result: ok. 0 passed; 0 failed; 0 ignored; 0 measured; 0 filtered out; finished in 0.00s
[INFO] [stdout] 
[INFO] [stderr]      Running unittests src/lib.rs (/opt/rustwide/target/debug/deps/fees_collector-2a3e718e00d1c5e4)
[INFO] [stdout] 
[INFO] [stdout] running 0 tests
[INFO] [stdout] 
[INFO] [stdout] test result: ok. 0 passed; 0 failed; 0 ignored; 0 measured; 0 filtered out; finished in 0.00s
[INFO] [stdout] 
[INFO] [stderr]      Running tests/fees_collector_rust_test.rs (/opt/rustwide/target/debug/deps/fees_collector_rust_test-f0235efbeae1add5)
[INFO] [stdout] 
[INFO] [stdout] running 11 tests
[INFO] [stdout] test additional_locked_tokens_test ... ok
[INFO] [stdout] test claim_after_dex_inactive_test ... ok
[INFO] [stdout] test claim_second_week_test ... ok
[INFO] [stdout] test claim_first_week_test ... ok
[INFO] [stdout] test setup_test ... ok
[INFO] [stdout] test claim_inactive_week_test ... ok
[INFO] [stdout] test multi_bucket_shift_consistency_test ... ok
[INFO] [stdout] test claim_locked_rewards_with_energy_update_test ... ok
[INFO] [stdout] test surplus_energy_test ... ok
[INFO] [stdout] test locked_token_buckets_shifting_test ... ok
[INFO] [stdout] test claim_for_other_user_test ... ok
[INFO] [stdout] 
[INFO] [stdout] test result: ok. 11 passed; 0 failed; 0 ignored; 0 measured; 0 filtered out; finished in 0.18s
[INFO] [stdout] 
[INFO] [stderr]      Running unittests src/main.rs (/opt/rustwide/target/debug/deps/fees_collector_meta-c1158242936d3337)
[INFO] [stdout] 
[INFO] [stderr]      Running unittests src/lib.rs (/opt/rustwide/target/debug/deps/fixed_supply_token-ce91c345290a48aa)
[INFO] [stdout] running 0 tests
[INFO] [stdout] 
[INFO] [stdout] test result: ok. 0 passed; 0 failed; 0 ignored; 0 measured; 0 filtered out; finished in 0.00s
[INFO] [stdout] 
[INFO] [stdout] 
[INFO] [stdout] running 0 tests
[INFO] [stdout] 
[INFO] [stderr]      Running unittests src/lib.rs (/opt/rustwide/target/debug/deps/fuzz-723aea6300135e88)
[INFO] [stdout] test result: ok. 0 passed; 0 failed; 0 ignored; 0 measured; 0 filtered out; finished in 0.00s
[INFO] [stdout] 
[INFO] [stdout] 
[INFO] [stdout] running 1 test
[INFO] [stdout] test fuzz_start::test::start_fuzzer ... ok
[INFO] [stdout] 
[INFO] [stdout] test result: ok. 1 passed; 0 failed; 0 ignored; 0 measured; 0 filtered out; finished in 1.38s
[INFO] [stdout] 
[INFO] [stderr]      Running unittests src/lib.rs (/opt/rustwide/target/debug/deps/governance-876e1fe21bf3b3c6)
[INFO] [stdout] 
[INFO] [stdout] running 0 tests
[INFO] [stdout] 
[INFO] [stdout] test result: ok. 0 passed; 0 failed; 0 ignored; 0 measured; 0 filtered out; finished in 0.00s
[INFO] [stdout] 
[INFO] [stderr]      Running tests/gov_tests.rs (/opt/rustwide/target/debug/deps/gov_tests-f933df02880dde6c)
[INFO] [stdout] 
[INFO] [stdout] running 8 tests
[INFO] [stdout] test test_gov_setup ... ok
[INFO] [stdout] test test_proposal_status_change ... ok
[INFO] [stdout] test test_basic_propose_with_lpmex ... ok
[INFO] [stdout] test test_basic_propose ... ok
[INFO] [stdout] test test_propose_bad_token ... ok
[INFO] [stdout] test test_propose_bad_amount ... ok
[INFO] [stdout] test test_basic_reclaim ... ok
[INFO] [stdout] test test_vote ... ok
[INFO] [stdout] 
[INFO] [stdout] test result: ok. 8 passed; 0 failed; 0 ignored; 0 measured; 0 filtered out; finished in 0.91s
[INFO] [stdout] 
[INFO] [stderr]      Running unittests src/main.rs (/opt/rustwide/target/debug/deps/governance_meta-f4c619fc50e226c7)
[INFO] [stdout] 
[INFO] [stdout] running 0 tests
[INFO] [stdout] 
[INFO] [stdout] test result: ok. 0 passed; 0 failed; 0 ignored; 0 measured; 0 filtered out; finished in 0.00s
[INFO] [stdout] 
[INFO] [stderr]      Running unittests src/lib.rs (/opt/rustwide/target/debug/deps/governance_v2-770f3ea418a44918)
[INFO] [stdout] 
[INFO] [stdout] running 0 tests
[INFO] [stdout] 
[INFO] [stdout] test result: ok. 0 passed; 0 failed; 0 ignored; 0 measured; 0 filtered out; finished in 0.00s
[INFO] [stdout] 
[INFO] [stderr]      Running tests/gov_rust_test.rs (/opt/rustwide/target/debug/deps/gov_rust_test-44de4036e81938fd)
[INFO] [stdout] 
[INFO] [stdout] running 12 tests
[INFO] [stdout] test gov_abstain_vote_test ... ok
[INFO] [stdout] test gov_propose_total_energy_0_test ... ok
[INFO] [stdout] test gov_modify_quorum_after_end_vote_test ... ok
[INFO] [stdout] test gov_no_quorum_test ... ok
[INFO] [stdout] test init_gov_test ... ok
[INFO] [stdout] test gov_no_veto_vote_test ... ok
[INFO] [stdout] test gov_propose_cancel_proposal_id_test ... ok
[INFO] [stdout] test gov_withdraw_no_with_veto_penalty_limits_test ... ok
[INFO] [stdout] test gov_withdraw_defeated_proposal_test ... ok
[INFO] [stdout] test gov_withdraw_no_with_veto_defeated_proposal_test ... ok
[INFO] [stdout] test gov_modify_withdraw_defeated_proposal_test ... ok
[INFO] [stdout] test gov_propose_test ... ok
[INFO] [stdout] 
[INFO] [stdout] test result: ok. 12 passed; 0 failed; 0 ignored; 0 measured; 0 filtered out; finished in 1.03s
[INFO] [stdout] 
[INFO] [stderr]      Running unittests src/main.rs (/opt/rustwide/target/debug/deps/governance_v2_meta-acc041ebb7d69e61)
[INFO] [stdout] 
[INFO] [stderr]      Running unittests src/lib.rs (/opt/rustwide/target/debug/deps/legacy_token_decode_module-0783b79895b87f77)
[INFO] [stdout] running 0 tests
[INFO] [stdout] 
[INFO] [stdout] test result: ok. 0 passed; 0 failed; 0 ignored; 0 measured; 0 filtered out; finished in 0.00s
[INFO] [stdout] 
[INFO] [stdout] 
[INFO] [stdout] running 0 tests
[INFO] [stdout] 
[INFO] [stdout] test result: ok. 0 passed; 0 failed; 0 ignored; 0 measured; 0 filtered out; finished in 0.00s
[INFO] [stdout] 
[INFO] [stderr]      Running unittests src/lib.rs (/opt/rustwide/target/debug/deps/lkmex_transfer-698fb0fd3cb6d3fd)
[INFO] [stdout] 
[INFO] [stdout] running 0 tests
[INFO] [stdout] 
[INFO] [stdout] test result: ok. 0 passed; 0 failed; 0 ignored; 0 measured; 0 filtered out; finished in 0.00s
[INFO] [stdout] 
[INFO] [stderr]      Running tests/lkmex_transfer_tests.rs (/opt/rustwide/target/debug/deps/lkmex_transfer_tests-8130e4b8b675bf10)
[INFO] [stdout] 
[INFO] [stdout] running 4 tests
[INFO] [stdout] test cancel_transfer_test ... ok
[INFO] [stdout] test transfer_locked_token_test ... ok
[INFO] [stdout] test transfer_locked_token_after_unlock_period_test ... ok
[INFO] [stdout] test transfer_cooldowns_test ... ok
[INFO] [stdout] 
[INFO] [stdout] test result: ok. 4 passed; 0 failed; 0 ignored; 0 measured; 0 filtered out; finished in 0.18s
[INFO] [stdout] 
[INFO] [stderr]      Running unittests src/main.rs (/opt/rustwide/target/debug/deps/lkmex_transfer_abi-33dee98ec3a19065)
[INFO] [stdout] 
[INFO] [stdout] running 0 tests
[INFO] [stdout] 
[INFO] [stdout] test result: ok. 0 passed; 0 failed; 0 ignored; 0 measured; 0 filtered out; finished in 0.00s
[INFO] [stdout] 
[INFO] [stderr]      Running unittests src/lib.rs (/opt/rustwide/target/debug/deps/locked_token_wrapper-1c0e1dd1c61a68d6)
[INFO] [stdout] 
[INFO] [stdout] running 0 tests
[INFO] [stdout] 
[INFO] [stdout] test result: ok. 0 passed; 0 failed; 0 ignored; 0 measured; 0 filtered out; finished in 0.00s
[INFO] [stdout] 
[INFO] [stderr]      Running tests/locked_token_wrapping_test.rs (/opt/rustwide/target/debug/deps/locked_token_wrapping_test-3f3321c7f93e6ae6)
[INFO] [stdout] 
[INFO] [stdout] running 2 tests
[INFO] [stdout] test tokens_wrap_unwrap_test2 ... ok
[INFO] [stdout] test token_wrap_unwrap_test ... ok
[INFO] [stdout] 
[INFO] [stdout] test result: ok. 2 passed; 0 failed; 0 ignored; 0 measured; 0 filtered out; finished in 0.03s
[INFO] [stdout] 
[INFO] [stderr]      Running unittests src/main.rs (/opt/rustwide/target/debug/deps/locked_token_wrapper_meta-8e09ad25c2a49263)
[INFO] [stdout] 
[INFO] [stdout] running 0 tests
[INFO] [stdout] 
[INFO] [stdout] test result: ok. 0 passed; 0 failed; 0 ignored; 0 measured; 0 filtered out; finished in 0.00s
[INFO] [stdout] 
[INFO] [stderr]      Running unittests src/lib.rs (/opt/rustwide/target/debug/deps/locking_module-50a6b990ff6656ed)
[INFO] [stdout] 
[INFO] [stdout] running 0 tests
[INFO] [stdout] 
[INFO] [stdout] test result: ok. 0 passed; 0 failed; 0 ignored; 0 measured; 0 filtered out; finished in 0.00s
[INFO] [stdout] 
[INFO] [stderr]      Running unittests src/lib.rs (/opt/rustwide/target/debug/deps/math-63a28fec505814f5)
[INFO] [stdout] 
[INFO] [stdout] running 0 tests
[INFO] [stdout] 
[INFO] [stdout] test result: ok. 0 passed; 0 failed; 0 ignored; 0 measured; 0 filtered out; finished in 0.00s
[INFO] [stdout] 
[INFO] [stderr]      Running unittests src/lib.rs (/opt/rustwide/target/debug/deps/mergeable-c3784667dfc71ca4)
[INFO] [stdout] 
[INFO] [stdout] running 0 tests
[INFO] [stdout] 
[INFO] [stdout] test result: ok. 0 passed; 0 failed; 0 ignored; 0 measured; 0 filtered out; finished in 0.00s
[INFO] [stdout] 
[INFO] [stderr]      Running unittests src/lib.rs (/opt/rustwide/target/debug/deps/metabonding_staking-c02f6a9aa3c42f8c)
[INFO] [stdout] 
[INFO] [stdout] running 0 tests
[INFO] [stdout] 
[INFO] [stdout] test result: ok. 0 passed; 0 failed; 0 ignored; 0 measured; 0 filtered out; finished in 0.00s
[INFO] [stdout] 
[INFO] [stderr]      Running tests/metabonding_staking_test.rs (/opt/rustwide/target/debug/deps/metabonding_staking_test-779f44e0f96628f7)
[INFO] [stdout] 
[INFO] [stdout] running 7 tests
[INFO] [stdout] test test_init ... ok
[INFO] [stdout] test test_stake_first ... ok
[INFO] [stdout] test test_stake_multiple ... ok
[INFO] [stdout] test test_stake_second ... ok
[INFO] [stdout] test test_unbond ... ok
[INFO] [stdout] test test_unstake ... ok
[INFO] [stdout] test test_partial_unstake ... ok
[INFO] [stdout] 
[INFO] [stdout] test result: ok. 7 passed; 0 failed; 0 ignored; 0 measured; 0 filtered out; finished in 0.96s
[INFO] [stdout] 
[INFO] [stderr]      Running unittests src/main.rs (/opt/rustwide/target/debug/deps/metabonding_staking_meta-d9029bba10fbd2f2)
[INFO] [stdout] 
[INFO] [stdout] running 0 tests
[INFO] [stdout] 
[INFO] [stdout] test result: ok. 0 passed; 0 failed; 0 ignored; 0 measured; 0 filtered out; finished in 0.00s
[INFO] [stdout] 
[INFO] [stderr]      Running unittests src/lib.rs (/opt/rustwide/target/debug/deps/pair-5410ae71059b81b6)
[INFO] [stdout] 
[INFO] [stdout] running 0 tests
[INFO] [stdout] 
[INFO] [stdout] test result: ok. 0 passed; 0 failed; 0 ignored; 0 measured; 0 filtered out; finished in 0.00s
[INFO] [stdout] 
[INFO] [stderr]      Running tests/pair_rs_test.rs (/opt/rustwide/target/debug/deps/pair_rs_test-ef1b968f393affa6)
[INFO] [stdout] 
[INFO] [stdout] running 13 tests
[INFO] [stdout] test test_perfect_swap_fixed_output ... ok
[INFO] [stdout] test test_pair_setup ... ok
[INFO] [stdout] test fees_collector_pair_test ... ok
[INFO] [stdout] test test_add_liquidity ... ok
[INFO] [stdout] test test_swap_fixed_input ... ok
[INFO] [stdout] test test_safe_price_observation_decoding ... ok
[INFO] [stdout] test test_swap_fixed_output ... ok
[INFO] [stdout] test test_both_legacy_and_new_safe_price_from_other_contract ... ok
[INFO] [stdout] test test_safe_price_linear_interpolation ... ok
[INFO] [stdout] test add_liquidity_through_simple_lock_proxy ... ok
[INFO] [stdout] test test_safe_price_migration ... ok
[INFO] [stdout] test test_safe_price ... ok
[INFO] [stdout] test test_locked_asset ... ok
[INFO] [stdout] 
[INFO] [stdout] test result: ok. 13 passed; 0 failed; 0 ignored; 0 measured; 0 filtered out; finished in 0.90s
[INFO] [stdout] 
[INFO] [stderr]      Running unittests src/main.rs (/opt/rustwide/target/debug/deps/pair_abi-59facd5dae5a8af9)
[INFO] [stdout] 
[INFO] [stdout] running 0 tests
[INFO] [stdout] 
[INFO] [stdout] test result: ok. 0 passed; 0 failed; 0 ignored; 0 measured; 0 filtered out; finished in 0.00s
[INFO] [stdout] 
[INFO] [stderr]      Running unittests src/pair.rs (/opt/rustwide/target/debug/deps/pair_mock-a59f77d3d9c5e38e)
[INFO] [stdout] 
[INFO] [stdout] running 0 tests
[INFO] [stdout] 
[INFO] [stdout] test result: ok. 0 passed; 0 failed; 0 ignored; 0 measured; 0 filtered out; finished in 0.00s
[INFO] [stdout] 
[INFO] [stderr]      Running unittests src/main.rs (/opt/rustwide/target/debug/deps/pair_mock_meta-5c9a5baec86d2aed)
[INFO] [stdout] 
[INFO] [stdout] running 0 tests
[INFO] [stdout] 
[INFO] [stdout] test result: ok. 0 passed; 0 failed; 0 ignored; 0 measured; 0 filtered out; finished in 0.00s
[INFO] [stdout] 
[INFO] [stderr]      Running unittests src/pausable.rs (/opt/rustwide/target/debug/deps/pausable-42b67b6820d1a702)
[INFO] [stdout] 
[INFO] [stdout] running 0 tests
[INFO] [stdout] 
[INFO] [stderr]      Running unittests src/lib.rs (/opt/rustwide/target/debug/deps/pause_all-6eb7ac4e842bd3f9)
[INFO] [stdout] test result: ok. 0 passed; 0 failed; 0 ignored; 0 measured; 0 filtered out; finished in 0.00s
[INFO] [stdout] 
[INFO] [stdout] 
[INFO] [stdout] running 0 tests
[INFO] [stdout] 
[INFO] [stdout] test result: ok. 0 passed; 0 failed; 0 ignored; 0 measured; 0 filtered out; finished in 0.00s
[INFO] [stdout] 
[INFO] [stderr]      Running tests/pause_all_test.rs (/opt/rustwide/target/debug/deps/pause_all_test-03c45dc03f7f48f2)
[INFO] [stdout] 
[INFO] [stdout] running 1 test
[INFO] [stdout] test pause_all_test ... ok
[INFO] [stdout] 
[INFO] [stdout] test result: ok. 1 passed; 0 failed; 0 ignored; 0 measured; 0 filtered out; finished in 0.03s
[INFO] [stdout] 
[INFO] [stderr]      Running unittests src/main.rs (/opt/rustwide/target/debug/deps/pause_all_meta-e64a90b6676fc2df)
[INFO] [stdout] 
[INFO] [stdout] running 0 tests
[INFO] [stdout] 
[INFO] [stdout] test result: ok. 0 passed; 0 failed; 0 ignored; 0 measured; 0 filtered out; finished in 0.00s
[INFO] [stdout] 
[INFO] [stderr]      Running unittests src/permissions_module.rs (/opt/rustwide/target/debug/deps/permissions_module-f4125f220c98567e)
[INFO] [stdout] 
[INFO] [stdout] running 0 tests
[INFO] [stdout] 
[INFO] [stdout] test result: ok. 0 passed; 0 failed; 0 ignored; 0 measured; 0 filtered out; finished in 0.00s
[INFO] [stdout] 
[INFO] [stderr]      Running unittests src/lib.rs (/opt/rustwide/target/debug/deps/price_discovery-c948a9aca1a65c53)
[INFO] [stdout] 
[INFO] [stdout] running 0 tests
[INFO] [stdout] 
[INFO] [stdout] test result: ok. 0 passed; 0 failed; 0 ignored; 0 measured; 0 filtered out; finished in 0.00s
[INFO] [stdout] 
[INFO] [stderr]      Running tests/price_disc_tests.rs (/opt/rustwide/target/debug/deps/price_disc_tests-97da82fbc08429ca)
[INFO] [stdout] 
[INFO] [stdout] running 16 tests
[INFO] [stdout] test deposit_above_min_price ... ok
[INFO] [stdout] test test_deposit_launched_tokens_ok ... ok
[INFO] [stdout] test test_init ... ok
[INFO] [stdout] test user_deposit_ok ... ok
[INFO] [stdout] test redeem_ok ... ok
[INFO] [stdout] test withdraw_linear_penalty_end ... ok
[INFO] [stdout] test withdraw_fixed_penalty ... ok
[INFO] [stdout] test withdraw_linear_penalty_middle ... ok
[INFO] [stdout] test withdraw_linear_penalty_start ... ok
[INFO] [stdout] test withdraw_ok ... ok
[INFO] [stdout] test deposit_too_early ... ok
[INFO] [stdout] test try_deposit_below_min_price ... ok
[INFO] [stdout] test redeem_too_early ... ok
[INFO] [stdout] test try_deposit_in_withdraw_only_phase ... ok
[INFO] [stdout] test withdraw_below_min_price ... ok
[INFO] [stdout] test withdraw_too_late ... ok
[INFO] [stdout] 
[INFO] [stdout] test result: ok. 16 passed; 0 failed; 0 ignored; 0 measured; 0 filtered out; finished in 0.88s
[INFO] [stdout] 
[INFO] [stderr]      Running tests/tests_common.rs (/opt/rustwide/target/debug/deps/tests_common-c8a6b2ee4eff0899)
[INFO] [stdout] 
[INFO] [stdout] running 0 tests
[INFO] [stdout] 
[INFO] [stdout] test result: ok. 0 passed; 0 failed; 0 ignored; 0 measured; 0 filtered out; finished in 0.00s
[INFO] [stdout] 
[INFO] [stderr]      Running unittests src/main.rs (/opt/rustwide/target/debug/deps/price_discovery_meta-860f43ef0fccb94a)
[INFO] [stdout] 
[INFO] [stdout] running 0 tests
[INFO] [stdout] 
[INFO] [stdout] test result: ok. 0 passed; 0 failed; 0 ignored; 0 measured; 0 filtered out; finished in 0.00s
[INFO] [stdout] 
[INFO] [stderr]      Running unittests src/lib.rs (/opt/rustwide/target/debug/deps/proxy_deployer-f8275110ae0afa32)
[INFO] [stdout] 
[INFO] [stdout] running 0 tests
[INFO] [stdout] 
[INFO] [stdout] test result: ok. 0 passed; 0 failed; 0 ignored; 0 measured; 0 filtered out; finished in 0.00s
[INFO] [stdout] 
[INFO] [stderr]      Running unittests src/main.rs (/opt/rustwide/target/debug/deps/proxy_deployer_meta-1bf7817e7685583f)
[INFO] [stdout] 
[INFO] [stdout] running 0 tests
[INFO] [stdout] 
[INFO] [stderr]      Running unittests src/lib.rs (/opt/rustwide/target/debug/deps/proxy_dex-711237c0e8edbaab)
[INFO] [stdout] test result: ok. 0 passed; 0 failed; 0 ignored; 0 measured; 0 filtered out; finished in 0.00s
[INFO] [stdout] 
[INFO] [stdout] 
[INFO] [stdout] running 0 tests
[INFO] [stdout] 
[INFO] [stdout] test result: ok. 0 passed; 0 failed; 0 ignored; 0 measured; 0 filtered out; finished in 0.00s
[INFO] [stdout] 
[INFO] [stderr]      Running tests/proxy_farm_test.rs (/opt/rustwide/target/debug/deps/proxy_farm_test-1fdfdf20fbc2d77e)
[INFO] [stdout] 
[INFO] [stdout] running 16 tests
[INFO] [stdout] test farm_proxy_setup_test ... ok
[INFO] [stdout] test increase_proxy_farm_lkmex_energy ... ok
[INFO] [stdout] test farm_proxy_partial_exit_with_penalty_test ... ok
[INFO] [stdout] test farm_proxy_claim_energy_test ... ok
[INFO] [stdout] test farm_proxy_partial_exit_test ... ok
[INFO] [stdout] test farm_with_wrapped_lp_test ... ok
[INFO] [stdout] test different_farm_locked_token_nonce_merging_test ... ok
[INFO] [stdout] test farm_proxy_actions_test ... ok
[INFO] [stdout] test total_farm_mechanism_test ... ok
[INFO] [stdout] test increase_proxy_farm_proxy_lp_energy_partially_unlocked_tokens ... ok
[INFO] [stdout] test increase_proxy_farm_proxy_lp_energy ... ok
[INFO] [stdout] test increase_proxy_farm_proxy_lp_energy_unlocked_tokens ... ok
[INFO] [stdout] test total_farm_position_migration_through_proxy_dex_test ... ok
[INFO] [stdout] test total_farm_position_migration_mechanism_test ... ok
[INFO] [stdout] test increase_proxy_farm_legacy_token_energy_negative_test ... ok
[INFO] [stdout] test original_caller_negative_test ... ok
[INFO] [stdout] 
[INFO] [stdout] test result: ok. 16 passed; 0 failed; 0 ignored; 0 measured; 0 filtered out; finished in 1.08s
[INFO] [stdout] 
[INFO] [stderr]      Running tests/proxy_lp_test.rs (/opt/rustwide/target/debug/deps/proxy_lp_test-ae2d33c9331dcdf0)
[INFO] [stdout] 
[INFO] [stdout] running 9 tests
[INFO] [stdout] test setup_test ... ok
[INFO] [stdout] test increase_proxy_lp_token_energy ... ok
[INFO] [stdout] test add_remove_liquidity_proxy_test ... ok
[INFO] [stdout] test wrapped_different_nonce_lp_token_merge_test ... ok
[INFO] [stdout] test increase_proxy_lp_token_energy_unlocked_tokens ... ok
[INFO] [stdout] test increase_proxy_lp_token_energy_partially_unlocked_tokens ... ok
[INFO] [stdout] test tripple_add_liquidity_proxy_test ... ok
[INFO] [stdout] test wrapped_same_nonce_lp_token_merge_test ... ok
[INFO] [stdout] test increase_proxy_lp_legacy_token_energy ... ok
[INFO] [stdout] 
[INFO] [stdout] test result: ok. 9 passed; 0 failed; 0 ignored; 0 measured; 0 filtered out; finished in 1.00s
[INFO] [stdout] 
[INFO] [stderr]      Running unittests src/main.rs (/opt/rustwide/target/debug/deps/proxy_dex_meta-6495fee7603466ad)
[INFO] [stdout] 
[INFO] [stdout] running 0 tests
[INFO] [stdout] 
[INFO] [stdout] test result: ok. 0 passed; 0 failed; 0 ignored; 0 measured; 0 filtered out; finished in 0.00s
[INFO] [stdout] 
[INFO] [stderr]      Running unittests src/rewards.rs (/opt/rustwide/target/debug/deps/rewards-931ae03243c6a671)
[INFO] [stdout] 
[INFO] [stdout] running 0 tests
[INFO] [stdout] 
[INFO] [stdout] test result: ok. 0 passed; 0 failed; 0 ignored; 0 measured; 0 filtered out; finished in 0.00s
[INFO] [stdout] 
[INFO] [stderr]      Running unittests src/contract.rs (/opt/rustwide/target/debug/deps/router-d3265ead86226330)
[INFO] [stdout] 
[INFO] [stdout] running 0 tests
[INFO] [stdout] 
[INFO] [stdout] test result: ok. 0 passed; 0 failed; 0 ignored; 0 measured; 0 filtered out; finished in 0.00s
[INFO] [stdout] 
[INFO] [stderr]      Running tests/router_test.rs (/opt/rustwide/target/debug/deps/router_test-e9170ba25a3ff83b)
[INFO] [stdout] 
[INFO] [stdout] running 5 tests
[INFO] [stdout] test test_router_setup ... ok
[INFO] [stdout] test user_enable_pair_swaps_through_router_test ... ok
[INFO] [stdout] test test_multi_pair_swap ... ok
[INFO] [stdout] test test_router_upgrade_pair ... ok
[INFO] [stdout] test user_enable_pair_swaps_fail_test ... ok
[INFO] [stdout] 
[INFO] [stdout] test result: ok. 5 passed; 0 failed; 0 ignored; 0 measured; 0 filtered out; finished in 0.95s
[INFO] [stdout] 
[INFO] [stderr]      Running unittests src/main.rs (/opt/rustwide/target/debug/deps/router_abi-9f29c0ecf1f5227b)
[INFO] [stdout] 
[INFO] [stdout] running 0 tests
[INFO] [stdout] 
[INFO] [stdout] test result: ok. 0 passed; 0 failed; 0 ignored; 0 measured; 0 filtered out; finished in 0.00s
[INFO] [stdout] 
[INFO] [stderr]      Running unittests src/interactor_main.rs (/opt/rustwide/target/debug/deps/rust_interact-cb1b0bf8cb865cdb)
[INFO] [stdout] 
[INFO] [stdout] running 3 tests
[INFO] [stdout] test farm_with_no_boost_no_proxy_test ... FAILED
[INFO] [stdout] test test_deploy ... FAILED
[INFO] [stdout] test farm_position_claim_test ... FAILED
[INFO] [stdout] 
[INFO] [stdout] failures:
[INFO] [stdout] 
[INFO] [stdout] ---- farm_with_no_boost_no_proxy_test stdout ----
[INFO] [stdout] thread 'farm_with_no_boost_no_proxy_test' panicked at /opt/rustwide/cargo-home/registry/src/index.crates.io-6f17d22bba15001f/multiversx-sc-snippets-0.50.5/src/interactor.rs:37:63:
[INFO] [stdout] called `Result::unwrap()` on an `Err` value: error sending request for url (https://devnet-gateway.multiversx.com/network/config)
[INFO] [stdout] 
[INFO] [stdout] Caused by:
[INFO] [stdout]     0: client error (Connect)
[INFO] [stdout]     1: dns error: failed to lookup address information: Temporary failure in name resolution
[INFO] [stdout]     2: failed to lookup address information: Temporary failure in name resolution
[INFO] [stdout] 
[INFO] [stdout] Stack backtrace:
[INFO] [stdout]    0: anyhow::error::<impl core::convert::From<E> for anyhow::Error>::from
[INFO] [stdout]              at /opt/rustwide/cargo-home/registry/src/index.crates.io-6f17d22bba15001f/anyhow-1.0.79/src/backtrace.rs:27:14
[INFO] [stdout]    1: <core::result::Result<T,F> as core::ops::try_trait::FromResidual<core::result::Result<core::convert::Infallible,E>>>::from_residual
[INFO] [stdout]              at /rustc/df4ca44d3fbc9301ee17f30f4d474e6ae4b05252/library/core/src/result.rs:2008:27
[INFO] [stdout]    2: multiversx_sdk::blockchain::CommunicationProxy::get_network_config::{{closure}}
[INFO] [stdout]              at /opt/rustwide/cargo-home/registry/src/index.crates.io-6f17d22bba15001f/multiversx-sdk-0.4.1/src/blockchain.rs:64:20
[INFO] [stdout]    3: multiversx_sc_snippets::interactor::Interactor::new::{{closure}}
[INFO] [stdout]              at /opt/rustwide/cargo-home/registry/src/index.crates.io-6f17d22bba15001f/multiversx-sc-snippets-0.50.5/src/interactor.rs:37:57
[INFO] [stdout]    4: rust_interact::ContractInteract::new::{{closure}}
[INFO] [stdout]              at ./src/interactor_main.rs:152:55
[INFO] [stdout]    5: rust_interact::farm_with_no_boost_no_proxy_test::{{closure}}
[INFO] [stdout]              at ./src/interactor_main.rs:1334:48
[INFO] [stdout]    6: <core::pin::Pin<P> as core::future::future::Future>::poll
[INFO] [stdout]              at /rustc/df4ca44d3fbc9301ee17f30f4d474e6ae4b05252/library/core/src/future/future.rs:123:9
[INFO] [stdout]    7: <core::pin::Pin<P> as core::future::future::Future>::poll
[INFO] [stdout]              at /rustc/df4ca44d3fbc9301ee17f30f4d474e6ae4b05252/library/core/src/future/future.rs:123:9
[INFO] [stdout]    8: tokio::runtime::scheduler::current_thread::CoreGuard::block_on::{{closure}}::{{closure}}::{{closure}}
[INFO] [stdout]              at /opt/rustwide/cargo-home/registry/src/index.crates.io-6f17d22bba15001f/tokio-1.40.0/src/runtime/scheduler/current_thread/mod.rs:696:57
[INFO] [stdout]    9: tokio::runtime::coop::with_budget
[INFO] [stdout]              at /opt/rustwide/cargo-home/registry/src/index.crates.io-6f17d22bba15001f/tokio-1.40.0/src/runtime/coop.rs:107:5
[INFO] [stdout]   10: tokio::runtime::coop::budget
[INFO] [stdout]              at /opt/rustwide/cargo-home/registry/src/index.crates.io-6f17d22bba15001f/tokio-1.40.0/src/runtime/coop.rs:73:5
[INFO] [stdout]   11: tokio::runtime::scheduler::current_thread::CoreGuard::block_on::{{closure}}::{{closure}}
[INFO] [stdout]              at /opt/rustwide/cargo-home/registry/src/index.crates.io-6f17d22bba15001f/tokio-1.40.0/src/runtime/scheduler/current_thread/mod.rs:696:25
[INFO] [stdout]   12: tokio::runtime::scheduler::current_thread::Context::enter
[INFO] [stdout]              at /opt/rustwide/cargo-home/registry/src/index.crates.io-6f17d22bba15001f/tokio-1.40.0/src/runtime/scheduler/current_thread/mod.rs:423:19
[INFO] [stdout]   13: tokio::runtime::scheduler::current_thread::CoreGuard::block_on::{{closure}}
[INFO] [stdout]              at /opt/rustwide/cargo-home/registry/src/index.crates.io-6f17d22bba15001f/tokio-1.40.0/src/runtime/scheduler/current_thread/mod.rs:695:36
[INFO] [stdout]   14: tokio::runtime::scheduler::current_thread::CoreGuard::enter::{{closure}}
[INFO] [stdout]              at /opt/rustwide/cargo-home/registry/src/index.crates.io-6f17d22bba15001f/tokio-1.40.0/src/runtime/scheduler/current_thread/mod.rs:774:68
[INFO] [stdout]   15: tokio::runtime::context::scoped::Scoped<T>::set
[INFO] [stdout]              at /opt/rustwide/cargo-home/registry/src/index.crates.io-6f17d22bba15001f/tokio-1.40.0/src/runtime/context/scoped.rs:40:9
[INFO] [stdout]   16: tokio::runtime::context::set_scheduler::{{closure}}
[INFO] [stdout]              at /opt/rustwide/cargo-home/registry/src/index.crates.io-6f17d22bba15001f/tokio-1.40.0/src/runtime/context.rs:180:26
[INFO] [stdout]   17: std::thread::local::LocalKey<T>::try_with
[INFO] [stdout]              at /rustc/df4ca44d3fbc9301ee17f30f4d474e6ae4b05252/library/std/src/thread/local.rs:283:12
[INFO] [stdout]   18: std::thread::local::LocalKey<T>::with
[INFO] [stdout]              at /rustc/df4ca44d3fbc9301ee17f30f4d474e6ae4b05252/library/std/src/thread/local.rs:260:9
[INFO] [stdout]   19: tokio::runtime::context::set_scheduler
[INFO] [stdout]              at /opt/rustwide/cargo-home/registry/src/index.crates.io-6f17d22bba15001f/tokio-1.40.0/src/runtime/context.rs:180:9
[INFO] [stdout]   20: tokio::runtime::scheduler::current_thread::CoreGuard::enter
[INFO] [stdout]              at /opt/rustwide/cargo-home/registry/src/index.crates.io-6f17d22bba15001f/tokio-1.40.0/src/runtime/scheduler/current_thread/mod.rs:774:27
[INFO] [stdout]   21: tokio::runtime::scheduler::current_thread::CoreGuard::block_on
[INFO] [stdout]              at /opt/rustwide/cargo-home/registry/src/index.crates.io-6f17d22bba15001f/tokio-1.40.0/src/runtime/scheduler/current_thread/mod.rs:683:19
[INFO] [stdout]   22: tokio::runtime::scheduler::current_thread::CurrentThread::block_on::{{closure}}
[INFO] [stdout]              at /opt/rustwide/cargo-home/registry/src/index.crates.io-6f17d22bba15001f/tokio-1.40.0/src/runtime/scheduler/current_thread/mod.rs:191:28
[INFO] [stdout]   23: tokio::runtime::context::runtime::enter_runtime
[INFO] [stdout]              at /opt/rustwide/cargo-home/registry/src/index.crates.io-6f17d22bba15001f/tokio-1.40.0/src/runtime/context/runtime.rs:65:16
[INFO] [stdout]   24: tokio::runtime::scheduler::current_thread::CurrentThread::block_on
[INFO] [stdout]              at /opt/rustwide/cargo-home/registry/src/index.crates.io-6f17d22bba15001f/tokio-1.40.0/src/runtime/scheduler/current_thread/mod.rs:179:9
[INFO] [stdout]   25: tokio::runtime::runtime::Runtime::block_on_inner
[INFO] [stdout]              at /opt/rustwide/cargo-home/registry/src/index.crates.io-6f17d22bba15001f/tokio-1.40.0/src/runtime/runtime.rs:361:47
[INFO] [stdout]   26: tokio::runtime::runtime::Runtime::block_on
[INFO] [stdout]              at /opt/rustwide/cargo-home/registry/src/index.crates.io-6f17d22bba15001f/tokio-1.40.0/src/runtime/runtime.rs:335:13
[INFO] [stdout]   27: rust_interact::farm_with_no_boost_no_proxy_test
[INFO] [stdout]              at ./src/interactor_main.rs:1399:5
[INFO] [stdout]   28: rust_interact::farm_with_no_boost_no_proxy_test::{{closure}}
[INFO] [stdout]              at ./src/interactor_main.rs:1331:44
[INFO] [stdout]   29: core::ops::function::FnOnce::call_once
[INFO] [stdout]              at /rustc/df4ca44d3fbc9301ee17f30f4d474e6ae4b05252/library/core/src/ops/function.rs:250:5
[INFO] [stdout]   30: core::ops::function::FnOnce::call_once
[INFO] [stdout]              at /rustc/df4ca44d3fbc9301ee17f30f4d474e6ae4b05252/library/core/src/ops/function.rs:250:5
[INFO] [stdout]   31: test::__rust_begin_short_backtrace
[INFO] [stdout]              at /rustc/df4ca44d3fbc9301ee17f30f4d474e6ae4b05252/library/test/src/lib.rs:621:18
[INFO] [stdout]   32: test::run_test_in_process::{{closure}}
[INFO] [stdout]              at /rustc/df4ca44d3fbc9301ee17f30f4d474e6ae4b05252/library/test/src/lib.rs:644:60
[INFO] [stdout]   33: <core::panic::unwind_safe::AssertUnwindSafe<F> as core::ops::function::FnOnce<()>>::call_once
[INFO] [stdout]              at /rustc/df4ca44d3fbc9301ee17f30f4d474e6ae4b05252/library/core/src/panic/unwind_safe.rs:272:9
[INFO] [stdout]   34: std::panicking::try::do_call
[INFO] [stdout]              at /rustc/df4ca44d3fbc9301ee17f30f4d474e6ae4b05252/library/std/src/panicking.rs:557:40
[INFO] [stdout]   35: std::panicking::try
[INFO] [stdout]              at /rustc/df4ca44d3fbc9301ee17f30f4d474e6ae4b05252/library/std/src/panicking.rs:520:19
[INFO] [stdout]   36: std::panic::catch_unwind
[INFO] [stdout]              at /rustc/df4ca44d3fbc9301ee17f30f4d474e6ae4b05252/library/std/src/panic.rs:358:14
[INFO] [stdout]   37: test::run_test_in_process
[INFO] [stdout]              at /rustc/df4ca44d3fbc9301ee17f30f4d474e6ae4b05252/library/test/src/lib.rs:644:27
[INFO] [stdout]   38: test::run_test::{{closure}}
[INFO] [stdout]              at /rustc/df4ca44d3fbc9301ee17f30f4d474e6ae4b05252/library/test/src/lib.rs:565:43
[INFO] [stdout]   39: test::run_test::{{closure}}
[INFO] [stdout]              at /rustc/df4ca44d3fbc9301ee17f30f4d474e6ae4b05252/library/test/src/lib.rs:595:41
[INFO] [stdout]   40: std::sys::backtrace::__rust_begin_short_backtrace
[INFO] [stdout]              at /rustc/df4ca44d3fbc9301ee17f30f4d474e6ae4b05252/library/std/src/sys/backtrace.rs:154:18
[INFO] [stdout]   41: std::thread::Builder::spawn_unchecked_::{{closure}}::{{closure}}
[INFO] [stdout]              at /rustc/df4ca44d3fbc9301ee17f30f4d474e6ae4b05252/library/std/src/thread/mod.rs:541:17
[INFO] [stdout]   42: <core::panic::unwind_safe::AssertUnwindSafe<F> as core::ops::function::FnOnce<()>>::call_once
[INFO] [stdout]              at /rustc/df4ca44d3fbc9301ee17f30f4d474e6ae4b05252/library/core/src/panic/unwind_safe.rs:272:9
[INFO] [stdout]   43: std::panicking::try::do_call
[INFO] [stdout]              at /rustc/df4ca44d3fbc9301ee17f30f4d474e6ae4b05252/library/std/src/panicking.rs:557:40
[INFO] [stdout]   44: std::panicking::try
[INFO] [stdout]              at /rustc/df4ca44d3fbc9301ee17f30f4d474e6ae4b05252/library/std/src/panicking.rs:520:19
[INFO] [stdout]   45: std::panic::catch_unwind
[INFO] [stdout]              at /rustc/df4ca44d3fbc9301ee17f30f4d474e6ae4b05252/library/std/src/panic.rs:358:14
[INFO] [stdout]   46: std::thread::Builder::spawn_unchecked_::{{closure}}
[INFO] [stdout]              at /rustc/df4ca44d3fbc9301ee17f30f4d474e6ae4b05252/library/std/src/thread/mod.rs:540:30
[INFO] [stdout]   47: core::ops::function::FnOnce::call_once{{vtable.shim}}
[INFO] [stdout]              at /rustc/df4ca44d3fbc9301ee17f30f4d474e6ae4b05252/library/core/src/ops/function.rs:250:5
[INFO] [stdout]   48: <alloc::boxed::Box<F,A> as core::ops::function::FnOnce<Args>>::call_once
[INFO] [stdout]              at /rustc/df4ca44d3fbc9301ee17f30f4d474e6ae4b05252/library/alloc/src/boxed.rs:2454:9
[INFO] [stdout]   49: <alloc::boxed::Box<F,A> as core::ops::function::FnOnce<Args>>::call_once
[INFO] [stdout]              at /rustc/df4ca44d3fbc9301ee17f30f4d474e6ae4b05252/library/alloc/src/boxed.rs:2454:9
[INFO] [stdout]   50: std::sys::pal::unix::thread::Thread::new::thread_start
[INFO] [stdout]              at /rustc/df4ca44d3fbc9301ee17f30f4d474e6ae4b05252/library/std/src/sys/pal/unix/thread.rs:105:17
[INFO] [stdout]   51: <unknown>
[INFO] [stdout]   52: clone
[INFO] [stdout] stack backtrace:
[INFO] [stdout]    0:     0x5f1da9d6adaa - std::backtrace_rs::backtrace::libunwind::trace::h207520d6e9873551
[INFO] [stdout]                                at /rustc/df4ca44d3fbc9301ee17f30f4d474e6ae4b05252/library/std/src/../../backtrace/src/backtrace/libunwind.rs:116:5
[INFO] [stdout]    1:     0x5f1da9d6adaa - std::backtrace_rs::backtrace::trace_unsynchronized::h2ed7433f370e3eca
[INFO] [stdout]                                at /rustc/df4ca44d3fbc9301ee17f30f4d474e6ae4b05252/library/std/src/../../backtrace/src/backtrace/mod.rs:66:5
[INFO] [stdout]    2:     0x5f1da9d6adaa - std::sys::backtrace::_print_fmt::h916fac51166b18d7
[INFO] [stdout]                                at /rustc/df4ca44d3fbc9301ee17f30f4d474e6ae4b05252/library/std/src/sys/backtrace.rs:66:9
[INFO] [stdout]    3:     0x5f1da9d6adaa - <std::sys::backtrace::BacktraceLock::print::DisplayBacktrace as core::fmt::Display>::fmt::ha0a4c9b8ce3802e6
[INFO] [stdout]                                at /rustc/df4ca44d3fbc9301ee17f30f4d474e6ae4b05252/library/std/src/sys/backtrace.rs:39:26
[INFO] [stdout]    4:     0x5f1da9d96c83 - core::fmt::rt::Argument::fmt::h4cfc8587d52b3eb5
[INFO] [stdout]                                at /rustc/df4ca44d3fbc9301ee17f30f4d474e6ae4b05252/library/core/src/fmt/rt.rs:177:76
[INFO] [stdout]    5:     0x5f1da9d96c83 - core::fmt::write::h522cc39e5b36ae9f
[INFO] [stdout]                                at /rustc/df4ca44d3fbc9301ee17f30f4d474e6ae4b05252/library/core/src/fmt/mod.rs:1190:21
[INFO] [stdout]    6:     0x5f1da9d66ae3 - std::io::Write::write_fmt::h7d3c26752da97734
[INFO] [stdout]                                at /rustc/df4ca44d3fbc9301ee17f30f4d474e6ae4b05252/library/std/src/io/mod.rs:1839:15
[INFO] [stdout]    7:     0x5f1da9d6abf2 - std::sys::backtrace::BacktraceLock::print::h4b9e00b29e9c0942
[INFO] [stdout]                                at /rustc/df4ca44d3fbc9301ee17f30f4d474e6ae4b05252/library/std/src/sys/backtrace.rs:42:9
[INFO] [stdout]    8:     0x5f1da9d6c23a - std::panicking::default_hook::{{closure}}::hb59b88280d0324d9
[INFO] [stdout]                                at /rustc/df4ca44d3fbc9301ee17f30f4d474e6ae4b05252/library/std/src/panicking.rs:268:22
[INFO] [stdout]    9:     0x5f1da9d6c044 - std::panicking::default_hook::he1dd496665be4a29
[INFO] [stdout]                                at /rustc/df4ca44d3fbc9301ee17f30f4d474e6ae4b05252/library/std/src/panicking.rs:292:9
[INFO] [stdout]   10:     0x5f1da9733b39 - <alloc::boxed::Box<F,A> as core::ops::function::Fn<Args>>::call::h4ff71de18744e1dc
[INFO] [stdout]                                at /rustc/df4ca44d3fbc9301ee17f30f4d474e6ae4b05252/library/alloc/src/boxed.rs:2468:9
[INFO] [stdout]   11:     0x5f1da9733b39 - test::test_main::{{closure}}::hcf7c055ce117aa81
[INFO] [stdout]                                at /rustc/df4ca44d3fbc9301ee17f30f4d474e6ae4b05252/library/test/src/lib.rs:133:21
[INFO] [stdout]   12:     0x5f1da9d6c938 - <alloc::boxed::Box<F,A> as core::ops::function::Fn<Args>>::call::h1d66c6bbd60c9692
[INFO] [stdout]                                at /rustc/df4ca44d3fbc9301ee17f30f4d474e6ae4b05252/library/alloc/src/boxed.rs:2468:9
[INFO] [stdout]   13:     0x5f1da9d6c938 - std::panicking::rust_panic_with_hook::h2ff17fe8f26dfcf8
[INFO] [stdout]                                at /rustc/df4ca44d3fbc9301ee17f30f4d474e6ae4b05252/library/std/src/panicking.rs:809:13
[INFO] [stdout]   14:     0x5f1da9d6c6fa - std::panicking::begin_panic_handler::{{closure}}::h4fad77951c07e101
[INFO] [stdout]                                at /rustc/df4ca44d3fbc9301ee17f30f4d474e6ae4b05252/library/std/src/panicking.rs:674:13
[INFO] [stdout]   15:     0x5f1da9d6b289 - std::sys::backtrace::__rust_end_short_backtrace::hb1a25b3da5d0ea08
[INFO] [stdout]                                at /rustc/df4ca44d3fbc9301ee17f30f4d474e6ae4b05252/library/std/src/sys/backtrace.rs:170:18
[INFO] [stdout]   16:     0x5f1da9d6c38c - rust_begin_unwind
[INFO] [stdout]                                at /rustc/df4ca44d3fbc9301ee17f30f4d474e6ae4b05252/library/std/src/panicking.rs:665:5
[INFO] [stdout]   17:     0x5f1da9d94b70 - core::panicking::panic_fmt::ha9db07b529f9b256
[INFO] [stdout]                                at /rustc/df4ca44d3fbc9301ee17f30f4d474e6ae4b05252/library/core/src/panicking.rs:75:14
[INFO] [stdout]   18:     0x5f1da9d95056 - core::result::unwrap_failed::h5e8218e4d4338b8a
[INFO] [stdout]                                at /rustc/df4ca44d3fbc9301ee17f30f4d474e6ae4b05252/library/core/src/result.rs:1698:5
[INFO] [stdout]   19:     0x5f1da96b747d - core::result::Result<T,E>::unwrap::h352dfdd8446666f3
[INFO] [stdout]                                at /rustc/df4ca44d3fbc9301ee17f30f4d474e6ae4b05252/library/core/src/result.rs:1103:23
[INFO] [stdout]   20:     0x5f1da96b747d - multiversx_sc_snippets::interactor::Interactor::new::{{closure}}::h97e42a42cfb9d42f
[INFO] [stdout]                                at /opt/rustwide/cargo-home/registry/src/index.crates.io-6f17d22bba15001f/multiversx-sc-snippets-0.50.5/src/interactor.rs:37:30
[INFO] [stdout]   21:     0x5f1da96e7e7c - rust_interact::ContractInteract::new::{{closure}}::hba943824fef1c89f
[INFO] [stdout]                                at /opt/rustwide/workdir/dex/farm-with-locked-rewards/interact-rs/src/interactor_main.rs:152:55
[INFO] [stdout]   22:     0x5f1da96ec7d8 - rust_interact::farm_with_no_boost_no_proxy_test::{{closure}}::h2fbd0680b83b1651
[INFO] [stdout]                                at /opt/rustwide/workdir/dex/farm-with-locked-rewards/interact-rs/src/interactor_main.rs:1334:48
[INFO] [stdout]   23:     0x5f1da96c8ae2 - <core::pin::Pin<P> as core::future::future::Future>::poll::h354c088453856eab
[INFO] [stdout]                                at /rustc/df4ca44d3fbc9301ee17f30f4d474e6ae4b05252/library/core/src/future/future.rs:123:9
[INFO] [stdout]   24:     0x5f1da96c8a9d - <core::pin::Pin<P> as core::future::future::Future>::poll::h3442ffcaf94fcf43
[INFO] [stdout]                                at /rustc/df4ca44d3fbc9301ee17f30f4d474e6ae4b05252/library/core/src/future/future.rs:123:9
[INFO] [stdout]   25:     0x5f1da96f905f - tokio::runtime::scheduler::current_thread::CoreGuard::block_on::{{closure}}::{{closure}}::{{closure}}::h74acce3e00c565fd
[INFO] [stdout]                                at /opt/rustwide/cargo-home/registry/src/index.crates.io-6f17d22bba15001f/tokio-1.40.0/src/runtime/scheduler/current_thread/mod.rs:696:57
[INFO] [stdout]   26:     0x5f1da96f8dc5 - tokio::runtime::coop::with_budget::h054e3a703529c1af
[INFO] [stdout]                                at /opt/rustwide/cargo-home/registry/src/index.crates.io-6f17d22bba15001f/tokio-1.40.0/src/runtime/coop.rs:107:5
[INFO] [stdout]   27:     0x5f1da96f8dc5 - tokio::runtime::coop::budget::hda857f7e8a7fe11f
[INFO] [stdout]                                at /opt/rustwide/cargo-home/registry/src/index.crates.io-6f17d22bba15001f/tokio-1.40.0/src/runtime/coop.rs:73:5
[INFO] [stdout]   28:     0x5f1da96f8dc5 - tokio::runtime::scheduler::current_thread::CoreGuard::block_on::{{closure}}::{{closure}}::hdab37f5e86441f84
[INFO] [stdout]                                at /opt/rustwide/cargo-home/registry/src/index.crates.io-6f17d22bba15001f/tokio-1.40.0/src/runtime/scheduler/current_thread/mod.rs:696:25
[INFO] [stdout]   29:     0x5f1da96f62b0 - tokio::runtime::scheduler::current_thread::Context::enter::h1e01eb0f07a3c478
[INFO] [stdout]                                at /opt/rustwide/cargo-home/registry/src/index.crates.io-6f17d22bba15001f/tokio-1.40.0/src/runtime/scheduler/current_thread/mod.rs:423:19
[INFO] [stdout]   30:     0x5f1da96f7d9b - tokio::runtime::scheduler::current_thread::CoreGuard::block_on::{{closure}}::h00d2e3aaa7e0c7c1
[INFO] [stdout]                                at /opt/rustwide/cargo-home/registry/src/index.crates.io-6f17d22bba15001f/tokio-1.40.0/src/runtime/scheduler/current_thread/mod.rs:695:36
[INFO] [stdout]   31:     0x5f1da96f7a84 - tokio::runtime::scheduler::current_thread::CoreGuard::enter::{{closure}}::h607fba5143c6c318
[INFO] [stdout]                                at /opt/rustwide/cargo-home/registry/src/index.crates.io-6f17d22bba15001f/tokio-1.40.0/src/runtime/scheduler/current_thread/mod.rs:774:68
[INFO] [stdout]   32:     0x5f1da96c865b - tokio::runtime::context::scoped::Scoped<T>::set::h3b4cb1c46a3fb7e9
[INFO] [stdout]                                at /opt/rustwide/cargo-home/registry/src/index.crates.io-6f17d22bba15001f/tokio-1.40.0/src/runtime/context/scoped.rs:40:9
[INFO] [stdout]   33:     0x5f1da96e6cf9 - tokio::runtime::context::set_scheduler::{{closure}}::h5cf03c2d929c9dc4
[INFO] [stdout]                                at /opt/rustwide/cargo-home/registry/src/index.crates.io-6f17d22bba15001f/tokio-1.40.0/src/runtime/context.rs:180:26
[INFO] [stdout]   34:     0x5f1da96f104d - std::thread::local::LocalKey<T>::try_with::hbc06e1872d8116b5
[INFO] [stdout]                                at /rustc/df4ca44d3fbc9301ee17f30f4d474e6ae4b05252/library/std/src/thread/local.rs:283:12
[INFO] [stdout]   35:     0x5f1da96f03ca - std::thread::local::LocalKey<T>::with::h8b4a7e6147065cf5
[INFO] [stdout]                                at /rustc/df4ca44d3fbc9301ee17f30f4d474e6ae4b05252/library/std/src/thread/local.rs:260:9
[INFO] [stdout]   36:     0x5f1da96e6c6d - tokio::runtime::context::set_scheduler::h0a988228af0f68f6
[INFO] [stdout]                                at /opt/rustwide/cargo-home/registry/src/index.crates.io-6f17d22bba15001f/tokio-1.40.0/src/runtime/context.rs:180:9
[INFO] [stdout]   37:     0x5f1da96f7838 - tokio::runtime::scheduler::current_thread::CoreGuard::enter::hd1546aadc5cbd224
[INFO] [stdout]                                at /opt/rustwide/cargo-home/registry/src/index.crates.io-6f17d22bba15001f/tokio-1.40.0/src/runtime/scheduler/current_thread/mod.rs:774:27
[INFO] [stdout]   38:     0x5f1da96f7ac3 - tokio::runtime::scheduler::current_thread::CoreGuard::block_on::h0a05537589fe9634
[INFO] [stdout]                                at /opt/rustwide/cargo-home/registry/src/index.crates.io-6f17d22bba15001f/tokio-1.40.0/src/runtime/scheduler/current_thread/mod.rs:683:19
[INFO] [stdout]   39:     0x5f1da96f5880 - tokio::runtime::scheduler::current_thread::CurrentThread::block_on::{{closure}}::h4b37f2982800e630
[INFO] [stdout]                                at /opt/rustwide/cargo-home/registry/src/index.crates.io-6f17d22bba15001f/tokio-1.40.0/src/runtime/scheduler/current_thread/mod.rs:191:28
[INFO] [stdout]   40:     0x5f1da96dee26 - tokio::runtime::context::runtime::enter_runtime::h056f37365154364e
[INFO] [stdout]                                at /opt/rustwide/cargo-home/registry/src/index.crates.io-6f17d22bba15001f/tokio-1.40.0/src/runtime/context/runtime.rs:65:16
[INFO] [stdout]   41:     0x5f1da96f5621 - tokio::runtime::scheduler::current_thread::CurrentThread::block_on::h936e9999d9e23f6a
[INFO] [stdout]                                at /opt/rustwide/cargo-home/registry/src/index.crates.io-6f17d22bba15001f/tokio-1.40.0/src/runtime/scheduler/current_thread/mod.rs:179:9
[INFO] [stdout]   42:     0x5f1da96b994e - tokio::runtime::runtime::Runtime::block_on_inner::h846ef55aa636055e
[INFO] [stdout]                                at /opt/rustwide/cargo-home/registry/src/index.crates.io-6f17d22bba15001f/tokio-1.40.0/src/runtime/runtime.rs:361:47
[INFO] [stdout]   43:     0x5f1da96b9a65 - tokio::runtime::runtime::Runtime::block_on::hc6f229aca0bf7d91
[INFO] [stdout]                                at /opt/rustwide/cargo-home/registry/src/index.crates.io-6f17d22bba15001f/tokio-1.40.0/src/runtime/runtime.rs:335:13
[INFO] [stdout]   44:     0x5f1da96ec4c6 - rust_interact::farm_with_no_boost_no_proxy_test::ha90f203cbb9dd108
[INFO] [stdout]                                at /opt/rustwide/workdir/dex/farm-with-locked-rewards/interact-rs/src/interactor_main.rs:1399:5
[INFO] [stdout]   45:     0x5f1da96ec357 - rust_interact::farm_with_no_boost_no_proxy_test::{{closure}}::hf8827a961cb79fd6
[INFO] [stdout]                                at /opt/rustwide/workdir/dex/farm-with-locked-rewards/interact-rs/src/interactor_main.rs:1331:44
[INFO] [stdout]   46:     0x5f1da96abcc6 - core::ops::function::FnOnce::call_once::he380a64104e2acf8
[INFO] [stdout]                                at /rustc/df4ca44d3fbc9301ee17f30f4d474e6ae4b05252/library/core/src/ops/function.rs:250:5
[INFO] [stdout]   47:     0x5f1da973840b - core::ops::function::FnOnce::call_once::h22c3ba5715e93f05
[INFO] [stdout]                                at /rustc/df4ca44d3fbc9301ee17f30f4d474e6ae4b05252/library/core/src/ops/function.rs:250:5
[INFO] [stdout]   48:     0x5f1da973840b - test::__rust_begin_short_backtrace::h8e82d8113d0da17f
[INFO] [stdout]                                at /rustc/df4ca44d3fbc9301ee17f30f4d474e6ae4b05252/library/test/src/lib.rs:621:18
[INFO] [stdout]   49:     0x5f1da9737d87 - test::run_test_in_process::{{closure}}::h33235f4f20b7b7c7
[INFO] [stdout]                                at /rustc/df4ca44d3fbc9301ee17f30f4d474e6ae4b05252/library/test/src/lib.rs:644:60
[INFO] [stdout]   50:     0x5f1da9737d87 - <core::panic::unwind_safe::AssertUnwindSafe<F> as core::ops::function::FnOnce<()>>::call_once::hb5043206310c586f
[INFO] [stdout]                                at /rustc/df4ca44d3fbc9301ee17f30f4d474e6ae4b05252/library/core/src/panic/unwind_safe.rs:272:9
[INFO] [stdout]   51:     0x5f1da9737d87 - std::panicking::try::do_call::h9ad4731a60ab23e2
[INFO] [stdout]                                at /rustc/df4ca44d3fbc9301ee17f30f4d474e6ae4b05252/library/std/src/panicking.rs:557:40
[INFO] [stdout]   52:     0x5f1da9737d87 - std::panicking::try::h3824d23db772a716
[INFO] [stdout]                                at /rustc/df4ca44d3fbc9301ee17f30f4d474e6ae4b05252/library/std/src/panicking.rs:520:19
[INFO] [stdout]   53:     0x5f1da9737d87 - std::panic::catch_unwind::h5afd514605fde46b
[INFO] [stdout]                                at /rustc/df4ca44d3fbc9301ee17f30f4d474e6ae4b05252/library/std/src/panic.rs:358:14
[INFO] [stdout]   54:     0x5f1da9737d87 - test::run_test_in_process::h0d5cbfa7067d1720
[INFO] [stdout]                                at /rustc/df4ca44d3fbc9301ee17f30f4d474e6ae4b05252/library/test/src/lib.rs:644:27
[INFO] [stdout]   55:     0x5f1da9737d87 - test::run_test::{{closure}}::h708eb8872708115d
[INFO] [stdout]                                at /rustc/df4ca44d3fbc9301ee17f30f4d474e6ae4b05252/library/test/src/lib.rs:565:43
[INFO] [stdout]   56:     0x5f1da96fb4a4 - test::run_test::{{closure}}::h392c51cee94713ab
[INFO] [stdout]                                at /rustc/df4ca44d3fbc9301ee17f30f4d474e6ae4b05252/library/test/src/lib.rs:595:41
[INFO] [stdout]   57:     0x5f1da96fb4a4 - std::sys::backtrace::__rust_begin_short_backtrace::h2f40290710935a8b
[INFO] [stdout]                                at /rustc/df4ca44d3fbc9301ee17f30f4d474e6ae4b05252/library/std/src/sys/backtrace.rs:154:18
[INFO] [stdout]   58:     0x5f1da96fec4e - std::thread::Builder::spawn_unchecked_::{{closure}}::{{closure}}::h3fd968d89053a903
[INFO] [stdout]                                at /rustc/df4ca44d3fbc9301ee17f30f4d474e6ae4b05252/library/std/src/thread/mod.rs:541:17
[INFO] [stdout]   59:     0x5f1da96fec4e - <core::panic::unwind_safe::AssertUnwindSafe<F> as core::ops::function::FnOnce<()>>::call_once::h743f637ba4229880
[INFO] [stdout]                                at /rustc/df4ca44d3fbc9301ee17f30f4d474e6ae4b05252/library/core/src/panic/unwind_safe.rs:272:9
[INFO] [stdout]   60:     0x5f1da96fec4e - std::panicking::try::do_call::h07440897322525a6
[INFO] [stdout]                                at /rustc/df4ca44d3fbc9301ee17f30f4d474e6ae4b05252/library/std/src/panicking.rs:557:40
[INFO] [stdout]   61:     0x5f1da96fec4e - std::panicking::try::he5a2e00188156637
[INFO] [stdout]                                at /rustc/df4ca44d3fbc9301ee17f30f4d474e6ae4b05252/library/std/src/panicking.rs:520:19
[INFO] [stdout]   62:     0x5f1da96fec4e - std::panic::catch_unwind::hbaf3cae49b3c6433
[INFO] [stdout]                                at /rustc/df4ca44d3fbc9301ee17f30f4d474e6ae4b05252/library/std/src/panic.rs:358:14
[INFO] [stdout]   63:     0x5f1da96fec4e - std::thread::Builder::spawn_unchecked_::{{closure}}::h8e141ea224820bce
[INFO] [stdout]                                at /rustc/df4ca44d3fbc9301ee17f30f4d474e6ae4b05252/library/std/src/thread/mod.rs:540:30
[INFO] [stdout]   64:     0x5f1da96fec4e - core::ops::function::FnOnce::call_once{{vtable.shim}}::h90d312fedd7b8ea8
[INFO] [stdout]                                at /rustc/df4ca44d3fbc9301ee17f30f4d474e6ae4b05252/library/core/src/ops/function.rs:250:5
[INFO] [stdout]   65:     0x5f1da9d70c9b - <alloc::boxed::Box<F,A> as core::ops::function::FnOnce<Args>>::call_once::h69aa08ddb6adb8b6
[INFO] [stdout]                                at /rustc/df4ca44d3fbc9301ee17f30f4d474e6ae4b05252/library/alloc/src/boxed.rs:2454:9
[INFO] [stdout]   66:     0x5f1da9d70c9b - <alloc::boxed::Box<F,A> as core::ops::function::FnOnce<Args>>::call_once::h5aa36efdb79c806f
[INFO] [stdout]                                at /rustc/df4ca44d3fbc9301ee17f30f4d474e6ae4b05252/library/alloc/src/boxed.rs:2454:9
[INFO] [stdout]   67:     0x5f1da9d70c9b - std::sys::pal::unix::thread::Thread::new::thread_start::h6cd80a1b4be5158d
[INFO] [stdout]                                at /rustc/df4ca44d3fbc9301ee17f30f4d474e6ae4b05252/library/std/src/sys/pal/unix/thread.rs:105:17
[INFO] [stdout]   68:     0x7dff9b21fac3 - <unknown>
[INFO] [stdout]   69:     0x7dff9b2b0a04 - clone
[INFO] [stdout]   70:                0x0 - <unknown>
[INFO] [stdout] 
[INFO] [stdout] ---- test_deploy stdout ----
[INFO] [stdout] thread 'test_deploy' panicked at /opt/rustwide/cargo-home/registry/src/index.crates.io-6f17d22bba15001f/multiversx-sc-snippets-0.50.5/src/interactor.rs:37:63:
[INFO] [stdout] called `Result::unwrap()` on an `Err` value: error sending request for url (https://devnet-gateway.multiversx.com/network/config)
[INFO] [stdout] 
[INFO] [stdout] Caused by:
[INFO] [stdout]     0: client error (Connect)
[INFO] [stdout]     1: dns error: failed to lookup address information: Temporary failure in name resolution
[INFO] [stdout]     2: failed to lookup address information: Temporary failure in name resolution
[INFO] [stdout] 
[INFO] [stdout] Stack backtrace:
[INFO] [stdout]    0: anyhow::error::<impl core::convert::From<E> for anyhow::Error>::from
[INFO] [stdout]              at /opt/rustwide/cargo-home/registry/src/index.crates.io-6f17d22bba15001f/anyhow-1.0.79/src/backtrace.rs:27:14
[INFO] [stdout]    1: <core::result::Result<T,F> as core::ops::try_trait::FromResidual<core::result::Result<core::convert::Infallible,E>>>::from_residual
[INFO] [stdout]              at /rustc/df4ca44d3fbc9301ee17f30f4d474e6ae4b05252/library/core/src/result.rs:2008:27
[INFO] [stdout]    2: multiversx_sdk::blockchain::CommunicationProxy::get_network_config::{{closure}}
[INFO] [stdout]              at /opt/rustwide/cargo-home/registry/src/index.crates.io-6f17d22bba15001f/multiversx-sdk-0.4.1/src/blockchain.rs:64:20
[INFO] [stdout]    3: multiversx_sc_snippets::interactor::Interactor::new::{{closure}}
[INFO] [stdout]              at /opt/rustwide/cargo-home/registry/src/index.crates.io-6f17d22bba15001f/multiversx-sc-snippets-0.50.5/src/interactor.rs:37:57
[INFO] [stdout]    4: rust_interact::ContractInteract::new::{{closure}}
[INFO] [stdout]              at ./src/interactor_main.rs:152:55
[INFO] [stdout]    5: rust_interact::test_deploy::{{closure}}
[INFO] [stdout]              at ./src/interactor_main.rs:1323:48
[INFO] [stdout]    6: <core::pin::Pin<P> as core::future::future::Future>::poll
[INFO] [stdout]              at /rustc/df4ca44d3fbc9301ee17f30f4d474e6ae4b05252/library/core/src/future/future.rs:123:9
[INFO] [stdout]    7: <core::pin::Pin<P> as core::future::future::Future>::poll
[INFO] [stdout]              at /rustc/df4ca44d3fbc9301ee17f30f4d474e6ae4b05252/library/core/src/future/future.rs:123:9
[INFO] [stdout]    8: tokio::runtime::scheduler::current_thread::CoreGuard::block_on::{{closure}}::{{closure}}::{{closure}}
[INFO] [stdout]              at /opt/rustwide/cargo-home/registry/src/index.crates.io-6f17d22bba15001f/tokio-1.40.0/src/runtime/scheduler/current_thread/mod.rs:696:57
[INFO] [stdout]    9: tokio::runtime::coop::with_budget
[INFO] [stdout]              at /opt/rustwide/cargo-home/registry/src/index.crates.io-6f17d22bba15001f/tokio-1.40.0/src/runtime/coop.rs:107:5
[INFO] [stdout]   10: tokio::runtime::coop::budget
[INFO] [stdout]              at /opt/rustwide/cargo-home/registry/src/index.crates.io-6f17d22bba15001f/tokio-1.40.0/src/runtime/coop.rs:73:5
[INFO] [stdout]   11: tokio::runtime::scheduler::current_thread::CoreGuard::block_on::{{closure}}::{{closure}}
[INFO] [stdout]              at /opt/rustwide/cargo-home/registry/src/index.crates.io-6f17d22bba15001f/tokio-1.40.0/src/runtime/scheduler/current_thread/mod.rs:696:25
[INFO] [stdout]   12: tokio::runtime::scheduler::current_thread::Context::enter
[INFO] [stdout]              at /opt/rustwide/cargo-home/registry/src/index.crates.io-6f17d22bba15001f/tokio-1.40.0/src/runtime/scheduler/current_thread/mod.rs:423:19
[INFO] [stdout]   13: tokio::runtime::scheduler::current_thread::CoreGuard::block_on::{{closure}}
[INFO] [stdout]              at /opt/rustwide/cargo-home/registry/src/index.crates.io-6f17d22bba15001f/tokio-1.40.0/src/runtime/scheduler/current_thread/mod.rs:695:36
[INFO] [stdout]   14: tokio::runtime::scheduler::current_thread::CoreGuard::enter::{{closure}}
[INFO] [stdout]              at /opt/rustwide/cargo-home/registry/src/index.crates.io-6f17d22bba15001f/tokio-1.40.0/src/runtime/scheduler/current_thread/mod.rs:774:68
[INFO] [stdout]   15: tokio::runtime::context::scoped::Scoped<T>::set
[INFO] [stdout]              at /opt/rustwide/cargo-home/registry/src/index.crates.io-6f17d22bba15001f/tokio-1.40.0/src/runtime/context/scoped.rs:40:9
[INFO] [stdout]   16: tokio::runtime::context::set_scheduler::{{closure}}
[INFO] [stdout]              at /opt/rustwide/cargo-home/registry/src/index.crates.io-6f17d22bba15001f/tokio-1.40.0/src/runtime/context.rs:180:26
[INFO] [stdout]   17: std::thread::local::LocalKey<T>::try_with
[INFO] [stdout]              at /rustc/df4ca44d3fbc9301ee17f30f4d474e6ae4b05252/library/std/src/thread/local.rs:283:12
[INFO] [stdout]   18: std::thread::local::LocalKey<T>::with
[INFO] [stdout]              at /rustc/df4ca44d3fbc9301ee17f30f4d474e6ae4b05252/library/std/src/thread/local.rs:260:9
[INFO] [stdout]   19: tokio::runtime::context::set_scheduler
[INFO] [stdout]              at /opt/rustwide/cargo-home/registry/src/index.crates.io-6f17d22bba15001f/tokio-1.40.0/src/runtime/context.rs:180:9
[INFO] [stdout]   20: tokio::runtime::scheduler::current_thread::CoreGuard::enter
[INFO] [stdout]              at /opt/rustwide/cargo-home/registry/src/index.crates.io-6f17d22bba15001f/tokio-1.40.0/src/runtime/scheduler/current_thread/mod.rs:774:27
[INFO] [stdout]   21: tokio::runtime::scheduler::current_thread::CoreGuard::block_on
[INFO] [stdout]              at /opt/rustwide/cargo-home/registry/src/index.crates.io-6f17d22bba15001f/tokio-1.40.0/src/runtime/scheduler/current_thread/mod.rs:683:19
[INFO] [stdout]   22: tokio::runtime::scheduler::current_thread::CurrentThread::block_on::{{closure}}
[INFO] [stdout]              at /opt/rustwide/cargo-home/registry/src/index.crates.io-6f17d22bba15001f/tokio-1.40.0/src/runtime/scheduler/current_thread/mod.rs:191:28
[INFO] [stdout]   23: tokio::runtime::context::runtime::enter_runtime
[INFO] [stdout]              at /opt/rustwide/cargo-home/registry/src/index.crates.io-6f17d22bba15001f/tokio-1.40.0/src/runtime/context/runtime.rs:65:16
[INFO] [stdout]   24: tokio::runtime::scheduler::current_thread::CurrentThread::block_on
[INFO] [stdout]              at /opt/rustwide/cargo-home/registry/src/index.crates.io-6f17d22bba15001f/tokio-1.40.0/src/runtime/scheduler/current_thread/mod.rs:179:9
[INFO] [stdout]   25: tokio::runtime::runtime::Runtime::block_on_inner
[INFO] [stdout]              at /opt/rustwide/cargo-home/registry/src/index.crates.io-6f17d22bba15001f/tokio-1.40.0/src/runtime/runtime.rs:361:47
[INFO] [stdout]   26: tokio::runtime::runtime::Runtime::block_on
[INFO] [stdout]              at /opt/rustwide/cargo-home/registry/src/index.crates.io-6f17d22bba15001f/tokio-1.40.0/src/runtime/runtime.rs:335:13
[INFO] [stdout]   27: rust_interact::test_deploy
[INFO] [stdout]              at ./src/interactor_main.rs:1325:5
[INFO] [stdout]   28: rust_interact::test_deploy::{{closure}}
[INFO] [stdout]              at ./src/interactor_main.rs:1322:23
[INFO] [stdout]   29: core::ops::function::FnOnce::call_once
[INFO] [stdout]              at /rustc/df4ca44d3fbc9301ee17f30f4d474e6ae4b05252/library/core/src/ops/function.rs:250:5
[INFO] [stdout]   30: core::ops::function::FnOnce::call_once
[INFO] [stdout]              at /rustc/df4ca44d3fbc9301ee17f30f4d474e6ae4b05252/library/core/src/ops/function.rs:250:5
[INFO] [stdout]   31: test::__rust_begin_short_backtrace
[INFO] [stdout]              at /rustc/df4ca44d3fbc9301ee17f30f4d474e6ae4b05252/library/test/src/lib.rs:621:18
[INFO] [stdout]   32: test::run_test_in_process::{{closure}}
[INFO] [stdout]              at /rustc/df4ca44d3fbc9301ee17f30f4d474e6ae4b05252/library/test/src/lib.rs:644:60
[INFO] [stdout]   33: <core::panic::unwind_safe::AssertUnwindSafe<F> as core::ops::function::FnOnce<()>>::call_once
[INFO] [stdout]              at /rustc/df4ca44d3fbc9301ee17f30f4d474e6ae4b05252/library/core/src/panic/unwind_safe.rs:272:9
[INFO] [stdout]   34: std::panicking::try::do_call
[INFO] [stdout]              at /rustc/df4ca44d3fbc9301ee17f30f4d474e6ae4b05252/library/std/src/panicking.rs:557:40
[INFO] [stdout]   35: std::panicking::try
[INFO] [stdout]              at /rustc/df4ca44d3fbc9301ee17f30f4d474e6ae4b05252/library/std/src/panicking.rs:520:19
[INFO] [stdout]   36: std::panic::catch_unwind
[INFO] [stdout]              at /rustc/df4ca44d3fbc9301ee17f30f4d474e6ae4b05252/library/std/src/panic.rs:358:14
[INFO] [stdout]   37: test::run_test_in_process
[INFO] [stdout]              at /rustc/df4ca44d3fbc9301ee17f30f4d474e6ae4b05252/library/test/src/lib.rs:644:27
[INFO] [stdout]   38: test::run_test::{{closure}}
[INFO] [stdout]              at /rustc/df4ca44d3fbc9301ee17f30f4d474e6ae4b05252/library/test/src/lib.rs:565:43
[INFO] [stdout]   39: test::run_test::{{closure}}
[INFO] [stdout]              at /rustc/df4ca44d3fbc9301ee17f30f4d474e6ae4b05252/library/test/src/lib.rs:595:41
[INFO] [stdout]   40: std::sys::backtrace::__rust_begin_short_backtrace
[INFO] [stdout]              at /rustc/df4ca44d3fbc9301ee17f30f4d474e6ae4b05252/library/std/src/sys/backtrace.rs:154:18
[INFO] [stdout]   41: std::thread::Builder::spawn_unchecked_::{{closure}}::{{closure}}
[INFO] [stdout]              at /rustc/df4ca44d3fbc9301ee17f30f4d474e6ae4b05252/library/std/src/thread/mod.rs:541:17
[INFO] [stdout]   42: <core::panic::unwind_safe::AssertUnwindSafe<F> as core::ops::function::FnOnce<()>>::call_once
[INFO] [stdout]              at /rustc/df4ca44d3fbc9301ee17f30f4d474e6ae4b05252/library/core/src/panic/unwind_safe.rs:272:9
[INFO] [stdout]   43: std::panicking::try::do_call
[INFO] [stdout]              at /rustc/df4ca44d3fbc9301ee17f30f4d474e6ae4b05252/library/std/src/panicking.rs:557:40
[INFO] [stdout]   44: std::panicking::try
[INFO] [stdout]              at /rustc/df4ca44d3fbc9301ee17f30f4d474e6ae4b05252/library/std/src/panicking.rs:520:19
[INFO] [stdout]   45: std::panic::catch_unwind
[INFO] [stdout]              at /rustc/df4ca44d3fbc9301ee17f30f4d474e6ae4b05252/library/std/src/panic.rs:358:14
[INFO] [stdout]   46: std::thread::Builder::spawn_unchecked_::{{closure}}
[INFO] [stdout]              at /rustc/df4ca44d3fbc9301ee17f30f4d474e6ae4b05252/library/std/src/thread/mod.rs:540:30
[INFO] [stdout]   47: core::ops::function::FnOnce::call_once{{vtable.shim}}
[INFO] [stdout]              at /rustc/df4ca44d3fbc9301ee17f30f4d474e6ae4b05252/library/core/src/ops/function.rs:250:5
[INFO] [stdout]   48: <alloc::boxed::Box<F,A> as core::ops::function::FnOnce<Args>>::call_once
[INFO] [stdout]              at /rustc/df4ca44d3fbc9301ee17f30f4d474e6ae4b05252/library/alloc/src/boxed.rs:2454:9
[INFO] [stdout]   49: <alloc::boxed::Box<F,A> as core::ops::function::FnOnce<Args>>::call_once
[INFO] [stdout]              at /rustc/df4ca44d3fbc9301ee17f30f4d474e6ae4b05252/library/alloc/src/boxed.rs:2454:9
[INFO] [stdout]   50: std::sys::pal::unix::thread::Thread::new::thread_start
[INFO] [stdout]              at /rustc/df4ca44d3fbc9301ee17f30f4d474e6ae4b05252/library/std/src/sys/pal/unix/thread.rs:105:17
[INFO] [stdout]   51: <unknown>
[INFO] [stdout]   52: clone
[INFO] [stdout] stack backtrace:
[INFO] [stdout]    0:     0x5f1da9d6adaa - std::backtrace_rs::backtrace::libunwind::trace::h207520d6e9873551
[INFO] [stdout]                                at /rustc/df4ca44d3fbc9301ee17f30f4d474e6ae4b05252/library/std/src/../../backtrace/src/backtrace/libunwind.rs:116:5
[INFO] [stdout]    1:     0x5f1da9d6adaa - std::backtrace_rs::backtrace::trace_unsynchronized::h2ed7433f370e3eca
[INFO] [stdout]                                at /rustc/df4ca44d3fbc9301ee17f30f4d474e6ae4b05252/library/std/src/../../backtrace/src/backtrace/mod.rs:66:5
[INFO] [stdout]    2:     0x5f1da9d6adaa - std::sys::backtrace::_print_fmt::h916fac51166b18d7
[INFO] [stdout]                                at /rustc/df4ca44d3fbc9301ee17f30f4d474e6ae4b05252/library/std/src/sys/backtrace.rs:66:9
[INFO] [stdout]    3:     0x5f1da9d6adaa - <std::sys::backtrace::BacktraceLock::print::DisplayBacktrace as core::fmt::Display>::fmt::ha0a4c9b8ce3802e6
[INFO] [stdout]                                at /rustc/df4ca44d3fbc9301ee17f30f4d474e6ae4b05252/library/std/src/sys/backtrace.rs:39:26
[INFO] [stdout]    4:     0x5f1da9d96c83 - core::fmt::rt::Argument::fmt::h4cfc8587d52b3eb5
[INFO] [stdout]                                at /rustc/df4ca44d3fbc9301ee17f30f4d474e6ae4b05252/library/core/src/fmt/rt.rs:177:76
[INFO] [stdout]    5:     0x5f1da9d96c83 - core::fmt::write::h522cc39e5b36ae9f
[INFO] [stdout]                                at /rustc/df4ca44d3fbc9301ee17f30f4d474e6ae4b05252/library/core/src/fmt/mod.rs:1190:21
[INFO] [stdout]    6:     0x5f1da9d66ae3 - std::io::Write::write_fmt::h7d3c26752da97734
[INFO] [stdout]                                at /rustc/df4ca44d3fbc9301ee17f30f4d474e6ae4b05252/library/std/src/io/mod.rs:1839:15
[INFO] [stdout]    7:     0x5f1da9d6abf2 - std::sys::backtrace::BacktraceLock::print::h4b9e00b29e9c0942
[INFO] [stdout]                                at /rustc/df4ca44d3fbc9301ee17f30f4d474e6ae4b05252/library/std/src/sys/backtrace.rs:42:9
[INFO] [stdout]    8:     0x5f1da9d6c23a - std::panicking::default_hook::{{closure}}::hb59b88280d0324d9
[INFO] [stdout]                                at /rustc/df4ca44d3fbc9301ee17f30f4d474e6ae4b05252/library/std/src/panicking.rs:268:22
[INFO] [stdout]    9:     0x5f1da9d6c044 - std::panicking::default_hook::he1dd496665be4a29
[INFO] [stdout]                                at /rustc/df4ca44d3fbc9301ee17f30f4d474e6ae4b05252/library/std/src/panicking.rs:292:9
[INFO] [stdout]   10:     0x5f1da9733b39 - <alloc::boxed::Box<F,A> as core::ops::function::Fn<Args>>::call::h4ff71de18744e1dc
[INFO] [stdout]                                at /rustc/df4ca44d3fbc9301ee17f30f4d474e6ae4b05252/library/alloc/src/boxed.rs:2468:9
[INFO] [stdout]   11:     0x5f1da9733b39 - test::test_main::{{closure}}::hcf7c055ce117aa81
[INFO] [stdout]                                at /rustc/df4ca44d3fbc9301ee17f30f4d474e6ae4b05252/library/test/src/lib.rs:133:21
[INFO] [stdout]   12:     0x5f1da9d6c938 - <alloc::boxed::Box<F,A> as core::ops::function::Fn<Args>>::call::h1d66c6bbd60c9692
[INFO] [stdout]                                at /rustc/df4ca44d3fbc9301ee17f30f4d474e6ae4b05252/library/alloc/src/boxed.rs:2468:9
[INFO] [stdout]   13:     0x5f1da9d6c938 - std::panicking::rust_panic_with_hook::h2ff17fe8f26dfcf8
[INFO] [stdout]                                at /rustc/df4ca44d3fbc9301ee17f30f4d474e6ae4b05252/library/std/src/panicking.rs:809:13
[INFO] [stdout]   14:     0x5f1da9d6c6fa - std::panicking::begin_panic_handler::{{closure}}::h4fad77951c07e101
[INFO] [stdout]                                at /rustc/df4ca44d3fbc9301ee17f30f4d474e6ae4b05252/library/std/src/panicking.rs:674:13
[INFO] [stdout]   15:     0x5f1da9d6b289 - std::sys::backtrace::__rust_end_short_backtrace::hb1a25b3da5d0ea08
[INFO] [stdout]                                at /rustc/df4ca44d3fbc9301ee17f30f4d474e6ae4b05252/library/std/src/sys/backtrace.rs:170:18
[INFO] [stdout]   16:     0x5f1da9d6c38c - rust_begin_unwind
[INFO] [stdout]                                at /rustc/df4ca44d3fbc9301ee17f30f4d474e6ae4b05252/library/std/src/panicking.rs:665:5
[INFO] [stdout]   17:     0x5f1da9d94b70 - core::panicking::panic_fmt::ha9db07b529f9b256
[INFO] [stdout]                                at /rustc/df4ca44d3fbc9301ee17f30f4d474e6ae4b05252/library/core/src/panicking.rs:75:14
[INFO] [stdout]   18:     0x5f1da9d95056 - core::result::unwrap_failed::h5e8218e4d4338b8a
[INFO] [stdout]                                at /rustc/df4ca44d3fbc9301ee17f30f4d474e6ae4b05252/library/core/src/result.rs:1698:5
[INFO] [stdout]   19:     0x5f1da96b747d - core::result::Result<T,E>::unwrap::h352dfdd8446666f3
[INFO] [stdout]                                at /rustc/df4ca44d3fbc9301ee17f30f4d474e6ae4b05252/library/core/src/result.rs:1103:23
[INFO] [stdout]   20:     0x5f1da96b747d - multiversx_sc_snippets::interactor::Interactor::new::{{closure}}::h97e42a42cfb9d42f
[INFO] [stdout]                                at /opt/rustwide/cargo-home/registry/src/index.crates.io-6f17d22bba15001f/multiversx-sc-snippets-0.50.5/src/interactor.rs:37:30
[INFO] [stdout]   21:     0x5f1da96e7e7c - rust_interact::ContractInteract::new::{{closure}}::hba943824fef1c89f
[INFO] [stdout]                                at /opt/rustwide/workdir/dex/farm-with-locked-rewards/interact-rs/src/interactor_main.rs:152:55
[INFO] [stdout]   22:     0x5f1da96ec151 - rust_interact::test_deploy::{{closure}}::h90c85c7b700a7a55
[INFO] [stdout]                                at /opt/rustwide/workdir/dex/farm-with-locked-rewards/interact-rs/src/interactor_main.rs:1323:48
[INFO] [stdout]   23:     0x5f1da96c8ae2 - <core::pin::Pin<P> as core::future::future::Future>::poll::h354c088453856eab
[INFO] [stdout]                                at /rustc/df4ca44d3fbc9301ee17f30f4d474e6ae4b05252/library/core/src/future/future.rs:123:9
[INFO] [stdout]   24:     0x5f1da96c8a9d - <core::pin::Pin<P> as core::future::future::Future>::poll::h3442ffcaf94fcf43
[INFO] [stdout]                                at /rustc/df4ca44d3fbc9301ee17f30f4d474e6ae4b05252/library/core/src/future/future.rs:123:9
[INFO] [stdout]   25:     0x5f1da96f905f - tokio::runtime::scheduler::current_thread::CoreGuard::block_on::{{closure}}::{{closure}}::{{closure}}::h74acce3e00c565fd
[INFO] [stdout]                                at /opt/rustwide/cargo-home/registry/src/index.crates.io-6f17d22bba15001f/tokio-1.40.0/src/runtime/scheduler/current_thread/mod.rs:696:57
[INFO] [stdout]   26:     0x5f1da96f8dc5 - tokio::runtime::coop::with_budget::h054e3a703529c1af
[INFO] [stdout]                                at /opt/rustwide/cargo-home/registry/src/index.crates.io-6f17d22bba15001f/tokio-1.40.0/src/runtime/coop.rs:107:5
[INFO] [stdout]   27:     0x5f1da96f8dc5 - tokio::runtime::coop::budget::hda857f7e8a7fe11f
[INFO] [stdout]                                at /opt/rustwide/cargo-home/registry/src/index.crates.io-6f17d22bba15001f/tokio-1.40.0/src/runtime/coop.rs:73:5
[INFO] [stdout]   28:     0x5f1da96f8dc5 - tokio::runtime::scheduler::current_thread::CoreGuard::block_on::{{closure}}::{{closure}}::hdab37f5e86441f84
[INFO] [stdout]                                at /opt/rustwide/cargo-home/registry/src/index.crates.io-6f17d22bba15001f/tokio-1.40.0/src/runtime/scheduler/current_thread/mod.rs:696:25
[INFO] [stdout]   29:     0x5f1da96f62b0 - tokio::runtime::scheduler::current_thread::Context::enter::h1e01eb0f07a3c478
[INFO] [stdout]                                at /opt/rustwide/cargo-home/registry/src/index.crates.io-6f17d22bba15001f/tokio-1.40.0/src/runtime/scheduler/current_thread/mod.rs:423:19
[INFO] [stdout]   30:     0x5f1da96f7d9b - tokio::runtime::scheduler::current_thread::CoreGuard::block_on::{{closure}}::h00d2e3aaa7e0c7c1
[INFO] [stdout]                                at /opt/rustwide/cargo-home/registry/src/index.crates.io-6f17d22bba15001f/tokio-1.40.0/src/runtime/scheduler/current_thread/mod.rs:695:36
[INFO] [stdout]   31:     0x5f1da96f7a84 - tokio::runtime::scheduler::current_thread::CoreGuard::enter::{{closure}}::h607fba5143c6c318
[INFO] [stdout]                                at /opt/rustwide/cargo-home/registry/src/index.crates.io-6f17d22bba15001f/tokio-1.40.0/src/runtime/scheduler/current_thread/mod.rs:774:68
[INFO] [stdout]   32:     0x5f1da96c865b - tokio::runtime::context::scoped::Scoped<T>::set::h3b4cb1c46a3fb7e9
[INFO] [stdout]                                at /opt/rustwide/cargo-home/registry/src/index.crates.io-6f17d22bba15001f/tokio-1.40.0/src/runtime/context/scoped.rs:40:9
[INFO] [stdout]   33:     0x5f1da96e6cf9 - tokio::runtime::context::set_scheduler::{{closure}}::h5cf03c2d929c9dc4
[INFO] [stdout]                                at /opt/rustwide/cargo-home/registry/src/index.crates.io-6f17d22bba15001f/tokio-1.40.0/src/runtime/context.rs:180:26
[INFO] [stdout]   34:     0x5f1da96f104d - std::thread::local::LocalKey<T>::try_with::hbc06e1872d8116b5
[INFO] [stdout]                                at /rustc/df4ca44d3fbc9301ee17f30f4d474e6ae4b05252/library/std/src/thread/local.rs:283:12
[INFO] [stdout]   35:     0x5f1da96f03ca - std::thread::local::LocalKey<T>::with::h8b4a7e6147065cf5
[INFO] [stdout]                                at /rustc/df4ca44d3fbc9301ee17f30f4d474e6ae4b05252/library/std/src/thread/local.rs:260:9
[INFO] [stdout]   36:     0x5f1da96e6c6d - tokio::runtime::context::set_scheduler::h0a988228af0f68f6
[INFO] [stdout]                                at /opt/rustwide/cargo-home/registry/src/index.crates.io-6f17d22bba15001f/tokio-1.40.0/src/runtime/context.rs:180:9
[INFO] [stdout]   37:     0x5f1da96f7838 - tokio::runtime::scheduler::current_thread::CoreGuard::enter::hd1546aadc5cbd224
[INFO] [stdout]                                at /opt/rustwide/cargo-home/registry/src/index.crates.io-6f17d22bba15001f/tokio-1.40.0/src/runtime/scheduler/current_thread/mod.rs:774:27
[INFO] [stdout]   38:     0x5f1da96f7ac3 - tokio::runtime::scheduler::current_thread::CoreGuard::block_on::h0a05537589fe9634
[INFO] [stdout]                                at /opt/rustwide/cargo-home/registry/src/index.crates.io-6f17d22bba15001f/tokio-1.40.0/src/runtime/scheduler/current_thread/mod.rs:683:19
[INFO] [stdout]   39:     0x5f1da96f5880 - tokio::runtime::scheduler::current_thread::CurrentThread::block_on::{{closure}}::h4b37f2982800e630
[INFO] [stdout]                                at /opt/rustwide/cargo-home/registry/src/index.crates.io-6f17d22bba15001f/tokio-1.40.0/src/runtime/scheduler/current_thread/mod.rs:191:28
[INFO] [stdout]   40:     0x5f1da96dee26 - tokio::runtime::context::runtime::enter_runtime::h056f37365154364e
[INFO] [stdout]                                at /opt/rustwide/cargo-home/registry/src/index.crates.io-6f17d22bba15001f/tokio-1.40.0/src/runtime/context/runtime.rs:65:16
[INFO] [stdout]   41:     0x5f1da96f5621 - tokio::runtime::scheduler::current_thread::CurrentThread::block_on::h936e9999d9e23f6a
[INFO] [stdout]                                at /opt/rustwide/cargo-home/registry/src/index.crates.io-6f17d22bba15001f/tokio-1.40.0/src/runtime/scheduler/current_thread/mod.rs:179:9
[INFO] [stdout]   42:     0x5f1da96b994e - tokio::runtime::runtime::Runtime::block_on_inner::h846ef55aa636055e
[INFO] [stdout]                                at /opt/rustwide/cargo-home/registry/src/index.crates.io-6f17d22bba15001f/tokio-1.40.0/src/runtime/runtime.rs:361:47
[INFO] [stdout]   43:     0x5f1da96b9a65 - tokio::runtime::runtime::Runtime::block_on::hc6f229aca0bf7d91
[INFO] [stdout]                                at /opt/rustwide/cargo-home/registry/src/index.crates.io-6f17d22bba15001f/tokio-1.40.0/src/runtime/runtime.rs:335:13
[INFO] [stdout]   44:     0x5f1da96ebf46 - rust_interact::test_deploy::hd9a937aee1efc5d7
[INFO] [stdout]                                at /opt/rustwide/workdir/dex/farm-with-locked-rewards/interact-rs/src/interactor_main.rs:1325:5
[INFO] [stdout]   45:     0x5f1da96ebdd7 - rust_interact::test_deploy::{{closure}}::h64a1089dd98693ae
[INFO] [stdout]                                at /opt/rustwide/workdir/dex/farm-with-locked-rewards/interact-rs/src/interactor_main.rs:1322:23
[INFO] [stdout]   46:     0x5f1da96ab996 - core::ops::function::FnOnce::call_once::ha11c0b7470ba96bd
[INFO] [stdout]                                at /rustc/df4ca44d3fbc9301ee17f30f4d474e6ae4b05252/library/core/src/ops/function.rs:250:5
[INFO] [stdout]   47:     0x5f1da973840b - core::ops::function::FnOnce::call_once::h22c3ba5715e93f05
[INFO] [stdout]                                at /rustc/df4ca44d3fbc9301ee17f30f4d474e6ae4b05252/library/core/src/ops/function.rs:250:5
[INFO] [stdout]   48:     0x5f1da973840b - test::__rust_begin_short_backtrace::h8e82d8113d0da17f
[INFO] [stdout]                                at /rustc/df4ca44d3fbc9301ee17f30f4d474e6ae4b05252/library/test/src/lib.rs:621:18
[INFO] [stdout]   49:     0x5f1da9737d87 - test::run_test_in_process::{{closure}}::h33235f4f20b7b7c7
[INFO] [stdout]                                at /rustc/df4ca44d3fbc9301ee17f30f4d474e6ae4b05252/library/test/src/lib.rs:644:60
[INFO] [stdout]   50:     0x5f1da9737d87 - <core::panic::unwind_safe::AssertUnwindSafe<F> as core::ops::function::FnOnce<()>>::call_once::hb5043206310c586f
[INFO] [stdout]                                at /rustc/df4ca44d3fbc9301ee17f30f4d474e6ae4b05252/library/core/src/panic/unwind_safe.rs:272:9
[INFO] [stdout]   51:     0x5f1da9737d87 - std::panicking::try::do_call::h9ad4731a60ab23e2
[INFO] [stdout]                                at /rustc/df4ca44d3fbc9301ee17f30f4d474e6ae4b05252/library/std/src/panicking.rs:557:40
[INFO] [stdout]   52:     0x5f1da9737d87 - std::panicking::try::h3824d23db772a716
[INFO] [stdout]                                at /rustc/df4ca44d3fbc9301ee17f30f4d474e6ae4b05252/library/std/src/panicking.rs:520:19
[INFO] [stdout]   53:     0x5f1da9737d87 - std::panic::catch_unwind::h5afd514605fde46b
[INFO] [stdout]                                at /rustc/df4ca44d3fbc9301ee17f30f4d474e6ae4b05252/library/std/src/panic.rs:358:14
[INFO] [stdout]   54:     0x5f1da9737d87 - test::run_test_in_process::h0d5cbfa7067d1720
[INFO] [stdout]                                at /rustc/df4ca44d3fbc9301ee17f30f4d474e6ae4b05252/library/test/src/lib.rs:644:27
[INFO] [stdout]   55:     0x5f1da9737d87 - test::run_test::{{closure}}::h708eb8872708115d
[INFO] [stdout]                                at /rustc/df4ca44d3fbc9301ee17f30f4d474e6ae4b05252/library/test/src/lib.rs:565:43
[INFO] [stdout]   56:     0x5f1da96fb4a4 - test::run_test::{{closure}}::h392c51cee94713ab
[INFO] [stdout]                                at /rustc/df4ca44d3fbc9301ee17f30f4d474e6ae4b05252/library/test/src/lib.rs:595:41
[INFO] [stdout]   57:     0x5f1da96fb4a4 - std::sys::backtrace::__rust_begin_short_backtrace::h2f40290710935a8b
[INFO] [stdout]                                at /rustc/df4ca44d3fbc9301ee17f30f4d474e6ae4b05252/library/std/src/sys/backtrace.rs:154:18
[INFO] [stdout]   58:     0x5f1da96fec4e - std::thread::Builder::spawn_unchecked_::{{closure}}::{{closure}}::h3fd968d89053a903
[INFO] [stdout]                                at /rustc/df4ca44d3fbc9301ee17f30f4d474e6ae4b05252/library/std/src/thread/mod.rs:541:17
[INFO] [stdout]   59:     0x5f1da96fec4e - <core::panic::unwind_safe::AssertUnwindSafe<F> as core::ops::function::FnOnce<()>>::call_once::h743f637ba4229880
[INFO] [stdout]                                at /rustc/df4ca44d3fbc9301ee17f30f4d474e6ae4b05252/library/core/src/panic/unwind_safe.rs:272:9
[INFO] [stdout]   60:     0x5f1da96fec4e - std::panicking::try::do_call::h07440897322525a6
[INFO] [stdout]                                at /rustc/df4ca44d3fbc9301ee17f30f4d474e6ae4b05252/library/std/src/panicking.rs:557:40
[INFO] [stdout]   61:     0x5f1da96fec4e - std::panicking::try::he5a2e00188156637
[INFO] [stdout]                                at /rustc/df4ca44d3fbc9301ee17f30f4d474e6ae4b05252/library/std/src/panicking.rs:520:19
[INFO] [stdout]   62:     0x5f1da96fec4e - std::panic::catch_unwind::hbaf3cae49b3c6433
[INFO] [stdout]                                at /rustc/df4ca44d3fbc9301ee17f30f4d474e6ae4b05252/library/std/src/panic.rs:358:14
[INFO] [stdout]   63:     0x5f1da96fec4e - std::thread::Builder::spawn_unchecked_::{{closure}}::h8e141ea224820bce
[INFO] [stdout]                                at /rustc/df4ca44d3fbc9301ee17f30f4d474e6ae4b05252/library/std/src/thread/mod.rs:540:30
[INFO] [stdout]   64:     0x5f1da96fec4e - core::ops::function::FnOnce::call_once{{vtable.shim}}::h90d312fedd7b8ea8
[INFO] [stdout]                                at /rustc/df4ca44d3fbc9301ee17f30f4d474e6ae4b05252/library/core/src/ops/function.rs:250:5
[INFO] [stdout]   65:     0x5f1da9d70c9b - <alloc::boxed::Box<F,A> as core::ops::function::FnOnce<Args>>::call_once::h69aa08ddb6adb8b6
[INFO] [stdout]                                at /rustc/df4ca44d3fbc9301ee17f30f4d474e6ae4b05252/library/alloc/src/boxed.rs:2454:9
[INFO] [stdout]   66:     0x5f1da9d70c9b - <alloc::boxed::Box<F,A> as core::ops::function::FnOnce<Args>>::call_once::h5aa36efdb79c806f
[INFO] [stdout]                                at /rustc/df4ca44d3fbc9301ee17f30f4d474e6ae4b05252/library/alloc/src/boxed.rs:2454:9
[INFO] [stdout]   67:     0x5f1da9d70c9b - std::sys::pal::unix::thread::Thread::new::thread_start::h6cd80a1b4be5158d
[INFO] [stdout]                                at /rustc/df4ca44d3fbc9301ee17f30f4d474e6ae4b05252/library/std/src/sys/pal/unix/thread.rs:105:17
[INFO] [stdout]   68:     0x7dff9b21fac3 - <unknown>
[INFO] [stdout]   69:     0x7dff9b2b0a04 - clone
[INFO] [stdout]   70:                0x0 - <unknown>
[INFO] [stdout] 
[INFO] [stdout] ---- farm_position_claim_test stdout ----
[INFO] [stdout] thread 'farm_position_claim_test' panicked at /opt/rustwide/cargo-home/registry/src/index.crates.io-6f17d22bba15001f/multiversx-sc-snippets-0.50.5/src/interactor.rs:37:63:
[INFO] [stdout] called `Result::unwrap()` on an `Err` value: error sending request for url (https://devnet-gateway.multiversx.com/network/config)
[INFO] [stdout] 
[INFO] [stdout] Caused by:
[INFO] [stdout]     0: client error (Connect)
[INFO] [stdout]     1: dns error: failed to lookup address information: Temporary failure in name resolution
[INFO] [stdout]     2: failed to lookup address information: Temporary failure in name resolution
[INFO] [stdout] 
[INFO] [stdout] Stack backtrace:
[INFO] [stdout]    0: anyhow::error::<impl core::convert::From<E> for anyhow::Error>::from
[INFO] [stdout]              at /opt/rustwide/cargo-home/registry/src/index.crates.io-6f17d22bba15001f/anyhow-1.0.79/src/backtrace.rs:27:14
[INFO] [stdout]    1: <core::result::Result<T,F> as core::ops::try_trait::FromResidual<core::result::Result<core::convert::Infallible,E>>>::from_residual
[INFO] [stdout]              at /rustc/df4ca44d3fbc9301ee17f30f4d474e6ae4b05252/library/core/src/result.rs:2008:27
[INFO] [stdout]    2: multiversx_sdk::blockchain::CommunicationProxy::get_network_config::{{closure}}
[INFO] [stdout]              at /opt/rustwide/cargo-home/registry/src/index.crates.io-6f17d22bba15001f/multiversx-sdk-0.4.1/src/blockchain.rs:64:20
[INFO] [stdout]    3: multiversx_sc_snippets::interactor::Interactor::new::{{closure}}
[INFO] [stdout]              at /opt/rustwide/cargo-home/registry/src/index.crates.io-6f17d22bba15001f/multiversx-sc-snippets-0.50.5/src/interactor.rs:37:57
[INFO] [stdout]    4: rust_interact::ContractInteract::new::{{closure}}
[INFO] [stdout]              at ./src/interactor_main.rs:152:55
[INFO] [stdout]    5: rust_interact::farm_position_claim_test::{{closure}}
[INFO] [stdout]              at ./src/interactor_main.rs:1412:48
[INFO] [stdout]    6: <core::pin::Pin<P> as core::future::future::Future>::poll
[INFO] [stdout]              at /rustc/df4ca44d3fbc9301ee17f30f4d474e6ae4b05252/library/core/src/future/future.rs:123:9
[INFO] [stdout]    7: <core::pin::Pin<P> as core::future::future::Future>::poll
[INFO] [stdout]              at /rustc/df4ca44d3fbc9301ee17f30f4d474e6ae4b05252/library/core/src/future/future.rs:123:9
[INFO] [stdout]    8: tokio::runtime::scheduler::current_thread::CoreGuard::block_on::{{closure}}::{{closure}}::{{closure}}
[INFO] [stdout]              at /opt/rustwide/cargo-home/registry/src/index.crates.io-6f17d22bba15001f/tokio-1.40.0/src/runtime/scheduler/current_thread/mod.rs:696:57
[INFO] [stdout]    9: tokio::runtime::coop::with_budget
[INFO] [stdout]              at /opt/rustwide/cargo-home/registry/src/index.crates.io-6f17d22bba15001f/tokio-1.40.0/src/runtime/coop.rs:107:5
[INFO] [stdout]   10: tokio::runtime::coop::budget
[INFO] [stdout]              at /opt/rustwide/cargo-home/registry/src/index.crates.io-6f17d22bba15001f/tokio-1.40.0/src/runtime/coop.rs:73:5
[INFO] [stdout]   11: tokio::runtime::scheduler::current_thread::CoreGuard::block_on::{{closure}}::{{closure}}
[INFO] [stdout]              at /opt/rustwide/cargo-home/registry/src/index.crates.io-6f17d22bba15001f/tokio-1.40.0/src/runtime/scheduler/current_thread/mod.rs:696:25
[INFO] [stdout]   12: tokio::runtime::scheduler::current_thread::Context::enter
[INFO] [stdout]              at /opt/rustwide/cargo-home/registry/src/index.crates.io-6f17d22bba15001f/tokio-1.40.0/src/runtime/scheduler/current_thread/mod.rs:423:19
[INFO] [stdout]   13: tokio::runtime::scheduler::current_thread::CoreGuard::block_on::{{closure}}
[INFO] [stdout]              at /opt/rustwide/cargo-home/registry/src/index.crates.io-6f17d22bba15001f/tokio-1.40.0/src/runtime/scheduler/current_thread/mod.rs:695:36
[INFO] [stdout]   14: tokio::runtime::scheduler::current_thread::CoreGuard::enter::{{closure}}
[INFO] [stdout]              at /opt/rustwide/cargo-home/registry/src/index.crates.io-6f17d22bba15001f/tokio-1.40.0/src/runtime/scheduler/current_thread/mod.rs:774:68
[INFO] [stdout]   15: tokio::runtime::context::scoped::Scoped<T>::set
[INFO] [stdout]              at /opt/rustwide/cargo-home/registry/src/index.crates.io-6f17d22bba15001f/tokio-1.40.0/src/runtime/context/scoped.rs:40:9
[INFO] [stdout]   16: tokio::runtime::context::set_scheduler::{{closure}}
[INFO] [stdout]              at /opt/rustwide/cargo-home/registry/src/index.crates.io-6f17d22bba15001f/tokio-1.40.0/src/runtime/context.rs:180:26
[INFO] [stdout]   17: std::thread::local::LocalKey<T>::try_with
[INFO] [stdout]              at /rustc/df4ca44d3fbc9301ee17f30f4d474e6ae4b05252/library/std/src/thread/local.rs:283:12
[INFO] [stdout]   18: std::thread::local::LocalKey<T>::with
[INFO] [stdout]              at /rustc/df4ca44d3fbc9301ee17f30f4d474e6ae4b05252/library/std/src/thread/local.rs:260:9
[INFO] [stdout]   19: tokio::runtime::context::set_scheduler
[INFO] [stdout]              at /opt/rustwide/cargo-home/registry/src/index.crates.io-6f17d22bba15001f/tokio-1.40.0/src/runtime/context.rs:180:9
[INFO] [stdout]   20: tokio::runtime::scheduler::current_thread::CoreGuard::enter
[INFO] [stdout]              at /opt/rustwide/cargo-home/registry/src/index.crates.io-6f17d22bba15001f/tokio-1.40.0/src/runtime/scheduler/current_thread/mod.rs:774:27
[INFO] [stdout]   21: tokio::runtime::scheduler::current_thread::CoreGuard::block_on
[INFO] [stdout]              at /opt/rustwide/cargo-home/registry/src/index.crates.io-6f17d22bba15001f/tokio-1.40.0/src/runtime/scheduler/current_thread/mod.rs:683:19
[INFO] [stdout]   22: tokio::runtime::scheduler::current_thread::CurrentThread::block_on::{{closure}}
[INFO] [stdout]              at /opt/rustwide/cargo-home/registry/src/index.crates.io-6f17d22bba15001f/tokio-1.40.0/src/runtime/scheduler/current_thread/mod.rs:191:28
[INFO] [stdout]   23: tokio::runtime::context::runtime::enter_runtime
[INFO] [stdout]              at /opt/rustwide/cargo-home/registry/src/index.crates.io-6f17d22bba15001f/tokio-1.40.0/src/runtime/context/runtime.rs:65:16
[INFO] [stdout]   24: tokio::runtime::scheduler::current_thread::CurrentThread::block_on
[INFO] [stdout]              at /opt/rustwide/cargo-home/registry/src/index.crates.io-6f17d22bba15001f/tokio-1.40.0/src/runtime/scheduler/current_thread/mod.rs:179:9
[INFO] [stdout]   25: tokio::runtime::runtime::Runtime::block_on_inner
[INFO] [stdout]              at /opt/rustwide/cargo-home/registry/src/index.crates.io-6f17d22bba15001f/tokio-1.40.0/src/runtime/runtime.rs:361:47
[INFO] [stdout]   26: tokio::runtime::runtime::Runtime::block_on
[INFO] [stdout]              at /opt/rustwide/cargo-home/registry/src/index.crates.io-6f17d22bba15001f/tokio-1.40.0/src/runtime/runtime.rs:335:13
[INFO] [stdout]   27: rust_interact::farm_position_claim_test
[INFO] [stdout]              at ./src/interactor_main.rs:1423:5
[INFO] [stdout]   28: rust_interact::farm_position_claim_test::{{closure}}
[INFO] [stdout]              at ./src/interactor_main.rs:1411:36
[INFO] [stdout]   29: core::ops::function::FnOnce::call_once
[INFO] [stdout]              at /rustc/df4ca44d3fbc9301ee17f30f4d474e6ae4b05252/library/core/src/ops/function.rs:250:5
[INFO] [stdout]   30: core::ops::function::FnOnce::call_once
[INFO] [stdout]              at /rustc/df4ca44d3fbc9301ee17f30f4d474e6ae4b05252/library/core/src/ops/function.rs:250:5
[INFO] [stdout]   31: test::__rust_begin_short_backtrace
[INFO] [stdout]              at /rustc/df4ca44d3fbc9301ee17f30f4d474e6ae4b05252/library/test/src/lib.rs:621:18
[INFO] [stdout]   32: test::run_test_in_process::{{closure}}
[INFO] [stdout]              at /rustc/df4ca44d3fbc9301ee17f30f4d474e6ae4b05252/library/test/src/lib.rs:644:60
[INFO] [stdout]   33: <core::panic::unwind_safe::AssertUnwindSafe<F> as core::ops::function::FnOnce<()>>::call_once
[INFO] [stdout]              at /rustc/df4ca44d3fbc9301ee17f30f4d474e6ae4b05252/library/core/src/panic/unwind_safe.rs:272:9
[INFO] [stdout]   34: std::panicking::try::do_call
[INFO] [stdout]              at /rustc/df4ca44d3fbc9301ee17f30f4d474e6ae4b05252/library/std/src/panicking.rs:557:40
[INFO] [stdout]   35: std::panicking::try
[INFO] [stdout]              at /rustc/df4ca44d3fbc9301ee17f30f4d474e6ae4b05252/library/std/src/panicking.rs:520:19
[INFO] [stdout]   36: std::panic::catch_unwind
[INFO] [stdout]              at /rustc/df4ca44d3fbc9301ee17f30f4d474e6ae4b05252/library/std/src/panic.rs:358:14
[INFO] [stdout]   37: test::run_test_in_process
[INFO] [stdout]              at /rustc/df4ca44d3fbc9301ee17f30f4d474e6ae4b05252/library/test/src/lib.rs:644:27
[INFO] [stdout]   38: test::run_test::{{closure}}
[INFO] [stdout]              at /rustc/df4ca44d3fbc9301ee17f30f4d474e6ae4b05252/library/test/src/lib.rs:565:43
[INFO] [stdout]   39: test::run_test::{{closure}}
[INFO] [stdout]              at /rustc/df4ca44d3fbc9301ee17f30f4d474e6ae4b05252/library/test/src/lib.rs:595:41
[INFO] [stdout]   40: std::sys::backtrace::__rust_begin_short_backtrace
[INFO] [stdout]              at /rustc/df4ca44d3fbc9301ee17f30f4d474e6ae4b05252/library/std/src/sys/backtrace.rs:154:18
[INFO] [stdout]   41: std::thread::Builder::spawn_unchecked_::{{closure}}::{{closure}}
[INFO] [stdout]              at /rustc/df4ca44d3fbc9301ee17f30f4d474e6ae4b05252/library/std/src/thread/mod.rs:541:17
[INFO] [stdout]   42: <core::panic::unwind_safe::AssertUnwindSafe<F> as core::ops::function::FnOnce<()>>::call_once
[INFO] [stdout]              at /rustc/df4ca44d3fbc9301ee17f30f4d474e6ae4b05252/library/core/src/panic/unwind_safe.rs:272:9
[INFO] [stdout]   43: std::panicking::try::do_call
[INFO] [stdout]              at /rustc/df4ca44d3fbc9301ee17f30f4d474e6ae4b05252/library/std/src/panicking.rs:557:40
[INFO] [stdout]   44: std::panicking::try
[INFO] [stdout]              at /rustc/df4ca44d3fbc9301ee17f30f4d474e6ae4b05252/library/std/src/panicking.rs:520:19
[INFO] [stdout]   45: std::panic::catch_unwind
[INFO] [stdout]              at /rustc/df4ca44d3fbc9301ee17f30f4d474e6ae4b05252/library/std/src/panic.rs:358:14
[INFO] [stdout]   46: std::thread::Builder::spawn_unchecked_::{{closure}}
[INFO] [stdout]              at /rustc/df4ca44d3fbc9301ee17f30f4d474e6ae4b05252/library/std/src/thread/mod.rs:540:30
[INFO] [stdout]   47: core::ops::function::FnOnce::call_once{{vtable.shim}}
[INFO] [stdout]              at /rustc/df4ca44d3fbc9301ee17f30f4d474e6ae4b05252/library/core/src/ops/function.rs:250:5
[INFO] [stdout]   48: <alloc::boxed::Box<F,A> as core::ops::function::FnOnce<Args>>::call_once
[INFO] [stdout]              at /rustc/df4ca44d3fbc9301ee17f30f4d474e6ae4b05252/library/alloc/src/boxed.rs:2454:9
[INFO] [stdout]   49: <alloc::boxed::Box<F,A> as core::ops::function::FnOnce<Args>>::call_once
[INFO] [stdout]              at /rustc/df4ca44d3fbc9301ee17f30f4d474e6ae4b05252/library/alloc/src/boxed.rs:2454:9
[INFO] [stdout]   50: std::sys::pal::unix::thread::Thread::new::thread_start
[INFO] [stdout]              at /rustc/df4ca44d3fbc9301ee17f30f4d474e6ae4b05252/library/std/src/sys/pal/unix/thread.rs:105:17
[INFO] [stdout]   51: <unknown>
[INFO] [stdout]   52: clone
[INFO] [stdout] stack backtrace:
[INFO] [stdout]    0:     0x5f1da9d6adaa - std::backtrace_rs::backtrace::libunwind::trace::h207520d6e9873551
[INFO] [stdout]                                at /rustc/df4ca44d3fbc9301ee17f30f4d474e6ae4b05252/library/std/src/../../backtrace/src/backtrace/libunwind.rs:116:5
[INFO] [stdout]    1:     0x5f1da9d6adaa - std::backtrace_rs::backtrace::trace_unsynchronized::h2ed7433f370e3eca
[INFO] [stdout]                                at /rustc/df4ca44d3fbc9301ee17f30f4d474e6ae4b05252/library/std/src/../../backtrace/src/backtrace/mod.rs:66:5
[INFO] [stdout]    2:     0x5f1da9d6adaa - std::sys::backtrace::_print_fmt::h916fac51166b18d7
[INFO] [stdout]                                at /rustc/df4ca44d3fbc9301ee17f30f4d474e6ae4b05252/library/std/src/sys/backtrace.rs:66:9
[INFO] [stdout]    3:     0x5f1da9d6adaa - <std::sys::backtrace::BacktraceLock::print::DisplayBacktrace as core::fmt::Display>::fmt::ha0a4c9b8ce3802e6
[INFO] [stdout]                                at /rustc/df4ca44d3fbc9301ee17f30f4d474e6ae4b05252/library/std/src/sys/backtrace.rs:39:26
[INFO] [stdout]    4:     0x5f1da9d96c83 - core::fmt::rt::Argument::fmt::h4cfc8587d52b3eb5
[INFO] [stdout]                                at /rustc/df4ca44d3fbc9301ee17f30f4d474e6ae4b05252/library/core/src/fmt/rt.rs:177:76
[INFO] [stdout]    5:     0x5f1da9d96c83 - core::fmt::write::h522cc39e5b36ae9f
[INFO] [stdout]                                at /rustc/df4ca44d3fbc9301ee17f30f4d474e6ae4b05252/library/core/src/fmt/mod.rs:1190:21
[INFO] [stdout]    6:     0x5f1da9d66ae3 - std::io::Write::write_fmt::h7d3c26752da97734
[INFO] [stdout]                                at /rustc/df4ca44d3fbc9301ee17f30f4d474e6ae4b05252/library/std/src/io/mod.rs:1839:15
[INFO] [stdout]    7:     0x5f1da9d6abf2 - std::sys::backtrace::BacktraceLock::print::h4b9e00b29e9c0942
[INFO] [stdout]                                at /rustc/df4ca44d3fbc9301ee17f30f4d474e6ae4b05252/library/std/src/sys/backtrace.rs:42:9
[INFO] [stdout]    8:     0x5f1da9d6c23a - std::panicking::default_hook::{{closure}}::hb59b88280d0324d9
[INFO] [stdout]                                at /rustc/df4ca44d3fbc9301ee17f30f4d474e6ae4b05252/library/std/src/panicking.rs:268:22
[INFO] [stdout]    9:     0x5f1da9d6c044 - std::panicking::default_hook::he1dd496665be4a29
[INFO] [stdout]                                at /rustc/df4ca44d3fbc9301ee17f30f4d474e6ae4b05252/library/std/src/panicking.rs:292:9
[INFO] [stdout]   10:     0x5f1da9733b39 - <alloc::boxed::Box<F,A> as core::ops::function::Fn<Args>>::call::h4ff71de18744e1dc
[INFO] [stdout]                                at /rustc/df4ca44d3fbc9301ee17f30f4d474e6ae4b05252/library/alloc/src/boxed.rs:2468:9
[INFO] [stdout]   11:     0x5f1da9733b39 - test::test_main::{{closure}}::hcf7c055ce117aa81
[INFO] [stdout]                                at /rustc/df4ca44d3fbc9301ee17f30f4d474e6ae4b05252/library/test/src/lib.rs:133:21
[INFO] [stdout]   12:     0x5f1da9d6c938 - <alloc::boxed::Box<F,A> as core::ops::function::Fn<Args>>::call::h1d66c6bbd60c9692
[INFO] [stdout]                                at /rustc/df4ca44d3fbc9301ee17f30f4d474e6ae4b05252/library/alloc/src/boxed.rs:2468:9
[INFO] [stdout]   13:     0x5f1da9d6c938 - std::panicking::rust_panic_with_hook::h2ff17fe8f26dfcf8
[INFO] [stdout]                                at /rustc/df4ca44d3fbc9301ee17f30f4d474e6ae4b05252/library/std/src/panicking.rs:809:13
[INFO] [stdout]   14:     0x5f1da9d6c6fa - std::panicking::begin_panic_handler::{{closure}}::h4fad77951c07e101
[INFO] [stdout]                                at /rustc/df4ca44d3fbc9301ee17f30f4d474e6ae4b05252/library/std/src/panicking.rs:674:13
[INFO] [stdout]   15:     0x5f1da9d6b289 - std::sys::backtrace::__rust_end_short_backtrace::hb1a25b3da5d0ea08
[INFO] [stdout]                                at /rustc/df4ca44d3fbc9301ee17f30f4d474e6ae4b05252/library/std/src/sys/backtrace.rs:170:18
[INFO] [stdout]   16:     0x5f1da9d6c38c - rust_begin_unwind
[INFO] [stdout]                                at /rustc/df4ca44d3fbc9301ee17f30f4d474e6ae4b05252/library/std/src/panicking.rs:665:5
[INFO] [stdout]   17:     0x5f1da9d94b70 - core::panicking::panic_fmt::ha9db07b529f9b256
[INFO] [stdout]                                at /rustc/df4ca44d3fbc9301ee17f30f4d474e6ae4b05252/library/core/src/panicking.rs:75:14
[INFO] [stdout]   18:     0x5f1da9d95056 - core::result::unwrap_failed::h5e8218e4d4338b8a
[INFO] [stdout]                                at /rustc/df4ca44d3fbc9301ee17f30f4d474e6ae4b05252/library/core/src/result.rs:1698:5
[INFO] [stdout]   19:     0x5f1da96b747d - core::result::Result<T,E>::unwrap::h352dfdd8446666f3
[INFO] [stdout]                                at /rustc/df4ca44d3fbc9301ee17f30f4d474e6ae4b05252/library/core/src/result.rs:1103:23
[INFO] [stdout]   20:     0x5f1da96b747d - multiversx_sc_snippets::interactor::Interactor::new::{{closure}}::h97e42a42cfb9d42f
[INFO] [stdout]                                at /opt/rustwide/cargo-home/registry/src/index.crates.io-6f17d22bba15001f/multiversx-sc-snippets-0.50.5/src/interactor.rs:37:30
[INFO] [stdout]   21:     0x5f1da96e7e7c - rust_interact::ContractInteract::new::{{closure}}::hba943824fef1c89f
[INFO] [stdout]                                at /opt/rustwide/workdir/dex/farm-with-locked-rewards/interact-rs/src/interactor_main.rs:152:55
[INFO] [stdout]   22:     0x5f1da96edbb4 - rust_interact::farm_position_claim_test::{{closure}}::h51be427c7adb88af
[INFO] [stdout]                                at /opt/rustwide/workdir/dex/farm-with-locked-rewards/interact-rs/src/interactor_main.rs:1412:48
[INFO] [stdout]   23:     0x5f1da96c8ae2 - <core::pin::Pin<P> as core::future::future::Future>::poll::h354c088453856eab
[INFO] [stdout]                                at /rustc/df4ca44d3fbc9301ee17f30f4d474e6ae4b05252/library/core/src/future/future.rs:123:9
[INFO] [stdout]   24:     0x5f1da96c8a9d - <core::pin::Pin<P> as core::future::future::Future>::poll::h3442ffcaf94fcf43
[INFO] [stdout]                                at /rustc/df4ca44d3fbc9301ee17f30f4d474e6ae4b05252/library/core/src/future/future.rs:123:9
[INFO] [stdout]   25:     0x5f1da96f905f - tokio::runtime::scheduler::current_thread::CoreGuard::block_on::{{closure}}::{{closure}}::{{closure}}::h74acce3e00c565fd
[INFO] [stdout]                                at /opt/rustwide/cargo-home/registry/src/index.crates.io-6f17d22bba15001f/tokio-1.40.0/src/runtime/scheduler/current_thread/mod.rs:696:57
[INFO] [stdout]   26:     0x5f1da96f8dc5 - tokio::runtime::coop::with_budget::h054e3a703529c1af
[INFO] [stdout]                                at /opt/rustwide/cargo-home/registry/src/index.crates.io-6f17d22bba15001f/tokio-1.40.0/src/runtime/coop.rs:107:5
[INFO] [stdout]   27:     0x5f1da96f8dc5 - tokio::runtime::coop::budget::hda857f7e8a7fe11f
[INFO] [stdout]                                at /opt/rustwide/cargo-home/registry/src/index.crates.io-6f17d22bba15001f/tokio-1.40.0/src/runtime/coop.rs:73:5
[INFO] [stdout]   28:     0x5f1da96f8dc5 - tokio::runtime::scheduler::current_thread::CoreGuard::block_on::{{closure}}::{{closure}}::hdab37f5e86441f84
[INFO] [stdout]                                at /opt/rustwide/cargo-home/registry/src/index.crates.io-6f17d22bba15001f/tokio-1.40.0/src/runtime/scheduler/current_thread/mod.rs:696:25
[INFO] [stdout]   29:     0x5f1da96f62b0 - tokio::runtime::scheduler::current_thread::Context::enter::h1e01eb0f07a3c478
[INFO] [stdout]                                at /opt/rustwide/cargo-home/registry/src/index.crates.io-6f17d22bba15001f/tokio-1.40.0/src/runtime/scheduler/current_thread/mod.rs:423:19
[INFO] [stdout]   30:     0x5f1da96f7d9b - tokio::runtime::scheduler::current_thread::CoreGuard::block_on::{{closure}}::h00d2e3aaa7e0c7c1
[INFO] [stdout]                                at /opt/rustwide/cargo-home/registry/src/index.crates.io-6f17d22bba15001f/tokio-1.40.0/src/runtime/scheduler/current_thread/mod.rs:695:36
[INFO] [stdout]   31:     0x5f1da96f7a84 - tokio::runtime::scheduler::current_thread::CoreGuard::enter::{{closure}}::h607fba5143c6c318
[INFO] [stdout]                                at /opt/rustwide/cargo-home/registry/src/index.crates.io-6f17d22bba15001f/tokio-1.40.0/src/runtime/scheduler/current_thread/mod.rs:774:68
[INFO] [stdout]   32:     0x5f1da96c865b - tokio::runtime::context::scoped::Scoped<T>::set::h3b4cb1c46a3fb7e9
[INFO] [stdout]                                at /opt/rustwide/cargo-home/registry/src/index.crates.io-6f17d22bba15001f/tokio-1.40.0/src/runtime/context/scoped.rs:40:9
[INFO] [stdout]   33:     0x5f1da96e6cf9 - tokio::runtime::context::set_scheduler::{{closure}}::h5cf03c2d929c9dc4
[INFO] [stdout]                                at /opt/rustwide/cargo-home/registry/src/index.crates.io-6f17d22bba15001f/tokio-1.40.0/src/runtime/context.rs:180:26
[INFO] [stdout]   34:     0x5f1da96f104d - std::thread::local::LocalKey<T>::try_with::hbc06e1872d8116b5
[INFO] [stdout]                                at /rustc/df4ca44d3fbc9301ee17f30f4d474e6ae4b05252/library/std/src/thread/local.rs:283:12
[INFO] [stdout]   35:     0x5f1da96f03ca - std::thread::local::LocalKey<T>::with::h8b4a7e6147065cf5
[INFO] [stdout]                                at /rustc/df4ca44d3fbc9301ee17f30f4d474e6ae4b05252/library/std/src/thread/local.rs:260:9
[INFO] [stdout]   36:     0x5f1da96e6c6d - tokio::runtime::context::set_scheduler::h0a988228af0f68f6
[INFO] [stdout]                                at /opt/rustwide/cargo-home/registry/src/index.crates.io-6f17d22bba15001f/tokio-1.40.0/src/runtime/context.rs:180:9
[INFO] [stdout]   37:     0x5f1da96f7838 - tokio::runtime::scheduler::current_thread::CoreGuard::enter::hd1546aadc5cbd224
[INFO] [stdout]                                at /opt/rustwide/cargo-home/registry/src/index.crates.io-6f17d22bba15001f/tokio-1.40.0/src/runtime/scheduler/current_thread/mod.rs:774:27
[INFO] [stdout]   38:     0x5f1da96f7ac3 - tokio::runtime::scheduler::current_thread::CoreGuard::block_on::h0a05537589fe9634
[INFO] [stdout]                                at /opt/rustwide/cargo-home/registry/src/index.crates.io-6f17d22bba15001f/tokio-1.40.0/src/runtime/scheduler/current_thread/mod.rs:683:19
[INFO] [stdout]   39:     0x5f1da96f5880 - tokio::runtime::scheduler::current_thread::CurrentThread::block_on::{{closure}}::h4b37f2982800e630
[INFO] [stdout]                                at /opt/rustwide/cargo-home/registry/src/index.crates.io-6f17d22bba15001f/tokio-1.40.0/src/runtime/scheduler/current_thread/mod.rs:191:28
[INFO] [stdout]   40:     0x5f1da96dee26 - tokio::runtime::context::runtime::enter_runtime::h056f37365154364e
[INFO] [stdout]                                at /opt/rustwide/cargo-home/registry/src/index.crates.io-6f17d22bba15001f/tokio-1.40.0/src/runtime/context/runtime.rs:65:16
[INFO] [stdout]   41:     0x5f1da96f5621 - tokio::runtime::scheduler::current_thread::CurrentThread::block_on::h936e9999d9e23f6a
[INFO] [stdout]                                at /opt/rustwide/cargo-home/registry/src/index.crates.io-6f17d22bba15001f/tokio-1.40.0/src/runtime/scheduler/current_thread/mod.rs:179:9
[INFO] [stdout]   42:     0x5f1da96b994e - tokio::runtime::runtime::Runtime::block_on_inner::h846ef55aa636055e
[INFO] [stdout]                                at /opt/rustwide/cargo-home/registry/src/index.crates.io-6f17d22bba15001f/tokio-1.40.0/src/runtime/runtime.rs:361:47
[INFO] [stdout]   43:     0x5f1da96b9a65 - tokio::runtime::runtime::Runtime::block_on::hc6f229aca0bf7d91
[INFO] [stdout]                                at /opt/rustwide/cargo-home/registry/src/index.crates.io-6f17d22bba15001f/tokio-1.40.0/src/runtime/runtime.rs:335:13
[INFO] [stdout]   44:     0x5f1da96ed976 - rust_interact::farm_position_claim_test::h9ce9585fbd492183
[INFO] [stdout]                                at /opt/rustwide/workdir/dex/farm-with-locked-rewards/interact-rs/src/interactor_main.rs:1423:5
[INFO] [stdout]   45:     0x5f1da96ed807 - rust_interact::farm_position_claim_test::{{closure}}::h238dc02e95557856
[INFO] [stdout]                                at /opt/rustwide/workdir/dex/farm-with-locked-rewards/interact-rs/src/interactor_main.rs:1411:36
[INFO] [stdout]   46:     0x5f1da96abd46 - core::ops::function::FnOnce::call_once::hf3883f63c144f863
[INFO] [stdout]                                at /rustc/df4ca44d3fbc9301ee17f30f4d474e6ae4b05252/library/core/src/ops/function.rs:250:5
[INFO] [stdout]   47:     0x5f1da973840b - core::ops::function::FnOnce::call_once::h22c3ba5715e93f05
[INFO] [stdout]                                at /rustc/df4ca44d3fbc9301ee17f30f4d474e6ae4b05252/library/core/src/ops/function.rs:250:5
[INFO] [stdout]   48:     0x5f1da973840b - test::__rust_begin_short_backtrace::h8e82d8113d0da17f
[INFO] [stdout]                                at /rustc/df4ca44d3fbc9301ee17f30f4d474e6ae4b05252/library/test/src/lib.rs:621:18
[INFO] [stdout]   49:     0x5f1da9737d87 - test::run_test_in_process::{{closure}}::h33235f4f20b7b7c7
[INFO] [stdout]                                at /rustc/df4ca44d3fbc9301ee17f30f4d474e6ae4b05252/library/test/src/lib.rs:644:60
[INFO] [stdout]   50:     0x5f1da9737d87 - <core::panic::unwind_safe::AssertUnwindSafe<F> as core::ops::function::FnOnce<()>>::call_once::hb5043206310c586f
[INFO] [stdout]                                at /rustc/df4ca44d3fbc9301ee17f30f4d474e6ae4b05252/library/core/src/panic/unwind_safe.rs:272:9
[INFO] [stdout]   51:     0x5f1da9737d87 - std::panicking::try::do_call::h9ad4731a60ab23e2
[INFO] [stdout]                                at /rustc/df4ca44d3fbc9301ee17f30f4d474e6ae4b05252/library/std/src/panicking.rs:557:40
[INFO] [stdout]   52:     0x5f1da9737d87 - std::panicking::try::h3824d23db772a716
[INFO] [stdout]                                at /rustc/df4ca44d3fbc9301ee17f30f4d474e6ae4b05252/library/std/src/panicking.rs:520:19
[INFO] [stdout]   53:     0x5f1da9737d87 - std::panic::catch_unwind::h5afd514605fde46b
[INFO] [stdout]                                at /rustc/df4ca44d3fbc9301ee17f30f4d474e6ae4b05252/library/std/src/panic.rs:358:14
[INFO] [stdout]   54:     0x5f1da9737d87 - test::run_test_in_process::h0d5cbfa7067d1720
[INFO] [stdout]                                at /rustc/df4ca44d3fbc9301ee17f30f4d474e6ae4b05252/library/test/src/lib.rs:644:27
[INFO] [stdout]   55:     0x5f1da9737d87 - test::run_test::{{closure}}::h708eb8872708115d
[INFO] [stdout]                                at /rustc/df4ca44d3fbc9301ee17f30f4d474e6ae4b05252/library/test/src/lib.rs:565:43
[INFO] [stdout]   56:     0x5f1da96fb4a4 - test::run_test::{{closure}}::h392c51cee94713ab
[INFO] [stdout]                                at /rustc/df4ca44d3fbc9301ee17f30f4d474e6ae4b05252/library/test/src/lib.rs:595:41
[INFO] [stdout]   57:     0x5f1da96fb4a4 - std::sys::backtrace::__rust_begin_short_backtrace::h2f40290710935a8b
[INFO] [stdout]                                at /rustc/df4ca44d3fbc9301ee17f30f4d474e6ae4b05252/library/std/src/sys/backtrace.rs:154:18
[INFO] [stdout]   58:     0x5f1da96fec4e - std::thread::Builder::spawn_unchecked_::{{closure}}::{{closure}}::h3fd968d89053a903
[INFO] [stdout]                                at /rustc/df4ca44d3fbc9301ee17f30f4d474e6ae4b05252/library/std/src/thread/mod.rs:541:17
[INFO] [stdout]   59:     0x5f1da96fec4e - <core::panic::unwind_safe::AssertUnwindSafe<F> as core::ops::function::FnOnce<()>>::call_once::h743f637ba4229880
[INFO] [stdout]                                at /rustc/df4ca44d3fbc9301ee17f30f4d474e6ae4b05252/library/core/src/panic/unwind_safe.rs:272:9
[INFO] [stdout]   60:     0x5f1da96fec4e - std::panicking::try::do_call::h07440897322525a6
[INFO] [stdout]                                at /rustc/df4ca44d3fbc9301ee17f30f4d474e6ae4b05252/library/std/src/panicking.rs:557:40
[INFO] [stdout]   61:     0x5f1da96fec4e - std::panicking::try::he5a2e00188156637
[INFO] [stdout]                                at /rustc/df4ca44d3fbc9301ee17f30f4d474e6ae4b05252/library/std/src/panicking.rs:520:19
[INFO] [stdout]   62:     0x5f1da96fec4e - std::panic::catch_unwind::hbaf3cae49b3c6433
[INFO] [stdout]                                at /rustc/df4ca44d3fbc9301ee17f30f4d474e6ae4b05252/library/std/src/panic.rs:358:14
[INFO] [stdout]   63:     0x5f1da96fec4e - std::thread::Builder::spawn_unchecked_::{{closure}}::h8e141ea224820bce
[INFO] [stdout]                                at /rustc/df4ca44d3fbc9301ee17f30f4d474e6ae4b05252/library/std/src/thread/mod.rs:540:30
[INFO] [stdout]   64:     0x5f1da96fec4e - core::ops::function::FnOnce::call_once{{vtable.shim}}::h90d312fedd7b8ea8
[INFO] [stdout]                                at /rustc/df4ca44d3fbc9301ee17f30f4d474e6ae4b05252/library/core/src/ops/function.rs:250:5
[INFO] [stdout]   65:     0x5f1da9d70c9b - <alloc::boxed::Box<F,A> as core::ops::function::FnOnce<Args>>::call_once::h69aa08ddb6adb8b6
[INFO] [stdout]                                at /rustc/df4ca44d3fbc9301ee17f30f4d474e6ae4b05252/library/alloc/src/boxed.rs:2454:9
[INFO] [stdout]   66:     0x5f1da9d70c9b - <alloc::boxed::Box<F,A> as core::ops::function::FnOnce<Args>>::call_once::h5aa36efdb79c806f
[INFO] [stdout]                                at /rustc/df4ca44d3fbc9301ee17f30f4d474e6ae4b05252/library/alloc/src/boxed.rs:2454:9
[INFO] [stdout]   67:     0x5f1da9d70c9b - std::sys::pal::unix::thread::Thread::new::thread_start::h6cd80a1b4be5158d
[INFO] [stdout]                                at /rustc/df4ca44d3fbc9301ee17f30f4d474e6ae4b05252/library/std/src/sys/pal/unix/thread.rs:105:17
[INFO] [stdout]   68:     0x7dff9b21fac3 - <unknown>
[INFO] [stdout]   69:     0x7dff9b2b0a04 - clone
[INFO] [stdout]   70:                0x0 - <unknown>
[INFO] [stdout] 
[INFO] [stdout] 
[INFO] [stdout] failures:
[INFO] [stdout]     farm_position_claim_test
[INFO] [stdout]     farm_with_no_boost_no_proxy_test
[INFO] [stdout]     test_deploy
[INFO] [stdout] 
[INFO] [stdout] test result: FAILED. 0 passed; 3 failed; 0 ignored; 0 measured; 0 filtered out; finished in 0.96s
[INFO] [stdout] 
[INFO] [stderr] error: test failed, to rerun pass `-p rust-interact --bin rust-interact`
[INFO] running `Command { std: "docker" "inspect" "3669fd22659be76cc4c2a24e4c0fc784a7fac32c57b020f265f62182a38e392d", kill_on_drop: false }`
[INFO] running `Command { std: "docker" "rm" "-f" "3669fd22659be76cc4c2a24e4c0fc784a7fac32c57b020f265f62182a38e392d", kill_on_drop: false }`
[INFO] [stdout] 3669fd22659be76cc4c2a24e4c0fc784a7fac32c57b020f265f62182a38e392d
