[INFO] cloning repository https://github.com/djedi23/crud.rs
[INFO] running `Command { std: "git" "-c" "credential.helper=" "-c" "credential.helper=/workspace/cargo-home/bin/git-credential-null" "clone" "--bare" "https://github.com/djedi23/crud.rs" "/workspace/cache/git-repos/https%3A%2F%2Fgithub.com%2Fdjedi23%2Fcrud.rs", kill_on_drop: false }`
[INFO] [stderr] Cloning into bare repository '/workspace/cache/git-repos/https%3A%2F%2Fgithub.com%2Fdjedi23%2Fcrud.rs'...
[INFO] running `Command { std: "git" "rev-parse" "HEAD", kill_on_drop: false }`
[INFO] [stdout] 4b54607b36491593d05dc772857aac6b83870098
[INFO] testing djedi23/crud.rs/4b54607b36491593d05dc772857aac6b83870098 against nightly-2024-10-28+rustflags=-Zrandomize-layout for randomize-layout
[INFO] running `Command { std: "git" "clone" "/workspace/cache/git-repos/https%3A%2F%2Fgithub.com%2Fdjedi23%2Fcrud.rs" "/workspace/builds/worker-1-tc2/source", kill_on_drop: false }`
[INFO] [stderr] Cloning into '/workspace/builds/worker-1-tc2/source'...
[INFO] [stderr] done.
[INFO] validating manifest of git repo https://github.com/djedi23/crud.rs on toolchain nightly-2024-10-28
[INFO] running `Command { std: CARGO_HOME="/workspace/cargo-home" RUSTUP_HOME="/workspace/rustup-home" "/workspace/cargo-home/bin/cargo" "+nightly-2024-10-28" "metadata" "--manifest-path" "Cargo.toml" "--no-deps", kill_on_drop: false }`
[INFO] started tweaking git repo https://github.com/djedi23/crud.rs
[INFO] finished tweaking git repo https://github.com/djedi23/crud.rs
[INFO] tweaked toml for git repo https://github.com/djedi23/crud.rs written to /workspace/builds/worker-1-tc2/source/Cargo.toml
[INFO] crate git repo https://github.com/djedi23/crud.rs already has a lockfile, it will not be regenerated
[INFO] running `Command { std: CARGO_HOME="/workspace/cargo-home" RUSTUP_HOME="/workspace/rustup-home" "/workspace/cargo-home/bin/cargo" "+nightly-2024-10-28" "fetch" "--manifest-path" "Cargo.toml", kill_on_drop: false }`
[INFO] running `Command { std: "docker" "create" "-v" "/var/lib/crater-agent-workspace/builds/worker-1-tc2/target:/opt/rustwide/target:rw,Z" "-v" "/var/lib/crater-agent-workspace/builds/worker-1-tc2/source:/opt/rustwide/workdir:ro,Z" "-v" "/var/lib/crater-agent-workspace/cargo-home:/opt/rustwide/cargo-home:ro,Z" "-v" "/var/lib/crater-agent-workspace/rustup-home:/opt/rustwide/rustup-home:ro,Z" "-e" "SOURCE_DIR=/opt/rustwide/workdir" "-e" "CARGO_TARGET_DIR=/opt/rustwide/target" "-e" "CARGO_HOME=/opt/rustwide/cargo-home" "-e" "RUSTUP_HOME=/opt/rustwide/rustup-home" "-w" "/opt/rustwide/workdir" "-m" "1610612736" "--user" "0:0" "--network" "none" "ghcr.io/rust-lang/crates-build-env/linux@sha256:4a844ea9eb2546a2d2c7022eacef16ef2e8229c7fbb2c7d4d55a9ceca922f72d" "/opt/rustwide/cargo-home/bin/cargo" "+nightly-2024-10-28" "metadata" "--no-deps" "--format-version=1", kill_on_drop: false }`
[INFO] [stdout] 9bd7c30a8c252302286b24efcd8fa278c948bb3e5764c41eb3c5afb9d9938323
[INFO] running `Command { std: "docker" "start" "-a" "9bd7c30a8c252302286b24efcd8fa278c948bb3e5764c41eb3c5afb9d9938323", kill_on_drop: false }`
[INFO] running `Command { std: "docker" "inspect" "9bd7c30a8c252302286b24efcd8fa278c948bb3e5764c41eb3c5afb9d9938323", kill_on_drop: false }`
[INFO] running `Command { std: "docker" "rm" "-f" "9bd7c30a8c252302286b24efcd8fa278c948bb3e5764c41eb3c5afb9d9938323", kill_on_drop: false }`
[INFO] [stdout] 9bd7c30a8c252302286b24efcd8fa278c948bb3e5764c41eb3c5afb9d9938323
[INFO] running `Command { std: "docker" "create" "-v" "/var/lib/crater-agent-workspace/builds/worker-1-tc2/target:/opt/rustwide/target:rw,Z" "-v" "/var/lib/crater-agent-workspace/builds/worker-1-tc2/source:/opt/rustwide/workdir:ro,Z" "-v" "/var/lib/crater-agent-workspace/cargo-home:/opt/rustwide/cargo-home:ro,Z" "-v" "/var/lib/crater-agent-workspace/rustup-home:/opt/rustwide/rustup-home:ro,Z" "-e" "SOURCE_DIR=/opt/rustwide/workdir" "-e" "CARGO_TARGET_DIR=/opt/rustwide/target" "-e" "CARGO_INCREMENTAL=0" "-e" "RUST_BACKTRACE=full" "-e" "RUSTFLAGS=--cap-lints=forbid -Zrandomize-layout" "-e" "RUSTDOCFLAGS=--cap-lints=forbid" "-e" "CARGO_HOME=/opt/rustwide/cargo-home" "-e" "RUSTUP_HOME=/opt/rustwide/rustup-home" "-w" "/opt/rustwide/workdir" "-m" "1610612736" "--user" "0:0" "--network" "none" "ghcr.io/rust-lang/crates-build-env/linux@sha256:4a844ea9eb2546a2d2c7022eacef16ef2e8229c7fbb2c7d4d55a9ceca922f72d" "/opt/rustwide/cargo-home/bin/cargo" "+nightly-2024-10-28" "build" "--frozen" "--message-format=json", kill_on_drop: false }`
[INFO] [stdout] 71961beb597f392080d1bf2c6b92a0b2645697f78636df7d25339ef622f1e5a5
[INFO] running `Command { std: "docker" "start" "-a" "71961beb597f392080d1bf2c6b92a0b2645697f78636df7d25339ef622f1e5a5", kill_on_drop: false }`
[INFO] [stderr]    Compiling proc-macro2 v1.0.78
[INFO] [stderr]    Compiling unicode-ident v1.0.12
[INFO] [stderr]    Compiling libc v0.2.152
[INFO] [stderr]    Compiling version_check v0.9.4
[INFO] [stderr]    Compiling cfg-if v1.0.0
[INFO] [stderr]    Compiling strsim v0.10.0
[INFO] [stderr]    Compiling serde v1.0.195
[INFO] [stderr]    Compiling fnv v1.0.7
[INFO] [stderr]    Compiling memchr v2.7.1
[INFO] [stderr]    Compiling syn v1.0.109
[INFO] [stderr]    Compiling once_cell v1.19.0
[INFO] [stderr]    Compiling ident_case v1.0.1
[INFO] [stderr]    Compiling itoa v1.0.10
[INFO] [stderr]    Compiling unicode-width v0.1.11
[INFO] [stderr]    Compiling thiserror v1.0.56
[INFO] [stderr]    Compiling ryu v1.0.16
[INFO] [stderr]    Compiling serde_json v1.0.111
[INFO] [stderr]    Compiling log v0.4.20
[INFO] [stderr]    Compiling lock_api v0.4.11
[INFO] [stderr]    Compiling parking_lot_core v0.9.9
[INFO] [stderr]    Compiling ucd-trie v0.1.6
[INFO] [stderr]    Compiling smallvec v1.13.1
[INFO] [stderr]    Compiling scopeguard v1.2.0
[INFO] [stderr]    Compiling rustix v0.38.30
[INFO] [stderr]    Compiling pin-project-lite v0.2.13
[INFO] [stderr]    Compiling bytes v1.5.0
[INFO] [stderr]    Compiling utf8parse v0.2.1
[INFO] [stderr]    Compiling linux-raw-sys v0.4.13
[INFO] [stderr]    Compiling bitflags v2.4.2
[INFO] [stderr]    Compiling anstyle-query v1.0.2
[INFO] [stderr]    Compiling colorchoice v1.0.0
[INFO] [stderr]    Compiling proc-macro-error-attr v1.0.4
[INFO] [stderr]    Compiling proc-macro-error v1.0.4
[INFO] [stderr]    Compiling ahash v0.7.8
[INFO] [stderr]    Compiling unicase v2.7.0
[INFO] [stderr]    Compiling anstyle-parse v0.2.3
[INFO] [stderr]    Compiling bitflags v1.3.2
[INFO] [stderr]    Compiling anstyle v1.0.4
[INFO] [stderr]    Compiling clap_lex v0.6.0
[INFO] [stderr]    Compiling rustversion v1.0.14
[INFO] [stderr]    Compiling async-trait v0.1.77
[INFO] [stderr]    Compiling futures-core v0.3.30
[INFO] [stderr]    Compiling dlv-list v0.3.0
[INFO] [stderr]    Compiling scratch v1.0.7
[INFO] [stderr]    Compiling pin-utils v0.1.0
[INFO] [stderr]    Compiling signal-hook v0.3.17
[INFO] [stderr]    Compiling adler v1.0.2
[INFO] [stderr]    Compiling futures-task v0.3.30
[INFO] [stderr]    Compiling anstream v0.6.11
[INFO] [stderr]    Compiling gimli v0.28.1
[INFO] [stderr]    Compiling linked-hash-map v0.5.6
[INFO] [stderr]    Compiling futures-util v0.3.30
[INFO] [stderr]    Compiling http v1.0.0
[INFO] [stderr]    Compiling quote v1.0.35
[INFO] [stderr]    Compiling miniz_oxide v0.7.1
[INFO] [stderr]    Compiling nom v7.1.3
[INFO] [stderr]    Compiling object v0.32.2
[INFO] [stderr]    Compiling yaml-rust v0.4.5
[INFO] [stderr]    Compiling spin v0.9.8
[INFO] [stderr]    Compiling syn v2.0.48
[INFO] [stderr]    Compiling cc v1.0.83
[INFO] [stderr]    Compiling getrandom v0.2.12
[INFO] [stderr]    Compiling signal-hook-registry v1.4.1
[INFO] [stderr]    Compiling mio v0.8.11
[INFO] [stderr]    Compiling socket2 v0.5.5
[INFO] [stderr]    Compiling parking_lot v0.12.1
[INFO] [stderr]    Compiling hashbrown v0.12.3
[INFO] [stderr]    Compiling num_cpus v1.16.0
[INFO] [stderr]    Compiling terminal_size v0.3.0
[INFO] [stderr]    Compiling clap_builder v4.4.18
[INFO] [stderr]    Compiling is-terminal v0.4.12
[INFO] [stderr]    Compiling rustc-demangle v0.1.23
[INFO] [stderr]    Compiling pathdiff v0.2.1
[INFO] [stderr]    Compiling heck v0.4.1
[INFO] [stderr]    Compiling hashbrown v0.14.3
[INFO] [stderr]    Compiling untrusted v0.9.0
[INFO] [stderr]    Compiling rustls-pki-types v1.1.0
[INFO] [stderr]    Compiling equivalent v1.0.1
[INFO] [stderr]    Compiling ordered-multimap v0.4.3
[INFO] [stderr]    Compiling httparse v1.8.0
[INFO] [stderr]    Compiling http-body v1.0.0
[INFO] [stderr]    Compiling aho-corasick v1.1.2
[INFO] [stderr]    Compiling tracing-core v0.1.32
[INFO] [stderr]    Compiling portable-atomic v1.6.0
[INFO] [stderr]    Compiling ring v0.17.7
[INFO] [stderr]    Compiling backtrace v0.3.69
[INFO] [stderr]    Compiling rust-ini v0.18.0
[INFO] [stderr]    Compiling is_ci v1.1.1
[INFO] [stderr]    Compiling regex-syntax v0.8.2
[INFO] [stderr]    Compiling unicode-linebreak v0.1.5
[INFO] [stderr]    Compiling indexmap v2.1.0
[INFO] [stderr]    Compiling try-lock v0.2.5
[INFO] [stderr]    Compiling owo-colors v4.0.0
[INFO] [stderr]    Compiling rustls v0.22.2
[INFO] [stderr]    Compiling smawk v0.3.2
[INFO] [stderr]    Compiling want v0.3.1
[INFO] [stderr]    Compiling textwrap v0.15.2
[INFO] [stderr]    Compiling tracing v0.1.40
[INFO] [stderr]    Compiling supports-color v2.1.0
[INFO] [stderr]    Compiling signal-hook-mio v0.2.3
[INFO] [stderr]    Compiling supports-unicode v2.1.0
[INFO] [stderr]    Compiling supports-hyperlinks v2.1.0
[INFO] [stderr]    Compiling terminal_size v0.1.17
[INFO] [stderr]    Compiling futures-channel v0.3.30
[INFO] [stderr]    Compiling zeroize v1.7.0
[INFO] [stderr]    Compiling either v1.9.0
[INFO] [stderr]    Compiling addr2line v0.21.0
[INFO] [stderr]    Compiling owo-colors v3.5.0
[INFO] [stderr]    Compiling winnow v0.5.34
[INFO] [stderr]    Compiling subtle v2.5.0
[INFO] [stderr]    Compiling option-ext v0.2.0
[INFO] [stderr]    Compiling tower-layer v0.3.2
[INFO] [stderr]    Compiling tower-service v0.3.2
[INFO] [stderr]    Compiling dirs-sys v0.4.1
[INFO] [stderr]    Compiling itertools v0.10.5
[INFO] [stderr]    Compiling crossterm v0.26.1
[INFO] [stderr]    Compiling console v0.15.8
[INFO] [stderr]    Compiling atty v0.2.14
[INFO] [stderr]    Compiling csv-core v0.1.11
[INFO] [stderr]    Compiling unicode-truncate v0.2.0
[INFO] [stderr]    Compiling pad v0.1.6
[INFO] [stderr]    Compiling percent-encoding v2.3.1
[INFO] [stderr]    Compiling case v1.0.0
[INFO] [stderr]    Compiling clap v4.4.18
[INFO] [stderr]    Compiling number_prefix v0.4.0
[INFO] [stderr]    Compiling unsafe-libyaml v0.2.10
[INFO] [stderr]    Compiling indicatif v0.17.7
[INFO] [stderr]    Compiling clap_complete v4.4.9
[INFO] [stderr]    Compiling darling_core v0.14.4
[INFO] [stderr]    Compiling darling_core v0.20.3
[INFO] [stderr]    Compiling backtrace-ext v0.2.1
[INFO] [stderr]    Compiling regex-automata v0.4.4
[INFO] [stderr]    Compiling directories v5.0.1
[INFO] [stderr]    Compiling http-body-util v0.1.0
[INFO] [stderr]    Compiling webpki-roots v0.26.0
[INFO] [stderr]    Compiling base64 v0.21.7
[INFO] [stderr]    Compiling calmio_filters v0.1.0
[INFO] [stderr]    Compiling serde_derive v1.0.195
[INFO] [stderr]    Compiling thiserror-impl v1.0.56
[INFO] [stderr]    Compiling tokio-macros v2.2.0
[INFO] [stderr]    Compiling strum_macros v0.25.3
[INFO] [stderr]    Compiling pin-project-internal v1.1.3
[INFO] [stderr]    Compiling darling_macro v0.14.4
[INFO] [stderr]    Compiling miette-derive v5.10.0
[INFO] [stderr]    Compiling calm_io v0.1.1
[INFO] [stderr]    Compiling darling v0.14.4
[INFO] [stderr]    Compiling derive_builder_core v0.12.0
[INFO] [stderr]    Compiling rustls-webpki v0.102.1
[INFO] [stderr]    Compiling tokio v1.35.1
[INFO] [stderr]    Compiling darling_macro v0.20.3
[INFO] [stderr]    Compiling pin-project v1.1.3
[INFO] [stderr]    Compiling pest v2.7.6
[INFO] [stderr]    Compiling miette v5.10.0
[INFO] [stderr]    Compiling regex v1.10.3
[INFO] [stderr]    Compiling darling v0.20.3
[INFO] [stderr]    Compiling derive_builder_macro v0.12.0
[INFO] [stderr]    Compiling strum v0.25.0
[INFO] [stderr]    Compiling crud-pretty-struct-derive v0.1.6 (/opt/rustwide/workdir/crud-pretty-struct-derive)
[INFO] [stderr]    Compiling crud-tidy-viewer v0.1.6 (/opt/rustwide/workdir/crud-tidy-viewer)
[INFO] [stderr]    Compiling derive_builder v0.12.0
[INFO] [stderr]    Compiling pest_meta v2.7.6
[INFO] [stderr]    Compiling pest_generator v2.7.6
[INFO] [stderr]    Compiling pest_derive v2.7.6
[INFO] [stderr]    Compiling tower v0.4.13
[INFO] [stderr]    Compiling hyper v1.1.0
[INFO] [stderr]    Compiling tokio-rustls v0.25.0
[INFO] [stderr]    Compiling json5 v0.4.1
[INFO] [stderr]    Compiling toml v0.5.11
[INFO] [stderr]    Compiling ron v0.7.1
[INFO] [stderr]    Compiling serde_spanned v0.6.5
[INFO] [stderr]    Compiling toml_datetime v0.6.5
[INFO] [stderr]    Compiling serde_qs v0.12.0
[INFO] [stderr]    Compiling serde_yaml v0.9.30
[INFO] [stderr]    Compiling csv v1.3.0
[INFO] [stderr]    Compiling toml_edit v0.19.15
[INFO] [stderr]    Compiling hyper-util v0.1.3
[INFO] [stderr]    Compiling crud-api-endpoint v0.1.6 (/opt/rustwide/workdir/crud-api-endpoint)
[INFO] [stderr]    Compiling crud-pretty-struct v0.1.6 (/opt/rustwide/workdir/crud-pretty-struct)
[INFO] [stderr]    Compiling config v0.13.4
[INFO] [stderr]    Compiling crud-auth v0.1.6 (/opt/rustwide/workdir/crud-auth)
[INFO] [stderr]    Compiling crud-auth-bearer v0.1.6 (/opt/rustwide/workdir/crud-auth-bearer)
[INFO] [stderr]    Compiling crud-auth-no-auth v0.1.6 (/opt/rustwide/workdir/crud-auth-no-auth)
[INFO] [stderr]    Compiling toml v0.7.8
[INFO] [stderr]    Compiling crud-api-derive v0.1.6 (/opt/rustwide/workdir/crud-api-derive)
[INFO] [stderr]    Compiling crud-derive v0.1.6 (/opt/rustwide/workdir/crud-derive)
[INFO] [stderr]    Compiling crud-api v0.1.6 (/opt/rustwide/workdir/crud-api)
[INFO] [stderr]    Compiling crud v0.1.6 (/opt/rustwide/workdir/crud)
[INFO] [stderr]     Finished `dev` profile [unoptimized + debuginfo] target(s) in 14.60s
[INFO] running `Command { std: "docker" "inspect" "71961beb597f392080d1bf2c6b92a0b2645697f78636df7d25339ef622f1e5a5", kill_on_drop: false }`
[INFO] running `Command { std: "docker" "rm" "-f" "71961beb597f392080d1bf2c6b92a0b2645697f78636df7d25339ef622f1e5a5", kill_on_drop: false }`
[INFO] [stdout] 71961beb597f392080d1bf2c6b92a0b2645697f78636df7d25339ef622f1e5a5
[INFO] running `Command { std: "docker" "create" "-v" "/var/lib/crater-agent-workspace/builds/worker-1-tc2/target:/opt/rustwide/target:rw,Z" "-v" "/var/lib/crater-agent-workspace/builds/worker-1-tc2/source:/opt/rustwide/workdir:ro,Z" "-v" "/var/lib/crater-agent-workspace/cargo-home:/opt/rustwide/cargo-home:ro,Z" "-v" "/var/lib/crater-agent-workspace/rustup-home:/opt/rustwide/rustup-home:ro,Z" "-e" "SOURCE_DIR=/opt/rustwide/workdir" "-e" "CARGO_TARGET_DIR=/opt/rustwide/target" "-e" "CARGO_INCREMENTAL=0" "-e" "RUST_BACKTRACE=full" "-e" "RUSTFLAGS=--cap-lints=forbid -Zrandomize-layout" "-e" "RUSTDOCFLAGS=--cap-lints=forbid" "-e" "CARGO_HOME=/opt/rustwide/cargo-home" "-e" "RUSTUP_HOME=/opt/rustwide/rustup-home" "-w" "/opt/rustwide/workdir" "-m" "1610612736" "--user" "0:0" "--network" "none" "ghcr.io/rust-lang/crates-build-env/linux@sha256:4a844ea9eb2546a2d2c7022eacef16ef2e8229c7fbb2c7d4d55a9ceca922f72d" "/opt/rustwide/cargo-home/bin/cargo" "+nightly-2024-10-28" "test" "--frozen" "--no-run" "--message-format=json", kill_on_drop: false }`
[INFO] [stdout] dd0eb71652bfd4cf607ebf0aff0c1ff9f07e3b2d5c73c6ffa98ec436c2df1c7b
[INFO] running `Command { std: "docker" "start" "-a" "dd0eb71652bfd4cf607ebf0aff0c1ff9f07e3b2d5c73c6ffa98ec436c2df1c7b", kill_on_drop: false }`
[INFO] [stderr]    Compiling log v0.4.20
[INFO] [stderr]    Compiling cc v1.0.83
[INFO] [stderr]    Compiling crud-pretty-struct-derive v0.1.6 (/opt/rustwide/workdir/crud-pretty-struct-derive)
[INFO] [stderr]    Compiling vcpkg v0.2.15
[INFO] [stderr]    Compiling pkg-config v0.3.29
[INFO] [stderr]    Compiling crud-api-derive v0.1.6 (/opt/rustwide/workdir/crud-api-derive)
[INFO] [stderr]    Compiling openssl v0.10.63
[INFO] [stderr]    Compiling termcolor v1.4.1
[INFO] [stderr]    Compiling humantime v2.1.0
[INFO] [stderr]    Compiling foreign-types-shared v0.1.1
[INFO] [stderr]    Compiling openssl-macros v0.1.1
[INFO] [stderr]    Compiling num-traits v0.2.17
[INFO] [stderr]    Compiling iana-time-zone v0.1.60
[INFO] [stderr]    Compiling crud-derive v0.1.6 (/opt/rustwide/workdir/crud-derive)
[INFO] [stderr]    Compiling serde_repr v0.1.18
[INFO] [stderr]    Compiling crud-auth-bearer v0.1.6 (/opt/rustwide/workdir/crud-auth-bearer)
[INFO] [stderr]    Compiling foreign-types v0.3.2
[INFO] [stderr]    Compiling crud-auth-no-auth v0.1.6 (/opt/rustwide/workdir/crud-auth-no-auth)
[INFO] [stderr]    Compiling mio v0.8.11
[INFO] [stderr]    Compiling tracing v0.1.40
[INFO] [stderr]    Compiling env_logger v0.10.2
[INFO] [stderr]    Compiling crud-auth v0.1.6 (/opt/rustwide/workdir/crud-auth)
[INFO] [stderr]    Compiling signal-hook-mio v0.2.3
[INFO] [stderr]    Compiling tokio v1.35.1
[INFO] [stderr]    Compiling openssl-src v300.2.1+3.2.0
[INFO] [stderr]    Compiling pretty_env_logger v0.5.0
[INFO] [stderr]    Compiling crossterm v0.26.1
[INFO] [stderr]    Compiling backtrace v0.3.69
[INFO] [stderr]    Compiling ring v0.17.7
[INFO] [stderr]    Compiling openssl-sys v0.9.99
[INFO] [stderr]    Compiling chrono v0.4.35
[INFO] [stderr]    Compiling crud-tidy-viewer v0.1.6 (/opt/rustwide/workdir/crud-tidy-viewer)
[INFO] [stderr]    Compiling backtrace-ext v0.2.1
[INFO] [stderr]    Compiling miette v5.10.0
[INFO] [stderr]    Compiling crud-pretty-struct v0.1.6 (/opt/rustwide/workdir/crud-pretty-struct)
[INFO] [stderr]    Compiling rustls v0.22.2
[INFO] [stderr]    Compiling tower v0.4.13
[INFO] [stderr]    Compiling hyper v1.1.0
[INFO] [stderr]    Compiling rustls-webpki v0.102.1
[INFO] [stderr]    Compiling hyper-util v0.1.3
[INFO] [stderr]    Compiling tokio-rustls v0.25.0
[INFO] [stderr]    Compiling crud-api v0.1.6 (/opt/rustwide/workdir/crud-api)
[INFO] [stderr]    Compiling crud v0.1.6 (/opt/rustwide/workdir/crud)
[INFO] [stderr]    Compiling crud-api-endpoint v0.1.6 (/opt/rustwide/workdir/crud-api-endpoint)
[INFO] [stderr]     Finished `test` profile [unoptimized + debuginfo] target(s) in 46.93s
[INFO] running `Command { std: "docker" "inspect" "dd0eb71652bfd4cf607ebf0aff0c1ff9f07e3b2d5c73c6ffa98ec436c2df1c7b", kill_on_drop: false }`
[INFO] running `Command { std: "docker" "rm" "-f" "dd0eb71652bfd4cf607ebf0aff0c1ff9f07e3b2d5c73c6ffa98ec436c2df1c7b", kill_on_drop: false }`
[INFO] [stdout] dd0eb71652bfd4cf607ebf0aff0c1ff9f07e3b2d5c73c6ffa98ec436c2df1c7b
[INFO] running `Command { std: "docker" "create" "-v" "/var/lib/crater-agent-workspace/builds/worker-1-tc2/target:/opt/rustwide/target:rw,Z" "-v" "/var/lib/crater-agent-workspace/builds/worker-1-tc2/source:/opt/rustwide/workdir:ro,Z" "-v" "/var/lib/crater-agent-workspace/cargo-home:/opt/rustwide/cargo-home:ro,Z" "-v" "/var/lib/crater-agent-workspace/rustup-home:/opt/rustwide/rustup-home:ro,Z" "-e" "SOURCE_DIR=/opt/rustwide/workdir" "-e" "CARGO_TARGET_DIR=/opt/rustwide/target" "-e" "CARGO_INCREMENTAL=0" "-e" "RUST_BACKTRACE=full" "-e" "RUSTFLAGS=--cap-lints=forbid -Zrandomize-layout" "-e" "RUSTDOCFLAGS=--cap-lints=forbid" "-e" "CARGO_HOME=/opt/rustwide/cargo-home" "-e" "RUSTUP_HOME=/opt/rustwide/rustup-home" "-w" "/opt/rustwide/workdir" "-m" "1610612736" "--user" "0:0" "--network" "none" "ghcr.io/rust-lang/crates-build-env/linux@sha256:4a844ea9eb2546a2d2c7022eacef16ef2e8229c7fbb2c7d4d55a9ceca922f72d" "/opt/rustwide/cargo-home/bin/cargo" "+nightly-2024-10-28" "test" "--frozen", kill_on_drop: false }`
[INFO] [stdout] 92fd45fe3d01789d33d6e893347fdefdb4e4d185f6d9780eaf7af1a2f2b49108
[INFO] running `Command { std: "docker" "start" "-a" "92fd45fe3d01789d33d6e893347fdefdb4e4d185f6d9780eaf7af1a2f2b49108", kill_on_drop: false }`
[INFO] [stderr]     Finished `test` profile [unoptimized + debuginfo] target(s) in 0.37s
[INFO] [stderr]      Running unittests src/lib.rs (/opt/rustwide/target/debug/deps/crud-b00f7e8416bdc177)
[INFO] [stdout] 
[INFO] [stdout] running 0 tests
[INFO] [stdout] 
[INFO] [stdout] test result: ok. 0 passed; 0 failed; 0 ignored; 0 measured; 0 filtered out; finished in 0.00s
[INFO] [stdout] 
[INFO] [stderr]      Running unittests src/lib.rs (/opt/rustwide/target/debug/deps/crud_api-e904196898c21ff3)
[INFO] [stdout] 
[INFO] [stdout] running 1 test
[INFO] [stdout] test tests::it_works ... ok
[INFO] [stdout] 
[INFO] [stdout] test result: ok. 1 passed; 0 failed; 0 ignored; 0 measured; 0 filtered out; finished in 0.00s
[INFO] [stdout] 
[INFO] [stderr]      Running unittests src/lib.rs (/opt/rustwide/target/debug/deps/crud_api_derive-16c751765b0e7200)
[INFO] [stdout] 
[INFO] [stdout] running 7 tests
[INFO] [stdout] test gen_clap_declarations::tests::test_subcommand_rec ... ok
[INFO] [stdout] test gen_clap_declarations::tests::test_is_var ... ok
[INFO] [stdout] test input::structs::tests::is_option_vec_test ... ok
[INFO] [stdout] test input::structs::tests::is_option_test ... ok
[INFO] [stdout] test gen_clap_declarations::tests::test_strip_var ... ok
[INFO] [stdout] test input::structs::tests::is_vec_test ... ok
[INFO] [stdout] test input::structs::tests::type_strip_test ... ok
[INFO] [stdout] 
[INFO] [stdout] test result: ok. 7 passed; 0 failed; 0 ignored; 0 measured; 0 filtered out; finished in 0.00s
[INFO] [stdout] 
[INFO] [stderr]      Running unittests src/lib.rs (/opt/rustwide/target/debug/deps/crud_api_endpoint-2d9d00670f8428e4)
[INFO] [stdout] 
[INFO] [stdout] running 7 tests
[INFO] [stdout] test tests::test_endpoint_default ... ok
[INFO] [stdout] test tests::test_endpoint_result_struct ... ok
[INFO] [stdout] test tests::test_insert_one_endpoint_at_one_level_endpoint ... ok
[INFO] [stdout] test tests::test_insert_one_endpoints_at_three_levels ... ok
[INFO] [stdout] test tests::test_insert_simple_endpoint ... ok
[INFO] [stdout] test tests::test_insert_two_endpoints_at_one_level ... ok
[INFO] [stdout] test tests::test_insert_three_endpoints_at_two_levels ... ok
[INFO] [stdout] 
[INFO] [stderr]      Running unittests src/lib.rs (/opt/rustwide/target/debug/deps/crud_auth-cba9b96eda58b157)
[INFO] [stdout] test result: ok. 7 passed; 0 failed; 0 ignored; 0 measured; 0 filtered out; finished in 0.00s
[INFO] [stdout] 
[INFO] [stdout] 
[INFO] [stdout] running 1 test
[INFO] [stdout] test tests::it_works ... ok
[INFO] [stdout] 
[INFO] [stdout] test result: ok. 1 passed; 0 failed; 0 ignored; 0 measured; 0 filtered out; finished in 0.00s
[INFO] [stdout] 
[INFO] [stderr]      Running unittests src/lib.rs (/opt/rustwide/target/debug/deps/crud_auth_bearer-3079baf1fa902870)
[INFO] [stdout] 
[INFO] [stdout] running 0 tests
[INFO] [stdout] 
[INFO] [stdout] test result: ok. 0 passed; 0 failed; 0 ignored; 0 measured; 0 filtered out; finished in 0.00s
[INFO] [stdout] 
[INFO] [stderr]      Running unittests src/lib.rs (/opt/rustwide/target/debug/deps/crud_auth_no_auth-7923b8bcec00d4d3)
[INFO] [stdout] 
[INFO] [stdout] running 1 test
[INFO] [stdout] test tests::it_works ... ok
[INFO] [stdout] 
[INFO] [stdout] test result: ok. 1 passed; 0 failed; 0 ignored; 0 measured; 0 filtered out; finished in 0.00s
[INFO] [stdout] 
[INFO] [stderr]      Running unittests src/lib.rs (/opt/rustwide/target/debug/deps/crud_derive-4f6ed4c4ea0aa889)
[INFO] [stdout] 
[INFO] [stdout] running 0 tests
[INFO] [stdout] 
[INFO] [stdout] test result: ok. 0 passed; 0 failed; 0 ignored; 0 measured; 0 filtered out; finished in 0.00s
[INFO] [stdout] 
[INFO] [stderr]      Running unittests src/lib.rs (/opt/rustwide/target/debug/deps/crud_pretty_struct-afbd38574310cbb9)
[INFO] [stdout] 
[INFO] [stdout] running 38 tests
[INFO] [stdout] test impls::value::tests::value_array_prefix ... ok
[INFO] [stdout] test impls::value::tests::value_bool ... ok
[INFO] [stdout] test impls::value::tests::value_array_prefix_colored ... ok
[INFO] [stdout] test impls::value::tests::value_array ... ok
[INFO] [stdout] test impls::value::tests::value_array_color ... ok
[INFO] [stdout] test impls::value::tests::value_number ... ok
[INFO] [stdout] test impls::value::tests::value_number_colored ... ok
[INFO] [stdout] test impls::value::tests::value_number_porefix ... ok
[INFO] [stdout] test impls::value::tests::value_string ... ok
[INFO] [stdout] test impls::value::tests::value_object ... ok
[INFO] [stdout] test tests::coloring_some_red ... ok
[INFO] [stdout] test impls::value::tests::value_object_colored ... ok
[INFO] [stdout] test impls::value::tests::value_null ... ok
[INFO] [stdout] test tests::empty_struct ... ok
[INFO] [stdout] test tests::coloring_none ... ok
[INFO] [stdout] test tests::enum_with_struct ... ok
[INFO] [stdout] test tests::formatter_option_struct ... ok
[INFO] [stdout] test tests::option_struct_colored ... ok
[INFO] [stdout] test tests::nested_option_vec_struct ... ok
[INFO] [stdout] test tests::nested_struct ... ok
[INFO] [stdout] test tests::simple_struct ... ok
[INFO] [stdout] test tests::nested_option_struct ... ok
[INFO] [stdout] test tests::simple_enum ... ok
[INFO] [stdout] test tests::simple_struct_custom_label_color ... ok
[INFO] [stdout] test tests::simple_struct_custom_separator ... ok
[INFO] [stdout] test tests::skip_none_option_struct ... ok
[INFO] [stdout] test tests::option_vec_struct ... ok
[INFO] [stdout] test tests::option_vec_struct_colored ... ok
[INFO] [stdout] test tests::struct_with_profile ... ok
[INFO] [stdout] test tests::simple_struct_custom_color ... ok
[INFO] [stdout] test tests::vec_struct_colored ... ok
[INFO] [stdout] test tests::nested_vec_struct ... ok
[INFO] [stdout] test tests::skip_none_nested_option_struct ... ok
[INFO] [stdout] test tests::option_struct ... ok
[INFO] [stdout] test tests::skip_none_nested_option_vec_struct ... ok
[INFO] [stdout] test tests::skip_none_option_vec_struct ... ok
[INFO] [stdout] test tests::vec_struct ... ok
[INFO] [stdout] test tests::simple_struct_colored ... ok
[INFO] [stdout] 
[INFO] [stdout] test result: ok. 38 passed; 0 failed; 0 ignored; 0 measured; 0 filtered out; finished in 0.01s
[INFO] [stdout] 
[INFO] [stderr]      Running tests/pretty.rs (/opt/rustwide/target/debug/deps/pretty-42601786cea9db0e)
[INFO] [stdout] 
[INFO] [stdout] running 31 tests
[INFO] [stdout] test empty_struct ... ok
[INFO] [stdout] test formatter_struct ... ok
[INFO] [stdout] test label_struct ... ok
[INFO] [stdout] test enum_with_label ... ok
[INFO] [stdout] test nested_option_struct ... ok
[INFO] [stdout] test nested_option_vec_struct ... ok
[INFO] [stdout] test option_struct ... ok
[INFO] [stdout] test option_struct_colored ... ok
[INFO] [stdout] test nested_struct ... ok
[INFO] [stdout] test option_vec_enum_in_struct ... ok
[INFO] [stdout] test option_vec_struct ... ok
[INFO] [stdout] test option_vec_struct_colored ... ok
[INFO] [stdout] test simple_struct ... ok
[INFO] [stdout] test simple_struct_colored ... ok
[INFO] [stdout] test simple_struct_custom_label_color ... ok
[INFO] [stdout] test simple_struct_custom_color ... ok
[INFO] [stdout] test simple_struct_custom_separator ... ok
[INFO] [stdout] test skip_none_nested_option_struct ... ok
[INFO] [stdout] test skip_none_option_struct ... ok
[INFO] [stdout] test simple_enum_in_struct ... ok
[INFO] [stdout] test skip_none_option_vec_struct ... ok
[INFO] [stdout] test profile_struct ... ok
[INFO] [stdout] test tuple_enum ... ok
[INFO] [stdout] test simple_enum ... ok
[INFO] [stdout] test skip_simple_struct ... ok
[INFO] [stdout] test vec_struct ... ok
[INFO] [stdout] test vec_enum_in_struct ... ok
[INFO] [stdout] test vec_struct_colored ... ok
[INFO] [stdout] test skip_none_nested_option_vec_struct ... ok
[INFO] [stdout] test skip_nested_struct ... ok
[INFO] [stdout] test vec_struct_nested ... ok
[INFO] [stdout] 
[INFO] [stdout] test result: ok. 31 passed; 0 failed; 0 ignored; 0 measured; 0 filtered out; finished in 0.01s
[INFO] [stdout] 
[INFO] [stderr]      Running unittests src/lib.rs (/opt/rustwide/target/debug/deps/crud_pretty_struct_derive-78d513547ccc8013)
[INFO] [stdout] 
[INFO] [stdout] running 0 tests
[INFO] [stdout] 
[INFO] [stdout] test result: ok. 0 passed; 0 failed; 0 ignored; 0 measured; 0 filtered out; finished in 0.00s
[INFO] [stdout] 
[INFO] [stderr]      Running unittests src/lib.rs (/opt/rustwide/target/debug/deps/crud_tidy_viewer-b2c4c7cd37fb0d10)
[INFO] [stdout] 
[INFO] [stdout] running 6 tests
[INFO] [stdout] test datatype::sigfig::test_f100 ... ok
[INFO] [stdout] test datatype::sigfig::test_fn12345 ... ok
[INFO] [stdout] test datatype::sigfig::test_f12345 ... ok
[INFO] [stdout] test datatype::sigfig::test_fn100 ... ok
[INFO] [stdout] test datatype::sigfig::test_long_double ... ok
[INFO] [stderr]    Doc-tests crud
[INFO] [stdout] test datatype::sigfig::test_norms ... ok
[INFO] [stdout] 
[INFO] [stdout] test result: ok. 6 passed; 0 failed; 0 ignored; 0 measured; 0 filtered out; finished in 0.00s
[INFO] [stdout] 
[INFO] [stdout] 
[INFO] [stdout] running 1 test
[INFO] [stdout] test crud/src/lib.rs - (line 42) ... ignored
[INFO] [stdout] 
[INFO] [stdout] test result: ok. 0 passed; 0 failed; 1 ignored; 0 measured; 0 filtered out; finished in 0.00s
[INFO] [stdout] 
[INFO] [stderr]    Doc-tests crud_api
[INFO] [stdout] 
[INFO] [stdout] running 5 tests
[INFO] [stdout] test crud-api/src/lib.rs - (line 76) ... ok
[INFO] [stdout] test crud-api/src/lib.rs - (line 94) ... ok
[INFO] [stdout] test crud-api/src/lib.rs - (line 122) ... ok
[INFO] [stdout] test crud-api/src/lib.rs - (line 40) ... ok
[INFO] [stdout] test crud-api/src/lib.rs - (line 56) ... ok
[INFO] [stdout] 
[INFO] [stdout] test result: ok. 5 passed; 0 failed; 0 ignored; 0 measured; 0 filtered out; finished in 0.95s
[INFO] [stdout] 
[INFO] [stderr]    Doc-tests crud_api_derive
[INFO] [stdout] 
[INFO] [stdout] running 0 tests
[INFO] [stdout] 
[INFO] [stdout] test result: ok. 0 passed; 0 failed; 0 ignored; 0 measured; 0 filtered out; finished in 0.00s
[INFO] [stdout] 
[INFO] [stderr]    Doc-tests crud_api_endpoint
[INFO] [stdout] 
[INFO] [stdout] running 5 tests
[INFO] [stdout] test crud-api-endpoint/src/lib.rs - Endpoint::transform_from (line 77) ... ignored
[INFO] [stdout] test crud-api-endpoint/src/lib.rs - EndpointBuilder::transform_from (line 77) ... ignored
[INFO] [stdout] test crud-api-endpoint/src/lib.rs - EndpointBuilder::transform_from (line 77) ... ignored
[INFO] [stdout] test crud-api-endpoint/src/api_run.rs - api_run::ApiInformation (line 9) ... ok
[INFO] [stdout] test crud-api-endpoint/src/api_run.rs - api_run::ApiRun::infos (line 70) ... ok
[INFO] [stdout] 
[INFO] [stdout] test result: ok. 2 passed; 0 failed; 3 ignored; 0 measured; 0 filtered out; finished in 0.35s
[INFO] [stdout] 
[INFO] [stderr]    Doc-tests crud_auth
[INFO] [stdout] 
[INFO] [stdout] running 0 tests
[INFO] [stdout] 
[INFO] [stdout] test result: ok. 0 passed; 0 failed; 0 ignored; 0 measured; 0 filtered out; finished in 0.00s
[INFO] [stdout] 
[INFO] [stderr]    Doc-tests crud_auth_bearer
[INFO] [stdout] 
[INFO] [stdout] running 0 tests
[INFO] [stdout] 
[INFO] [stdout] test result: ok. 0 passed; 0 failed; 0 ignored; 0 measured; 0 filtered out; finished in 0.00s
[INFO] [stdout] 
[INFO] [stderr]    Doc-tests crud_auth_no_auth
[INFO] [stdout] 
[INFO] [stdout] running 0 tests
[INFO] [stdout] 
[INFO] [stdout] test result: ok. 0 passed; 0 failed; 0 ignored; 0 measured; 0 filtered out; finished in 0.00s
[INFO] [stdout] 
[INFO] [stderr]    Doc-tests crud_derive
[INFO] [stdout] 
[INFO] [stdout] running 0 tests
[INFO] [stdout] 
[INFO] [stdout] test result: ok. 0 passed; 0 failed; 0 ignored; 0 measured; 0 filtered out; finished in 0.00s
[INFO] [stdout] 
[INFO] [stderr]    Doc-tests crud_pretty_struct
[INFO] [stdout] 
[INFO] [stdout] running 12 tests
[INFO] [stdout] test crud-pretty-struct/src/lib.rs - (line 127) ... ok
[INFO] [stdout] test crud-pretty-struct/src/lib.rs - (line 116) ... ok
[INFO] [stdout] test crud-pretty-struct/src/lib.rs - (line 145) ... ok
[INFO] [stdout] test crud-pretty-struct/src/lib.rs - (line 106) ... ok
[INFO] [stdout] test crud-pretty-struct/src/lib.rs - (line 93) ... ok
[INFO] [stdout] test crud-pretty-struct/src/lib.rs - (line 49) ... ok
[INFO] [stdout] test crud-pretty-struct/src/lib.rs - (line 82) ... ok
[INFO] [stdout] test crud-pretty-struct/src/lib.rs - (line 60) ... ok
[INFO] [stdout] test crud-pretty-struct/src/lib.rs - (line 157) ... ok
[INFO] [stdout] test crud-pretty-struct/src/lib.rs - (line 71) ... ok
[INFO] [stdout] test crud-pretty-struct/src/lib.rs - (line 35) ... ok
[INFO] [stdout] test crud-pretty-struct/src/lib.rs - (line 9) ... ok
[INFO] [stdout] 
[INFO] [stdout] test result: ok. 12 passed; 0 failed; 0 ignored; 0 measured; 0 filtered out; finished in 0.67s
[INFO] [stdout] 
[INFO] [stderr]    Doc-tests crud_pretty_struct_derive
[INFO] [stdout] 
[INFO] [stdout] running 3 tests
[INFO] [stdout] test crud-pretty-struct-derive/src/lib.rs - PrettyField::formatter (line 60) ... ignored
[INFO] [stdout] test crud-pretty-struct-derive/src/lib.rs - PrettyField::formatter (line 64) ... ignored
[INFO] [stdout] test crud-pretty-struct-derive/src/lib.rs - pretty_struct_derive (line 100) ... ignored
[INFO] [stdout] 
[INFO] [stdout] test result: ok. 0 passed; 0 failed; 3 ignored; 0 measured; 0 filtered out; finished in 0.00s
[INFO] [stdout] 
[INFO] [stderr]    Doc-tests crud_tidy_viewer
[INFO] [stdout] 
[INFO] [stdout] running 1 test
[INFO] [stdout] test crud-tidy-viewer/src/lib.rs - (line 9) ... FAILED
[INFO] [stdout] 
[INFO] [stdout] failures:
[INFO] [stdout] 
[INFO] [stdout] ---- crud-tidy-viewer/src/lib.rs - (line 9) stdout ----
[INFO] [stdout] Test executable failed (exit status: 101).
[INFO] [stdout] 
[INFO] [stdout] stderr:
[INFO] [stdout] thread 'main' panicked at crud-tidy-viewer/src/lib.rs:73:47:
[INFO] [stdout] called `Result::unwrap()` on an `Err` value: Os { code: 2, kind: NotFound, message: "No such file or directory" }
[INFO] [stdout] stack backtrace:
[INFO] [stdout]    0:     0x62f024955e1a - std::backtrace_rs::backtrace::libunwind::trace::h207520d6e9873551
[INFO] [stdout]                                at /rustc/df4ca44d3fbc9301ee17f30f4d474e6ae4b05252/library/std/src/../../backtrace/src/backtrace/libunwind.rs:116:5
[INFO] [stdout]    1:     0x62f024955e1a - std::backtrace_rs::backtrace::trace_unsynchronized::h2ed7433f370e3eca
[INFO] [stdout]                                at /rustc/df4ca44d3fbc9301ee17f30f4d474e6ae4b05252/library/std/src/../../backtrace/src/backtrace/mod.rs:66:5
[INFO] [stdout]    2:     0x62f024955e1a - std::sys::backtrace::_print_fmt::h916fac51166b18d7
[INFO] [stdout]                                at /rustc/df4ca44d3fbc9301ee17f30f4d474e6ae4b05252/library/std/src/sys/backtrace.rs:66:9
[INFO] [stdout]    3:     0x62f024955e1a - <std::sys::backtrace::BacktraceLock::print::DisplayBacktrace as core::fmt::Display>::fmt::ha0a4c9b8ce3802e6
[INFO] [stdout]                                at /rustc/df4ca44d3fbc9301ee17f30f4d474e6ae4b05252/library/std/src/sys/backtrace.rs:39:26
[INFO] [stdout]    4:     0x62f02497bfa3 - core::fmt::rt::Argument::fmt::h4cfc8587d52b3eb5
[INFO] [stdout]                                at /rustc/df4ca44d3fbc9301ee17f30f4d474e6ae4b05252/library/core/src/fmt/rt.rs:177:76
[INFO] [stdout]    5:     0x62f02497bfa3 - core::fmt::write::h522cc39e5b36ae9f
[INFO] [stdout]                                at /rustc/df4ca44d3fbc9301ee17f30f4d474e6ae4b05252/library/core/src/fmt/mod.rs:1190:21
[INFO] [stdout]    6:     0x62f024953283 - std::io::Write::write_fmt::hf1c1dcc8cc1287f0
[INFO] [stdout]                                at /rustc/df4ca44d3fbc9301ee17f30f4d474e6ae4b05252/library/std/src/io/mod.rs:1839:15
[INFO] [stdout]    7:     0x62f024955c62 - std::sys::backtrace::BacktraceLock::print::h4b9e00b29e9c0942
[INFO] [stdout]                                at /rustc/df4ca44d3fbc9301ee17f30f4d474e6ae4b05252/library/std/src/sys/backtrace.rs:42:9
[INFO] [stdout]    8:     0x62f024956c2c - std::panicking::default_hook::{{closure}}::hb59b88280d0324d9
[INFO] [stdout]                                at /rustc/df4ca44d3fbc9301ee17f30f4d474e6ae4b05252/library/std/src/panicking.rs:268:22
[INFO] [stdout]    9:     0x62f024956a72 - std::panicking::default_hook::he1dd496665be4a29
[INFO] [stdout]                                at /rustc/df4ca44d3fbc9301ee17f30f4d474e6ae4b05252/library/std/src/panicking.rs:295:9
[INFO] [stdout]   10:     0x62f024957227 - std::panicking::rust_panic_with_hook::h2ff17fe8f26dfcf8
[INFO] [stdout]                                at /rustc/df4ca44d3fbc9301ee17f30f4d474e6ae4b05252/library/std/src/panicking.rs:801:13
[INFO] [stdout]   11:     0x62f0249570ba - std::panicking::begin_panic_handler::{{closure}}::h4fad77951c07e101
[INFO] [stdout]                                at /rustc/df4ca44d3fbc9301ee17f30f4d474e6ae4b05252/library/std/src/panicking.rs:674:13
[INFO] [stdout]   12:     0x62f0249562f9 - std::sys::backtrace::__rust_end_short_backtrace::hb1a25b3da5d0ea08
[INFO] [stdout]                                at /rustc/df4ca44d3fbc9301ee17f30f4d474e6ae4b05252/library/std/src/sys/backtrace.rs:170:18
[INFO] [stdout]   13:     0x62f024956d4c - rust_begin_unwind
[INFO] [stdout]                                at /rustc/df4ca44d3fbc9301ee17f30f4d474e6ae4b05252/library/std/src/panicking.rs:665:5
[INFO] [stdout]   14:     0x62f02497a680 - core::panicking::panic_fmt::ha9db07b529f9b256
[INFO] [stdout]                                at /rustc/df4ca44d3fbc9301ee17f30f4d474e6ae4b05252/library/core/src/panicking.rs:75:14
[INFO] [stdout]   15:     0x62f02497ab06 - core::result::unwrap_failed::h5e8218e4d4338b8a
[INFO] [stdout]                                at /rustc/df4ca44d3fbc9301ee17f30f4d474e6ae4b05252/library/core/src/result.rs:1698:5
[INFO] [stdout]   16:     0x62f024694f94 - core::result::Result<T,E>::unwrap::h2ae67f32c104401e
[INFO] [stdout]                                at /rustc/df4ca44d3fbc9301ee17f30f4d474e6ae4b05252/library/core/src/result.rs:1103:23
[INFO] [stdout]   17:     0x62f024694f94 - <crud_tidy_viewer::TableConfig as core::default::Default>::default::h3b13d414880d6b83
[INFO] [stdout]                                at /opt/rustwide/workdir/crud-tidy-viewer/src/lib.rs:73:19
[INFO] [stdout]   18:     0x62f02467d499 - rust_out::main::hfc6c2d785e206a4b
[INFO] [stdout]   19:     0x62f02467c483 - core::ops::function::FnOnce::call_once::h83399bbe8386f2fe
[INFO] [stdout]   20:     0x62f02467c3e6 - std::sys::backtrace::__rust_begin_short_backtrace::h838107742e5ec499
[INFO] [stdout]   21:     0x62f02467c3c9 - std::rt::lang_start::{{closure}}::heb610e72ae122e6e
[INFO] [stdout]   22:     0x62f02494fed7 - core::ops::function::impls::<impl core::ops::function::FnOnce<A> for &F>::call_once::hd87d66b906e0ccaf
[INFO] [stdout]                                at /rustc/df4ca44d3fbc9301ee17f30f4d474e6ae4b05252/library/core/src/ops/function.rs:284:13
[INFO] [stdout]   23:     0x62f02494fed7 - std::panicking::try::do_call::hae3703de71fc9e3a
[INFO] [stdout]                                at /rustc/df4ca44d3fbc9301ee17f30f4d474e6ae4b05252/library/std/src/panicking.rs:557:40
[INFO] [stdout]   24:     0x62f02494fed7 - std::panicking::try::h1178330e9a2b2645
[INFO] [stdout]                                at /rustc/df4ca44d3fbc9301ee17f30f4d474e6ae4b05252/library/std/src/panicking.rs:520:19
[INFO] [stdout]   25:     0x62f02494fed7 - std::panic::catch_unwind::h0acf49d2305d32ad
[INFO] [stdout]                                at /rustc/df4ca44d3fbc9301ee17f30f4d474e6ae4b05252/library/std/src/panic.rs:358:14
[INFO] [stdout]   26:     0x62f02494fed7 - std::rt::lang_start_internal::{{closure}}::h2d95182d798177be
[INFO] [stdout]                                at /rustc/df4ca44d3fbc9301ee17f30f4d474e6ae4b05252/library/std/src/rt.rs:174:48
[INFO] [stdout]   27:     0x62f02494fed7 - std::panicking::try::do_call::hb506f5bfe11fd30c
[INFO] [stdout]                                at /rustc/df4ca44d3fbc9301ee17f30f4d474e6ae4b05252/library/std/src/panicking.rs:557:40
[INFO] [stdout]   28:     0x62f02494fed7 - std::panicking::try::h54d825c46bd0fa95
[INFO] [stdout]                                at /rustc/df4ca44d3fbc9301ee17f30f4d474e6ae4b05252/library/std/src/panicking.rs:520:19
[INFO] [stdout]   29:     0x62f02494fed7 - std::panic::catch_unwind::hffbb0ad20c4e9fac
[INFO] [stdout]                                at /rustc/df4ca44d3fbc9301ee17f30f4d474e6ae4b05252/library/std/src/panic.rs:358:14
[INFO] [stdout]   30:     0x62f02494fed7 - std::rt::lang_start_internal::h52c291ef1962c925
[INFO] [stdout]                                at /rustc/df4ca44d3fbc9301ee17f30f4d474e6ae4b05252/library/std/src/rt.rs:174:20
[INFO] [stdout]   31:     0x62f02467c3a7 - std::rt::lang_start::h8c2130db1f6c25c7
[INFO] [stdout]   32:     0x62f02467d535 - main
[INFO] [stdout]   33:     0x7a434d7ced90 - <unknown>
[INFO] [stdout]   34:     0x7a434d7cee40 - __libc_start_main
[INFO] [stdout]   35:     0x62f02467c2b5 - _start
[INFO] [stdout]   36:                0x0 - <unknown>
[INFO] [stdout] 
[INFO] [stdout] 
[INFO] [stdout] 
[INFO] [stdout] failures:
[INFO] [stdout]     crud-tidy-viewer/src/lib.rs - (line 9)
[INFO] [stdout] 
[INFO] [stdout] test result: FAILED. 0 passed; 1 failed; 0 ignored; 0 measured; 0 filtered out; finished in 0.39s
[INFO] [stdout] 
[INFO] [stderr] error: doctest failed, to rerun pass `-p crud-tidy-viewer --doc`
[INFO] running `Command { std: "docker" "inspect" "92fd45fe3d01789d33d6e893347fdefdb4e4d185f6d9780eaf7af1a2f2b49108", kill_on_drop: false }`
[INFO] running `Command { std: "docker" "rm" "-f" "92fd45fe3d01789d33d6e893347fdefdb4e4d185f6d9780eaf7af1a2f2b49108", kill_on_drop: false }`
[INFO] [stdout] 92fd45fe3d01789d33d6e893347fdefdb4e4d185f6d9780eaf7af1a2f2b49108
