[INFO] fetching crate vbsp 0.6.0...
[INFO] testing vbsp-0.6.0 against nightly-2024-10-28+rustflags=-Zrandomize-layout for randomize-layout
[INFO] extracting crate vbsp 0.6.0 into /workspace/builds/worker-7-tc2/source
[INFO] validating manifest of crates.io crate vbsp 0.6.0 on toolchain nightly-2024-10-28
[INFO] running `Command { std: CARGO_HOME="/workspace/cargo-home" RUSTUP_HOME="/workspace/rustup-home" "/workspace/cargo-home/bin/cargo" "+nightly-2024-10-28" "metadata" "--manifest-path" "Cargo.toml" "--no-deps", kill_on_drop: false }`
[INFO] started tweaking crates.io crate vbsp 0.6.0
[INFO] removed 0 missing examples
[INFO] finished tweaking crates.io crate vbsp 0.6.0
[INFO] tweaked toml for crates.io crate vbsp 0.6.0 written to /workspace/builds/worker-7-tc2/source/Cargo.toml
[INFO] crate crates.io crate vbsp 0.6.0 already has a lockfile, it will not be regenerated
[INFO] running `Command { std: CARGO_HOME="/workspace/cargo-home" RUSTUP_HOME="/workspace/rustup-home" "/workspace/cargo-home/bin/cargo" "+nightly-2024-10-28" "fetch" "--manifest-path" "Cargo.toml", kill_on_drop: false }`
[INFO] running `Command { std: "docker" "create" "-v" "/var/lib/crater-agent-workspace/builds/worker-7-tc2/target:/opt/rustwide/target:rw,Z" "-v" "/var/lib/crater-agent-workspace/builds/worker-7-tc2/source:/opt/rustwide/workdir:ro,Z" "-v" "/var/lib/crater-agent-workspace/cargo-home:/opt/rustwide/cargo-home:ro,Z" "-v" "/var/lib/crater-agent-workspace/rustup-home:/opt/rustwide/rustup-home:ro,Z" "-e" "SOURCE_DIR=/opt/rustwide/workdir" "-e" "CARGO_TARGET_DIR=/opt/rustwide/target" "-e" "CARGO_HOME=/opt/rustwide/cargo-home" "-e" "RUSTUP_HOME=/opt/rustwide/rustup-home" "-w" "/opt/rustwide/workdir" "-m" "1610612736" "--user" "0:0" "--network" "none" "ghcr.io/rust-lang/crates-build-env/linux@sha256:4a844ea9eb2546a2d2c7022eacef16ef2e8229c7fbb2c7d4d55a9ceca922f72d" "/opt/rustwide/cargo-home/bin/cargo" "+nightly-2024-10-28" "metadata" "--no-deps" "--format-version=1", kill_on_drop: false }`
[INFO] [stdout] 03c5725def31d4826ff0c2af851f757e96a7380643cef6a7b82f585c0706e24f
[INFO] running `Command { std: "docker" "start" "-a" "03c5725def31d4826ff0c2af851f757e96a7380643cef6a7b82f585c0706e24f", kill_on_drop: false }`
[INFO] running `Command { std: "docker" "inspect" "03c5725def31d4826ff0c2af851f757e96a7380643cef6a7b82f585c0706e24f", kill_on_drop: false }`
[INFO] running `Command { std: "docker" "rm" "-f" "03c5725def31d4826ff0c2af851f757e96a7380643cef6a7b82f585c0706e24f", kill_on_drop: false }`
[INFO] [stdout] 03c5725def31d4826ff0c2af851f757e96a7380643cef6a7b82f585c0706e24f
[INFO] running `Command { std: "docker" "create" "-v" "/var/lib/crater-agent-workspace/builds/worker-7-tc2/target:/opt/rustwide/target:rw,Z" "-v" "/var/lib/crater-agent-workspace/builds/worker-7-tc2/source:/opt/rustwide/workdir:ro,Z" "-v" "/var/lib/crater-agent-workspace/cargo-home:/opt/rustwide/cargo-home:ro,Z" "-v" "/var/lib/crater-agent-workspace/rustup-home:/opt/rustwide/rustup-home:ro,Z" "-e" "SOURCE_DIR=/opt/rustwide/workdir" "-e" "CARGO_TARGET_DIR=/opt/rustwide/target" "-e" "CARGO_INCREMENTAL=0" "-e" "RUST_BACKTRACE=full" "-e" "RUSTFLAGS=--cap-lints=forbid -Zrandomize-layout" "-e" "RUSTDOCFLAGS=--cap-lints=forbid" "-e" "CARGO_HOME=/opt/rustwide/cargo-home" "-e" "RUSTUP_HOME=/opt/rustwide/rustup-home" "-w" "/opt/rustwide/workdir" "-m" "1610612736" "--user" "0:0" "--network" "none" "ghcr.io/rust-lang/crates-build-env/linux@sha256:4a844ea9eb2546a2d2c7022eacef16ef2e8229c7fbb2c7d4d55a9ceca922f72d" "/opt/rustwide/cargo-home/bin/cargo" "+nightly-2024-10-28" "build" "--frozen" "--message-format=json", kill_on_drop: false }`
[INFO] [stdout] 81637fc0098e0466b24a1e41a08a9b163fad05377ee9d2a749c2b9787b7c1d71
[INFO] running `Command { std: "docker" "start" "-a" "81637fc0098e0466b24a1e41a08a9b163fad05377ee9d2a749c2b9787b7c1d71", kill_on_drop: false }`
[INFO] [stderr]    Compiling proc-macro2 v1.0.86
[INFO] [stderr]    Compiling regex-syntax v0.8.4
[INFO] [stderr]    Compiling cfg-if v1.0.0
[INFO] [stderr]    Compiling hashbrown v0.14.5
[INFO] [stderr]    Compiling memchr v2.7.4
[INFO] [stderr]    Compiling autocfg v1.3.0
[INFO] [stderr]    Compiling syn v1.0.109
[INFO] [stderr]    Compiling beef v0.5.2
[INFO] [stderr]    Compiling toml_datetime v0.6.8
[INFO] [stderr]    Compiling libc v0.2.158
[INFO] [stderr]    Compiling winnow v0.6.18
[INFO] [stderr]    Compiling aho-corasick v1.1.3
[INFO] [stderr]    Compiling thiserror v1.0.63
[INFO] [stderr]    Compiling version_check v0.9.5
[INFO] [stderr]    Compiling serde v1.0.209
[INFO] [stderr]    Compiling binrw_derive v0.14.0
[INFO] [stderr]    Compiling feature-probe v0.1.1
[INFO] [stderr]    Compiling owo-colors v3.5.0
[INFO] [stderr]    Compiling bv v0.11.1
[INFO] [stderr]    Compiling cgmath v0.18.0
[INFO] [stderr]    Compiling ahash v0.8.11
[INFO] [stderr]    Compiling unicode-width v0.1.13
[INFO] [stderr]    Compiling binrw v0.14.0
[INFO] [stderr]    Compiling byteorder v1.5.0
[INFO] [stderr]    Compiling crc-catalog v2.4.0
[INFO] [stderr]    Compiling num-traits v0.2.19
[INFO] [stderr]    Compiling byteorder v0.5.3
[INFO] [stderr]    Compiling crc v3.2.1
[INFO] [stderr]    Compiling crc32fast v1.4.2
[INFO] [stderr]    Compiling indexmap v2.4.0
[INFO] [stderr]    Compiling bytemuck v1.17.1
[INFO] [stderr]    Compiling lzma v0.2.2
[INFO] [stderr]    Compiling either v1.13.0
[INFO] [stderr]    Compiling quote v1.0.37
[INFO] [stderr]    Compiling once_cell v1.19.0
[INFO] [stderr]    Compiling syn v2.0.76
[INFO] [stderr]    Compiling array-init v2.1.0
[INFO] [stderr]    Compiling getrandom v0.2.15
[INFO] [stderr]    Compiling zerocopy v0.7.35
[INFO] [stderr]    Compiling lzma-rs v0.3.0
[INFO] [stderr]    Compiling zip-lzma v0.6.3
[INFO] [stderr]    Compiling itertools v0.13.0
[INFO] [stderr]    Compiling static_assertions v1.1.0
[INFO] [stderr]    Compiling arrayvec v0.7.6
[INFO] [stderr]    Compiling approx v0.4.0
[INFO] [stderr]    Compiling bitflags v2.6.0
[INFO] [stderr]    Compiling regex-automata v0.4.7
[INFO] [stderr]    Compiling toml_edit v0.22.20
[INFO] [stderr]    Compiling logos-codegen v0.14.1
[INFO] [stderr]    Compiling proc-macro-crate v3.2.0
[INFO] [stderr]    Compiling regex v1.10.6
[INFO] [stderr]    Compiling structmeta-derive v0.3.0
[INFO] [stderr]    Compiling thiserror-impl v1.0.63
[INFO] [stderr]    Compiling logos-derive v0.14.1
[INFO] [stderr]    Compiling miette-derive v7.2.0
[INFO] [stderr]    Compiling serde_derive v1.0.209
[INFO] [stderr]    Compiling num_enum_derive v0.7.3
[INFO] [stderr]    Compiling logos v0.14.1
[INFO] [stderr]    Compiling structmeta v0.3.0
[INFO] [stderr]    Compiling num_enum v0.7.3
[INFO] [stderr]    Compiling miette v7.2.0
[INFO] [stderr]    Compiling parse-display-derive v0.9.1
[INFO] [stderr]    Compiling parse-display v0.9.1
[INFO] [stderr]    Compiling vdf-reader v0.2.0
[INFO] [stderr]    Compiling vbsp v0.6.0 (/opt/rustwide/workdir)
[INFO] [stdout] error[E0080]: evaluation of constant value failed
[INFO] [stdout]    --> src/data/mod.rs:221:1
[INFO] [stdout]     |
[INFO] [stdout] 221 | static_assertions::const_assert_eq!(size_of::<Node>(), 32);
[INFO] [stdout]     | ^^^^^^^^^^^^^^^^^^^^^^^^^^^^^^^^^^^^^^^^^^^^^^^^^^^^^^^^^^ attempt to compute `0_usize - 1_usize`, which would overflow
[INFO] [stdout]     |
[INFO] [stdout]     = note: this error originates in the macro `const_assert` which comes from the expansion of the macro `static_assertions::const_assert_eq` (in Nightly builds, run with -Z macro-backtrace for more info)
[INFO] [stdout] 
[INFO] [stdout] 
[INFO] [stdout] error[E0080]: evaluation of constant value failed
[INFO] [stdout]    --> src/data/mod.rs:393:1
[INFO] [stdout]     |
[INFO] [stdout] 393 | static_assertions::const_assert_eq!(size_of::<Face>(), 56);
[INFO] [stdout]     | ^^^^^^^^^^^^^^^^^^^^^^^^^^^^^^^^^^^^^^^^^^^^^^^^^^^^^^^^^^ attempt to compute `0_usize - 1_usize`, which would overflow
[INFO] [stdout]     |
[INFO] [stdout]     = note: this error originates in the macro `const_assert` which comes from the expansion of the macro `static_assertions::const_assert_eq` (in Nightly builds, run with -Z macro-backtrace for more info)
[INFO] [stdout] 
[INFO] [stdout] 
[INFO] [stdout] error[E0080]: evaluation of constant value failed
[INFO] [stdout]    --> src/data/game.rs:272:1
[INFO] [stdout]     |
[INFO] [stdout] 272 | static_assertions::const_assert_eq!(size_of::<StaticPropLumpV10>(), size_of::<StaticPropLump>());
[INFO] [stdout]     | ^^^^^^^^^^^^^^^^^^^^^^^^^^^^^^^^^^^^^^^^^^^^^^^^^^^^^^^^^^^^^^^^^^^^^^^^^^^^^^^^^^^^^^^^^^^^^^^^ attempt to compute `0_usize - 1_usize`, which would overflow
[INFO] [stdout]     |
[INFO] [stdout]     = note: this error originates in the macro `const_assert` which comes from the expansion of the macro `static_assertions::const_assert_eq` (in Nightly builds, run with -Z macro-backtrace for more info)
[INFO] [stdout] 
[INFO] [stdout] 
[INFO] [stdout] For more information about this error, try `rustc --explain E0080`.
[INFO] [stdout] 
[INFO] [stderr] error: could not compile `vbsp` (lib) due to 3 previous errors
[INFO] running `Command { std: "docker" "inspect" "81637fc0098e0466b24a1e41a08a9b163fad05377ee9d2a749c2b9787b7c1d71", kill_on_drop: false }`
[INFO] running `Command { std: "docker" "rm" "-f" "81637fc0098e0466b24a1e41a08a9b163fad05377ee9d2a749c2b9787b7c1d71", kill_on_drop: false }`
[INFO] [stdout] 81637fc0098e0466b24a1e41a08a9b163fad05377ee9d2a749c2b9787b7c1d71
