[INFO] fetching crate tolerance 1.1.1...
[INFO] testing tolerance-1.1.1 against nightly-2024-10-28+rustflags=-Zrandomize-layout for randomize-layout
[INFO] extracting crate tolerance 1.1.1 into /workspace/builds/worker-1-tc2/source
[INFO] validating manifest of crates.io crate tolerance 1.1.1 on toolchain nightly-2024-10-28
[INFO] running `Command { std: CARGO_HOME="/workspace/cargo-home" RUSTUP_HOME="/workspace/rustup-home" "/workspace/cargo-home/bin/cargo" "+nightly-2024-10-28" "metadata" "--manifest-path" "Cargo.toml" "--no-deps", kill_on_drop: false }`
[INFO] started tweaking crates.io crate tolerance 1.1.1
[INFO] finished tweaking crates.io crate tolerance 1.1.1
[INFO] tweaked toml for crates.io crate tolerance 1.1.1 written to /workspace/builds/worker-1-tc2/source/Cargo.toml
[INFO] running `Command { std: CARGO_HOME="/workspace/cargo-home" RUSTUP_HOME="/workspace/rustup-home" "/workspace/cargo-home/bin/cargo" "+nightly-2024-10-28" "generate-lockfile" "--manifest-path" "Cargo.toml", kill_on_drop: false }`
[INFO] [stderr]     Updating crates.io index
[INFO] [stderr]      Locking 10 packages to latest compatible versions
[INFO] running `Command { std: CARGO_HOME="/workspace/cargo-home" RUSTUP_HOME="/workspace/rustup-home" "/workspace/cargo-home/bin/cargo" "+nightly-2024-10-28" "fetch" "--manifest-path" "Cargo.toml", kill_on_drop: false }`
[INFO] running `Command { std: "docker" "create" "-v" "/var/lib/crater-agent-workspace/builds/worker-1-tc2/target:/opt/rustwide/target:rw,Z" "-v" "/var/lib/crater-agent-workspace/builds/worker-1-tc2/source:/opt/rustwide/workdir:ro,Z" "-v" "/var/lib/crater-agent-workspace/cargo-home:/opt/rustwide/cargo-home:ro,Z" "-v" "/var/lib/crater-agent-workspace/rustup-home:/opt/rustwide/rustup-home:ro,Z" "-e" "SOURCE_DIR=/opt/rustwide/workdir" "-e" "CARGO_TARGET_DIR=/opt/rustwide/target" "-e" "CARGO_HOME=/opt/rustwide/cargo-home" "-e" "RUSTUP_HOME=/opt/rustwide/rustup-home" "-w" "/opt/rustwide/workdir" "-m" "1610612736" "--user" "0:0" "--network" "none" "ghcr.io/rust-lang/crates-build-env/linux@sha256:4a844ea9eb2546a2d2c7022eacef16ef2e8229c7fbb2c7d4d55a9ceca922f72d" "/opt/rustwide/cargo-home/bin/cargo" "+nightly-2024-10-28" "metadata" "--no-deps" "--format-version=1", kill_on_drop: false }`
[INFO] [stdout] 00fc8f616141f1a4e7827b777af546de8d62b7b641d85a83f554de5ba2becdaf
[INFO] running `Command { std: "docker" "start" "-a" "00fc8f616141f1a4e7827b777af546de8d62b7b641d85a83f554de5ba2becdaf", kill_on_drop: false }`
[INFO] running `Command { std: "docker" "inspect" "00fc8f616141f1a4e7827b777af546de8d62b7b641d85a83f554de5ba2becdaf", kill_on_drop: false }`
[INFO] running `Command { std: "docker" "rm" "-f" "00fc8f616141f1a4e7827b777af546de8d62b7b641d85a83f554de5ba2becdaf", kill_on_drop: false }`
[INFO] [stdout] 00fc8f616141f1a4e7827b777af546de8d62b7b641d85a83f554de5ba2becdaf
[INFO] running `Command { std: "docker" "create" "-v" "/var/lib/crater-agent-workspace/builds/worker-1-tc2/target:/opt/rustwide/target:rw,Z" "-v" "/var/lib/crater-agent-workspace/builds/worker-1-tc2/source:/opt/rustwide/workdir:ro,Z" "-v" "/var/lib/crater-agent-workspace/cargo-home:/opt/rustwide/cargo-home:ro,Z" "-v" "/var/lib/crater-agent-workspace/rustup-home:/opt/rustwide/rustup-home:ro,Z" "-e" "SOURCE_DIR=/opt/rustwide/workdir" "-e" "CARGO_TARGET_DIR=/opt/rustwide/target" "-e" "CARGO_INCREMENTAL=0" "-e" "RUST_BACKTRACE=full" "-e" "RUSTFLAGS=--cap-lints=forbid -Zrandomize-layout" "-e" "RUSTDOCFLAGS=--cap-lints=forbid" "-e" "CARGO_HOME=/opt/rustwide/cargo-home" "-e" "RUSTUP_HOME=/opt/rustwide/rustup-home" "-w" "/opt/rustwide/workdir" "-m" "1610612736" "--user" "0:0" "--network" "none" "ghcr.io/rust-lang/crates-build-env/linux@sha256:4a844ea9eb2546a2d2c7022eacef16ef2e8229c7fbb2c7d4d55a9ceca922f72d" "/opt/rustwide/cargo-home/bin/cargo" "+nightly-2024-10-28" "build" "--frozen" "--message-format=json", kill_on_drop: false }`
[INFO] [stdout] cd9cda65b3c2410171b23edf5639a2019080d4c8d255f91c274465e3ec7737f2
[INFO] running `Command { std: "docker" "start" "-a" "cd9cda65b3c2410171b23edf5639a2019080d4c8d255f91c274465e3ec7737f2", kill_on_drop: false }`
[INFO] [stderr]    Compiling tolerance v1.1.1 (/opt/rustwide/workdir)
[INFO] [stderr]     Finished `dev` profile [unoptimized + debuginfo] target(s) in 0.37s
[INFO] running `Command { std: "docker" "inspect" "cd9cda65b3c2410171b23edf5639a2019080d4c8d255f91c274465e3ec7737f2", kill_on_drop: false }`
[INFO] running `Command { std: "docker" "rm" "-f" "cd9cda65b3c2410171b23edf5639a2019080d4c8d255f91c274465e3ec7737f2", kill_on_drop: false }`
[INFO] [stdout] cd9cda65b3c2410171b23edf5639a2019080d4c8d255f91c274465e3ec7737f2
[INFO] running `Command { std: "docker" "create" "-v" "/var/lib/crater-agent-workspace/builds/worker-1-tc2/target:/opt/rustwide/target:rw,Z" "-v" "/var/lib/crater-agent-workspace/builds/worker-1-tc2/source:/opt/rustwide/workdir:ro,Z" "-v" "/var/lib/crater-agent-workspace/cargo-home:/opt/rustwide/cargo-home:ro,Z" "-v" "/var/lib/crater-agent-workspace/rustup-home:/opt/rustwide/rustup-home:ro,Z" "-e" "SOURCE_DIR=/opt/rustwide/workdir" "-e" "CARGO_TARGET_DIR=/opt/rustwide/target" "-e" "CARGO_INCREMENTAL=0" "-e" "RUST_BACKTRACE=full" "-e" "RUSTFLAGS=--cap-lints=forbid -Zrandomize-layout" "-e" "RUSTDOCFLAGS=--cap-lints=forbid" "-e" "CARGO_HOME=/opt/rustwide/cargo-home" "-e" "RUSTUP_HOME=/opt/rustwide/rustup-home" "-w" "/opt/rustwide/workdir" "-m" "1610612736" "--user" "0:0" "--network" "none" "ghcr.io/rust-lang/crates-build-env/linux@sha256:4a844ea9eb2546a2d2c7022eacef16ef2e8229c7fbb2c7d4d55a9ceca922f72d" "/opt/rustwide/cargo-home/bin/cargo" "+nightly-2024-10-28" "test" "--frozen" "--no-run" "--message-format=json", kill_on_drop: false }`
[INFO] [stdout] eeac0121bd8bbf5c398f0cc933f115ae60ae5a0c95fea78fb360b56853c19ecb
[INFO] running `Command { std: "docker" "start" "-a" "eeac0121bd8bbf5c398f0cc933f115ae60ae5a0c95fea78fb360b56853c19ecb", kill_on_drop: false }`
[INFO] [stderr]    Compiling serde v1.0.214
[INFO] [stderr]    Compiling yansi v1.0.1
[INFO] [stderr]    Compiling diff v0.1.13
[INFO] [stderr]    Compiling pretty_assertions v1.4.1
[INFO] [stderr]    Compiling serde_test v1.0.177
[INFO] [stderr]    Compiling tolerance v1.1.1 (/opt/rustwide/workdir)
[INFO] [stderr]     Finished `test` profile [unoptimized + debuginfo] target(s) in 2.61s
[INFO] running `Command { std: "docker" "inspect" "eeac0121bd8bbf5c398f0cc933f115ae60ae5a0c95fea78fb360b56853c19ecb", kill_on_drop: false }`
[INFO] running `Command { std: "docker" "rm" "-f" "eeac0121bd8bbf5c398f0cc933f115ae60ae5a0c95fea78fb360b56853c19ecb", kill_on_drop: false }`
[INFO] [stdout] eeac0121bd8bbf5c398f0cc933f115ae60ae5a0c95fea78fb360b56853c19ecb
[INFO] running `Command { std: "docker" "create" "-v" "/var/lib/crater-agent-workspace/builds/worker-1-tc2/target:/opt/rustwide/target:rw,Z" "-v" "/var/lib/crater-agent-workspace/builds/worker-1-tc2/source:/opt/rustwide/workdir:ro,Z" "-v" "/var/lib/crater-agent-workspace/cargo-home:/opt/rustwide/cargo-home:ro,Z" "-v" "/var/lib/crater-agent-workspace/rustup-home:/opt/rustwide/rustup-home:ro,Z" "-e" "SOURCE_DIR=/opt/rustwide/workdir" "-e" "CARGO_TARGET_DIR=/opt/rustwide/target" "-e" "CARGO_INCREMENTAL=0" "-e" "RUST_BACKTRACE=full" "-e" "RUSTFLAGS=--cap-lints=forbid -Zrandomize-layout" "-e" "RUSTDOCFLAGS=--cap-lints=forbid" "-e" "CARGO_HOME=/opt/rustwide/cargo-home" "-e" "RUSTUP_HOME=/opt/rustwide/rustup-home" "-w" "/opt/rustwide/workdir" "-m" "1610612736" "--user" "0:0" "--network" "none" "ghcr.io/rust-lang/crates-build-env/linux@sha256:4a844ea9eb2546a2d2c7022eacef16ef2e8229c7fbb2c7d4d55a9ceca922f72d" "/opt/rustwide/cargo-home/bin/cargo" "+nightly-2024-10-28" "test" "--frozen", kill_on_drop: false }`
[INFO] [stdout] c9f13a28e94298a5b30e06d520e7776232b033a19b4d3d8cc57d3a1f35bac32b
[INFO] running `Command { std: "docker" "start" "-a" "c9f13a28e94298a5b30e06d520e7776232b033a19b4d3d8cc57d3a1f35bac32b", kill_on_drop: false }`
[INFO] [stderr]     Finished `test` profile [unoptimized + debuginfo] target(s) in 0.01s
[INFO] [stderr]      Running unittests src/lib.rs (/opt/rustwide/target/debug/deps/tolerance-c7be394fba84d8b7)
[INFO] [stdout] 
[INFO] [stdout] running 42 tests
[INFO] [stdout] test myths::myth16::should::as_unit ... ok
[INFO] [stdout] test myths::myth16::should::display ... ok
[INFO] [stdout] test myths::myth16::should::min_max ... ok
[INFO] [stdout] test myths::myth16::should::neg ... ok
[INFO] [stdout] test myths::myth16::should::round ... ok
[INFO] [stdout] test myths::myth16::should::try_from_str ... ok
[INFO] [stdout] test myths::myth32::should::as_unit ... ok
[INFO] [stdout] test myths::myth32::should::compute_absolute_value ... ok
[INFO] [stdout] test myths::myth32::should::display ... ok
[INFO] [stdout] test myths::myth32::should::min_max ... ok
[INFO] [stdout] test myths::myth32::should::neg ... ok
[INFO] [stdout] test myths::myth32::should::round ... ok
[INFO] [stdout] test myths::myth32::should::try_from_str ... ok
[INFO] [stdout] test myths::myth64::should::as_unit ... ok
[INFO] [stdout] test myths::myth64::should::min_max ... ok
[INFO] [stdout] test myths::myth64::should::multiply ... ok
[INFO] [stdout] test myths::myth64::should::round ... ok
[INFO] [stdout] test myths::myth64::should::subtract ... ok
[INFO] [stdout] test myths::myth64::should::display ... ok
[INFO] [stdout] test myths::myth64::should::sum ... ok
[INFO] [stdout] test myths::myth64::should::try_from_str ... ok
[INFO] [stdout] test tols::tol128::should::construct_consistent ... ok
[INFO] [stdout] test tols::tol128::should::display_compact ... ok
[INFO] [stdout] test tols::tol128::should::display_is_adjustable ... ok
[INFO] [stdout] test tols::tol128::should::invert ... ok
[INFO] [stdout] test tols::tol128::should::error ... ok
[INFO] [stdout] test tols::tol128::should::prove_tolerance_is_inside_of ... ok
[INFO] [stdout] test tols::tol128::should::convert_from_string ... ok
[INFO] [stdout] test tols::tol128::should::subtract ... ok
[INFO] [stdout] test tols::tol64::should::error ... ok
[INFO] [stdout] test tols::tol64::should::prove_tolerance_is_inside_of ... ok
[INFO] [stdout] test tols::tol64::should::construct_consistent ... ok
[INFO] [stdout] test tols::tol64::should::prove_tolerance_is_partial_ord ... ok
[INFO] [stdout] test tols::tol128::should::prove_tolerance_is_partial_ord ... ok
[INFO] [stdout] test tols::tol64::should::try_from_tuples ... ok
[INFO] [stdout] test tols::tol64::should::display_is_adjustable ... ok
[INFO] [stdout] test unit::should::be_equal_dyn ... ok
[INFO] [stdout] test unit::should::be_const ... ok
[INFO] [stdout] test tols::tol64::should::invert ... ok
[INFO] [stdout] test tols::tol64::should::subtract ... ok
[INFO] [stdout] test unit::should::multiply_with_number ... ok
[INFO] [stdout] test tols::tol128::should::serialize_to_u8_array ... FAILED
[INFO] [stdout] 
[INFO] [stdout] failures:
[INFO] [stdout] 
[INFO] [stdout] ---- tols::tol128::should::serialize_to_u8_array stdout ----
[INFO] [stdout] thread 'tols::tol128::should::serialize_to_u8_array' panicked at src/tols/tol128.rs:58:1:
[INFO] [stdout] source slice length (4) does not match destination slice length (12)
[INFO] [stdout] stack backtrace:
[INFO] [stdout]    0:     0x6316aa6ed29a - std::backtrace_rs::backtrace::libunwind::trace::h207520d6e9873551
[INFO] [stdout]                                at /rustc/df4ca44d3fbc9301ee17f30f4d474e6ae4b05252/library/std/src/../../backtrace/src/backtrace/libunwind.rs:116:5
[INFO] [stdout]    1:     0x6316aa6ed29a - std::backtrace_rs::backtrace::trace_unsynchronized::h2ed7433f370e3eca
[INFO] [stdout]                                at /rustc/df4ca44d3fbc9301ee17f30f4d474e6ae4b05252/library/std/src/../../backtrace/src/backtrace/mod.rs:66:5
[INFO] [stdout]    2:     0x6316aa6ed29a - std::sys::backtrace::_print_fmt::h916fac51166b18d7
[INFO] [stdout]                                at /rustc/df4ca44d3fbc9301ee17f30f4d474e6ae4b05252/library/std/src/sys/backtrace.rs:66:9
[INFO] [stdout]    3:     0x6316aa6ed29a - <std::sys::backtrace::BacktraceLock::print::DisplayBacktrace as core::fmt::Display>::fmt::ha0a4c9b8ce3802e6
[INFO] [stdout]                                at /rustc/df4ca44d3fbc9301ee17f30f4d474e6ae4b05252/library/std/src/sys/backtrace.rs:39:26
[INFO] [stdout]    4:     0x6316aa713cb3 - core::fmt::rt::Argument::fmt::h4cfc8587d52b3eb5
[INFO] [stdout]                                at /rustc/df4ca44d3fbc9301ee17f30f4d474e6ae4b05252/library/core/src/fmt/rt.rs:177:76
[INFO] [stdout]    5:     0x6316aa713cb3 - core::fmt::write::h522cc39e5b36ae9f
[INFO] [stdout]                                at /rustc/df4ca44d3fbc9301ee17f30f4d474e6ae4b05252/library/core/src/fmt/mod.rs:1190:21
[INFO] [stdout]    6:     0x6316aa6e9f03 - std::io::Write::write_fmt::h7d3c26752da97734
[INFO] [stdout]                                at /rustc/df4ca44d3fbc9301ee17f30f4d474e6ae4b05252/library/std/src/io/mod.rs:1839:15
[INFO] [stdout]    7:     0x6316aa6ed0e2 - std::sys::backtrace::BacktraceLock::print::h4b9e00b29e9c0942
[INFO] [stdout]                                at /rustc/df4ca44d3fbc9301ee17f30f4d474e6ae4b05252/library/std/src/sys/backtrace.rs:42:9
[INFO] [stdout]    8:     0x6316aa6ee72a - std::panicking::default_hook::{{closure}}::hb59b88280d0324d9
[INFO] [stdout]                                at /rustc/df4ca44d3fbc9301ee17f30f4d474e6ae4b05252/library/std/src/panicking.rs:268:22
[INFO] [stdout]    9:     0x6316aa6ee534 - std::panicking::default_hook::he1dd496665be4a29
[INFO] [stdout]                                at /rustc/df4ca44d3fbc9301ee17f30f4d474e6ae4b05252/library/std/src/panicking.rs:292:9
[INFO] [stdout]   10:     0x6316aa69a629 - <alloc::boxed::Box<F,A> as core::ops::function::Fn<Args>>::call::h4ff71de18744e1dc
[INFO] [stdout]                                at /rustc/df4ca44d3fbc9301ee17f30f4d474e6ae4b05252/library/alloc/src/boxed.rs:2468:9
[INFO] [stdout]   11:     0x6316aa69a629 - test::test_main::{{closure}}::hcf7c055ce117aa81
[INFO] [stdout]                                at /rustc/df4ca44d3fbc9301ee17f30f4d474e6ae4b05252/library/test/src/lib.rs:133:21
[INFO] [stdout]   12:     0x6316aa6eee28 - <alloc::boxed::Box<F,A> as core::ops::function::Fn<Args>>::call::h1d66c6bbd60c9692
[INFO] [stdout]                                at /rustc/df4ca44d3fbc9301ee17f30f4d474e6ae4b05252/library/alloc/src/boxed.rs:2468:9
[INFO] [stdout]   13:     0x6316aa6eee28 - std::panicking::rust_panic_with_hook::h2ff17fe8f26dfcf8
[INFO] [stdout]                                at /rustc/df4ca44d3fbc9301ee17f30f4d474e6ae4b05252/library/std/src/panicking.rs:809:13
[INFO] [stdout]   14:     0x6316aa6eebea - std::panicking::begin_panic_handler::{{closure}}::h4fad77951c07e101
[INFO] [stdout]                                at /rustc/df4ca44d3fbc9301ee17f30f4d474e6ae4b05252/library/std/src/panicking.rs:674:13
[INFO] [stdout]   15:     0x6316aa6ed779 - std::sys::backtrace::__rust_end_short_backtrace::hb1a25b3da5d0ea08
[INFO] [stdout]                                at /rustc/df4ca44d3fbc9301ee17f30f4d474e6ae4b05252/library/std/src/sys/backtrace.rs:170:18
[INFO] [stdout]   16:     0x6316aa6ee87c - rust_begin_unwind
[INFO] [stdout]                                at /rustc/df4ca44d3fbc9301ee17f30f4d474e6ae4b05252/library/std/src/panicking.rs:665:5
[INFO] [stdout]   17:     0x6316aa712490 - core::panicking::panic_fmt::ha9db07b529f9b256
[INFO] [stdout]                                at /rustc/df4ca44d3fbc9301ee17f30f4d474e6ae4b05252/library/core/src/panicking.rs:75:14
[INFO] [stdout]   18:     0x6316aa715ae7 - core::slice::<impl [T]>::copy_from_slice::len_mismatch_fail::hb5cc650e177dca0e
[INFO] [stdout]                                at /rustc/df4ca44d3fbc9301ee17f30f4d474e6ae4b05252/library/core/src/slice/mod.rs:3679:13
[INFO] [stdout]   19:     0x6316aa6342f9 - core::slice::<impl [T]>::copy_from_slice::hcf614db13d3105fb
[INFO] [stdout]                                at /rustc/df4ca44d3fbc9301ee17f30f4d474e6ae4b05252/library/core/src/slice/mod.rs:3686:13
[INFO] [stdout]   20:     0x6316aa6362ed - <[T] as core::slice::CloneFromSpec<T>>::spec_clone_from::he299495b7ce93a9e
[INFO] [stdout]                                at /rustc/df4ca44d3fbc9301ee17f30f4d474e6ae4b05252/library/core/src/slice/mod.rs:4816:9
[INFO] [stdout]   21:     0x6316aa63435d - core::slice::<impl [T]>::clone_from_slice::h7fbc8494977413de
[INFO] [stdout]                                at /rustc/df4ca44d3fbc9301ee17f30f4d474e6ae4b05252/library/core/src/slice/mod.rs:3609:9
[INFO] [stdout]   22:     0x6316aa636bb8 - tolerance::tols::tol128::T128::to_be_bytes::ha025cd34253e5ed5
[INFO] [stdout]                                at /opt/rustwide/workdir/src/tols.rs:119:17
[INFO] [stdout]   23:     0x6316aa62e6e1 - tolerance::tols::tol128::should::serialize_to_u8_array::h86b8e0d9ca2946e6
[INFO] [stdout]                                at /opt/rustwide/workdir/src/tols/tol128.rs:130:29
[INFO] [stdout]   24:     0x6316aa62e647 - tolerance::tols::tol128::should::serialize_to_u8_array::{{closure}}::hcd1899a99e5cc663
[INFO] [stdout]                                at /opt/rustwide/workdir/src/tols/tol128.rs:122:31
[INFO] [stdout]   25:     0x6316aa64e906 - core::ops::function::FnOnce::call_once::h839f583fd79ba043
[INFO] [stdout]                                at /rustc/df4ca44d3fbc9301ee17f30f4d474e6ae4b05252/library/core/src/ops/function.rs:250:5
[INFO] [stdout]   26:     0x6316aa69eefb - core::ops::function::FnOnce::call_once::h22c3ba5715e93f05
[INFO] [stdout]                                at /rustc/df4ca44d3fbc9301ee17f30f4d474e6ae4b05252/library/core/src/ops/function.rs:250:5
[INFO] [stdout]   27:     0x6316aa69eefb - test::__rust_begin_short_backtrace::h8e82d8113d0da17f
[INFO] [stdout]                                at /rustc/df4ca44d3fbc9301ee17f30f4d474e6ae4b05252/library/test/src/lib.rs:621:18
[INFO] [stdout]   28:     0x6316aa69e877 - test::run_test_in_process::{{closure}}::h33235f4f20b7b7c7
[INFO] [stdout]                                at /rustc/df4ca44d3fbc9301ee17f30f4d474e6ae4b05252/library/test/src/lib.rs:644:60
[INFO] [stdout]   29:     0x6316aa69e877 - <core::panic::unwind_safe::AssertUnwindSafe<F> as core::ops::function::FnOnce<()>>::call_once::hb5043206310c586f
[INFO] [stdout]                                at /rustc/df4ca44d3fbc9301ee17f30f4d474e6ae4b05252/library/core/src/panic/unwind_safe.rs:272:9
[INFO] [stdout]   30:     0x6316aa69e877 - std::panicking::try::do_call::h9ad4731a60ab23e2
[INFO] [stdout]                                at /rustc/df4ca44d3fbc9301ee17f30f4d474e6ae4b05252/library/std/src/panicking.rs:557:40
[INFO] [stdout]   31:     0x6316aa69e877 - std::panicking::try::h3824d23db772a716
[INFO] [stdout]                                at /rustc/df4ca44d3fbc9301ee17f30f4d474e6ae4b05252/library/std/src/panicking.rs:520:19
[INFO] [stdout]   32:     0x6316aa69e877 - std::panic::catch_unwind::h5afd514605fde46b
[INFO] [stdout]                                at /rustc/df4ca44d3fbc9301ee17f30f4d474e6ae4b05252/library/std/src/panic.rs:358:14
[INFO] [stdout]   33:     0x6316aa69e877 - test::run_test_in_process::h0d5cbfa7067d1720
[INFO] [stdout]                                at /rustc/df4ca44d3fbc9301ee17f30f4d474e6ae4b05252/library/test/src/lib.rs:644:27
[INFO] [stdout]   34:     0x6316aa69e877 - test::run_test::{{closure}}::h708eb8872708115d
[INFO] [stdout]                                at /rustc/df4ca44d3fbc9301ee17f30f4d474e6ae4b05252/library/test/src/lib.rs:565:43
[INFO] [stdout]   35:     0x6316aa661f94 - test::run_test::{{closure}}::h392c51cee94713ab
[INFO] [stdout]                                at /rustc/df4ca44d3fbc9301ee17f30f4d474e6ae4b05252/library/test/src/lib.rs:595:41
[INFO] [stdout]   36:     0x6316aa661f94 - std::sys::backtrace::__rust_begin_short_backtrace::h2f40290710935a8b
[INFO] [stdout]                                at /rustc/df4ca44d3fbc9301ee17f30f4d474e6ae4b05252/library/std/src/sys/backtrace.rs:154:18
[INFO] [stdout]   37:     0x6316aa66573e - std::thread::Builder::spawn_unchecked_::{{closure}}::{{closure}}::h3fd968d89053a903
[INFO] [stdout]                                at /rustc/df4ca44d3fbc9301ee17f30f4d474e6ae4b05252/library/std/src/thread/mod.rs:541:17
[INFO] [stdout]   38:     0x6316aa66573e - <core::panic::unwind_safe::AssertUnwindSafe<F> as core::ops::function::FnOnce<()>>::call_once::h743f637ba4229880
[INFO] [stdout]                                at /rustc/df4ca44d3fbc9301ee17f30f4d474e6ae4b05252/library/core/src/panic/unwind_safe.rs:272:9
[INFO] [stdout]   39:     0x6316aa66573e - std::panicking::try::do_call::h07440897322525a6
[INFO] [stdout]                                at /rustc/df4ca44d3fbc9301ee17f30f4d474e6ae4b05252/library/std/src/panicking.rs:557:40
[INFO] [stdout]   40:     0x6316aa66573e - std::panicking::try::he5a2e00188156637
[INFO] [stdout]                                at /rustc/df4ca44d3fbc9301ee17f30f4d474e6ae4b05252/library/std/src/panicking.rs:520:19
[INFO] [stdout]   41:     0x6316aa66573e - std::panic::catch_unwind::hbaf3cae49b3c6433
[INFO] [stdout]                                at /rustc/df4ca44d3fbc9301ee17f30f4d474e6ae4b05252/library/std/src/panic.rs:358:14
[INFO] [stdout]   42:     0x6316aa66573e - std::thread::Builder::spawn_unchecked_::{{closure}}::h8e141ea224820bce
[INFO] [stdout]                                at /rustc/df4ca44d3fbc9301ee17f30f4d474e6ae4b05252/library/std/src/thread/mod.rs:540:30
[INFO] [stdout]   43:     0x6316aa66573e - core::ops::function::FnOnce::call_once{{vtable.shim}}::h90d312fedd7b8ea8
[INFO] [stdout]                                at /rustc/df4ca44d3fbc9301ee17f30f4d474e6ae4b05252/library/core/src/ops/function.rs:250:5
[INFO] [stdout]   44:     0x6316aa6f2c1b - <alloc::boxed::Box<F,A> as core::ops::function::FnOnce<Args>>::call_once::h69aa08ddb6adb8b6
[INFO] [stdout]                                at /rustc/df4ca44d3fbc9301ee17f30f4d474e6ae4b05252/library/alloc/src/boxed.rs:2454:9
[INFO] [stdout]   45:     0x6316aa6f2c1b - <alloc::boxed::Box<F,A> as core::ops::function::FnOnce<Args>>::call_once::h5aa36efdb79c806f
[INFO] [stdout]                                at /rustc/df4ca44d3fbc9301ee17f30f4d474e6ae4b05252/library/alloc/src/boxed.rs:2454:9
[INFO] [stdout]   46:     0x6316aa6f2c1b - std::sys::pal::unix::thread::Thread::new::thread_start::h6cd80a1b4be5158d
[INFO] [stdout]                                at /rustc/df4ca44d3fbc9301ee17f30f4d474e6ae4b05252/library/std/src/sys/pal/unix/thread.rs:105:17
[INFO] [stdout]   47:     0x7f6bc1b30ac3 - <unknown>
[INFO] [stdout]   48:     0x7f6bc1bc1a04 - clone
[INFO] [stdout]   49:                0x0 - <unknown>
[INFO] [stdout] 
[INFO] [stdout] 
[INFO] [stdout] failures:
[INFO] [stdout]     tols::tol128::should::serialize_to_u8_array
[INFO] [stdout] 
[INFO] [stdout] test result: FAILED. 41 passed; 1 failed; 0 ignored; 0 measured; 0 filtered out; finished in 0.01s
[INFO] [stdout] 
[INFO] [stderr] error: test failed, to rerun pass `--lib`
[INFO] running `Command { std: "docker" "inspect" "c9f13a28e94298a5b30e06d520e7776232b033a19b4d3d8cc57d3a1f35bac32b", kill_on_drop: false }`
[INFO] running `Command { std: "docker" "rm" "-f" "c9f13a28e94298a5b30e06d520e7776232b033a19b4d3d8cc57d3a1f35bac32b", kill_on_drop: false }`
[INFO] [stdout] c9f13a28e94298a5b30e06d520e7776232b033a19b4d3d8cc57d3a1f35bac32b
