[INFO] fetching crate taffy 0.6.1...
[INFO] testing taffy-0.6.1 against nightly-2024-10-28+rustflags=-Zrandomize-layout for randomize-layout
[INFO] extracting crate taffy 0.6.1 into /workspace/builds/worker-4-tc2/source
[INFO] validating manifest of crates.io crate taffy 0.6.1 on toolchain nightly-2024-10-28
[INFO] running `Command { std: CARGO_HOME="/workspace/cargo-home" RUSTUP_HOME="/workspace/rustup-home" "/workspace/cargo-home/bin/cargo" "+nightly-2024-10-28" "metadata" "--manifest-path" "Cargo.toml" "--no-deps", kill_on_drop: false }`
[INFO] started tweaking crates.io crate taffy 0.6.1
[INFO] removed 0 missing examples
[INFO] finished tweaking crates.io crate taffy 0.6.1
[INFO] tweaked toml for crates.io crate taffy 0.6.1 written to /workspace/builds/worker-4-tc2/source/Cargo.toml
[INFO] crate crates.io crate taffy 0.6.1 already has a lockfile, it will not be regenerated
[INFO] running `Command { std: CARGO_HOME="/workspace/cargo-home" RUSTUP_HOME="/workspace/rustup-home" "/workspace/cargo-home/bin/cargo" "+nightly-2024-10-28" "fetch" "--manifest-path" "Cargo.toml", kill_on_drop: false }`
[INFO] running `Command { std: "docker" "create" "-v" "/var/lib/crater-agent-workspace/builds/worker-4-tc2/target:/opt/rustwide/target:rw,Z" "-v" "/var/lib/crater-agent-workspace/builds/worker-4-tc2/source:/opt/rustwide/workdir:ro,Z" "-v" "/var/lib/crater-agent-workspace/cargo-home:/opt/rustwide/cargo-home:ro,Z" "-v" "/var/lib/crater-agent-workspace/rustup-home:/opt/rustwide/rustup-home:ro,Z" "-e" "SOURCE_DIR=/opt/rustwide/workdir" "-e" "CARGO_TARGET_DIR=/opt/rustwide/target" "-e" "CARGO_HOME=/opt/rustwide/cargo-home" "-e" "RUSTUP_HOME=/opt/rustwide/rustup-home" "-w" "/opt/rustwide/workdir" "-m" "1610612736" "--user" "0:0" "--network" "none" "ghcr.io/rust-lang/crates-build-env/linux@sha256:4a844ea9eb2546a2d2c7022eacef16ef2e8229c7fbb2c7d4d55a9ceca922f72d" "/opt/rustwide/cargo-home/bin/cargo" "+nightly-2024-10-28" "metadata" "--no-deps" "--format-version=1", kill_on_drop: false }`
[INFO] [stdout] 7ced2cccc889b20b8def8895732272f512129b334377d3ba10d96089578b8190
[INFO] running `Command { std: "docker" "start" "-a" "7ced2cccc889b20b8def8895732272f512129b334377d3ba10d96089578b8190", kill_on_drop: false }`
[INFO] running `Command { std: "docker" "inspect" "7ced2cccc889b20b8def8895732272f512129b334377d3ba10d96089578b8190", kill_on_drop: false }`
[INFO] running `Command { std: "docker" "rm" "-f" "7ced2cccc889b20b8def8895732272f512129b334377d3ba10d96089578b8190", kill_on_drop: false }`
[INFO] [stdout] 7ced2cccc889b20b8def8895732272f512129b334377d3ba10d96089578b8190
[INFO] running `Command { std: "docker" "create" "-v" "/var/lib/crater-agent-workspace/builds/worker-4-tc2/target:/opt/rustwide/target:rw,Z" "-v" "/var/lib/crater-agent-workspace/builds/worker-4-tc2/source:/opt/rustwide/workdir:ro,Z" "-v" "/var/lib/crater-agent-workspace/cargo-home:/opt/rustwide/cargo-home:ro,Z" "-v" "/var/lib/crater-agent-workspace/rustup-home:/opt/rustwide/rustup-home:ro,Z" "-e" "SOURCE_DIR=/opt/rustwide/workdir" "-e" "CARGO_TARGET_DIR=/opt/rustwide/target" "-e" "CARGO_INCREMENTAL=0" "-e" "RUST_BACKTRACE=full" "-e" "RUSTFLAGS=--cap-lints=forbid -Zrandomize-layout" "-e" "RUSTDOCFLAGS=--cap-lints=forbid" "-e" "CARGO_HOME=/opt/rustwide/cargo-home" "-e" "RUSTUP_HOME=/opt/rustwide/rustup-home" "-w" "/opt/rustwide/workdir" "-m" "1610612736" "--user" "0:0" "--network" "none" "ghcr.io/rust-lang/crates-build-env/linux@sha256:4a844ea9eb2546a2d2c7022eacef16ef2e8229c7fbb2c7d4d55a9ceca922f72d" "/opt/rustwide/cargo-home/bin/cargo" "+nightly-2024-10-28" "build" "--frozen" "--message-format=json", kill_on_drop: false }`
[INFO] [stdout] 598e83b1d5eaee4a331dbc36cdd4ffa8cb1797fc5763624ad123b98deab7b5ff
[INFO] running `Command { std: "docker" "start" "-a" "598e83b1d5eaee4a331dbc36cdd4ffa8cb1797fc5763624ad123b98deab7b5ff", kill_on_drop: false }`
[INFO] [stderr]    Compiling autocfg v1.2.0
[INFO] [stderr]    Compiling version_check v0.9.4
[INFO] [stderr]    Compiling grid v0.15.0
[INFO] [stderr]    Compiling arrayvec v0.7.4
[INFO] [stderr]    Compiling slotmap v1.0.7
[INFO] [stderr]    Compiling num-traits v0.2.18
[INFO] [stderr]    Compiling taffy v0.6.1 (/opt/rustwide/workdir)
[INFO] [stderr]     Finished `dev` profile [unoptimized + debuginfo] target(s) in 1.80s
[INFO] running `Command { std: "docker" "inspect" "598e83b1d5eaee4a331dbc36cdd4ffa8cb1797fc5763624ad123b98deab7b5ff", kill_on_drop: false }`
[INFO] running `Command { std: "docker" "rm" "-f" "598e83b1d5eaee4a331dbc36cdd4ffa8cb1797fc5763624ad123b98deab7b5ff", kill_on_drop: false }`
[INFO] [stdout] 598e83b1d5eaee4a331dbc36cdd4ffa8cb1797fc5763624ad123b98deab7b5ff
[INFO] running `Command { std: "docker" "create" "-v" "/var/lib/crater-agent-workspace/builds/worker-4-tc2/target:/opt/rustwide/target:rw,Z" "-v" "/var/lib/crater-agent-workspace/builds/worker-4-tc2/source:/opt/rustwide/workdir:ro,Z" "-v" "/var/lib/crater-agent-workspace/cargo-home:/opt/rustwide/cargo-home:ro,Z" "-v" "/var/lib/crater-agent-workspace/rustup-home:/opt/rustwide/rustup-home:ro,Z" "-e" "SOURCE_DIR=/opt/rustwide/workdir" "-e" "CARGO_TARGET_DIR=/opt/rustwide/target" "-e" "CARGO_INCREMENTAL=0" "-e" "RUST_BACKTRACE=full" "-e" "RUSTFLAGS=--cap-lints=forbid -Zrandomize-layout" "-e" "RUSTDOCFLAGS=--cap-lints=forbid" "-e" "CARGO_HOME=/opt/rustwide/cargo-home" "-e" "RUSTUP_HOME=/opt/rustwide/rustup-home" "-w" "/opt/rustwide/workdir" "-m" "1610612736" "--user" "0:0" "--network" "none" "ghcr.io/rust-lang/crates-build-env/linux@sha256:4a844ea9eb2546a2d2c7022eacef16ef2e8229c7fbb2c7d4d55a9ceca922f72d" "/opt/rustwide/cargo-home/bin/cargo" "+nightly-2024-10-28" "test" "--frozen" "--no-run" "--message-format=json", kill_on_drop: false }`
[INFO] [stdout] 139781149dfb04960edefdb39c518659669cfea2401103cc4e7236a2d7caa885
[INFO] running `Command { std: "docker" "start" "-a" "139781149dfb04960edefdb39c518659669cfea2401103cc4e7236a2d7caa885", kill_on_drop: false }`
[INFO] [stderr]    Compiling proc-macro2 v1.0.81
[INFO] [stderr]    Compiling crossbeam-utils v0.8.19
[INFO] [stderr]    Compiling libc v0.2.153
[INFO] [stderr]    Compiling libm v0.2.8
[INFO] [stderr]    Compiling serde v1.0.199
[INFO] [stderr]    Compiling roxmltree v0.19.0
[INFO] [stderr]    Compiling unicode-properties v0.1.1
[INFO] [stderr]    Compiling unicode-script v0.5.6
[INFO] [stderr]    Compiling unicode-ccc v0.2.0
[INFO] [stderr]    Compiling zeno v0.2.3
[INFO] [stderr]    Compiling serde_json v1.0.116
[INFO] [stderr]    Compiling bitflags v2.5.0
[INFO] [stderr]    Compiling log v0.4.21
[INFO] [stderr]    Compiling yazi v0.1.6
[INFO] [stderr]    Compiling ttf-parser v0.20.0
[INFO] [stderr]    Compiling ttf-parser v0.21.1
[INFO] [stderr]    Compiling unicode-bidi-mirroring v0.2.0
[INFO] [stderr]    Compiling either v1.11.0
[INFO] [stderr]    Compiling ryu v1.0.17
[INFO] [stderr]    Compiling unicode-segmentation v1.11.0
[INFO] [stderr]    Compiling rustc-hash v1.1.0
[INFO] [stderr]    Compiling rangemap v1.5.1
[INFO] [stderr]    Compiling self_cell v1.0.4
[INFO] [stderr]    Compiling sys-locale v0.3.1
[INFO] [stderr]    Compiling fontconfig-parser v0.5.6
[INFO] [stderr]    Compiling crossbeam-epoch v0.9.18
[INFO] [stderr]    Compiling quote v1.0.36
[INFO] [stderr]    Compiling crossbeam-deque v0.8.5
[INFO] [stderr]    Compiling syn v2.0.60
[INFO] [stderr]    Compiling rayon-core v1.12.1
[INFO] [stderr]    Compiling memmap2 v0.9.4
[INFO] [stderr]    Compiling rayon v1.10.0
[INFO] [stderr]    Compiling fontdb v0.16.2
[INFO] [stderr]    Compiling bytemuck_derive v1.6.0
[INFO] [stderr]    Compiling bytemuck v1.15.0
[INFO] [stderr]    Compiling font-types v0.5.5
[INFO] [stderr]    Compiling rustybuzz v0.14.1
[INFO] [stderr]    Compiling read-fonts v0.19.3
[INFO] [stderr]    Compiling skrifa v0.19.3
[INFO] [stderr]    Compiling swash v0.1.17
[INFO] [stderr]    Compiling cosmic-text v0.12.0
[INFO] [stderr]    Compiling taffy v0.6.1 (/opt/rustwide/workdir)
[INFO] [stderr]     Finished `test` profile [unoptimized + debuginfo] target(s) in 16.50s
[INFO] running `Command { std: "docker" "inspect" "139781149dfb04960edefdb39c518659669cfea2401103cc4e7236a2d7caa885", kill_on_drop: false }`
[INFO] running `Command { std: "docker" "rm" "-f" "139781149dfb04960edefdb39c518659669cfea2401103cc4e7236a2d7caa885", kill_on_drop: false }`
[INFO] [stdout] 139781149dfb04960edefdb39c518659669cfea2401103cc4e7236a2d7caa885
[INFO] running `Command { std: "docker" "create" "-v" "/var/lib/crater-agent-workspace/builds/worker-4-tc2/target:/opt/rustwide/target:rw,Z" "-v" "/var/lib/crater-agent-workspace/builds/worker-4-tc2/source:/opt/rustwide/workdir:ro,Z" "-v" "/var/lib/crater-agent-workspace/cargo-home:/opt/rustwide/cargo-home:ro,Z" "-v" "/var/lib/crater-agent-workspace/rustup-home:/opt/rustwide/rustup-home:ro,Z" "-e" "SOURCE_DIR=/opt/rustwide/workdir" "-e" "CARGO_TARGET_DIR=/opt/rustwide/target" "-e" "CARGO_INCREMENTAL=0" "-e" "RUST_BACKTRACE=full" "-e" "RUSTFLAGS=--cap-lints=forbid -Zrandomize-layout" "-e" "RUSTDOCFLAGS=--cap-lints=forbid" "-e" "CARGO_HOME=/opt/rustwide/cargo-home" "-e" "RUSTUP_HOME=/opt/rustwide/rustup-home" "-w" "/opt/rustwide/workdir" "-m" "1610612736" "--user" "0:0" "--network" "none" "ghcr.io/rust-lang/crates-build-env/linux@sha256:4a844ea9eb2546a2d2c7022eacef16ef2e8229c7fbb2c7d4d55a9ceca922f72d" "/opt/rustwide/cargo-home/bin/cargo" "+nightly-2024-10-28" "test" "--frozen", kill_on_drop: false }`
[INFO] [stdout] a23ef93bffbbcbebb06e19b950e2aa238176649258226f11c4d6cc75b0baf3a3
[INFO] running `Command { std: "docker" "start" "-a" "a23ef93bffbbcbebb06e19b950e2aa238176649258226f11c4d6cc75b0baf3a3", kill_on_drop: false }`
[INFO] [stderr]     Finished `test` profile [unoptimized + debuginfo] target(s) in 0.09s
[INFO] [stderr]      Running unittests src/lib.rs (/opt/rustwide/target/debug/deps/taffy-5b2a83f9bd894952)
[INFO] [stdout] 
[INFO] [stdout] running 87 tests
[INFO] [stdout] test compute::grid::explicit_grid::test::explicit_grid_sizing_auto_fill_min_size_exact_fit ... ok
[INFO] [stdout] test compute::grid::explicit_grid::test::explicit_grid_sizing_auto_fill_gap ... ok
[INFO] [stdout] test compute::grid::explicit_grid::test::explicit_grid_sizing_auto_fill_exact_fit ... ok
[INFO] [stdout] test compute::grid::explicit_grid::test::explicit_grid_sizing_auto_fill_multiple_repeated_tracks ... ok
[INFO] [stdout] test compute::grid::explicit_grid::test::explicit_grid_sizing_auto_fill_min_size_non_exact_fit ... ok
[INFO] [stdout] test compute::grid::explicit_grid::test::explicit_grid_sizing_auto_fill_non_exact_fit ... ok
[INFO] [stdout] test compute::grid::explicit_grid::test::explicit_grid_sizing_mix_repeated_and_non_repeated ... ok
[INFO] [stdout] test compute::grid::explicit_grid::test::explicit_grid_sizing_mix_with_padding ... ok
[INFO] [stdout] test compute::grid::explicit_grid::test::explicit_grid_sizing_no_defined_size ... ok
[INFO] [stdout] test compute::grid::explicit_grid::test::explicit_grid_sizing_no_repeats ... ok
[INFO] [stdout] test compute::grid::explicit_grid::test::test_initialize_grid_tracks ... ok
[INFO] [stdout] test compute::grid::implicit_grid::tests::test_child_min_max_line::child_min_max_line_auto ... ok
[INFO] [stdout] test compute::grid::implicit_grid::tests::test_child_min_max_line::child_min_max_line_negative_track ... ok
[INFO] [stdout] test compute::grid::implicit_grid::tests::test_initial_grid_sizing::explicit_grid_sizing_with_children ... ok
[INFO] [stdout] test compute::grid::implicit_grid::tests::test_initial_grid_sizing::negative_implicit_grid_sizing ... ok
[INFO] [stdout] test compute::grid::placement::tests::test_placement_algorithm::test_auto_placement_in_negative_tracks ... ok
[INFO] [stdout] test compute::grid::placement::tests::test_placement_algorithm::test_definite_in_secondary_axis_with_fully_definite_negative ... ok
[INFO] [stdout] test compute::grid::placement::tests::test_placement_algorithm::test_dense_packing_algorithm ... ok
[INFO] [stdout] test compute::grid::placement::tests::test_placement_algorithm::test_fixed_in_secondary_axis ... ok
[INFO] [stdout] test compute::grid::placement::tests::test_placement_algorithm::test_only_fixed_placement ... ok
[INFO] [stdout] test compute::grid::placement::tests::test_placement_algorithm::test_only_auto_placement_row_flow ... ok
[INFO] [stdout] test compute::grid::placement::tests::test_placement_algorithm::test_oversized_item ... ok
[INFO] [stdout] test compute::grid::placement::tests::test_placement_algorithm::test_only_auto_placement_column_flow ... ok
[INFO] [stdout] test style::flex::tests::test_flex_direction::flex_direction_is_column ... ok
[INFO] [stdout] test compute::tests::hidden_layout_should_hide_recursively ... ok
[INFO] [stdout] test style::flex::tests::test_flex_direction::flex_direction_is_reverse ... ok
[INFO] [stdout] test style::flex::tests::test_flex_direction::flex_direction_is_row ... ok
[INFO] [stdout] test compute::grid::placement::tests::test_placement_algorithm::test_sparse_packing_algorithm ... ok
[INFO] [stdout] test style::tests::defaults_match ... ok
[INFO] [stdout] test style_helpers::repeat_fn_tests::test_repeat_auto_fill_str ... ok
[INFO] [stdout] test style_helpers::repeat_fn_tests::test_repeat_u16 ... ok
[INFO] [stdout] test tree::taffy_tree::tests::add_child ... ok
[INFO] [stdout] test tree::taffy_tree::tests::insert_child_at_index ... ok
[INFO] [stdout] test tree::taffy_tree::tests::make_sure_layout_location_is_top_left ... ok
[INFO] [stdout] test tree::taffy_tree::tests::new_should_allocate_default_capacity ... ok
[INFO] [stdout] test tree::taffy_tree::tests::remove_child ... ok
[INFO] [stdout] test tree::taffy_tree::tests::remove_child_updates_parents ... ok
[INFO] [stdout] test tree::taffy_tree::tests::remove_last_node ... ok
[INFO] [stdout] test compute::grid::placement::tests::test_placement_algorithm::test_placement_spanning_origin ... ok
[INFO] [stdout] test tree::taffy_tree::tests::remove_node_should_remove ... ok
[INFO] [stdout] test style_helpers::repeat_fn_tests::test_repeat_auto_fit_str ... ok
[INFO] [stdout] test tree::taffy_tree::tests::new_leaf_with_context ... ok
[INFO] [stdout] test tree::taffy_tree::tests::compute_layout_should_produce_valid_result ... ok
[INFO] [stdout] test tree::taffy_tree::tests::set_children ... ok
[INFO] [stdout] test tree::taffy_tree::tests::remove_node_should_detach_hierarchy ... ok
[INFO] [stdout] test tree::taffy_tree::tests::set_measure ... ok
[INFO] [stdout] test tree::taffy_tree::tests::set_measure_of_previously_unmeasured_node ... ok
[INFO] [stdout] test tree::taffy_tree::tests::remove_child_at_index ... ok
[INFO] [stdout] test tree::taffy_tree::tests::test_child_count ... ok
[INFO] [stdout] test tree::taffy_tree::tests::test_child_at_index ... ok
[INFO] [stdout] test tree::taffy_tree::tests::replace_child_at_index ... ok
[INFO] [stdout] test tree::taffy_tree::tests::test_children ... ok
[INFO] [stdout] test tree::taffy_tree::tests::test_layout ... ok
[INFO] [stdout] test tree::taffy_tree::tests::test_new_with_children ... ok
[INFO] [stdout] test tree::taffy_tree::tests::test_new_leaf ... ok
[INFO] [stdout] test tree::taffy_tree::tests::test_mark_dirty ... ok
[INFO] [stdout] test tree::taffy_tree::tests::test_style ... ok
[INFO] [stdout] test tree::taffy_tree::tests::test_set_style ... ok
[INFO] [stdout] test util::math::tests::lhs_f32_rhs_option_f32::test_maybe_max ... ok
[INFO] [stdout] test util::math::tests::lhs_f32_rhs_option_f32::test_maybe_min ... ok
[INFO] [stdout] test util::math::tests::lhs_f32_rhs_option_f32::test_maybe_sub ... ok
[INFO] [stdout] test util::math::tests::lhs_option_f32_rhs_f32::test_maybe_add ... ok
[INFO] [stdout] test util::math::tests::lhs_option_f32_rhs_f32::test_maybe_max ... ok
[INFO] [stdout] test util::math::tests::lhs_option_f32_rhs_f32::test_maybe_min ... ok
[INFO] [stdout] test util::math::tests::lhs_option_f32_rhs_f32::test_maybe_sub ... ok
[INFO] [stdout] test tree::taffy_tree::tests::test_with_capacity ... ok
[INFO] [stdout] test util::math::tests::lhs_option_f32_rhs_option_f32::test_maybe_add ... ok
[INFO] [stdout] test util::math::tests::lhs_option_f32_rhs_option_f32::test_maybe_sub ... ok
[INFO] [stdout] test util::math::tests::lhs_option_f32_rhs_option_f32::test_maybe_max ... ok
[INFO] [stdout] test util::resolve::tests::maybe_resolve_dimension::resolve_auto ... ok
[INFO] [stdout] test util::resolve::tests::maybe_resolve_dimension::resolve_length ... ok
[INFO] [stdout] test util::math::tests::lhs_f32_rhs_option_f32::test_maybe_add ... ok
[INFO] [stdout] test util::math::tests::lhs_option_f32_rhs_option_f32::test_maybe_min ... ok
[INFO] [stdout] test util::resolve::tests::maybe_resolve_size_dimension::maybe_resolve_auto ... ok
[INFO] [stdout] test util::resolve::tests::maybe_resolve_size_dimension::maybe_resolve_length ... ok
[INFO] [stdout] test util::resolve::tests::resolve_or_zero_dimension_to_option_f32::resolve_or_zero_length ... ok
[INFO] [stdout] test util::resolve::tests::maybe_resolve_size_dimension::maybe_resolve_percent ... ok
[INFO] [stdout] test util::resolve::tests::maybe_resolve_dimension::resolve_percent ... ok
[INFO] [stdout] test util::resolve::tests::resolve_or_zero_dimension_to_option_f32::resolve_or_zero_auto ... ok
[INFO] [stdout] test util::resolve::tests::resolve_or_zero_rect_dimension_to_rect::resolve_or_zero_auto ... ok
[INFO] [stdout] test util::resolve::tests::resolve_or_zero_rect_dimension_to_rect::resolve_or_zero_length ... ok
[INFO] [stdout] test util::resolve::tests::resolve_or_zero_rect_dimension_to_rect::resolve_or_zero_percent ... ok
[INFO] [stdout] test util::resolve::tests::resolve_or_zero_dimension_to_option_f32::resolve_or_zero_percent ... ok
[INFO] [stdout] test util::resolve::tests::resolve_or_zero_rect_dimension_to_rect_f32_via_option::resolve_or_zero_auto ... ok
[INFO] [stdout] test util::resolve::tests::resolve_or_zero_rect_dimension_to_rect_f32_via_option::resolve_or_zero_length ... ok
[INFO] [stdout] test util::resolve::tests::resolve_or_zero_rect_dimension_to_rect_f32_via_option::resolve_or_zero_percent ... ok
[INFO] [stdout] test style::tests::style_sizes ... FAILED
[INFO] [stdout] 
[INFO] [stdout] failures:
[INFO] [stdout] 
[INFO] [stdout] ---- style::tests::style_sizes stdout ----
[INFO] [stdout] thread 'style::tests::style_sizes' panicked at src/style/mod.rs:996:13:
[INFO] [stdout] assertion `left == right` failed: Expected taffy::style::Style for be 352 byte(s) but it was 392 byte(s)
[INFO] [stdout]   left: 392
[INFO] [stdout]  right: 352
[INFO] [stdout] stack backtrace:
[INFO] [stdout]    0:     0x625d5698597a - std::backtrace_rs::backtrace::libunwind::trace::h207520d6e9873551
[INFO] [stdout]                                at /rustc/df4ca44d3fbc9301ee17f30f4d474e6ae4b05252/library/std/src/../../backtrace/src/backtrace/libunwind.rs:116:5
[INFO] [stdout]    1:     0x625d5698597a - std::backtrace_rs::backtrace::trace_unsynchronized::h2ed7433f370e3eca
[INFO] [stdout]                                at /rustc/df4ca44d3fbc9301ee17f30f4d474e6ae4b05252/library/std/src/../../backtrace/src/backtrace/mod.rs:66:5
[INFO] [stdout]    2:     0x625d5698597a - std::sys::backtrace::_print_fmt::h916fac51166b18d7
[INFO] [stdout]                                at /rustc/df4ca44d3fbc9301ee17f30f4d474e6ae4b05252/library/std/src/sys/backtrace.rs:66:9
[INFO] [stdout]    3:     0x625d5698597a - <std::sys::backtrace::BacktraceLock::print::DisplayBacktrace as core::fmt::Display>::fmt::ha0a4c9b8ce3802e6
[INFO] [stdout]                                at /rustc/df4ca44d3fbc9301ee17f30f4d474e6ae4b05252/library/std/src/sys/backtrace.rs:39:26
[INFO] [stdout]    4:     0x625d569ac9c3 - core::fmt::rt::Argument::fmt::h4cfc8587d52b3eb5
[INFO] [stdout]                                at /rustc/df4ca44d3fbc9301ee17f30f4d474e6ae4b05252/library/core/src/fmt/rt.rs:177:76
[INFO] [stdout]    5:     0x625d569ac9c3 - core::fmt::write::h522cc39e5b36ae9f
[INFO] [stdout]                                at /rustc/df4ca44d3fbc9301ee17f30f4d474e6ae4b05252/library/core/src/fmt/mod.rs:1190:21
[INFO] [stdout]    6:     0x625d569825e3 - std::io::Write::write_fmt::h7d3c26752da97734
[INFO] [stdout]                                at /rustc/df4ca44d3fbc9301ee17f30f4d474e6ae4b05252/library/std/src/io/mod.rs:1839:15
[INFO] [stdout]    7:     0x625d569857c2 - std::sys::backtrace::BacktraceLock::print::h4b9e00b29e9c0942
[INFO] [stdout]                                at /rustc/df4ca44d3fbc9301ee17f30f4d474e6ae4b05252/library/std/src/sys/backtrace.rs:42:9
[INFO] [stdout]    8:     0x625d56986e0a - std::panicking::default_hook::{{closure}}::hb59b88280d0324d9
[INFO] [stdout]                                at /rustc/df4ca44d3fbc9301ee17f30f4d474e6ae4b05252/library/std/src/panicking.rs:268:22
[INFO] [stdout]    9:     0x625d56986c14 - std::panicking::default_hook::he1dd496665be4a29
[INFO] [stdout]                                at /rustc/df4ca44d3fbc9301ee17f30f4d474e6ae4b05252/library/std/src/panicking.rs:292:9
[INFO] [stdout]   10:     0x625d56950819 - <alloc::boxed::Box<F,A> as core::ops::function::Fn<Args>>::call::h4ff71de18744e1dc
[INFO] [stdout]                                at /rustc/df4ca44d3fbc9301ee17f30f4d474e6ae4b05252/library/alloc/src/boxed.rs:2468:9
[INFO] [stdout]   11:     0x625d56950819 - test::test_main::{{closure}}::hcf7c055ce117aa81
[INFO] [stdout]                                at /rustc/df4ca44d3fbc9301ee17f30f4d474e6ae4b05252/library/test/src/lib.rs:133:21
[INFO] [stdout]   12:     0x625d56987508 - <alloc::boxed::Box<F,A> as core::ops::function::Fn<Args>>::call::h1d66c6bbd60c9692
[INFO] [stdout]                                at /rustc/df4ca44d3fbc9301ee17f30f4d474e6ae4b05252/library/alloc/src/boxed.rs:2468:9
[INFO] [stdout]   13:     0x625d56987508 - std::panicking::rust_panic_with_hook::h2ff17fe8f26dfcf8
[INFO] [stdout]                                at /rustc/df4ca44d3fbc9301ee17f30f4d474e6ae4b05252/library/std/src/panicking.rs:809:13
[INFO] [stdout]   14:     0x625d569872ca - std::panicking::begin_panic_handler::{{closure}}::h4fad77951c07e101
[INFO] [stdout]                                at /rustc/df4ca44d3fbc9301ee17f30f4d474e6ae4b05252/library/std/src/panicking.rs:674:13
[INFO] [stdout]   15:     0x625d56985e59 - std::sys::backtrace::__rust_end_short_backtrace::hb1a25b3da5d0ea08
[INFO] [stdout]                                at /rustc/df4ca44d3fbc9301ee17f30f4d474e6ae4b05252/library/std/src/sys/backtrace.rs:170:18
[INFO] [stdout]   16:     0x625d56986f5c - rust_begin_unwind
[INFO] [stdout]                                at /rustc/df4ca44d3fbc9301ee17f30f4d474e6ae4b05252/library/std/src/panicking.rs:665:5
[INFO] [stdout]   17:     0x625d569aaa10 - core::panicking::panic_fmt::ha9db07b529f9b256
[INFO] [stdout]                                at /rustc/df4ca44d3fbc9301ee17f30f4d474e6ae4b05252/library/core/src/panicking.rs:75:14
[INFO] [stdout]   18:     0x625d569aae14 - core::panicking::assert_failed_inner::h04f38944d74a80a8
[INFO] [stdout]   19:     0x625d56914951 - core::panicking::assert_failed::h4bb3bf74352195c9
[INFO] [stdout]                                at /rustc/df4ca44d3fbc9301ee17f30f4d474e6ae4b05252/library/core/src/panicking.rs:377:5
[INFO] [stdout]   20:     0x625d56873679 - taffy::style::tests::style_sizes::assert_type_size::h8a700d1d10dd11c9
[INFO] [stdout]                                at /opt/rustwide/workdir/src/style/mod.rs:996:13
[INFO] [stdout]   21:     0x625d5686d7c3 - taffy::style::tests::style_sizes::h2c6bdd0b5df7e355
[INFO] [stdout]                                at /opt/rustwide/workdir/src/style/mod.rs:1047:9
[INFO] [stdout]   22:     0x625d5686d687 - taffy::style::tests::style_sizes::{{closure}}::h20852fd35cffc4cd
[INFO] [stdout]                                at /opt/rustwide/workdir/src/style/mod.rs:985:21
[INFO] [stdout]   23:     0x625d56807776 - core::ops::function::FnOnce::call_once::h1f9868e28acf48db
[INFO] [stdout]                                at /rustc/df4ca44d3fbc9301ee17f30f4d474e6ae4b05252/library/core/src/ops/function.rs:250:5
[INFO] [stdout]   24:     0x625d569550eb - core::ops::function::FnOnce::call_once::h22c3ba5715e93f05
[INFO] [stdout]                                at /rustc/df4ca44d3fbc9301ee17f30f4d474e6ae4b05252/library/core/src/ops/function.rs:250:5
[INFO] [stdout]   25:     0x625d569550eb - test::__rust_begin_short_backtrace::h8e82d8113d0da17f
[INFO] [stdout]                                at /rustc/df4ca44d3fbc9301ee17f30f4d474e6ae4b05252/library/test/src/lib.rs:621:18
[INFO] [stdout]   26:     0x625d56954a67 - test::run_test_in_process::{{closure}}::h33235f4f20b7b7c7
[INFO] [stdout]                                at /rustc/df4ca44d3fbc9301ee17f30f4d474e6ae4b05252/library/test/src/lib.rs:644:60
[INFO] [stdout]   27:     0x625d56954a67 - <core::panic::unwind_safe::AssertUnwindSafe<F> as core::ops::function::FnOnce<()>>::call_once::hb5043206310c586f
[INFO] [stdout]                                at /rustc/df4ca44d3fbc9301ee17f30f4d474e6ae4b05252/library/core/src/panic/unwind_safe.rs:272:9
[INFO] [stdout]   28:     0x625d56954a67 - std::panicking::try::do_call::h9ad4731a60ab23e2
[INFO] [stdout]                                at /rustc/df4ca44d3fbc9301ee17f30f4d474e6ae4b05252/library/std/src/panicking.rs:557:40
[INFO] [stdout]   29:     0x625d56954a67 - std::panicking::try::h3824d23db772a716
[INFO] [stdout]                                at /rustc/df4ca44d3fbc9301ee17f30f4d474e6ae4b05252/library/std/src/panicking.rs:520:19
[INFO] [stdout]   30:     0x625d56954a67 - std::panic::catch_unwind::h5afd514605fde46b
[INFO] [stdout]                                at /rustc/df4ca44d3fbc9301ee17f30f4d474e6ae4b05252/library/std/src/panic.rs:358:14
[INFO] [stdout]   31:     0x625d56954a67 - test::run_test_in_process::h0d5cbfa7067d1720
[INFO] [stdout]                                at /rustc/df4ca44d3fbc9301ee17f30f4d474e6ae4b05252/library/test/src/lib.rs:644:27
[INFO] [stdout]   32:     0x625d56954a67 - test::run_test::{{closure}}::h708eb8872708115d
[INFO] [stdout]                                at /rustc/df4ca44d3fbc9301ee17f30f4d474e6ae4b05252/library/test/src/lib.rs:565:43
[INFO] [stdout]   33:     0x625d56918184 - test::run_test::{{closure}}::h392c51cee94713ab
[INFO] [stdout]                                at /rustc/df4ca44d3fbc9301ee17f30f4d474e6ae4b05252/library/test/src/lib.rs:595:41
[INFO] [stdout]   34:     0x625d56918184 - std::sys::backtrace::__rust_begin_short_backtrace::h2f40290710935a8b
[INFO] [stdout]                                at /rustc/df4ca44d3fbc9301ee17f30f4d474e6ae4b05252/library/std/src/sys/backtrace.rs:154:18
[INFO] [stdout]   35:     0x625d5691b92e - std::thread::Builder::spawn_unchecked_::{{closure}}::{{closure}}::h3fd968d89053a903
[INFO] [stdout]                                at /rustc/df4ca44d3fbc9301ee17f30f4d474e6ae4b05252/library/std/src/thread/mod.rs:541:17
[INFO] [stdout]   36:     0x625d5691b92e - <core::panic::unwind_safe::AssertUnwindSafe<F> as core::ops::function::FnOnce<()>>::call_once::h743f637ba4229880
[INFO] [stdout]                                at /rustc/df4ca44d3fbc9301ee17f30f4d474e6ae4b05252/library/core/src/panic/unwind_safe.rs:272:9
[INFO] [stdout]   37:     0x625d5691b92e - std::panicking::try::do_call::h07440897322525a6
[INFO] [stdout]                                at /rustc/df4ca44d3fbc9301ee17f30f4d474e6ae4b05252/library/std/src/panicking.rs:557:40
[INFO] [stdout]   38:     0x625d5691b92e - std::panicking::try::he5a2e00188156637
[INFO] [stdout]                                at /rustc/df4ca44d3fbc9301ee17f30f4d474e6ae4b05252/library/std/src/panicking.rs:520:19
[INFO] [stdout]   39:     0x625d5691b92e - std::panic::catch_unwind::hbaf3cae49b3c6433
[INFO] [stdout]                                at /rustc/df4ca44d3fbc9301ee17f30f4d474e6ae4b05252/library/std/src/panic.rs:358:14
[INFO] [stdout]   40:     0x625d5691b92e - std::thread::Builder::spawn_unchecked_::{{closure}}::h8e141ea224820bce
[INFO] [stdout]                                at /rustc/df4ca44d3fbc9301ee17f30f4d474e6ae4b05252/library/std/src/thread/mod.rs:540:30
[INFO] [stdout]   41:     0x625d5691b92e - core::ops::function::FnOnce::call_once{{vtable.shim}}::h90d312fedd7b8ea8
[INFO] [stdout]                                at /rustc/df4ca44d3fbc9301ee17f30f4d474e6ae4b05252/library/core/src/ops/function.rs:250:5
[INFO] [stdout]   42:     0x625d5698b2fb - <alloc::boxed::Box<F,A> as core::ops::function::FnOnce<Args>>::call_once::h69aa08ddb6adb8b6
[INFO] [stdout]                                at /rustc/df4ca44d3fbc9301ee17f30f4d474e6ae4b05252/library/alloc/src/boxed.rs:2454:9
[INFO] [stdout]   43:     0x625d5698b2fb - <alloc::boxed::Box<F,A> as core::ops::function::FnOnce<Args>>::call_once::h5aa36efdb79c806f
[INFO] [stdout]                                at /rustc/df4ca44d3fbc9301ee17f30f4d474e6ae4b05252/library/alloc/src/boxed.rs:2454:9
[INFO] [stdout]   44:     0x625d5698b2fb - std::sys::pal::unix::thread::Thread::new::thread_start::h6cd80a1b4be5158d
[INFO] [stdout]                                at /rustc/df4ca44d3fbc9301ee17f30f4d474e6ae4b05252/library/std/src/sys/pal/unix/thread.rs:105:17
[INFO] [stdout]   45:     0x7f5f63d71ac3 - <unknown>
[INFO] [stdout]   46:     0x7f5f63e02a04 - clone
[INFO] [stdout]   47:                0x0 - <unknown>
[INFO] [stdout] 
[INFO] [stdout] 
[INFO] [stdout] failures:
[INFO] [stdout]     style::tests::style_sizes
[INFO] [stdout] 
[INFO] [stdout] test result: FAILED. 86 passed; 1 failed; 0 ignored; 0 measured; 0 filtered out; finished in 0.02s
[INFO] [stdout] 
[INFO] [stderr] error: test failed, to rerun pass `--lib`
[INFO] running `Command { std: "docker" "inspect" "a23ef93bffbbcbebb06e19b950e2aa238176649258226f11c4d6cc75b0baf3a3", kill_on_drop: false }`
[INFO] running `Command { std: "docker" "rm" "-f" "a23ef93bffbbcbebb06e19b950e2aa238176649258226f11c4d6cc75b0baf3a3", kill_on_drop: false }`
[INFO] [stdout] a23ef93bffbbcbebb06e19b950e2aa238176649258226f11c4d6cc75b0baf3a3
