[INFO] fetching crate ser_raw 0.1.0...
[INFO] testing ser_raw-0.1.0 against nightly-2024-10-28+rustflags=-Zrandomize-layout for randomize-layout
[INFO] extracting crate ser_raw 0.1.0 into /workspace/builds/worker-0-tc2/source
[INFO] validating manifest of crates.io crate ser_raw 0.1.0 on toolchain nightly-2024-10-28
[INFO] running `Command { std: CARGO_HOME="/workspace/cargo-home" RUSTUP_HOME="/workspace/rustup-home" "/workspace/cargo-home/bin/cargo" "+nightly-2024-10-28" "metadata" "--manifest-path" "Cargo.toml" "--no-deps", kill_on_drop: false }`
[INFO] started tweaking crates.io crate ser_raw 0.1.0
[INFO] finished tweaking crates.io crate ser_raw 0.1.0
[INFO] tweaked toml for crates.io crate ser_raw 0.1.0 written to /workspace/builds/worker-0-tc2/source/Cargo.toml
[INFO] running `Command { std: CARGO_HOME="/workspace/cargo-home" RUSTUP_HOME="/workspace/rustup-home" "/workspace/cargo-home/bin/cargo" "+nightly-2024-10-28" "generate-lockfile" "--manifest-path" "Cargo.toml", kill_on_drop: false }`
[INFO] [stderr]     Updating crates.io index
[INFO] [stderr]      Locking 23 packages to latest compatible versions
[INFO] running `Command { std: CARGO_HOME="/workspace/cargo-home" RUSTUP_HOME="/workspace/rustup-home" "/workspace/cargo-home/bin/cargo" "+nightly-2024-10-28" "fetch" "--manifest-path" "Cargo.toml", kill_on_drop: false }`
[INFO] running `Command { std: "docker" "create" "-v" "/var/lib/crater-agent-workspace/builds/worker-0-tc2/target:/opt/rustwide/target:rw,Z" "-v" "/var/lib/crater-agent-workspace/builds/worker-0-tc2/source:/opt/rustwide/workdir:ro,Z" "-v" "/var/lib/crater-agent-workspace/cargo-home:/opt/rustwide/cargo-home:ro,Z" "-v" "/var/lib/crater-agent-workspace/rustup-home:/opt/rustwide/rustup-home:ro,Z" "-e" "SOURCE_DIR=/opt/rustwide/workdir" "-e" "CARGO_TARGET_DIR=/opt/rustwide/target" "-e" "CARGO_HOME=/opt/rustwide/cargo-home" "-e" "RUSTUP_HOME=/opt/rustwide/rustup-home" "-w" "/opt/rustwide/workdir" "-m" "1610612736" "--user" "0:0" "--network" "none" "ghcr.io/rust-lang/crates-build-env/linux@sha256:4a844ea9eb2546a2d2c7022eacef16ef2e8229c7fbb2c7d4d55a9ceca922f72d" "/opt/rustwide/cargo-home/bin/cargo" "+nightly-2024-10-28" "metadata" "--no-deps" "--format-version=1", kill_on_drop: false }`
[INFO] [stdout] 9ebf73bc8f2585aa7339dc60a272f7988aa6ab17acf497d529b9954e1b35c102
[INFO] running `Command { std: "docker" "start" "-a" "9ebf73bc8f2585aa7339dc60a272f7988aa6ab17acf497d529b9954e1b35c102", kill_on_drop: false }`
[INFO] running `Command { std: "docker" "inspect" "9ebf73bc8f2585aa7339dc60a272f7988aa6ab17acf497d529b9954e1b35c102", kill_on_drop: false }`
[INFO] running `Command { std: "docker" "rm" "-f" "9ebf73bc8f2585aa7339dc60a272f7988aa6ab17acf497d529b9954e1b35c102", kill_on_drop: false }`
[INFO] [stdout] 9ebf73bc8f2585aa7339dc60a272f7988aa6ab17acf497d529b9954e1b35c102
[INFO] running `Command { std: "docker" "create" "-v" "/var/lib/crater-agent-workspace/builds/worker-0-tc2/target:/opt/rustwide/target:rw,Z" "-v" "/var/lib/crater-agent-workspace/builds/worker-0-tc2/source:/opt/rustwide/workdir:ro,Z" "-v" "/var/lib/crater-agent-workspace/cargo-home:/opt/rustwide/cargo-home:ro,Z" "-v" "/var/lib/crater-agent-workspace/rustup-home:/opt/rustwide/rustup-home:ro,Z" "-e" "SOURCE_DIR=/opt/rustwide/workdir" "-e" "CARGO_TARGET_DIR=/opt/rustwide/target" "-e" "CARGO_INCREMENTAL=0" "-e" "RUST_BACKTRACE=full" "-e" "RUSTFLAGS=--cap-lints=forbid -Zrandomize-layout" "-e" "RUSTDOCFLAGS=--cap-lints=forbid" "-e" "CARGO_HOME=/opt/rustwide/cargo-home" "-e" "RUSTUP_HOME=/opt/rustwide/rustup-home" "-w" "/opt/rustwide/workdir" "-m" "1610612736" "--user" "0:0" "--network" "none" "ghcr.io/rust-lang/crates-build-env/linux@sha256:4a844ea9eb2546a2d2c7022eacef16ef2e8229c7fbb2c7d4d55a9ceca922f72d" "/opt/rustwide/cargo-home/bin/cargo" "+nightly-2024-10-28" "build" "--frozen" "--message-format=json", kill_on_drop: false }`
[INFO] [stdout] 11e82f8129c607d9870adc5298fc4ed4bdb8ebbe623459494f5e9f46951bd7e0
[INFO] running `Command { std: "docker" "start" "-a" "11e82f8129c607d9870adc5298fc4ed4bdb8ebbe623459494f5e9f46951bd7e0", kill_on_drop: false }`
[INFO] [stderr]    Compiling ser_raw_derive_serializer v0.1.0
[INFO] [stderr]    Compiling ser_raw_derive v0.1.0
[INFO] [stderr]    Compiling ser_raw v0.1.0 (/opt/rustwide/workdir)
[INFO] [stdout] warning: non-local `impl` definition, `impl` blocks should be written at the same level as their item
[INFO] [stdout]   --> src/serializers/ptr_offset.rs:41:10
[INFO] [stdout]    |
[INFO] [stdout] 41 | #[derive(Serializer)]
[INFO] [stdout]    |          ^---------
[INFO] [stdout]    |          |
[INFO] [stdout]    |          `PosTracking` is not local
[INFO] [stdout]    |          move the `impl` block outside of this constant `_` and up 2 bodies
[INFO] [stdout] ...
[INFO] [stdout] 44 | pub struct PtrOffsetSerializer<
[INFO] [stdout]    |            ------------------- `PtrOffsetSerializer` is not local
[INFO] [stdout] 45 |     const STORAGE_ALIGNMENT: usize,
[INFO] [stdout]    |           ----------------- `STORAGE_ALIGNMENT` is not local
[INFO] [stdout] 46 |     const VALUE_ALIGNMENT: usize,
[INFO] [stdout]    |           --------------- `VALUE_ALIGNMENT` is not local
[INFO] [stdout] 47 |     const MAX_VALUE_ALIGNMENT: usize,
[INFO] [stdout]    |           ------------------- `MAX_VALUE_ALIGNMENT` is not local
[INFO] [stdout] 48 |     const MAX_CAPACITY: usize,
[INFO] [stdout]    |           ------------ `MAX_CAPACITY` is not local
[INFO] [stdout]    |
[INFO] [stdout]    = note: the derive macro `Serializer` defines the non-local `impl`, and may need to be changed
[INFO] [stdout]    = note: the derive macro `Serializer` may come from an old version of the `ser_raw_derive_serializer` crate, try updating your dependency with `cargo update -p ser_raw_derive_serializer`
[INFO] [stdout]    = note: an `impl` is never scoped, even when it is nested inside an item, as it may impact type checking outside of that item, which can be the case if neither the trait or the self type are at the same nesting level as the `impl`
[INFO] [stdout]    = note: items in an anonymous const item (`const _: () = { ... }`) are treated as in the same scope as the anonymous const's declaration for the purpose of this lint
[INFO] [stdout]    = note: `#[warn(non_local_definitions)]` on by default
[INFO] [stdout]    = note: this warning originates in the derive macro `Serializer` (in Nightly builds, run with -Z macro-backtrace for more info)
[INFO] [stdout] 
[INFO] [stdout] 
[INFO] [stdout] warning: non-local `impl` definition, `impl` blocks should be written at the same level as their item
[INFO] [stdout]   --> src/serializers/ptr_offset.rs:41:10
[INFO] [stdout]    |
[INFO] [stdout] 41 | #[derive(Serializer)]
[INFO] [stdout]    |          ^---------
[INFO] [stdout]    |          |
[INFO] [stdout]    |          `PtrWriting` is not local
[INFO] [stdout]    |          move the `impl` block outside of this constant `_` and up 2 bodies
[INFO] [stdout] ...
[INFO] [stdout] 44 | pub struct PtrOffsetSerializer<
[INFO] [stdout]    |            ------------------- `PtrOffsetSerializer` is not local
[INFO] [stdout] 45 |     const STORAGE_ALIGNMENT: usize,
[INFO] [stdout]    |           ----------------- `STORAGE_ALIGNMENT` is not local
[INFO] [stdout] 46 |     const VALUE_ALIGNMENT: usize,
[INFO] [stdout]    |           --------------- `VALUE_ALIGNMENT` is not local
[INFO] [stdout] 47 |     const MAX_VALUE_ALIGNMENT: usize,
[INFO] [stdout]    |           ------------------- `MAX_VALUE_ALIGNMENT` is not local
[INFO] [stdout] 48 |     const MAX_CAPACITY: usize,
[INFO] [stdout]    |           ------------ `MAX_CAPACITY` is not local
[INFO] [stdout]    |
[INFO] [stdout]    = note: the derive macro `Serializer` defines the non-local `impl`, and may need to be changed
[INFO] [stdout]    = note: the derive macro `Serializer` may come from an old version of the `ser_raw_derive_serializer` crate, try updating your dependency with `cargo update -p ser_raw_derive_serializer`
[INFO] [stdout]    = note: an `impl` is never scoped, even when it is nested inside an item, as it may impact type checking outside of that item, which can be the case if neither the trait or the self type are at the same nesting level as the `impl`
[INFO] [stdout]    = note: items in an anonymous const item (`const _: () = { ... }`) are treated as in the same scope as the anonymous const's declaration for the purpose of this lint
[INFO] [stdout]    = note: this warning originates in the derive macro `Serializer` (in Nightly builds, run with -Z macro-backtrace for more info)
[INFO] [stdout] 
[INFO] [stdout] 
[INFO] [stdout] warning: non-local `impl` definition, `impl` blocks should be written at the same level as their item
[INFO] [stdout]   --> src/serializers/ptr_offset.rs:41:10
[INFO] [stdout]    |
[INFO] [stdout] 41 | #[derive(Serializer)]
[INFO] [stdout]    |          ^---------
[INFO] [stdout]    |          |
[INFO] [stdout]    |          `PtrOffset` is not local
[INFO] [stdout]    |          move the `impl` block outside of this constant `_` and up 2 bodies
[INFO] [stdout] ...
[INFO] [stdout] 44 | pub struct PtrOffsetSerializer<
[INFO] [stdout]    |            ------------------- `PtrOffsetSerializer` is not local
[INFO] [stdout] 45 |     const STORAGE_ALIGNMENT: usize,
[INFO] [stdout]    |           ----------------- `STORAGE_ALIGNMENT` is not local
[INFO] [stdout] 46 |     const VALUE_ALIGNMENT: usize,
[INFO] [stdout]    |           --------------- `VALUE_ALIGNMENT` is not local
[INFO] [stdout] 47 |     const MAX_VALUE_ALIGNMENT: usize,
[INFO] [stdout]    |           ------------------- `MAX_VALUE_ALIGNMENT` is not local
[INFO] [stdout] 48 |     const MAX_CAPACITY: usize,
[INFO] [stdout]    |           ------------ `MAX_CAPACITY` is not local
[INFO] [stdout]    |
[INFO] [stdout]    = note: the derive macro `Serializer` defines the non-local `impl`, and may need to be changed
[INFO] [stdout]    = note: the derive macro `Serializer` may come from an old version of the `ser_raw_derive_serializer` crate, try updating your dependency with `cargo update -p ser_raw_derive_serializer`
[INFO] [stdout]    = note: an `impl` is never scoped, even when it is nested inside an item, as it may impact type checking outside of that item, which can be the case if neither the trait or the self type are at the same nesting level as the `impl`
[INFO] [stdout]    = note: items in an anonymous const item (`const _: () = { ... }`) are treated as in the same scope as the anonymous const's declaration for the purpose of this lint
[INFO] [stdout]    = note: this warning originates in the derive macro `Serializer` (in Nightly builds, run with -Z macro-backtrace for more info)
[INFO] [stdout] 
[INFO] [stdout] 
[INFO] [stdout] warning: non-local `impl` definition, `impl` blocks should be written at the same level as their item
[INFO] [stdout]   --> src/serializers/complete.rs:17:10
[INFO] [stdout]    |
[INFO] [stdout] 17 | #[derive(Serializer)]
[INFO] [stdout]    |          ^---------
[INFO] [stdout]    |          |
[INFO] [stdout]    |          `PosTracking` is not local
[INFO] [stdout]    |          move the `impl` block outside of this constant `_` and up 2 bodies
[INFO] [stdout] ...
[INFO] [stdout] 20 | pub struct CompleteSerializer<
[INFO] [stdout]    |            ------------------ `CompleteSerializer` is not local
[INFO] [stdout] 21 |     const STORAGE_ALIGNMENT: usize,
[INFO] [stdout]    |           ----------------- `STORAGE_ALIGNMENT` is not local
[INFO] [stdout] 22 |     const VALUE_ALIGNMENT: usize,
[INFO] [stdout]    |           --------------- `VALUE_ALIGNMENT` is not local
[INFO] [stdout] 23 |     const MAX_VALUE_ALIGNMENT: usize,
[INFO] [stdout]    |           ------------------- `MAX_VALUE_ALIGNMENT` is not local
[INFO] [stdout] 24 |     const MAX_CAPACITY: usize,
[INFO] [stdout]    |           ------------ `MAX_CAPACITY` is not local
[INFO] [stdout]    |
[INFO] [stdout]    = note: the derive macro `Serializer` defines the non-local `impl`, and may need to be changed
[INFO] [stdout]    = note: the derive macro `Serializer` may come from an old version of the `ser_raw_derive_serializer` crate, try updating your dependency with `cargo update -p ser_raw_derive_serializer`
[INFO] [stdout]    = note: an `impl` is never scoped, even when it is nested inside an item, as it may impact type checking outside of that item, which can be the case if neither the trait or the self type are at the same nesting level as the `impl`
[INFO] [stdout]    = note: items in an anonymous const item (`const _: () = { ... }`) are treated as in the same scope as the anonymous const's declaration for the purpose of this lint
[INFO] [stdout]    = note: this warning originates in the derive macro `Serializer` (in Nightly builds, run with -Z macro-backtrace for more info)
[INFO] [stdout] 
[INFO] [stdout] 
[INFO] [stdout] warning: non-local `impl` definition, `impl` blocks should be written at the same level as their item
[INFO] [stdout]   --> src/serializers/complete.rs:17:10
[INFO] [stdout]    |
[INFO] [stdout] 17 | #[derive(Serializer)]
[INFO] [stdout]    |          ^---------
[INFO] [stdout]    |          |
[INFO] [stdout]    |          `PtrWriting` is not local
[INFO] [stdout]    |          move the `impl` block outside of this constant `_` and up 2 bodies
[INFO] [stdout] ...
[INFO] [stdout] 20 | pub struct CompleteSerializer<
[INFO] [stdout]    |            ------------------ `CompleteSerializer` is not local
[INFO] [stdout] 21 |     const STORAGE_ALIGNMENT: usize,
[INFO] [stdout]    |           ----------------- `STORAGE_ALIGNMENT` is not local
[INFO] [stdout] 22 |     const VALUE_ALIGNMENT: usize,
[INFO] [stdout]    |           --------------- `VALUE_ALIGNMENT` is not local
[INFO] [stdout] 23 |     const MAX_VALUE_ALIGNMENT: usize,
[INFO] [stdout]    |           ------------------- `MAX_VALUE_ALIGNMENT` is not local
[INFO] [stdout] 24 |     const MAX_CAPACITY: usize,
[INFO] [stdout]    |           ------------ `MAX_CAPACITY` is not local
[INFO] [stdout]    |
[INFO] [stdout]    = note: the derive macro `Serializer` defines the non-local `impl`, and may need to be changed
[INFO] [stdout]    = note: the derive macro `Serializer` may come from an old version of the `ser_raw_derive_serializer` crate, try updating your dependency with `cargo update -p ser_raw_derive_serializer`
[INFO] [stdout]    = note: an `impl` is never scoped, even when it is nested inside an item, as it may impact type checking outside of that item, which can be the case if neither the trait or the self type are at the same nesting level as the `impl`
[INFO] [stdout]    = note: items in an anonymous const item (`const _: () = { ... }`) are treated as in the same scope as the anonymous const's declaration for the purpose of this lint
[INFO] [stdout]    = note: this warning originates in the derive macro `Serializer` (in Nightly builds, run with -Z macro-backtrace for more info)
[INFO] [stdout] 
[INFO] [stdout] 
[INFO] [stdout] warning: non-local `impl` definition, `impl` blocks should be written at the same level as their item
[INFO] [stdout]   --> src/serializers/complete.rs:17:10
[INFO] [stdout]    |
[INFO] [stdout] 17 | #[derive(Serializer)]
[INFO] [stdout]    |          ^---------
[INFO] [stdout]    |          |
[INFO] [stdout]    |          `Writable` is not local
[INFO] [stdout]    |          move the `impl` block outside of this constant `_` and up 2 bodies
[INFO] [stdout] ...
[INFO] [stdout] 20 | pub struct CompleteSerializer<
[INFO] [stdout]    |            ------------------ `CompleteSerializer` is not local
[INFO] [stdout] 21 |     const STORAGE_ALIGNMENT: usize,
[INFO] [stdout]    |           ----------------- `STORAGE_ALIGNMENT` is not local
[INFO] [stdout] 22 |     const VALUE_ALIGNMENT: usize,
[INFO] [stdout]    |           --------------- `VALUE_ALIGNMENT` is not local
[INFO] [stdout] 23 |     const MAX_VALUE_ALIGNMENT: usize,
[INFO] [stdout]    |           ------------------- `MAX_VALUE_ALIGNMENT` is not local
[INFO] [stdout] 24 |     const MAX_CAPACITY: usize,
[INFO] [stdout]    |           ------------ `MAX_CAPACITY` is not local
[INFO] [stdout]    |
[INFO] [stdout]    = note: the derive macro `Serializer` defines the non-local `impl`, and may need to be changed
[INFO] [stdout]    = note: the derive macro `Serializer` may come from an old version of the `ser_raw_derive_serializer` crate, try updating your dependency with `cargo update -p ser_raw_derive_serializer`
[INFO] [stdout]    = note: an `impl` is never scoped, even when it is nested inside an item, as it may impact type checking outside of that item, which can be the case if neither the trait or the self type are at the same nesting level as the `impl`
[INFO] [stdout]    = note: items in an anonymous const item (`const _: () = { ... }`) are treated as in the same scope as the anonymous const's declaration for the purpose of this lint
[INFO] [stdout]    = note: this warning originates in the derive macro `Serializer` (in Nightly builds, run with -Z macro-backtrace for more info)
[INFO] [stdout] 
[INFO] [stdout] 
[INFO] [stdout] warning: non-local `impl` definition, `impl` blocks should be written at the same level as their item
[INFO] [stdout]   --> src/serializers/complete.rs:17:10
[INFO] [stdout]    |
[INFO] [stdout] 17 | #[derive(Serializer)]
[INFO] [stdout]    |          ^---------
[INFO] [stdout]    |          |
[INFO] [stdout]    |          `Complete` is not local
[INFO] [stdout]    |          move the `impl` block outside of this constant `_` and up 2 bodies
[INFO] [stdout] ...
[INFO] [stdout] 20 | pub struct CompleteSerializer<
[INFO] [stdout]    |            ------------------ `CompleteSerializer` is not local
[INFO] [stdout] 21 |     const STORAGE_ALIGNMENT: usize,
[INFO] [stdout]    |           ----------------- `STORAGE_ALIGNMENT` is not local
[INFO] [stdout] 22 |     const VALUE_ALIGNMENT: usize,
[INFO] [stdout]    |           --------------- `VALUE_ALIGNMENT` is not local
[INFO] [stdout] 23 |     const MAX_VALUE_ALIGNMENT: usize,
[INFO] [stdout]    |           ------------------- `MAX_VALUE_ALIGNMENT` is not local
[INFO] [stdout] 24 |     const MAX_CAPACITY: usize,
[INFO] [stdout]    |           ------------ `MAX_CAPACITY` is not local
[INFO] [stdout]    |
[INFO] [stdout]    = note: the derive macro `Serializer` defines the non-local `impl`, and may need to be changed
[INFO] [stdout]    = note: the derive macro `Serializer` may come from an old version of the `ser_raw_derive_serializer` crate, try updating your dependency with `cargo update -p ser_raw_derive_serializer`
[INFO] [stdout]    = note: an `impl` is never scoped, even when it is nested inside an item, as it may impact type checking outside of that item, which can be the case if neither the trait or the self type are at the same nesting level as the `impl`
[INFO] [stdout]    = note: items in an anonymous const item (`const _: () = { ... }`) are treated as in the same scope as the anonymous const's declaration for the purpose of this lint
[INFO] [stdout]    = note: this warning originates in the derive macro `Serializer` (in Nightly builds, run with -Z macro-backtrace for more info)
[INFO] [stdout] 
[INFO] [stdout] 
[INFO] [stderr]     Finished `dev` profile [unoptimized + debuginfo] target(s) in 1.07s
[INFO] running `Command { std: "docker" "inspect" "11e82f8129c607d9870adc5298fc4ed4bdb8ebbe623459494f5e9f46951bd7e0", kill_on_drop: false }`
[INFO] running `Command { std: "docker" "rm" "-f" "11e82f8129c607d9870adc5298fc4ed4bdb8ebbe623459494f5e9f46951bd7e0", kill_on_drop: false }`
[INFO] [stdout] 11e82f8129c607d9870adc5298fc4ed4bdb8ebbe623459494f5e9f46951bd7e0
[INFO] running `Command { std: "docker" "create" "-v" "/var/lib/crater-agent-workspace/builds/worker-0-tc2/target:/opt/rustwide/target:rw,Z" "-v" "/var/lib/crater-agent-workspace/builds/worker-0-tc2/source:/opt/rustwide/workdir:ro,Z" "-v" "/var/lib/crater-agent-workspace/cargo-home:/opt/rustwide/cargo-home:ro,Z" "-v" "/var/lib/crater-agent-workspace/rustup-home:/opt/rustwide/rustup-home:ro,Z" "-e" "SOURCE_DIR=/opt/rustwide/workdir" "-e" "CARGO_TARGET_DIR=/opt/rustwide/target" "-e" "CARGO_INCREMENTAL=0" "-e" "RUST_BACKTRACE=full" "-e" "RUSTFLAGS=--cap-lints=forbid -Zrandomize-layout" "-e" "RUSTDOCFLAGS=--cap-lints=forbid" "-e" "CARGO_HOME=/opt/rustwide/cargo-home" "-e" "RUSTUP_HOME=/opt/rustwide/rustup-home" "-w" "/opt/rustwide/workdir" "-m" "1610612736" "--user" "0:0" "--network" "none" "ghcr.io/rust-lang/crates-build-env/linux@sha256:4a844ea9eb2546a2d2c7022eacef16ef2e8229c7fbb2c7d4d55a9ceca922f72d" "/opt/rustwide/cargo-home/bin/cargo" "+nightly-2024-10-28" "test" "--frozen" "--no-run" "--message-format=json", kill_on_drop: false }`
[INFO] [stdout] 303fb2ea9b7fb5938eafeded53a911bb1d2f157078b2a2ed3d61b97217f70671
[INFO] running `Command { std: "docker" "start" "-a" "303fb2ea9b7fb5938eafeded53a911bb1d2f157078b2a2ed3d61b97217f70671", kill_on_drop: false }`
[INFO] [stderr]    Compiling libc v0.2.161
[INFO] [stderr]    Compiling zerocopy-derive v0.7.35
[INFO] [stderr]    Compiling byteorder v1.5.0
[INFO] [stderr]    Compiling num-traits v0.2.19
[INFO] [stdout] warning: non-local `impl` definition, `impl` blocks should be written at the same level as their item
[INFO] [stdout]   --> src/serializers/ptr_offset.rs:41:10
[INFO] [stdout]    |
[INFO] [stdout] 41 | #[derive(Serializer)]
[INFO] [stdout]    |          ^---------
[INFO] [stdout]    |          |
[INFO] [stdout]    |          `PosTracking` is not local
[INFO] [stdout]    |          move the `impl` block outside of this constant `_` and up 2 bodies
[INFO] [stdout] ...
[INFO] [stdout] 44 | pub struct PtrOffsetSerializer<
[INFO] [stdout]    |            ------------------- `PtrOffsetSerializer` is not local
[INFO] [stdout] 45 |     const STORAGE_ALIGNMENT: usize,
[INFO] [stdout]    |           ----------------- `STORAGE_ALIGNMENT` is not local
[INFO] [stdout] 46 |     const VALUE_ALIGNMENT: usize,
[INFO] [stdout]    |           --------------- `VALUE_ALIGNMENT` is not local
[INFO] [stdout] 47 |     const MAX_VALUE_ALIGNMENT: usize,
[INFO] [stdout]    |           ------------------- `MAX_VALUE_ALIGNMENT` is not local
[INFO] [stdout] 48 |     const MAX_CAPACITY: usize,
[INFO] [stdout]    |           ------------ `MAX_CAPACITY` is not local
[INFO] [stdout]    |
[INFO] [stdout]    = note: the derive macro `Serializer` defines the non-local `impl`, and may need to be changed
[INFO] [stdout]    = note: the derive macro `Serializer` may come from an old version of the `ser_raw_derive_serializer` crate, try updating your dependency with `cargo update -p ser_raw_derive_serializer`
[INFO] [stdout]    = note: an `impl` is never scoped, even when it is nested inside an item, as it may impact type checking outside of that item, which can be the case if neither the trait or the self type are at the same nesting level as the `impl`
[INFO] [stdout]    = note: items in an anonymous const item (`const _: () = { ... }`) are treated as in the same scope as the anonymous const's declaration for the purpose of this lint
[INFO] [stdout]    = note: `#[warn(non_local_definitions)]` on by default
[INFO] [stdout]    = note: this warning originates in the derive macro `Serializer` (in Nightly builds, run with -Z macro-backtrace for more info)
[INFO] [stdout] 
[INFO] [stdout] 
[INFO] [stdout] warning: non-local `impl` definition, `impl` blocks should be written at the same level as their item
[INFO] [stdout]   --> src/serializers/ptr_offset.rs:41:10
[INFO] [stdout]    |
[INFO] [stdout] 41 | #[derive(Serializer)]
[INFO] [stdout]    |          ^---------
[INFO] [stdout]    |          |
[INFO] [stdout]    |          `PtrWriting` is not local
[INFO] [stdout]    |          move the `impl` block outside of this constant `_` and up 2 bodies
[INFO] [stdout] ...
[INFO] [stdout] 44 | pub struct PtrOffsetSerializer<
[INFO] [stdout]    |            ------------------- `PtrOffsetSerializer` is not local
[INFO] [stdout] 45 |     const STORAGE_ALIGNMENT: usize,
[INFO] [stdout]    |           ----------------- `STORAGE_ALIGNMENT` is not local
[INFO] [stdout] 46 |     const VALUE_ALIGNMENT: usize,
[INFO] [stdout]    |           --------------- `VALUE_ALIGNMENT` is not local
[INFO] [stdout] 47 |     const MAX_VALUE_ALIGNMENT: usize,
[INFO] [stdout]    |           ------------------- `MAX_VALUE_ALIGNMENT` is not local
[INFO] [stdout] 48 |     const MAX_CAPACITY: usize,
[INFO] [stdout]    |           ------------ `MAX_CAPACITY` is not local
[INFO] [stdout]    |
[INFO] [stdout]    = note: the derive macro `Serializer` defines the non-local `impl`, and may need to be changed
[INFO] [stdout]    = note: the derive macro `Serializer` may come from an old version of the `ser_raw_derive_serializer` crate, try updating your dependency with `cargo update -p ser_raw_derive_serializer`
[INFO] [stdout]    = note: an `impl` is never scoped, even when it is nested inside an item, as it may impact type checking outside of that item, which can be the case if neither the trait or the self type are at the same nesting level as the `impl`
[INFO] [stdout]    = note: items in an anonymous const item (`const _: () = { ... }`) are treated as in the same scope as the anonymous const's declaration for the purpose of this lint
[INFO] [stdout]    = note: this warning originates in the derive macro `Serializer` (in Nightly builds, run with -Z macro-backtrace for more info)
[INFO] [stdout] 
[INFO] [stdout] 
[INFO] [stdout] warning: non-local `impl` definition, `impl` blocks should be written at the same level as their item
[INFO] [stdout]   --> src/serializers/ptr_offset.rs:41:10
[INFO] [stdout]    |
[INFO] [stdout] 41 | #[derive(Serializer)]
[INFO] [stdout]    |          ^---------
[INFO] [stdout]    |          |
[INFO] [stdout]    |          `PtrOffset` is not local
[INFO] [stdout]    |          move the `impl` block outside of this constant `_` and up 2 bodies
[INFO] [stdout] ...
[INFO] [stdout] 44 | pub struct PtrOffsetSerializer<
[INFO] [stdout]    |            ------------------- `PtrOffsetSerializer` is not local
[INFO] [stdout] 45 |     const STORAGE_ALIGNMENT: usize,
[INFO] [stdout]    |           ----------------- `STORAGE_ALIGNMENT` is not local
[INFO] [stdout] 46 |     const VALUE_ALIGNMENT: usize,
[INFO] [stdout]    |           --------------- `VALUE_ALIGNMENT` is not local
[INFO] [stdout] 47 |     const MAX_VALUE_ALIGNMENT: usize,
[INFO] [stdout]    |           ------------------- `MAX_VALUE_ALIGNMENT` is not local
[INFO] [stdout] 48 |     const MAX_CAPACITY: usize,
[INFO] [stdout]    |           ------------ `MAX_CAPACITY` is not local
[INFO] [stdout]    |
[INFO] [stdout]    = note: the derive macro `Serializer` defines the non-local `impl`, and may need to be changed
[INFO] [stdout]    = note: the derive macro `Serializer` may come from an old version of the `ser_raw_derive_serializer` crate, try updating your dependency with `cargo update -p ser_raw_derive_serializer`
[INFO] [stdout]    = note: an `impl` is never scoped, even when it is nested inside an item, as it may impact type checking outside of that item, which can be the case if neither the trait or the self type are at the same nesting level as the `impl`
[INFO] [stdout]    = note: items in an anonymous const item (`const _: () = { ... }`) are treated as in the same scope as the anonymous const's declaration for the purpose of this lint
[INFO] [stdout]    = note: this warning originates in the derive macro `Serializer` (in Nightly builds, run with -Z macro-backtrace for more info)
[INFO] [stdout] 
[INFO] [stdout] 
[INFO] [stdout] warning: non-local `impl` definition, `impl` blocks should be written at the same level as their item
[INFO] [stdout]   --> src/serializers/complete.rs:17:10
[INFO] [stdout]    |
[INFO] [stdout] 17 | #[derive(Serializer)]
[INFO] [stdout]    |          ^---------
[INFO] [stdout]    |          |
[INFO] [stdout]    |          `PosTracking` is not local
[INFO] [stdout]    |          move the `impl` block outside of this constant `_` and up 2 bodies
[INFO] [stdout] ...
[INFO] [stdout] 20 | pub struct CompleteSerializer<
[INFO] [stdout]    |            ------------------ `CompleteSerializer` is not local
[INFO] [stdout] 21 |     const STORAGE_ALIGNMENT: usize,
[INFO] [stdout]    |           ----------------- `STORAGE_ALIGNMENT` is not local
[INFO] [stdout] 22 |     const VALUE_ALIGNMENT: usize,
[INFO] [stdout]    |           --------------- `VALUE_ALIGNMENT` is not local
[INFO] [stdout] 23 |     const MAX_VALUE_ALIGNMENT: usize,
[INFO] [stdout]    |           ------------------- `MAX_VALUE_ALIGNMENT` is not local
[INFO] [stdout] 24 |     const MAX_CAPACITY: usize,
[INFO] [stdout]    |           ------------ `MAX_CAPACITY` is not local
[INFO] [stdout]    |
[INFO] [stdout]    = note: the derive macro `Serializer` defines the non-local `impl`, and may need to be changed
[INFO] [stdout]    = note: the derive macro `Serializer` may come from an old version of the `ser_raw_derive_serializer` crate, try updating your dependency with `cargo update -p ser_raw_derive_serializer`
[INFO] [stdout]    = note: an `impl` is never scoped, even when it is nested inside an item, as it may impact type checking outside of that item, which can be the case if neither the trait or the self type are at the same nesting level as the `impl`
[INFO] [stdout]    = note: items in an anonymous const item (`const _: () = { ... }`) are treated as in the same scope as the anonymous const's declaration for the purpose of this lint
[INFO] [stdout]    = note: this warning originates in the derive macro `Serializer` (in Nightly builds, run with -Z macro-backtrace for more info)
[INFO] [stdout] 
[INFO] [stdout] 
[INFO] [stdout] warning: non-local `impl` definition, `impl` blocks should be written at the same level as their item
[INFO] [stdout]   --> src/serializers/complete.rs:17:10
[INFO] [stdout]    |
[INFO] [stdout] 17 | #[derive(Serializer)]
[INFO] [stdout]    |          ^---------
[INFO] [stdout]    |          |
[INFO] [stdout]    |          `PtrWriting` is not local
[INFO] [stdout]    |          move the `impl` block outside of this constant `_` and up 2 bodies
[INFO] [stdout] ...
[INFO] [stdout] 20 | pub struct CompleteSerializer<
[INFO] [stdout]    |            ------------------ `CompleteSerializer` is not local
[INFO] [stdout] 21 |     const STORAGE_ALIGNMENT: usize,
[INFO] [stdout]    |           ----------------- `STORAGE_ALIGNMENT` is not local
[INFO] [stdout] 22 |     const VALUE_ALIGNMENT: usize,
[INFO] [stdout]    |           --------------- `VALUE_ALIGNMENT` is not local
[INFO] [stdout] 23 |     const MAX_VALUE_ALIGNMENT: usize,
[INFO] [stdout]    |           ------------------- `MAX_VALUE_ALIGNMENT` is not local
[INFO] [stdout] 24 |     const MAX_CAPACITY: usize,
[INFO] [stdout]    |           ------------ `MAX_CAPACITY` is not local
[INFO] [stdout]    |
[INFO] [stdout]    = note: the derive macro `Serializer` defines the non-local `impl`, and may need to be changed
[INFO] [stdout]    = note: the derive macro `Serializer` may come from an old version of the `ser_raw_derive_serializer` crate, try updating your dependency with `cargo update -p ser_raw_derive_serializer`
[INFO] [stdout]    = note: an `impl` is never scoped, even when it is nested inside an item, as it may impact type checking outside of that item, which can be the case if neither the trait or the self type are at the same nesting level as the `impl`
[INFO] [stdout]    = note: items in an anonymous const item (`const _: () = { ... }`) are treated as in the same scope as the anonymous const's declaration for the purpose of this lint
[INFO] [stdout]    = note: this warning originates in the derive macro `Serializer` (in Nightly builds, run with -Z macro-backtrace for more info)
[INFO] [stdout] 
[INFO] [stdout] 
[INFO] [stdout] warning: non-local `impl` definition, `impl` blocks should be written at the same level as their item
[INFO] [stdout]   --> src/serializers/complete.rs:17:10
[INFO] [stdout]    |
[INFO] [stdout] 17 | #[derive(Serializer)]
[INFO] [stdout]    |          ^---------
[INFO] [stdout]    |          |
[INFO] [stdout]    |          `Writable` is not local
[INFO] [stdout]    |          move the `impl` block outside of this constant `_` and up 2 bodies
[INFO] [stdout] ...
[INFO] [stdout] 20 | pub struct CompleteSerializer<
[INFO] [stdout]    |            ------------------ `CompleteSerializer` is not local
[INFO] [stdout] 21 |     const STORAGE_ALIGNMENT: usize,
[INFO] [stdout]    |           ----------------- `STORAGE_ALIGNMENT` is not local
[INFO] [stdout] 22 |     const VALUE_ALIGNMENT: usize,
[INFO] [stdout]    |           --------------- `VALUE_ALIGNMENT` is not local
[INFO] [stdout] 23 |     const MAX_VALUE_ALIGNMENT: usize,
[INFO] [stdout]    |           ------------------- `MAX_VALUE_ALIGNMENT` is not local
[INFO] [stdout] 24 |     const MAX_CAPACITY: usize,
[INFO] [stdout]    |           ------------ `MAX_CAPACITY` is not local
[INFO] [stdout]    |
[INFO] [stdout]    = note: the derive macro `Serializer` defines the non-local `impl`, and may need to be changed
[INFO] [stdout]    = note: the derive macro `Serializer` may come from an old version of the `ser_raw_derive_serializer` crate, try updating your dependency with `cargo update -p ser_raw_derive_serializer`
[INFO] [stdout]    = note: an `impl` is never scoped, even when it is nested inside an item, as it may impact type checking outside of that item, which can be the case if neither the trait or the self type are at the same nesting level as the `impl`
[INFO] [stdout]    = note: items in an anonymous const item (`const _: () = { ... }`) are treated as in the same scope as the anonymous const's declaration for the purpose of this lint
[INFO] [stdout]    = note: this warning originates in the derive macro `Serializer` (in Nightly builds, run with -Z macro-backtrace for more info)
[INFO] [stdout] 
[INFO] [stdout] 
[INFO] [stdout] warning: non-local `impl` definition, `impl` blocks should be written at the same level as their item
[INFO] [stdout]   --> src/serializers/complete.rs:17:10
[INFO] [stdout]    |
[INFO] [stdout] 17 | #[derive(Serializer)]
[INFO] [stdout]    |          ^---------
[INFO] [stdout]    |          |
[INFO] [stdout]    |          `Complete` is not local
[INFO] [stdout]    |          move the `impl` block outside of this constant `_` and up 2 bodies
[INFO] [stdout] ...
[INFO] [stdout] 20 | pub struct CompleteSerializer<
[INFO] [stdout]    |            ------------------ `CompleteSerializer` is not local
[INFO] [stdout] 21 |     const STORAGE_ALIGNMENT: usize,
[INFO] [stdout]    |           ----------------- `STORAGE_ALIGNMENT` is not local
[INFO] [stdout] 22 |     const VALUE_ALIGNMENT: usize,
[INFO] [stdout]    |           --------------- `VALUE_ALIGNMENT` is not local
[INFO] [stdout] 23 |     const MAX_VALUE_ALIGNMENT: usize,
[INFO] [stdout]    |           ------------------- `MAX_VALUE_ALIGNMENT` is not local
[INFO] [stdout] 24 |     const MAX_CAPACITY: usize,
[INFO] [stdout]    |           ------------ `MAX_CAPACITY` is not local
[INFO] [stdout]    |
[INFO] [stdout]    = note: the derive macro `Serializer` defines the non-local `impl`, and may need to be changed
[INFO] [stdout]    = note: the derive macro `Serializer` may come from an old version of the `ser_raw_derive_serializer` crate, try updating your dependency with `cargo update -p ser_raw_derive_serializer`
[INFO] [stdout]    = note: an `impl` is never scoped, even when it is nested inside an item, as it may impact type checking outside of that item, which can be the case if neither the trait or the self type are at the same nesting level as the `impl`
[INFO] [stdout]    = note: items in an anonymous const item (`const _: () = { ... }`) are treated as in the same scope as the anonymous const's declaration for the purpose of this lint
[INFO] [stdout]    = note: this warning originates in the derive macro `Serializer` (in Nightly builds, run with -Z macro-backtrace for more info)
[INFO] [stdout] 
[INFO] [stdout] 
[INFO] [stderr]    Compiling zerocopy v0.7.35
[INFO] [stderr]    Compiling num-integer v0.1.46
[INFO] [stderr]    Compiling getrandom v0.2.15
[INFO] [stderr]    Compiling ppv-lite86 v0.2.20
[INFO] [stderr]    Compiling rand_core v0.6.4
[INFO] [stderr]    Compiling num-bigint v0.4.6
[INFO] [stderr]    Compiling rand_pcg v0.3.1
[INFO] [stderr]    Compiling rand_chacha v0.3.1
[INFO] [stderr]    Compiling rand v0.8.5
[INFO] [stderr]    Compiling ser_raw v0.1.0 (/opt/rustwide/workdir)
[INFO] [stdout] warning: non-local `impl` definition, `impl` blocks should be written at the same level as their item
[INFO] [stdout]   --> src/serializers/ptr_offset.rs:41:10
[INFO] [stdout]    |
[INFO] [stdout] 41 | #[derive(Serializer)]
[INFO] [stdout]    |          ^---------
[INFO] [stdout]    |          |
[INFO] [stdout]    |          `PosTracking` is not local
[INFO] [stdout]    |          move the `impl` block outside of this constant `_` and up 2 bodies
[INFO] [stdout] ...
[INFO] [stdout] 44 | pub struct PtrOffsetSerializer<
[INFO] [stdout]    |            ------------------- `PtrOffsetSerializer` is not local
[INFO] [stdout] 45 |     const STORAGE_ALIGNMENT: usize,
[INFO] [stdout]    |           ----------------- `STORAGE_ALIGNMENT` is not local
[INFO] [stdout] 46 |     const VALUE_ALIGNMENT: usize,
[INFO] [stdout]    |           --------------- `VALUE_ALIGNMENT` is not local
[INFO] [stdout] 47 |     const MAX_VALUE_ALIGNMENT: usize,
[INFO] [stdout]    |           ------------------- `MAX_VALUE_ALIGNMENT` is not local
[INFO] [stdout] 48 |     const MAX_CAPACITY: usize,
[INFO] [stdout]    |           ------------ `MAX_CAPACITY` is not local
[INFO] [stdout]    |
[INFO] [stdout]    = note: the derive macro `Serializer` defines the non-local `impl`, and may need to be changed
[INFO] [stdout]    = note: the derive macro `Serializer` may come from an old version of the `ser_raw_derive_serializer` crate, try updating your dependency with `cargo update -p ser_raw_derive_serializer`
[INFO] [stdout]    = note: an `impl` is never scoped, even when it is nested inside an item, as it may impact type checking outside of that item, which can be the case if neither the trait or the self type are at the same nesting level as the `impl`
[INFO] [stdout]    = note: items in an anonymous const item (`const _: () = { ... }`) are treated as in the same scope as the anonymous const's declaration for the purpose of this lint
[INFO] [stdout]    = note: `#[warn(non_local_definitions)]` on by default
[INFO] [stdout]    = note: this warning originates in the derive macro `Serializer` (in Nightly builds, run with -Z macro-backtrace for more info)
[INFO] [stdout] 
[INFO] [stdout] 
[INFO] [stdout] warning: non-local `impl` definition, `impl` blocks should be written at the same level as their item
[INFO] [stdout]   --> src/serializers/ptr_offset.rs:41:10
[INFO] [stdout]    |
[INFO] [stdout] 41 | #[derive(Serializer)]
[INFO] [stdout]    |          ^---------
[INFO] [stdout]    |          |
[INFO] [stdout]    |          `PtrWriting` is not local
[INFO] [stdout]    |          move the `impl` block outside of this constant `_` and up 2 bodies
[INFO] [stdout] ...
[INFO] [stdout] 44 | pub struct PtrOffsetSerializer<
[INFO] [stdout]    |            ------------------- `PtrOffsetSerializer` is not local
[INFO] [stdout] 45 |     const STORAGE_ALIGNMENT: usize,
[INFO] [stdout]    |           ----------------- `STORAGE_ALIGNMENT` is not local
[INFO] [stdout] 46 |     const VALUE_ALIGNMENT: usize,
[INFO] [stdout]    |           --------------- `VALUE_ALIGNMENT` is not local
[INFO] [stdout] 47 |     const MAX_VALUE_ALIGNMENT: usize,
[INFO] [stdout]    |           ------------------- `MAX_VALUE_ALIGNMENT` is not local
[INFO] [stdout] 48 |     const MAX_CAPACITY: usize,
[INFO] [stdout]    |           ------------ `MAX_CAPACITY` is not local
[INFO] [stdout]    |
[INFO] [stdout]    = note: the derive macro `Serializer` defines the non-local `impl`, and may need to be changed
[INFO] [stdout]    = note: the derive macro `Serializer` may come from an old version of the `ser_raw_derive_serializer` crate, try updating your dependency with `cargo update -p ser_raw_derive_serializer`
[INFO] [stdout]    = note: an `impl` is never scoped, even when it is nested inside an item, as it may impact type checking outside of that item, which can be the case if neither the trait or the self type are at the same nesting level as the `impl`
[INFO] [stdout]    = note: items in an anonymous const item (`const _: () = { ... }`) are treated as in the same scope as the anonymous const's declaration for the purpose of this lint
[INFO] [stdout]    = note: this warning originates in the derive macro `Serializer` (in Nightly builds, run with -Z macro-backtrace for more info)
[INFO] [stdout] 
[INFO] [stdout] 
[INFO] [stdout] warning: non-local `impl` definition, `impl` blocks should be written at the same level as their item
[INFO] [stdout]   --> src/serializers/ptr_offset.rs:41:10
[INFO] [stdout]    |
[INFO] [stdout] 41 | #[derive(Serializer)]
[INFO] [stdout]    |          ^---------
[INFO] [stdout]    |          |
[INFO] [stdout]    |          `PtrOffset` is not local
[INFO] [stdout]    |          move the `impl` block outside of this constant `_` and up 2 bodies
[INFO] [stdout] ...
[INFO] [stdout] 44 | pub struct PtrOffsetSerializer<
[INFO] [stdout]    |            ------------------- `PtrOffsetSerializer` is not local
[INFO] [stdout] 45 |     const STORAGE_ALIGNMENT: usize,
[INFO] [stdout]    |           ----------------- `STORAGE_ALIGNMENT` is not local
[INFO] [stdout] 46 |     const VALUE_ALIGNMENT: usize,
[INFO] [stdout]    |           --------------- `VALUE_ALIGNMENT` is not local
[INFO] [stdout] 47 |     const MAX_VALUE_ALIGNMENT: usize,
[INFO] [stdout]    |           ------------------- `MAX_VALUE_ALIGNMENT` is not local
[INFO] [stdout] 48 |     const MAX_CAPACITY: usize,
[INFO] [stdout]    |           ------------ `MAX_CAPACITY` is not local
[INFO] [stdout]    |
[INFO] [stdout]    = note: the derive macro `Serializer` defines the non-local `impl`, and may need to be changed
[INFO] [stdout]    = note: the derive macro `Serializer` may come from an old version of the `ser_raw_derive_serializer` crate, try updating your dependency with `cargo update -p ser_raw_derive_serializer`
[INFO] [stdout]    = note: an `impl` is never scoped, even when it is nested inside an item, as it may impact type checking outside of that item, which can be the case if neither the trait or the self type are at the same nesting level as the `impl`
[INFO] [stdout]    = note: items in an anonymous const item (`const _: () = { ... }`) are treated as in the same scope as the anonymous const's declaration for the purpose of this lint
[INFO] [stdout]    = note: this warning originates in the derive macro `Serializer` (in Nightly builds, run with -Z macro-backtrace for more info)
[INFO] [stdout] 
[INFO] [stdout] 
[INFO] [stdout] warning: non-local `impl` definition, `impl` blocks should be written at the same level as their item
[INFO] [stdout]   --> src/serializers/complete.rs:17:10
[INFO] [stdout]    |
[INFO] [stdout] 17 | #[derive(Serializer)]
[INFO] [stdout]    |          ^---------
[INFO] [stdout]    |          |
[INFO] [stdout]    |          `PosTracking` is not local
[INFO] [stdout]    |          move the `impl` block outside of this constant `_` and up 2 bodies
[INFO] [stdout] ...
[INFO] [stdout] 20 | pub struct CompleteSerializer<
[INFO] [stdout]    |            ------------------ `CompleteSerializer` is not local
[INFO] [stdout] 21 |     const STORAGE_ALIGNMENT: usize,
[INFO] [stdout]    |           ----------------- `STORAGE_ALIGNMENT` is not local
[INFO] [stdout] 22 |     const VALUE_ALIGNMENT: usize,
[INFO] [stdout]    |           --------------- `VALUE_ALIGNMENT` is not local
[INFO] [stdout] 23 |     const MAX_VALUE_ALIGNMENT: usize,
[INFO] [stdout]    |           ------------------- `MAX_VALUE_ALIGNMENT` is not local
[INFO] [stdout] 24 |     const MAX_CAPACITY: usize,
[INFO] [stdout]    |           ------------ `MAX_CAPACITY` is not local
[INFO] [stdout]    |
[INFO] [stdout]    = note: the derive macro `Serializer` defines the non-local `impl`, and may need to be changed
[INFO] [stdout]    = note: the derive macro `Serializer` may come from an old version of the `ser_raw_derive_serializer` crate, try updating your dependency with `cargo update -p ser_raw_derive_serializer`
[INFO] [stdout]    = note: an `impl` is never scoped, even when it is nested inside an item, as it may impact type checking outside of that item, which can be the case if neither the trait or the self type are at the same nesting level as the `impl`
[INFO] [stdout]    = note: items in an anonymous const item (`const _: () = { ... }`) are treated as in the same scope as the anonymous const's declaration for the purpose of this lint
[INFO] [stdout]    = note: this warning originates in the derive macro `Serializer` (in Nightly builds, run with -Z macro-backtrace for more info)
[INFO] [stdout] 
[INFO] [stdout] 
[INFO] [stdout] warning: non-local `impl` definition, `impl` blocks should be written at the same level as their item
[INFO] [stdout]   --> src/serializers/complete.rs:17:10
[INFO] [stdout]    |
[INFO] [stdout] 17 | #[derive(Serializer)]
[INFO] [stdout]    |          ^---------
[INFO] [stdout]    |          |
[INFO] [stdout]    |          `PtrWriting` is not local
[INFO] [stdout]    |          move the `impl` block outside of this constant `_` and up 2 bodies
[INFO] [stdout] ...
[INFO] [stdout] 20 | pub struct CompleteSerializer<
[INFO] [stdout]    |            ------------------ `CompleteSerializer` is not local
[INFO] [stdout] 21 |     const STORAGE_ALIGNMENT: usize,
[INFO] [stdout]    |           ----------------- `STORAGE_ALIGNMENT` is not local
[INFO] [stdout] 22 |     const VALUE_ALIGNMENT: usize,
[INFO] [stdout]    |           --------------- `VALUE_ALIGNMENT` is not local
[INFO] [stdout] 23 |     const MAX_VALUE_ALIGNMENT: usize,
[INFO] [stdout]    |           ------------------- `MAX_VALUE_ALIGNMENT` is not local
[INFO] [stdout] 24 |     const MAX_CAPACITY: usize,
[INFO] [stdout]    |           ------------ `MAX_CAPACITY` is not local
[INFO] [stdout]    |
[INFO] [stdout]    = note: the derive macro `Serializer` defines the non-local `impl`, and may need to be changed
[INFO] [stdout]    = note: the derive macro `Serializer` may come from an old version of the `ser_raw_derive_serializer` crate, try updating your dependency with `cargo update -p ser_raw_derive_serializer`
[INFO] [stdout]    = note: an `impl` is never scoped, even when it is nested inside an item, as it may impact type checking outside of that item, which can be the case if neither the trait or the self type are at the same nesting level as the `impl`
[INFO] [stdout]    = note: items in an anonymous const item (`const _: () = { ... }`) are treated as in the same scope as the anonymous const's declaration for the purpose of this lint
[INFO] [stdout]    = note: this warning originates in the derive macro `Serializer` (in Nightly builds, run with -Z macro-backtrace for more info)
[INFO] [stdout] 
[INFO] [stdout] 
[INFO] [stdout] warning: non-local `impl` definition, `impl` blocks should be written at the same level as their item
[INFO] [stdout]   --> src/serializers/complete.rs:17:10
[INFO] [stdout]    |
[INFO] [stdout] 17 | #[derive(Serializer)]
[INFO] [stdout]    |          ^---------
[INFO] [stdout]    |          |
[INFO] [stdout]    |          `Writable` is not local
[INFO] [stdout]    |          move the `impl` block outside of this constant `_` and up 2 bodies
[INFO] [stdout] ...
[INFO] [stdout] 20 | pub struct CompleteSerializer<
[INFO] [stdout]    |            ------------------ `CompleteSerializer` is not local
[INFO] [stdout] 21 |     const STORAGE_ALIGNMENT: usize,
[INFO] [stdout]    |           ----------------- `STORAGE_ALIGNMENT` is not local
[INFO] [stdout] 22 |     const VALUE_ALIGNMENT: usize,
[INFO] [stdout]    |           --------------- `VALUE_ALIGNMENT` is not local
[INFO] [stdout] 23 |     const MAX_VALUE_ALIGNMENT: usize,
[INFO] [stdout]    |           ------------------- `MAX_VALUE_ALIGNMENT` is not local
[INFO] [stdout] 24 |     const MAX_CAPACITY: usize,
[INFO] [stdout]    |           ------------ `MAX_CAPACITY` is not local
[INFO] [stdout]    |
[INFO] [stdout]    = note: the derive macro `Serializer` defines the non-local `impl`, and may need to be changed
[INFO] [stdout]    = note: the derive macro `Serializer` may come from an old version of the `ser_raw_derive_serializer` crate, try updating your dependency with `cargo update -p ser_raw_derive_serializer`
[INFO] [stdout]    = note: an `impl` is never scoped, even when it is nested inside an item, as it may impact type checking outside of that item, which can be the case if neither the trait or the self type are at the same nesting level as the `impl`
[INFO] [stdout]    = note: items in an anonymous const item (`const _: () = { ... }`) are treated as in the same scope as the anonymous const's declaration for the purpose of this lint
[INFO] [stdout]    = note: this warning originates in the derive macro `Serializer` (in Nightly builds, run with -Z macro-backtrace for more info)
[INFO] [stdout] 
[INFO] [stdout] 
[INFO] [stdout] warning: non-local `impl` definition, `impl` blocks should be written at the same level as their item
[INFO] [stdout]   --> src/serializers/complete.rs:17:10
[INFO] [stdout]    |
[INFO] [stdout] 17 | #[derive(Serializer)]
[INFO] [stdout]    |          ^---------
[INFO] [stdout]    |          |
[INFO] [stdout]    |          `Complete` is not local
[INFO] [stdout]    |          move the `impl` block outside of this constant `_` and up 2 bodies
[INFO] [stdout] ...
[INFO] [stdout] 20 | pub struct CompleteSerializer<
[INFO] [stdout]    |            ------------------ `CompleteSerializer` is not local
[INFO] [stdout] 21 |     const STORAGE_ALIGNMENT: usize,
[INFO] [stdout]    |           ----------------- `STORAGE_ALIGNMENT` is not local
[INFO] [stdout] 22 |     const VALUE_ALIGNMENT: usize,
[INFO] [stdout]    |           --------------- `VALUE_ALIGNMENT` is not local
[INFO] [stdout] 23 |     const MAX_VALUE_ALIGNMENT: usize,
[INFO] [stdout]    |           ------------------- `MAX_VALUE_ALIGNMENT` is not local
[INFO] [stdout] 24 |     const MAX_CAPACITY: usize,
[INFO] [stdout]    |           ------------ `MAX_CAPACITY` is not local
[INFO] [stdout]    |
[INFO] [stdout]    = note: the derive macro `Serializer` defines the non-local `impl`, and may need to be changed
[INFO] [stdout]    = note: the derive macro `Serializer` may come from an old version of the `ser_raw_derive_serializer` crate, try updating your dependency with `cargo update -p ser_raw_derive_serializer`
[INFO] [stdout]    = note: an `impl` is never scoped, even when it is nested inside an item, as it may impact type checking outside of that item, which can be the case if neither the trait or the self type are at the same nesting level as the `impl`
[INFO] [stdout]    = note: items in an anonymous const item (`const _: () = { ... }`) are treated as in the same scope as the anonymous const's declaration for the purpose of this lint
[INFO] [stdout]    = note: this warning originates in the derive macro `Serializer` (in Nightly builds, run with -Z macro-backtrace for more info)
[INFO] [stdout] 
[INFO] [stdout] 
[INFO] [stderr]     Finished `test` profile [unoptimized + debuginfo] target(s) in 5.99s
[INFO] running `Command { std: "docker" "inspect" "303fb2ea9b7fb5938eafeded53a911bb1d2f157078b2a2ed3d61b97217f70671", kill_on_drop: false }`
[INFO] running `Command { std: "docker" "rm" "-f" "303fb2ea9b7fb5938eafeded53a911bb1d2f157078b2a2ed3d61b97217f70671", kill_on_drop: false }`
[INFO] [stdout] 303fb2ea9b7fb5938eafeded53a911bb1d2f157078b2a2ed3d61b97217f70671
[INFO] running `Command { std: "docker" "create" "-v" "/var/lib/crater-agent-workspace/builds/worker-0-tc2/target:/opt/rustwide/target:rw,Z" "-v" "/var/lib/crater-agent-workspace/builds/worker-0-tc2/source:/opt/rustwide/workdir:ro,Z" "-v" "/var/lib/crater-agent-workspace/cargo-home:/opt/rustwide/cargo-home:ro,Z" "-v" "/var/lib/crater-agent-workspace/rustup-home:/opt/rustwide/rustup-home:ro,Z" "-e" "SOURCE_DIR=/opt/rustwide/workdir" "-e" "CARGO_TARGET_DIR=/opt/rustwide/target" "-e" "CARGO_INCREMENTAL=0" "-e" "RUST_BACKTRACE=full" "-e" "RUSTFLAGS=--cap-lints=forbid -Zrandomize-layout" "-e" "RUSTDOCFLAGS=--cap-lints=forbid" "-e" "CARGO_HOME=/opt/rustwide/cargo-home" "-e" "RUSTUP_HOME=/opt/rustwide/rustup-home" "-w" "/opt/rustwide/workdir" "-m" "1610612736" "--user" "0:0" "--network" "none" "ghcr.io/rust-lang/crates-build-env/linux@sha256:4a844ea9eb2546a2d2c7022eacef16ef2e8229c7fbb2c7d4d55a9ceca922f72d" "/opt/rustwide/cargo-home/bin/cargo" "+nightly-2024-10-28" "test" "--frozen", kill_on_drop: false }`
[INFO] [stdout] 0335e259595bc60b1e94e25fb1438d899528acfdf065ff5745d5182b9b7b40a8
[INFO] running `Command { std: "docker" "start" "-a" "0335e259595bc60b1e94e25fb1438d899528acfdf065ff5745d5182b9b7b40a8", kill_on_drop: false }`
[INFO] [stderr] warning: non-local `impl` definition, `impl` blocks should be written at the same level as their item
[INFO] [stderr]   --> src/serializers/ptr_offset.rs:41:10
[INFO] [stderr]    |
[INFO] [stderr] 41 | #[derive(Serializer)]
[INFO] [stderr]    |          ^---------
[INFO] [stderr]    |          |
[INFO] [stderr]    |          `PosTracking` is not local
[INFO] [stderr]    |          move the `impl` block outside of this constant `_` and up 2 bodies
[INFO] [stderr] ...
[INFO] [stderr] 44 | pub struct PtrOffsetSerializer<
[INFO] [stderr]    |            ------------------- `PtrOffsetSerializer` is not local
[INFO] [stderr] 45 |     const STORAGE_ALIGNMENT: usize,
[INFO] [stderr]    |           ----------------- `STORAGE_ALIGNMENT` is not local
[INFO] [stderr] 46 |     const VALUE_ALIGNMENT: usize,
[INFO] [stderr]    |           --------------- `VALUE_ALIGNMENT` is not local
[INFO] [stderr] 47 |     const MAX_VALUE_ALIGNMENT: usize,
[INFO] [stderr]    |           ------------------- `MAX_VALUE_ALIGNMENT` is not local
[INFO] [stderr] 48 |     const MAX_CAPACITY: usize,
[INFO] [stderr]    |           ------------ `MAX_CAPACITY` is not local
[INFO] [stderr]    |
[INFO] [stderr]    = note: the derive macro `Serializer` defines the non-local `impl`, and may need to be changed
[INFO] [stderr]    = note: the derive macro `Serializer` may come from an old version of the `ser_raw_derive_serializer` crate, try updating your dependency with `cargo update -p ser_raw_derive_serializer`
[INFO] [stderr]    = note: an `impl` is never scoped, even when it is nested inside an item, as it may impact type checking outside of that item, which can be the case if neither the trait or the self type are at the same nesting level as the `impl`
[INFO] [stderr]    = note: items in an anonymous const item (`const _: () = { ... }`) are treated as in the same scope as the anonymous const's declaration for the purpose of this lint
[INFO] [stderr]    = note: `#[warn(non_local_definitions)]` on by default
[INFO] [stderr]    = note: this warning originates in the derive macro `Serializer` (in Nightly builds, run with -Z macro-backtrace for more info)
[INFO] [stderr] 
[INFO] [stderr] warning: non-local `impl` definition, `impl` blocks should be written at the same level as their item
[INFO] [stderr]   --> src/serializers/ptr_offset.rs:41:10
[INFO] [stderr]    |
[INFO] [stderr] 41 | #[derive(Serializer)]
[INFO] [stderr]    |          ^---------
[INFO] [stderr]    |          |
[INFO] [stderr]    |          `PtrWriting` is not local
[INFO] [stderr]    |          move the `impl` block outside of this constant `_` and up 2 bodies
[INFO] [stderr] ...
[INFO] [stderr] 44 | pub struct PtrOffsetSerializer<
[INFO] [stderr]    |            ------------------- `PtrOffsetSerializer` is not local
[INFO] [stderr] 45 |     const STORAGE_ALIGNMENT: usize,
[INFO] [stderr]    |           ----------------- `STORAGE_ALIGNMENT` is not local
[INFO] [stderr] 46 |     const VALUE_ALIGNMENT: usize,
[INFO] [stderr]    |           --------------- `VALUE_ALIGNMENT` is not local
[INFO] [stderr] 47 |     const MAX_VALUE_ALIGNMENT: usize,
[INFO] [stderr]    |           ------------------- `MAX_VALUE_ALIGNMENT` is not local
[INFO] [stderr] 48 |     const MAX_CAPACITY: usize,
[INFO] [stderr]    |           ------------ `MAX_CAPACITY` is not local
[INFO] [stderr]    |
[INFO] [stderr]    = note: the derive macro `Serializer` defines the non-local `impl`, and may need to be changed
[INFO] [stderr]    = note: the derive macro `Serializer` may come from an old version of the `ser_raw_derive_serializer` crate, try updating your dependency with `cargo update -p ser_raw_derive_serializer`
[INFO] [stderr]    = note: an `impl` is never scoped, even when it is nested inside an item, as it may impact type checking outside of that item, which can be the case if neither the trait or the self type are at the same nesting level as the `impl`
[INFO] [stderr]    = note: items in an anonymous const item (`const _: () = { ... }`) are treated as in the same scope as the anonymous const's declaration for the purpose of this lint
[INFO] [stderr]    = note: this warning originates in the derive macro `Serializer` (in Nightly builds, run with -Z macro-backtrace for more info)
[INFO] [stderr] 
[INFO] [stderr] warning: non-local `impl` definition, `impl` blocks should be written at the same level as their item
[INFO] [stderr]   --> src/serializers/ptr_offset.rs:41:10
[INFO] [stderr]    |
[INFO] [stderr] 41 | #[derive(Serializer)]
[INFO] [stderr]    |          ^---------
[INFO] [stderr]    |          |
[INFO] [stderr]    |          `PtrOffset` is not local
[INFO] [stderr]    |          move the `impl` block outside of this constant `_` and up 2 bodies
[INFO] [stderr] ...
[INFO] [stderr] 44 | pub struct PtrOffsetSerializer<
[INFO] [stderr]    |            ------------------- `PtrOffsetSerializer` is not local
[INFO] [stderr] 45 |     const STORAGE_ALIGNMENT: usize,
[INFO] [stderr]    |           ----------------- `STORAGE_ALIGNMENT` is not local
[INFO] [stderr] 46 |     const VALUE_ALIGNMENT: usize,
[INFO] [stderr]    |           --------------- `VALUE_ALIGNMENT` is not local
[INFO] [stderr] 47 |     const MAX_VALUE_ALIGNMENT: usize,
[INFO] [stderr]    |           ------------------- `MAX_VALUE_ALIGNMENT` is not local
[INFO] [stderr] 48 |     const MAX_CAPACITY: usize,
[INFO] [stderr]    |           ------------ `MAX_CAPACITY` is not local
[INFO] [stderr]    |
[INFO] [stderr]    = note: the derive macro `Serializer` defines the non-local `impl`, and may need to be changed
[INFO] [stderr]    = note: the derive macro `Serializer` may come from an old version of the `ser_raw_derive_serializer` crate, try updating your dependency with `cargo update -p ser_raw_derive_serializer`
[INFO] [stderr]    = note: an `impl` is never scoped, even when it is nested inside an item, as it may impact type checking outside of that item, which can be the case if neither the trait or the self type are at the same nesting level as the `impl`
[INFO] [stderr]    = note: items in an anonymous const item (`const _: () = { ... }`) are treated as in the same scope as the anonymous const's declaration for the purpose of this lint
[INFO] [stderr]    = note: this warning originates in the derive macro `Serializer` (in Nightly builds, run with -Z macro-backtrace for more info)
[INFO] [stderr] 
[INFO] [stderr] warning: non-local `impl` definition, `impl` blocks should be written at the same level as their item
[INFO] [stderr]   --> src/serializers/complete.rs:17:10
[INFO] [stderr]    |
[INFO] [stderr] 17 | #[derive(Serializer)]
[INFO] [stderr]    |          ^---------
[INFO] [stderr]    |          |
[INFO] [stderr]    |          `PosTracking` is not local
[INFO] [stderr]    |          move the `impl` block outside of this constant `_` and up 2 bodies
[INFO] [stderr] ...
[INFO] [stderr] 20 | pub struct CompleteSerializer<
[INFO] [stderr]    |            ------------------ `CompleteSerializer` is not local
[INFO] [stderr] 21 |     const STORAGE_ALIGNMENT: usize,
[INFO] [stderr]    |           ----------------- `STORAGE_ALIGNMENT` is not local
[INFO] [stderr] 22 |     const VALUE_ALIGNMENT: usize,
[INFO] [stderr]    |           --------------- `VALUE_ALIGNMENT` is not local
[INFO] [stderr] 23 |     const MAX_VALUE_ALIGNMENT: usize,
[INFO] [stderr]    |           ------------------- `MAX_VALUE_ALIGNMENT` is not local
[INFO] [stderr] 24 |     const MAX_CAPACITY: usize,
[INFO] [stderr]    |           ------------ `MAX_CAPACITY` is not local
[INFO] [stderr]    |
[INFO] [stderr]    = note: the derive macro `Serializer` defines the non-local `impl`, and may need to be changed
[INFO] [stderr]    = note: the derive macro `Serializer` may come from an old version of the `ser_raw_derive_serializer` crate, try updating your dependency with `cargo update -p ser_raw_derive_serializer`
[INFO] [stderr]    = note: an `impl` is never scoped, even when it is nested inside an item, as it may impact type checking outside of that item, which can be the case if neither the trait or the self type are at the same nesting level as the `impl`
[INFO] [stderr]    = note: items in an anonymous const item (`const _: () = { ... }`) are treated as in the same scope as the anonymous const's declaration for the purpose of this lint
[INFO] [stderr]    = note: this warning originates in the derive macro `Serializer` (in Nightly builds, run with -Z macro-backtrace for more info)
[INFO] [stderr] 
[INFO] [stderr] warning: non-local `impl` definition, `impl` blocks should be written at the same level as their item
[INFO] [stderr]   --> src/serializers/complete.rs:17:10
[INFO] [stderr]    |
[INFO] [stderr] 17 | #[derive(Serializer)]
[INFO] [stderr]    |          ^---------
[INFO] [stderr]    |          |
[INFO] [stderr]    |          `PtrWriting` is not local
[INFO] [stderr]    |          move the `impl` block outside of this constant `_` and up 2 bodies
[INFO] [stderr] ...
[INFO] [stderr] 20 | pub struct CompleteSerializer<
[INFO] [stderr]    |            ------------------ `CompleteSerializer` is not local
[INFO] [stderr] 21 |     const STORAGE_ALIGNMENT: usize,
[INFO] [stderr]    |           ----------------- `STORAGE_ALIGNMENT` is not local
[INFO] [stderr] 22 |     const VALUE_ALIGNMENT: usize,
[INFO] [stderr]    |           --------------- `VALUE_ALIGNMENT` is not local
[INFO] [stderr] 23 |     const MAX_VALUE_ALIGNMENT: usize,
[INFO] [stderr]    |           ------------------- `MAX_VALUE_ALIGNMENT` is not local
[INFO] [stderr] 24 |     const MAX_CAPACITY: usize,
[INFO] [stderr]    |           ------------ `MAX_CAPACITY` is not local
[INFO] [stderr]    |
[INFO] [stderr]    = note: the derive macro `Serializer` defines the non-local `impl`, and may need to be changed
[INFO] [stderr]    = note: the derive macro `Serializer` may come from an old version of the `ser_raw_derive_serializer` crate, try updating your dependency with `cargo update -p ser_raw_derive_serializer`
[INFO] [stderr]    = note: an `impl` is never scoped, even when it is nested inside an item, as it may impact type checking outside of that item, which can be the case if neither the trait or the self type are at the same nesting level as the `impl`
[INFO] [stderr]    = note: items in an anonymous const item (`const _: () = { ... }`) are treated as in the same scope as the anonymous const's declaration for the purpose of this lint
[INFO] [stderr]    = note: this warning originates in the derive macro `Serializer` (in Nightly builds, run with -Z macro-backtrace for more info)
[INFO] [stderr] 
[INFO] [stderr] warning: non-local `impl` definition, `impl` blocks should be written at the same level as their item
[INFO] [stderr]   --> src/serializers/complete.rs:17:10
[INFO] [stderr]    |
[INFO] [stderr] 17 | #[derive(Serializer)]
[INFO] [stderr]    |          ^---------
[INFO] [stderr]    |          |
[INFO] [stderr]    |          `Writable` is not local
[INFO] [stderr]    |          move the `impl` block outside of this constant `_` and up 2 bodies
[INFO] [stderr] ...
[INFO] [stderr] 20 | pub struct CompleteSerializer<
[INFO] [stderr]    |            ------------------ `CompleteSerializer` is not local
[INFO] [stderr] 21 |     const STORAGE_ALIGNMENT: usize,
[INFO] [stderr]    |           ----------------- `STORAGE_ALIGNMENT` is not local
[INFO] [stderr] 22 |     const VALUE_ALIGNMENT: usize,
[INFO] [stderr]    |           --------------- `VALUE_ALIGNMENT` is not local
[INFO] [stderr] 23 |     const MAX_VALUE_ALIGNMENT: usize,
[INFO] [stderr]    |           ------------------- `MAX_VALUE_ALIGNMENT` is not local
[INFO] [stderr] 24 |     const MAX_CAPACITY: usize,
[INFO] [stderr]    |           ------------ `MAX_CAPACITY` is not local
[INFO] [stderr]    |
[INFO] [stderr]    = note: the derive macro `Serializer` defines the non-local `impl`, and may need to be changed
[INFO] [stderr]    = note: the derive macro `Serializer` may come from an old version of the `ser_raw_derive_serializer` crate, try updating your dependency with `cargo update -p ser_raw_derive_serializer`
[INFO] [stderr]    = note: an `impl` is never scoped, even when it is nested inside an item, as it may impact type checking outside of that item, which can be the case if neither the trait or the self type are at the same nesting level as the `impl`
[INFO] [stderr]    = note: items in an anonymous const item (`const _: () = { ... }`) are treated as in the same scope as the anonymous const's declaration for the purpose of this lint
[INFO] [stderr]    = note: this warning originates in the derive macro `Serializer` (in Nightly builds, run with -Z macro-backtrace for more info)
[INFO] [stderr] 
[INFO] [stderr] warning: non-local `impl` definition, `impl` blocks should be written at the same level as their item
[INFO] [stderr]   --> src/serializers/complete.rs:17:10
[INFO] [stderr]    |
[INFO] [stderr] 17 | #[derive(Serializer)]
[INFO] [stderr]    |          ^---------
[INFO] [stderr]    |          |
[INFO] [stderr]    |          `Complete` is not local
[INFO] [stderr]    |          move the `impl` block outside of this constant `_` and up 2 bodies
[INFO] [stderr] ...
[INFO] [stderr] 20 | pub struct CompleteSerializer<
[INFO] [stderr]    |            ------------------ `CompleteSerializer` is not local
[INFO] [stderr] 21 |     const STORAGE_ALIGNMENT: usize,
[INFO] [stderr]    |           ----------------- `STORAGE_ALIGNMENT` is not local
[INFO] [stderr] 22 |     const VALUE_ALIGNMENT: usize,
[INFO] [stderr]    |           --------------- `VALUE_ALIGNMENT` is not local
[INFO] [stderr] 23 |     const MAX_VALUE_ALIGNMENT: usize,
[INFO] [stderr]    |           ------------------- `MAX_VALUE_ALIGNMENT` is not local
[INFO] [stderr] 24 |     const MAX_CAPACITY: usize,
[INFO] [stderr]    |           ------------ `MAX_CAPACITY` is not local
[INFO] [stderr]    |
[INFO] [stderr]    = note: the derive macro `Serializer` defines the non-local `impl`, and may need to be changed
[INFO] [stderr]    = note: the derive macro `Serializer` may come from an old version of the `ser_raw_derive_serializer` crate, try updating your dependency with `cargo update -p ser_raw_derive_serializer`
[INFO] [stderr]    = note: an `impl` is never scoped, even when it is nested inside an item, as it may impact type checking outside of that item, which can be the case if neither the trait or the self type are at the same nesting level as the `impl`
[INFO] [stderr]    = note: items in an anonymous const item (`const _: () = { ... }`) are treated as in the same scope as the anonymous const's declaration for the purpose of this lint
[INFO] [stderr]    = note: this warning originates in the derive macro `Serializer` (in Nightly builds, run with -Z macro-backtrace for more info)
[INFO] [stderr] 
[INFO] [stderr] warning: `ser_raw` (lib) generated 7 warnings
[INFO] [stderr] warning: `ser_raw` (lib test) generated 7 warnings (7 duplicates)
[INFO] [stderr]     Finished `test` profile [unoptimized + debuginfo] target(s) in 0.03s
[INFO] [stderr]      Running unittests src/lib.rs (/opt/rustwide/target/debug/deps/ser_raw-f2d44268630fb59e)
[INFO] [stdout] 
[INFO] [stdout] running 0 tests
[INFO] [stdout] 
[INFO] [stdout] test result: ok. 0 passed; 0 failed; 0 ignored; 0 measured; 0 filtered out; finished in 0.00s
[INFO] [stdout] 
[INFO] [stderr]      Running tests/complete.rs (/opt/rustwide/target/debug/deps/complete-9b47ded185e53541)
[INFO] [stdout] 
[INFO] [stdout] running 29 tests
[INFO] [stdout] test arrays ... ok
[INFO] [stdout] test arrays_of_boxes ... ok
[INFO] [stdout] test boxed_primitives ... ok
[INFO] [stdout] test enum_with_fields ... ok
[INFO] [stdout] test boxed_structs ... ok
[INFO] [stdout] test enum_fieldless ... ok
[INFO] [stdout] test non_zero_numbers ... ok
[INFO] [stdout] test options ... ok
[INFO] [stdout] test strings_with_excess_capacity ... ok
[INFO] [stdout] test strings ... ok
[INFO] [stdout] test strings_with_excess_capacity2 ... ok
[INFO] [stdout] test primitives ... ok
[INFO] [stdout] test strings_with_zero_len_excess_capacity ... ok
[INFO] [stdout] test strings_with_excess_capacity_represented_correctly ... ok
[INFO] [stdout] test strings_with_zero_len_excess_capacity2 ... ok
[INFO] [stdout] test strings_with_zero_len_represented_correctly ... ok
[INFO] [stdout] test structure_where_storage_grows_after_last_pointer_written ... ok
[INFO] [stdout] test tuples ... ok
[INFO] [stdout] test strings_with_zero_len_zero_capacity ... ok
[INFO] [stdout] test vec_of_primitives ... ok
[INFO] [stdout] test vec_of_vecs ... ok
[INFO] [stdout] test vecs_with_excess_capacity ... ok
[INFO] [stdout] test vecs_with_excess_capacity_represented_correctly ... ok
[INFO] [stdout] test vecs_with_zero_len_excess_capacity ... ok
[INFO] [stdout] test vecs_with_zero_len_represented_correctly ... ok
[INFO] [stdout] test vecs_with_zero_len_zero_capacity ... ok
[INFO] [stdout] test vecs_with_excess_capacity2 ... ok
[INFO] [stdout] test vecs_with_zero_len_excess_capacity2 ... ok
[INFO] [stdout] test minecraft_data ... ok
[INFO] [stdout] 
[INFO] [stdout] test result: ok. 29 passed; 0 failed; 0 ignored; 0 measured; 0 filtered out; finished in 0.04s
[INFO] [stdout] 
[INFO] [stderr]      Running tests/ptr_offset.rs (/opt/rustwide/target/debug/deps/ptr_offset-1f297e3ad7d71dea)
[INFO] [stdout] 
[INFO] [stdout] running 25 tests
[INFO] [stdout] test arrays ... ok
[INFO] [stdout] test arrays_of_boxes ... ok
[INFO] [stdout] test boxed_structs ... ok
[INFO] [stdout] test enum_fieldless ... ok
[INFO] [stdout] test boxed_primitives ... ok
[INFO] [stdout] test enum_with_fields ... ok
[INFO] [stdout] test options ... ok
[INFO] [stdout] test strings_with_excess_capacity ... ok
[INFO] [stdout] test strings ... ok
[INFO] [stdout] test strings_with_excess_capacity2 ... ok
[INFO] [stdout] test strings_with_zero_len_excess_capacity2 ... ok
[INFO] [stdout] test structure_where_storage_grows_after_last_pointer_written ... ok
[INFO] [stdout] test tuples ... ok
[INFO] [stdout] test strings_with_zero_len_excess_capacity ... ok
[INFO] [stdout] test strings_with_zero_len_zero_capacity ... ok
[INFO] [stdout] test vecs_with_excess_capacity2 ... ok
[INFO] [stdout] test vec_of_primitives ... ok
[INFO] [stdout] test vecs_with_zero_len_excess_capacity ... ok
[INFO] [stdout] test vecs_with_excess_capacity ... ok
[INFO] [stdout] test vec_of_vecs ... ok
[INFO] [stdout] test vecs_with_zero_len_excess_capacity2 ... ok
[INFO] [stdout] test vecs_with_zero_len_zero_capacity ... ok
[INFO] [stdout] test primitives ... FAILED
[INFO] [stdout] test non_zero_numbers ... FAILED
[INFO] [stderr] error: test failed, to rerun pass `--test ptr_offset`
[INFO] [stdout] test minecraft_data ... FAILED
[INFO] [stdout] 
[INFO] [stdout] failures:
[INFO] [stdout] 
[INFO] [stdout] ---- primitives stdout ----
[INFO] [stdout] thread 'primitives' panicked at tests/ptr_offset.rs:58:5:
[INFO] [stdout] assertion `left == right` failed
[INFO] [stdout]   left: 128
[INFO] [stdout]  right: 96
[INFO] [stdout] stack backtrace:
[INFO] [stdout]    0:     0x57bbec0cbc1a - std::backtrace_rs::backtrace::libunwind::trace::h207520d6e9873551
[INFO] [stdout]                                at /rustc/df4ca44d3fbc9301ee17f30f4d474e6ae4b05252/library/std/src/../../backtrace/src/backtrace/libunwind.rs:116:5
[INFO] [stdout]    1:     0x57bbec0cbc1a - std::backtrace_rs::backtrace::trace_unsynchronized::h2ed7433f370e3eca
[INFO] [stdout]                                at /rustc/df4ca44d3fbc9301ee17f30f4d474e6ae4b05252/library/std/src/../../backtrace/src/backtrace/mod.rs:66:5
[INFO] [stdout]    2:     0x57bbec0cbc1a - std::sys::backtrace::_print_fmt::h916fac51166b18d7
[INFO] [stdout]                                at /rustc/df4ca44d3fbc9301ee17f30f4d474e6ae4b05252/library/std/src/sys/backtrace.rs:66:9
[INFO] [stdout]    3:     0x57bbec0cbc1a - <std::sys::backtrace::BacktraceLock::print::DisplayBacktrace as core::fmt::Display>::fmt::ha0a4c9b8ce3802e6
[INFO] [stdout]                                at /rustc/df4ca44d3fbc9301ee17f30f4d474e6ae4b05252/library/std/src/sys/backtrace.rs:39:26
[INFO] [stdout]    4:     0x57bbec0f21c3 - core::fmt::rt::Argument::fmt::h4cfc8587d52b3eb5
[INFO] [stdout]                                at /rustc/df4ca44d3fbc9301ee17f30f4d474e6ae4b05252/library/core/src/fmt/rt.rs:177:76
[INFO] [stdout]    5:     0x57bbec0f21c3 - core::fmt::write::h522cc39e5b36ae9f
[INFO] [stdout]                                at /rustc/df4ca44d3fbc9301ee17f30f4d474e6ae4b05252/library/core/src/fmt/mod.rs:1190:21
[INFO] [stdout]    6:     0x57bbec0c8883 - std::io::Write::write_fmt::h7d3c26752da97734
[INFO] [stdout]                                at /rustc/df4ca44d3fbc9301ee17f30f4d474e6ae4b05252/library/std/src/io/mod.rs:1839:15
[INFO] [stdout]    7:     0x57bbec0cba62 - std::sys::backtrace::BacktraceLock::print::h4b9e00b29e9c0942
[INFO] [stdout]                                at /rustc/df4ca44d3fbc9301ee17f30f4d474e6ae4b05252/library/std/src/sys/backtrace.rs:42:9
[INFO] [stdout]    8:     0x57bbec0cd0aa - std::panicking::default_hook::{{closure}}::hb59b88280d0324d9
[INFO] [stdout]                                at /rustc/df4ca44d3fbc9301ee17f30f4d474e6ae4b05252/library/std/src/panicking.rs:268:22
[INFO] [stdout]    9:     0x57bbec0cceb4 - std::panicking::default_hook::he1dd496665be4a29
[INFO] [stdout]                                at /rustc/df4ca44d3fbc9301ee17f30f4d474e6ae4b05252/library/std/src/panicking.rs:292:9
[INFO] [stdout]   10:     0x57bbec096569 - <alloc::boxed::Box<F,A> as core::ops::function::Fn<Args>>::call::h4ff71de18744e1dc
[INFO] [stdout]                                at /rustc/df4ca44d3fbc9301ee17f30f4d474e6ae4b05252/library/alloc/src/boxed.rs:2468:9
[INFO] [stdout]   11:     0x57bbec096569 - test::test_main::{{closure}}::hcf7c055ce117aa81
[INFO] [stdout]                                at /rustc/df4ca44d3fbc9301ee17f30f4d474e6ae4b05252/library/test/src/lib.rs:133:21
[INFO] [stdout]   12:     0x57bbec0cd7a8 - <alloc::boxed::Box<F,A> as core::ops::function::Fn<Args>>::call::h1d66c6bbd60c9692
[INFO] [stdout]                                at /rustc/df4ca44d3fbc9301ee17f30f4d474e6ae4b05252/library/alloc/src/boxed.rs:2468:9
[INFO] [stdout]   13:     0x57bbec0cd7a8 - std::panicking::rust_panic_with_hook::h2ff17fe8f26dfcf8
[INFO] [stdout]                                at /rustc/df4ca44d3fbc9301ee17f30f4d474e6ae4b05252/library/std/src/panicking.rs:809:13
[INFO] [stdout]   14:     0x57bbec0cd56a - std::panicking::begin_panic_handler::{{closure}}::h4fad77951c07e101
[INFO] [stdout]                                at /rustc/df4ca44d3fbc9301ee17f30f4d474e6ae4b05252/library/std/src/panicking.rs:674:13
[INFO] [stdout]   15:     0x57bbec0cc0f9 - std::sys::backtrace::__rust_end_short_backtrace::hb1a25b3da5d0ea08
[INFO] [stdout]                                at /rustc/df4ca44d3fbc9301ee17f30f4d474e6ae4b05252/library/std/src/sys/backtrace.rs:170:18
[INFO] [stdout]   16:     0x57bbec0cd1fc - rust_begin_unwind
[INFO] [stdout]                                at /rustc/df4ca44d3fbc9301ee17f30f4d474e6ae4b05252/library/std/src/panicking.rs:665:5
[INFO] [stdout]   17:     0x57bbec0f0bc0 - core::panicking::panic_fmt::ha9db07b529f9b256
[INFO] [stdout]                                at /rustc/df4ca44d3fbc9301ee17f30f4d474e6ae4b05252/library/core/src/panicking.rs:75:14
[INFO] [stdout]   18:     0x57bbec0f0f8b - core::panicking::assert_failed_inner::h04f38944d74a80a8
[INFO] [stdout]   19:     0x57bbec0a10c2 - core::panicking::assert_failed::h122fe21a5bed705a
[INFO] [stdout]                                at /rustc/df4ca44d3fbc9301ee17f30f4d474e6ae4b05252/library/core/src/panicking.rs:377:5
[INFO] [stdout]   20:     0x57bbec043845 - ptr_offset::test_serialize::h4e6d1d5db88f0709
[INFO] [stdout]                                at /opt/rustwide/workdir/tests/ptr_offset.rs:58:2
[INFO] [stdout]   21:     0x57bbec0467c7 - ptr_offset::primitives::h017394c8b3ae5983
[INFO] [stdout]                                at /opt/rustwide/workdir/tests/common/mod.rs:74:4
[INFO] [stdout]   22:     0x57bbec0466e7 - ptr_offset::primitives::{{closure}}::ha64d5e2fb1ce501e
[INFO] [stdout]                                at /opt/rustwide/workdir/tests/common/mod.rs:35:18
[INFO] [stdout]   23:     0x57bbec051e86 - core::ops::function::FnOnce::call_once::heff636c7e22651ec
[INFO] [stdout]                                at /rustc/df4ca44d3fbc9301ee17f30f4d474e6ae4b05252/library/core/src/ops/function.rs:250:5
[INFO] [stdout]   24:     0x57bbec09ae3b - core::ops::function::FnOnce::call_once::h22c3ba5715e93f05
[INFO] [stdout]                                at /rustc/df4ca44d3fbc9301ee17f30f4d474e6ae4b05252/library/core/src/ops/function.rs:250:5
[INFO] [stdout]   25:     0x57bbec09ae3b - test::__rust_begin_short_backtrace::h8e82d8113d0da17f
[INFO] [stdout]                                at /rustc/df4ca44d3fbc9301ee17f30f4d474e6ae4b05252/library/test/src/lib.rs:621:18
[INFO] [stdout]   26:     0x57bbec09a7b7 - test::run_test_in_process::{{closure}}::h33235f4f20b7b7c7
[INFO] [stdout]                                at /rustc/df4ca44d3fbc9301ee17f30f4d474e6ae4b05252/library/test/src/lib.rs:644:60
[INFO] [stdout]   27:     0x57bbec09a7b7 - <core::panic::unwind_safe::AssertUnwindSafe<F> as core::ops::function::FnOnce<()>>::call_once::hb5043206310c586f
[INFO] [stdout]                                at /rustc/df4ca44d3fbc9301ee17f30f4d474e6ae4b05252/library/core/src/panic/unwind_safe.rs:272:9
[INFO] [stdout]   28:     0x57bbec09a7b7 - std::panicking::try::do_call::h9ad4731a60ab23e2
[INFO] [stdout]                                at /rustc/df4ca44d3fbc9301ee17f30f4d474e6ae4b05252/library/std/src/panicking.rs:557:40
[INFO] [stdout]   29:     0x57bbec09a7b7 - std::panicking::try::h3824d23db772a716
[INFO] [stdout]                                at /rustc/df4ca44d3fbc9301ee17f30f4d474e6ae4b05252/library/std/src/panicking.rs:520:19
[INFO] [stdout]   30:     0x57bbec09a7b7 - std::panic::catch_unwind::h5afd514605fde46b
[INFO] [stdout]                                at /rustc/df4ca44d3fbc9301ee17f30f4d474e6ae4b05252/library/std/src/panic.rs:358:14
[INFO] [stdout]   31:     0x57bbec09a7b7 - test::run_test_in_process::h0d5cbfa7067d1720
[INFO] [stdout]                                at /rustc/df4ca44d3fbc9301ee17f30f4d474e6ae4b05252/library/test/src/lib.rs:644:27
[INFO] [stdout]   32:     0x57bbec09a7b7 - test::run_test::{{closure}}::h708eb8872708115d
[INFO] [stdout]                                at /rustc/df4ca44d3fbc9301ee17f30f4d474e6ae4b05252/library/test/src/lib.rs:565:43
[INFO] [stdout]   33:     0x57bbec05ded4 - test::run_test::{{closure}}::h392c51cee94713ab
[INFO] [stdout]                                at /rustc/df4ca44d3fbc9301ee17f30f4d474e6ae4b05252/library/test/src/lib.rs:595:41
[INFO] [stdout]   34:     0x57bbec05ded4 - std::sys::backtrace::__rust_begin_short_backtrace::h2f40290710935a8b
[INFO] [stdout]                                at /rustc/df4ca44d3fbc9301ee17f30f4d474e6ae4b05252/library/std/src/sys/backtrace.rs:154:18
[INFO] [stdout]   35:     0x57bbec06167e - std::thread::Builder::spawn_unchecked_::{{closure}}::{{closure}}::h3fd968d89053a903
[INFO] [stdout]                                at /rustc/df4ca44d3fbc9301ee17f30f4d474e6ae4b05252/library/std/src/thread/mod.rs:541:17
[INFO] [stdout]   36:     0x57bbec06167e - <core::panic::unwind_safe::AssertUnwindSafe<F> as core::ops::function::FnOnce<()>>::call_once::h743f637ba4229880
[INFO] [stdout]                                at /rustc/df4ca44d3fbc9301ee17f30f4d474e6ae4b05252/library/core/src/panic/unwind_safe.rs:272:9
[INFO] [stdout]   37:     0x57bbec06167e - std::panicking::try::do_call::h07440897322525a6
[INFO] [stdout]                                at /rustc/df4ca44d3fbc9301ee17f30f4d474e6ae4b05252/library/std/src/panicking.rs:557:40
[INFO] [stdout]   38:     0x57bbec06167e - std::panicking::try::he5a2e00188156637
[INFO] [stdout]                                at /rustc/df4ca44d3fbc9301ee17f30f4d474e6ae4b05252/library/std/src/panicking.rs:520:19
[INFO] [stdout]   39:     0x57bbec06167e - std::panic::catch_unwind::hbaf3cae49b3c6433
[INFO] [stdout]                                at /rustc/df4ca44d3fbc9301ee17f30f4d474e6ae4b05252/library/std/src/panic.rs:358:14
[INFO] [stdout]   40:     0x57bbec06167e - std::thread::Builder::spawn_unchecked_::{{closure}}::h8e141ea224820bce
[INFO] [stdout]                                at /rustc/df4ca44d3fbc9301ee17f30f4d474e6ae4b05252/library/std/src/thread/mod.rs:540:30
[INFO] [stdout]   41:     0x57bbec06167e - core::ops::function::FnOnce::call_once{{vtable.shim}}::h90d312fedd7b8ea8
[INFO] [stdout]                                at /rustc/df4ca44d3fbc9301ee17f30f4d474e6ae4b05252/library/core/src/ops/function.rs:250:5
[INFO] [stdout]   42:     0x57bbec0d159b - <alloc::boxed::Box<F,A> as core::ops::function::FnOnce<Args>>::call_once::h69aa08ddb6adb8b6
[INFO] [stdout]                                at /rustc/df4ca44d3fbc9301ee17f30f4d474e6ae4b05252/library/alloc/src/boxed.rs:2454:9
[INFO] [stdout]   43:     0x57bbec0d159b - <alloc::boxed::Box<F,A> as core::ops::function::FnOnce<Args>>::call_once::h5aa36efdb79c806f
[INFO] [stdout]                                at /rustc/df4ca44d3fbc9301ee17f30f4d474e6ae4b05252/library/alloc/src/boxed.rs:2454:9
[INFO] [stdout]   44:     0x57bbec0d159b - std::sys::pal::unix::thread::Thread::new::thread_start::h6cd80a1b4be5158d
[INFO] [stdout]                                at /rustc/df4ca44d3fbc9301ee17f30f4d474e6ae4b05252/library/std/src/sys/pal/unix/thread.rs:105:17
[INFO] [stdout]   45:     0x76d34b56aac3 - <unknown>
[INFO] [stdout]   46:     0x76d34b5fba04 - clone
[INFO] [stdout]   47:                0x0 - <unknown>
[INFO] [stdout] 
[INFO] [stdout] ---- non_zero_numbers stdout ----
[INFO] [stdout] thread 'non_zero_numbers' panicked at tests/ptr_offset.rs:58:5:
[INFO] [stdout] assertion `left == right` failed
[INFO] [stdout]   left: 112
[INFO] [stdout]  right: 80
[INFO] [stdout] stack backtrace:
[INFO] [stdout]    0:     0x57bbec0cbc1a - std::backtrace_rs::backtrace::libunwind::trace::h207520d6e9873551
[INFO] [stdout]                                at /rustc/df4ca44d3fbc9301ee17f30f4d474e6ae4b05252/library/std/src/../../backtrace/src/backtrace/libunwind.rs:116:5
[INFO] [stdout]    1:     0x57bbec0cbc1a - std::backtrace_rs::backtrace::trace_unsynchronized::h2ed7433f370e3eca
[INFO] [stdout]                                at /rustc/df4ca44d3fbc9301ee17f30f4d474e6ae4b05252/library/std/src/../../backtrace/src/backtrace/mod.rs:66:5
[INFO] [stdout]    2:     0x57bbec0cbc1a - std::sys::backtrace::_print_fmt::h916fac51166b18d7
[INFO] [stdout]                                at /rustc/df4ca44d3fbc9301ee17f30f4d474e6ae4b05252/library/std/src/sys/backtrace.rs:66:9
[INFO] [stdout]    3:     0x57bbec0cbc1a - <std::sys::backtrace::BacktraceLock::print::DisplayBacktrace as core::fmt::Display>::fmt::ha0a4c9b8ce3802e6
[INFO] [stdout]                                at /rustc/df4ca44d3fbc9301ee17f30f4d474e6ae4b05252/library/std/src/sys/backtrace.rs:39:26
[INFO] [stdout]    4:     0x57bbec0f21c3 - core::fmt::rt::Argument::fmt::h4cfc8587d52b3eb5
[INFO] [stdout]                                at /rustc/df4ca44d3fbc9301ee17f30f4d474e6ae4b05252/library/core/src/fmt/rt.rs:177:76
[INFO] [stdout]    5:     0x57bbec0f21c3 - core::fmt::write::h522cc39e5b36ae9f
[INFO] [stdout]                                at /rustc/df4ca44d3fbc9301ee17f30f4d474e6ae4b05252/library/core/src/fmt/mod.rs:1190:21
[INFO] [stdout]    6:     0x57bbec0c8883 - std::io::Write::write_fmt::h7d3c26752da97734
[INFO] [stdout]                                at /rustc/df4ca44d3fbc9301ee17f30f4d474e6ae4b05252/library/std/src/io/mod.rs:1839:15
[INFO] [stdout]    7:     0x57bbec0cba62 - std::sys::backtrace::BacktraceLock::print::h4b9e00b29e9c0942
[INFO] [stdout]                                at /rustc/df4ca44d3fbc9301ee17f30f4d474e6ae4b05252/library/std/src/sys/backtrace.rs:42:9
[INFO] [stdout]    8:     0x57bbec0cd0aa - std::panicking::default_hook::{{closure}}::hb59b88280d0324d9
[INFO] [stdout]                                at /rustc/df4ca44d3fbc9301ee17f30f4d474e6ae4b05252/library/std/src/panicking.rs:268:22
[INFO] [stdout]    9:     0x57bbec0cceb4 - std::panicking::default_hook::he1dd496665be4a29
[INFO] [stdout]                                at /rustc/df4ca44d3fbc9301ee17f30f4d474e6ae4b05252/library/std/src/panicking.rs:292:9
[INFO] [stdout]   10:     0x57bbec096569 - <alloc::boxed::Box<F,A> as core::ops::function::Fn<Args>>::call::h4ff71de18744e1dc
[INFO] [stdout]                                at /rustc/df4ca44d3fbc9301ee17f30f4d474e6ae4b05252/library/alloc/src/boxed.rs:2468:9
[INFO] [stdout]   11:     0x57bbec096569 - test::test_main::{{closure}}::hcf7c055ce117aa81
[INFO] [stdout]                                at /rustc/df4ca44d3fbc9301ee17f30f4d474e6ae4b05252/library/test/src/lib.rs:133:21
[INFO] [stdout]   12:     0x57bbec0cd7a8 - <alloc::boxed::Box<F,A> as core::ops::function::Fn<Args>>::call::h1d66c6bbd60c9692
[INFO] [stdout]                                at /rustc/df4ca44d3fbc9301ee17f30f4d474e6ae4b05252/library/alloc/src/boxed.rs:2468:9
[INFO] [stdout]   13:     0x57bbec0cd7a8 - std::panicking::rust_panic_with_hook::h2ff17fe8f26dfcf8
[INFO] [stdout]                                at /rustc/df4ca44d3fbc9301ee17f30f4d474e6ae4b05252/library/std/src/panicking.rs:809:13
[INFO] [stdout]   14:     0x57bbec0cd56a - std::panicking::begin_panic_handler::{{closure}}::h4fad77951c07e101
[INFO] [stdout]                                at /rustc/df4ca44d3fbc9301ee17f30f4d474e6ae4b05252/library/std/src/panicking.rs:674:13
[INFO] [stdout]   15:     0x57bbec0cc0f9 - std::sys::backtrace::__rust_end_short_backtrace::hb1a25b3da5d0ea08
[INFO] [stdout]                                at /rustc/df4ca44d3fbc9301ee17f30f4d474e6ae4b05252/library/std/src/sys/backtrace.rs:170:18
[INFO] [stdout]   16:     0x57bbec0cd1fc - rust_begin_unwind
[INFO] [stdout]                                at /rustc/df4ca44d3fbc9301ee17f30f4d474e6ae4b05252/library/std/src/panicking.rs:665:5
[INFO] [stdout]   17:     0x57bbec0f0bc0 - core::panicking::panic_fmt::ha9db07b529f9b256
[INFO] [stdout]                                at /rustc/df4ca44d3fbc9301ee17f30f4d474e6ae4b05252/library/core/src/panicking.rs:75:14
[INFO] [stdout]   18:     0x57bbec0f0f8b - core::panicking::assert_failed_inner::h04f38944d74a80a8
[INFO] [stdout]   19:     0x57bbec0a10c2 - core::panicking::assert_failed::h122fe21a5bed705a
[INFO] [stdout]                                at /rustc/df4ca44d3fbc9301ee17f30f4d474e6ae4b05252/library/core/src/panicking.rs:377:5
[INFO] [stdout]   20:     0x57bbec045f75 - ptr_offset::test_serialize::hb57d92ee8ae9b1d9
[INFO] [stdout]                                at /opt/rustwide/workdir/tests/ptr_offset.rs:58:2
[INFO] [stdout]   21:     0x57bbec046dce - ptr_offset::non_zero_numbers::hdbe8140e23aa6bc0
[INFO] [stdout]                                at /opt/rustwide/workdir/tests/common/mod.rs:112:4
[INFO] [stdout]   22:     0x57bbec046917 - ptr_offset::non_zero_numbers::{{closure}}::hb7f3deb72f755969
[INFO] [stdout]                                at /opt/rustwide/workdir/tests/common/mod.rs:78:24
[INFO] [stdout]   23:     0x57bbec051c06 - core::ops::function::FnOnce::call_once::h9708dcf387ea99fb
[INFO] [stdout]                                at /rustc/df4ca44d3fbc9301ee17f30f4d474e6ae4b05252/library/core/src/ops/function.rs:250:5
[INFO] [stdout]   24:     0x57bbec09ae3b - core::ops::function::FnOnce::call_once::h22c3ba5715e93f05
[INFO] [stdout]                                at /rustc/df4ca44d3fbc9301ee17f30f4d474e6ae4b05252/library/core/src/ops/function.rs:250:5
[INFO] [stdout]   25:     0x57bbec09ae3b - test::__rust_begin_short_backtrace::h8e82d8113d0da17f
[INFO] [stdout]                                at /rustc/df4ca44d3fbc9301ee17f30f4d474e6ae4b05252/library/test/src/lib.rs:621:18
[INFO] [stdout]   26:     0x57bbec09a7b7 - test::run_test_in_process::{{closure}}::h33235f4f20b7b7c7
[INFO] [stdout]                                at /rustc/df4ca44d3fbc9301ee17f30f4d474e6ae4b05252/library/test/src/lib.rs:644:60
[INFO] [stdout]   27:     0x57bbec09a7b7 - <core::panic::unwind_safe::AssertUnwindSafe<F> as core::ops::function::FnOnce<()>>::call_once::hb5043206310c586f
[INFO] [stdout]                                at /rustc/df4ca44d3fbc9301ee17f30f4d474e6ae4b05252/library/core/src/panic/unwind_safe.rs:272:9
[INFO] [stdout]   28:     0x57bbec09a7b7 - std::panicking::try::do_call::h9ad4731a60ab23e2
[INFO] [stdout]                                at /rustc/df4ca44d3fbc9301ee17f30f4d474e6ae4b05252/library/std/src/panicking.rs:557:40
[INFO] [stdout]   29:     0x57bbec09a7b7 - std::panicking::try::h3824d23db772a716
[INFO] [stdout]                                at /rustc/df4ca44d3fbc9301ee17f30f4d474e6ae4b05252/library/std/src/panicking.rs:520:19
[INFO] [stdout]   30:     0x57bbec09a7b7 - std::panic::catch_unwind::h5afd514605fde46b
[INFO] [stdout]                                at /rustc/df4ca44d3fbc9301ee17f30f4d474e6ae4b05252/library/std/src/panic.rs:358:14
[INFO] [stdout]   31:     0x57bbec09a7b7 - test::run_test_in_process::h0d5cbfa7067d1720
[INFO] [stdout]                                at /rustc/df4ca44d3fbc9301ee17f30f4d474e6ae4b05252/library/test/src/lib.rs:644:27
[INFO] [stdout]   32:     0x57bbec09a7b7 - test::run_test::{{closure}}::h708eb8872708115d
[INFO] [stdout]                                at /rustc/df4ca44d3fbc9301ee17f30f4d474e6ae4b05252/library/test/src/lib.rs:565:43
[INFO] [stdout]   33:     0x57bbec05ded4 - test::run_test::{{closure}}::h392c51cee94713ab
[INFO] [stdout]                                at /rustc/df4ca44d3fbc9301ee17f30f4d474e6ae4b05252/library/test/src/lib.rs:595:41
[INFO] [stdout]   34:     0x57bbec05ded4 - std::sys::backtrace::__rust_begin_short_backtrace::h2f40290710935a8b
[INFO] [stdout]                                at /rustc/df4ca44d3fbc9301ee17f30f4d474e6ae4b05252/library/std/src/sys/backtrace.rs:154:18
[INFO] [stdout]   35:     0x57bbec06167e - std::thread::Builder::spawn_unchecked_::{{closure}}::{{closure}}::h3fd968d89053a903
[INFO] [stdout]                                at /rustc/df4ca44d3fbc9301ee17f30f4d474e6ae4b05252/library/std/src/thread/mod.rs:541:17
[INFO] [stdout]   36:     0x57bbec06167e - <core::panic::unwind_safe::AssertUnwindSafe<F> as core::ops::function::FnOnce<()>>::call_once::h743f637ba4229880
[INFO] [stdout]                                at /rustc/df4ca44d3fbc9301ee17f30f4d474e6ae4b05252/library/core/src/panic/unwind_safe.rs:272:9
[INFO] [stdout]   37:     0x57bbec06167e - std::panicking::try::do_call::h07440897322525a6
[INFO] [stdout]                                at /rustc/df4ca44d3fbc9301ee17f30f4d474e6ae4b05252/library/std/src/panicking.rs:557:40
[INFO] [stdout]   38:     0x57bbec06167e - std::panicking::try::he5a2e00188156637
[INFO] [stdout]                                at /rustc/df4ca44d3fbc9301ee17f30f4d474e6ae4b05252/library/std/src/panicking.rs:520:19
[INFO] [stdout]   39:     0x57bbec06167e - std::panic::catch_unwind::hbaf3cae49b3c6433
[INFO] [stdout]                                at /rustc/df4ca44d3fbc9301ee17f30f4d474e6ae4b05252/library/std/src/panic.rs:358:14
[INFO] [stdout]   40:     0x57bbec06167e - std::thread::Builder::spawn_unchecked_::{{closure}}::h8e141ea224820bce
[INFO] [stdout]                                at /rustc/df4ca44d3fbc9301ee17f30f4d474e6ae4b05252/library/std/src/thread/mod.rs:540:30
[INFO] [stdout]   41:     0x57bbec06167e - core::ops::function::FnOnce::call_once{{vtable.shim}}::h90d312fedd7b8ea8
[INFO] [stdout]                                at /rustc/df4ca44d3fbc9301ee17f30f4d474e6ae4b05252/library/core/src/ops/function.rs:250:5
[INFO] [stdout]   42:     0x57bbec0d159b - <alloc::boxed::Box<F,A> as core::ops::function::FnOnce<Args>>::call_once::h69aa08ddb6adb8b6
[INFO] [stdout]                                at /rustc/df4ca44d3fbc9301ee17f30f4d474e6ae4b05252/library/alloc/src/boxed.rs:2454:9
[INFO] [stdout]   43:     0x57bbec0d159b - <alloc::boxed::Box<F,A> as core::ops::function::FnOnce<Args>>::call_once::h5aa36efdb79c806f
[INFO] [stdout]                                at /rustc/df4ca44d3fbc9301ee17f30f4d474e6ae4b05252/library/alloc/src/boxed.rs:2454:9
[INFO] [stdout]   44:     0x57bbec0d159b - std::sys::pal::unix::thread::Thread::new::thread_start::h6cd80a1b4be5158d
[INFO] [stdout]                                at /rustc/df4ca44d3fbc9301ee17f30f4d474e6ae4b05252/library/std/src/sys/pal/unix/thread.rs:105:17
[INFO] [stdout]   45:     0x76d34b56aac3 - <unknown>
[INFO] [stdout]   46:     0x76d34b5fba04 - clone
[INFO] [stdout]   47:                0x0 - <unknown>
[INFO] [stdout] 
[INFO] [stdout] ---- minecraft_data stdout ----
[INFO] [stdout] thread 'minecraft_data' panicked at tests/ptr_offset.rs:58:5:
[INFO] [stdout] assertion `left == right` failed
[INFO] [stdout]   left: 1550280
[INFO] [stdout]  right: 1375104
[INFO] [stdout] stack backtrace:
[INFO] [stdout]    0:     0x57bbec0cbc1a - std::backtrace_rs::backtrace::libunwind::trace::h207520d6e9873551
[INFO] [stdout]                                at /rustc/df4ca44d3fbc9301ee17f30f4d474e6ae4b05252/library/std/src/../../backtrace/src/backtrace/libunwind.rs:116:5
[INFO] [stdout]    1:     0x57bbec0cbc1a - std::backtrace_rs::backtrace::trace_unsynchronized::h2ed7433f370e3eca
[INFO] [stdout]                                at /rustc/df4ca44d3fbc9301ee17f30f4d474e6ae4b05252/library/std/src/../../backtrace/src/backtrace/mod.rs:66:5
[INFO] [stdout]    2:     0x57bbec0cbc1a - std::sys::backtrace::_print_fmt::h916fac51166b18d7
[INFO] [stdout]                                at /rustc/df4ca44d3fbc9301ee17f30f4d474e6ae4b05252/library/std/src/sys/backtrace.rs:66:9
[INFO] [stdout]    3:     0x57bbec0cbc1a - <std::sys::backtrace::BacktraceLock::print::DisplayBacktrace as core::fmt::Display>::fmt::ha0a4c9b8ce3802e6
[INFO] [stdout]                                at /rustc/df4ca44d3fbc9301ee17f30f4d474e6ae4b05252/library/std/src/sys/backtrace.rs:39:26
[INFO] [stdout]    4:     0x57bbec0f21c3 - core::fmt::rt::Argument::fmt::h4cfc8587d52b3eb5
[INFO] [stdout]                                at /rustc/df4ca44d3fbc9301ee17f30f4d474e6ae4b05252/library/core/src/fmt/rt.rs:177:76
[INFO] [stdout]    5:     0x57bbec0f21c3 - core::fmt::write::h522cc39e5b36ae9f
[INFO] [stdout]                                at /rustc/df4ca44d3fbc9301ee17f30f4d474e6ae4b05252/library/core/src/fmt/mod.rs:1190:21
[INFO] [stdout]    6:     0x57bbec0c8883 - std::io::Write::write_fmt::h7d3c26752da97734
[INFO] [stdout]                                at /rustc/df4ca44d3fbc9301ee17f30f4d474e6ae4b05252/library/std/src/io/mod.rs:1839:15
[INFO] [stdout]    7:     0x57bbec0cba62 - std::sys::backtrace::BacktraceLock::print::h4b9e00b29e9c0942
[INFO] [stdout]                                at /rustc/df4ca44d3fbc9301ee17f30f4d474e6ae4b05252/library/std/src/sys/backtrace.rs:42:9
[INFO] [stdout]    8:     0x57bbec0cd0aa - std::panicking::default_hook::{{closure}}::hb59b88280d0324d9
[INFO] [stdout]                                at /rustc/df4ca44d3fbc9301ee17f30f4d474e6ae4b05252/library/std/src/panicking.rs:268:22
[INFO] [stdout]    9:     0x57bbec0cceb4 - std::panicking::default_hook::he1dd496665be4a29
[INFO] [stdout]                                at /rustc/df4ca44d3fbc9301ee17f30f4d474e6ae4b05252/library/std/src/panicking.rs:292:9
[INFO] [stdout]   10:     0x57bbec096569 - <alloc::boxed::Box<F,A> as core::ops::function::Fn<Args>>::call::h4ff71de18744e1dc
[INFO] [stdout]                                at /rustc/df4ca44d3fbc9301ee17f30f4d474e6ae4b05252/library/alloc/src/boxed.rs:2468:9
[INFO] [stdout]   11:     0x57bbec096569 - test::test_main::{{closure}}::hcf7c055ce117aa81
[INFO] [stdout]                                at /rustc/df4ca44d3fbc9301ee17f30f4d474e6ae4b05252/library/test/src/lib.rs:133:21
[INFO] [stdout]   12:     0x57bbec0cd7a8 - <alloc::boxed::Box<F,A> as core::ops::function::Fn<Args>>::call::h1d66c6bbd60c9692
[INFO] [stdout]                                at /rustc/df4ca44d3fbc9301ee17f30f4d474e6ae4b05252/library/alloc/src/boxed.rs:2468:9
[INFO] [stdout]   13:     0x57bbec0cd7a8 - std::panicking::rust_panic_with_hook::h2ff17fe8f26dfcf8
[INFO] [stdout]                                at /rustc/df4ca44d3fbc9301ee17f30f4d474e6ae4b05252/library/std/src/panicking.rs:809:13
[INFO] [stdout]   14:     0x57bbec0cd56a - std::panicking::begin_panic_handler::{{closure}}::h4fad77951c07e101
[INFO] [stdout]                                at /rustc/df4ca44d3fbc9301ee17f30f4d474e6ae4b05252/library/std/src/panicking.rs:674:13
[INFO] [stdout]   15:     0x57bbec0cc0f9 - std::sys::backtrace::__rust_end_short_backtrace::hb1a25b3da5d0ea08
[INFO] [stdout]                                at /rustc/df4ca44d3fbc9301ee17f30f4d474e6ae4b05252/library/std/src/sys/backtrace.rs:170:18
[INFO] [stdout]   16:     0x57bbec0cd1fc - rust_begin_unwind
[INFO] [stdout]                                at /rustc/df4ca44d3fbc9301ee17f30f4d474e6ae4b05252/library/std/src/panicking.rs:665:5
[INFO] [stdout]   17:     0x57bbec0f0bc0 - core::panicking::panic_fmt::ha9db07b529f9b256
[INFO] [stdout]                                at /rustc/df4ca44d3fbc9301ee17f30f4d474e6ae4b05252/library/core/src/panicking.rs:75:14
[INFO] [stdout]   18:     0x57bbec0f0f8b - core::panicking::assert_failed_inner::h04f38944d74a80a8
[INFO] [stdout]   19:     0x57bbec0a10c2 - core::panicking::assert_failed::h122fe21a5bed705a
[INFO] [stdout]                                at /rustc/df4ca44d3fbc9301ee17f30f4d474e6ae4b05252/library/core/src/panicking.rs:377:5
[INFO] [stdout]   20:     0x57bbec045135 - ptr_offset::test_serialize::h9862bf3f9a043605
[INFO] [stdout]                                at /opt/rustwide/workdir/tests/ptr_offset.rs:58:2
[INFO] [stdout]   21:     0x57bbec04aa89 - ptr_offset::minecraft_data::hf917452265c05cde
[INFO] [stdout]                                at /opt/rustwide/workdir/tests/common/mod.rs:547:4
[INFO] [stdout]   22:     0x57bbec04aa47 - ptr_offset::minecraft_data::{{closure}}::h62bffb22c4202416
[INFO] [stdout]                                at /opt/rustwide/workdir/tests/common/mod.rs:545:22
[INFO] [stdout]   23:     0x57bbec051dc6 - core::ops::function::FnOnce::call_once::hd5b8166530c52dcf
[INFO] [stdout]                                at /rustc/df4ca44d3fbc9301ee17f30f4d474e6ae4b05252/library/core/src/ops/function.rs:250:5
[INFO] [stdout]   24:     0x57bbec09ae3b - core::ops::function::FnOnce::call_once::h22c3ba5715e93f05
[INFO] [stdout]                                at /rustc/df4ca44d3fbc9301ee17f30f4d474e6ae4b05252/library/core/src/ops/function.rs:250:5
[INFO] [stdout]   25:     0x57bbec09ae3b - test::__rust_begin_short_backtrace::h8e82d8113d0da17f
[INFO] [stdout]                                at /rustc/df4ca44d3fbc9301ee17f30f4d474e6ae4b05252/library/test/src/lib.rs:621:18
[INFO] [stdout]   26:     0x57bbec09a7b7 - test::run_test_in_process::{{closure}}::h33235f4f20b7b7c7
[INFO] [stdout]                                at /rustc/df4ca44d3fbc9301ee17f30f4d474e6ae4b05252/library/test/src/lib.rs:644:60
[INFO] [stdout]   27:     0x57bbec09a7b7 - <core::panic::unwind_safe::AssertUnwindSafe<F> as core::ops::function::FnOnce<()>>::call_once::hb5043206310c586f
[INFO] [stdout]                                at /rustc/df4ca44d3fbc9301ee17f30f4d474e6ae4b05252/library/core/src/panic/unwind_safe.rs:272:9
[INFO] [stdout]   28:     0x57bbec09a7b7 - std::panicking::try::do_call::h9ad4731a60ab23e2
[INFO] [stdout]                                at /rustc/df4ca44d3fbc9301ee17f30f4d474e6ae4b05252/library/std/src/panicking.rs:557:40
[INFO] [stdout]   29:     0x57bbec09a7b7 - std::panicking::try::h3824d23db772a716
[INFO] [stdout]                                at /rustc/df4ca44d3fbc9301ee17f30f4d474e6ae4b05252/library/std/src/panicking.rs:520:19
[INFO] [stdout]   30:     0x57bbec09a7b7 - std::panic::catch_unwind::h5afd514605fde46b
[INFO] [stdout]                                at /rustc/df4ca44d3fbc9301ee17f30f4d474e6ae4b05252/library/std/src/panic.rs:358:14
[INFO] [stdout]   31:     0x57bbec09a7b7 - test::run_test_in_process::h0d5cbfa7067d1720
[INFO] [stdout]                                at /rustc/df4ca44d3fbc9301ee17f30f4d474e6ae4b05252/library/test/src/lib.rs:644:27
[INFO] [stdout]   32:     0x57bbec09a7b7 - test::run_test::{{closure}}::h708eb8872708115d
[INFO] [stdout]                                at /rustc/df4ca44d3fbc9301ee17f30f4d474e6ae4b05252/library/test/src/lib.rs:565:43
[INFO] [stdout]   33:     0x57bbec05ded4 - test::run_test::{{closure}}::h392c51cee94713ab
[INFO] [stdout]                                at /rustc/df4ca44d3fbc9301ee17f30f4d474e6ae4b05252/library/test/src/lib.rs:595:41
[INFO] [stdout]   34:     0x57bbec05ded4 - std::sys::backtrace::__rust_begin_short_backtrace::h2f40290710935a8b
[INFO] [stdout]                                at /rustc/df4ca44d3fbc9301ee17f30f4d474e6ae4b05252/library/std/src/sys/backtrace.rs:154:18
[INFO] [stdout]   35:     0x57bbec06167e - std::thread::Builder::spawn_unchecked_::{{closure}}::{{closure}}::h3fd968d89053a903
[INFO] [stdout]                                at /rustc/df4ca44d3fbc9301ee17f30f4d474e6ae4b05252/library/std/src/thread/mod.rs:541:17
[INFO] [stdout]   36:     0x57bbec06167e - <core::panic::unwind_safe::AssertUnwindSafe<F> as core::ops::function::FnOnce<()>>::call_once::h743f637ba4229880
[INFO] [stdout]                                at /rustc/df4ca44d3fbc9301ee17f30f4d474e6ae4b05252/library/core/src/panic/unwind_safe.rs:272:9
[INFO] [stdout]   37:     0x57bbec06167e - std::panicking::try::do_call::h07440897322525a6
[INFO] [stdout]                                at /rustc/df4ca44d3fbc9301ee17f30f4d474e6ae4b05252/library/std/src/panicking.rs:557:40
[INFO] [stdout]   38:     0x57bbec06167e - std::panicking::try::he5a2e00188156637
[INFO] [stdout]                                at /rustc/df4ca44d3fbc9301ee17f30f4d474e6ae4b05252/library/std/src/panicking.rs:520:19
[INFO] [stdout]   39:     0x57bbec06167e - std::panic::catch_unwind::hbaf3cae49b3c6433
[INFO] [stdout]                                at /rustc/df4ca44d3fbc9301ee17f30f4d474e6ae4b05252/library/std/src/panic.rs:358:14
[INFO] [stdout]   40:     0x57bbec06167e - std::thread::Builder::spawn_unchecked_::{{closure}}::h8e141ea224820bce
[INFO] [stdout]                                at /rustc/df4ca44d3fbc9301ee17f30f4d474e6ae4b05252/library/std/src/thread/mod.rs:540:30
[INFO] [stdout]   41:     0x57bbec06167e - core::ops::function::FnOnce::call_once{{vtable.shim}}::h90d312fedd7b8ea8
[INFO] [stdout]                                at /rustc/df4ca44d3fbc9301ee17f30f4d474e6ae4b05252/library/core/src/ops/function.rs:250:5
[INFO] [stdout]   42:     0x57bbec0d159b - <alloc::boxed::Box<F,A> as core::ops::function::FnOnce<Args>>::call_once::h69aa08ddb6adb8b6
[INFO] [stdout]                                at /rustc/df4ca44d3fbc9301ee17f30f4d474e6ae4b05252/library/alloc/src/boxed.rs:2454:9
[INFO] [stdout]   43:     0x57bbec0d159b - <alloc::boxed::Box<F,A> as core::ops::function::FnOnce<Args>>::call_once::h5aa36efdb79c806f
[INFO] [stdout]                                at /rustc/df4ca44d3fbc9301ee17f30f4d474e6ae4b05252/library/alloc/src/boxed.rs:2454:9
[INFO] [stdout]   44:     0x57bbec0d159b - std::sys::pal::unix::thread::Thread::new::thread_start::h6cd80a1b4be5158d
[INFO] [stdout]                                at /rustc/df4ca44d3fbc9301ee17f30f4d474e6ae4b05252/library/std/src/sys/pal/unix/thread.rs:105:17
[INFO] [stdout]   45:     0x76d34b56aac3 - <unknown>
[INFO] [stdout]   46:     0x76d34b5fba04 - clone
[INFO] [stdout]   47:                0x0 - <unknown>
[INFO] [stdout] 
[INFO] [stdout] 
[INFO] [stdout] failures:
[INFO] [stdout]     minecraft_data
[INFO] [stdout]     non_zero_numbers
[INFO] [stdout]     primitives
[INFO] [stdout] 
[INFO] [stdout] test result: FAILED. 22 passed; 3 failed; 0 ignored; 0 measured; 0 filtered out; finished in 0.06s
[INFO] [stdout] 
[INFO] running `Command { std: "docker" "inspect" "0335e259595bc60b1e94e25fb1438d899528acfdf065ff5745d5182b9b7b40a8", kill_on_drop: false }`
[INFO] running `Command { std: "docker" "rm" "-f" "0335e259595bc60b1e94e25fb1438d899528acfdf065ff5745d5182b9b7b40a8", kill_on_drop: false }`
[INFO] [stdout] 0335e259595bc60b1e94e25fb1438d899528acfdf065ff5745d5182b9b7b40a8
