[INFO] fetching crate sequence-map 0.1.0...
[INFO] testing sequence-map-0.1.0 against nightly-2024-10-28+rustflags=-Zrandomize-layout for randomize-layout
[INFO] extracting crate sequence-map 0.1.0 into /workspace/builds/worker-7-tc2/source
[INFO] validating manifest of crates.io crate sequence-map 0.1.0 on toolchain nightly-2024-10-28
[INFO] running `Command { std: CARGO_HOME="/workspace/cargo-home" RUSTUP_HOME="/workspace/rustup-home" "/workspace/cargo-home/bin/cargo" "+nightly-2024-10-28" "metadata" "--manifest-path" "Cargo.toml" "--no-deps", kill_on_drop: false }`
[INFO] started tweaking crates.io crate sequence-map 0.1.0
[INFO] finished tweaking crates.io crate sequence-map 0.1.0
[INFO] tweaked toml for crates.io crate sequence-map 0.1.0 written to /workspace/builds/worker-7-tc2/source/Cargo.toml
[INFO] running `Command { std: CARGO_HOME="/workspace/cargo-home" RUSTUP_HOME="/workspace/rustup-home" "/workspace/cargo-home/bin/cargo" "+nightly-2024-10-28" "generate-lockfile" "--manifest-path" "Cargo.toml", kill_on_drop: false }`
[INFO] [stderr]     Updating crates.io index
[INFO] [stderr]      Locking 76 packages to latest compatible versions
[INFO] [stderr]       Adding criterion v0.3.6 (available: v0.5.1)
[INFO] [stderr]       Adding zerocopy v0.3.2 (available: v0.8.8)
[INFO] running `Command { std: CARGO_HOME="/workspace/cargo-home" RUSTUP_HOME="/workspace/rustup-home" "/workspace/cargo-home/bin/cargo" "+nightly-2024-10-28" "fetch" "--manifest-path" "Cargo.toml", kill_on_drop: false }`
[INFO] running `Command { std: "docker" "create" "-v" "/var/lib/crater-agent-workspace/builds/worker-7-tc2/target:/opt/rustwide/target:rw,Z" "-v" "/var/lib/crater-agent-workspace/builds/worker-7-tc2/source:/opt/rustwide/workdir:ro,Z" "-v" "/var/lib/crater-agent-workspace/cargo-home:/opt/rustwide/cargo-home:ro,Z" "-v" "/var/lib/crater-agent-workspace/rustup-home:/opt/rustwide/rustup-home:ro,Z" "-e" "SOURCE_DIR=/opt/rustwide/workdir" "-e" "CARGO_TARGET_DIR=/opt/rustwide/target" "-e" "CARGO_HOME=/opt/rustwide/cargo-home" "-e" "RUSTUP_HOME=/opt/rustwide/rustup-home" "-w" "/opt/rustwide/workdir" "-m" "1610612736" "--user" "0:0" "--network" "none" "ghcr.io/rust-lang/crates-build-env/linux@sha256:4a844ea9eb2546a2d2c7022eacef16ef2e8229c7fbb2c7d4d55a9ceca922f72d" "/opt/rustwide/cargo-home/bin/cargo" "+nightly-2024-10-28" "metadata" "--no-deps" "--format-version=1", kill_on_drop: false }`
[INFO] [stdout] f932f704202610d857607cd56be332f8f22a6d97a68c7f69d9f1e5d0d8bf5ed1
[INFO] running `Command { std: "docker" "start" "-a" "f932f704202610d857607cd56be332f8f22a6d97a68c7f69d9f1e5d0d8bf5ed1", kill_on_drop: false }`
[INFO] running `Command { std: "docker" "inspect" "f932f704202610d857607cd56be332f8f22a6d97a68c7f69d9f1e5d0d8bf5ed1", kill_on_drop: false }`
[INFO] running `Command { std: "docker" "rm" "-f" "f932f704202610d857607cd56be332f8f22a6d97a68c7f69d9f1e5d0d8bf5ed1", kill_on_drop: false }`
[INFO] [stdout] f932f704202610d857607cd56be332f8f22a6d97a68c7f69d9f1e5d0d8bf5ed1
[INFO] running `Command { std: "docker" "create" "-v" "/var/lib/crater-agent-workspace/builds/worker-7-tc2/target:/opt/rustwide/target:rw,Z" "-v" "/var/lib/crater-agent-workspace/builds/worker-7-tc2/source:/opt/rustwide/workdir:ro,Z" "-v" "/var/lib/crater-agent-workspace/cargo-home:/opt/rustwide/cargo-home:ro,Z" "-v" "/var/lib/crater-agent-workspace/rustup-home:/opt/rustwide/rustup-home:ro,Z" "-e" "SOURCE_DIR=/opt/rustwide/workdir" "-e" "CARGO_TARGET_DIR=/opt/rustwide/target" "-e" "CARGO_INCREMENTAL=0" "-e" "RUST_BACKTRACE=full" "-e" "RUSTFLAGS=--cap-lints=forbid -Zrandomize-layout" "-e" "RUSTDOCFLAGS=--cap-lints=forbid" "-e" "CARGO_HOME=/opt/rustwide/cargo-home" "-e" "RUSTUP_HOME=/opt/rustwide/rustup-home" "-w" "/opt/rustwide/workdir" "-m" "1610612736" "--user" "0:0" "--network" "none" "ghcr.io/rust-lang/crates-build-env/linux@sha256:4a844ea9eb2546a2d2c7022eacef16ef2e8229c7fbb2c7d4d55a9ceca922f72d" "/opt/rustwide/cargo-home/bin/cargo" "+nightly-2024-10-28" "build" "--frozen" "--message-format=json", kill_on_drop: false }`
[INFO] [stdout] 627af9a6e26c84888772dc75727a21e9cb484e1cec7d64afe3b95adb6ab428d7
[INFO] running `Command { std: "docker" "start" "-a" "627af9a6e26c84888772dc75727a21e9cb484e1cec7d64afe3b95adb6ab428d7", kill_on_drop: false }`
[INFO] [stderr]    Compiling syn v1.0.109
[INFO] [stderr]    Compiling synstructure v0.12.6
[INFO] [stderr]    Compiling zerocopy-derive v0.2.0
[INFO] [stderr]    Compiling zerocopy v0.3.2
[INFO] [stderr]    Compiling sequence-map v0.1.0 (/opt/rustwide/workdir)
[INFO] [stdout] warning: elided lifetime has a name
[INFO] [stdout]    --> src/header.rs:101:40
[INFO] [stdout]     |
[INFO] [stdout] 99  | impl<'a> Table<'a> {
[INFO] [stdout]     |      -- lifetime `'a` declared here
[INFO] [stdout] 100 |     // Overlays a table on top of this slice.  Assumes it is initialized.
[INFO] [stdout] 101 |     pub fn overlay(bytes: &'a [u8]) -> Table {
[INFO] [stdout]     |                                        ^^^^^ this elided lifetime gets resolved as `'a`
[INFO] [stdout]     |
[INFO] [stdout]     = note: `#[warn(elided_named_lifetimes)]` on by default
[INFO] [stdout] 
[INFO] [stdout] 
[INFO] [stdout] warning: elided lifetime has a name
[INFO] [stdout]    --> src/header.rs:144:51
[INFO] [stdout]     |
[INFO] [stdout] 142 | impl<'a> TableMut<'a> {
[INFO] [stdout]     |      -- lifetime `'a` declared here
[INFO] [stdout] 143 |     // Initializes a table for 2^bits entries.
[INFO] [stdout] 144 |     pub fn init(bits: u8, bytes: &'a mut [u8]) -> TableMut {
[INFO] [stdout]     |                                                   ^^^^^^^^ this elided lifetime gets resolved as `'a`
[INFO] [stdout] 
[INFO] [stdout] 
[INFO] [stdout] warning: elided lifetime has a name
[INFO] [stdout]    --> src/header.rs:164:48
[INFO] [stdout]     |
[INFO] [stdout] 142 | impl<'a> TableMut<'a> {
[INFO] [stdout]     |      -- lifetime `'a` declared here
[INFO] [stdout] ...
[INFO] [stdout] 164 |     pub fn overlay_mut(bytes: &'a mut [u8]) -> TableMut {
[INFO] [stdout]     |                                                ^^^^^^^^ this elided lifetime gets resolved as `'a`
[INFO] [stdout] 
[INFO] [stdout] 
[INFO] [stderr]     Finished `dev` profile [unoptimized + debuginfo] target(s) in 2.56s
[INFO] running `Command { std: "docker" "inspect" "627af9a6e26c84888772dc75727a21e9cb484e1cec7d64afe3b95adb6ab428d7", kill_on_drop: false }`
[INFO] running `Command { std: "docker" "rm" "-f" "627af9a6e26c84888772dc75727a21e9cb484e1cec7d64afe3b95adb6ab428d7", kill_on_drop: false }`
[INFO] [stdout] 627af9a6e26c84888772dc75727a21e9cb484e1cec7d64afe3b95adb6ab428d7
[INFO] running `Command { std: "docker" "create" "-v" "/var/lib/crater-agent-workspace/builds/worker-7-tc2/target:/opt/rustwide/target:rw,Z" "-v" "/var/lib/crater-agent-workspace/builds/worker-7-tc2/source:/opt/rustwide/workdir:ro,Z" "-v" "/var/lib/crater-agent-workspace/cargo-home:/opt/rustwide/cargo-home:ro,Z" "-v" "/var/lib/crater-agent-workspace/rustup-home:/opt/rustwide/rustup-home:ro,Z" "-e" "SOURCE_DIR=/opt/rustwide/workdir" "-e" "CARGO_TARGET_DIR=/opt/rustwide/target" "-e" "CARGO_INCREMENTAL=0" "-e" "RUST_BACKTRACE=full" "-e" "RUSTFLAGS=--cap-lints=forbid -Zrandomize-layout" "-e" "RUSTDOCFLAGS=--cap-lints=forbid" "-e" "CARGO_HOME=/opt/rustwide/cargo-home" "-e" "RUSTUP_HOME=/opt/rustwide/rustup-home" "-w" "/opt/rustwide/workdir" "-m" "1610612736" "--user" "0:0" "--network" "none" "ghcr.io/rust-lang/crates-build-env/linux@sha256:4a844ea9eb2546a2d2c7022eacef16ef2e8229c7fbb2c7d4d55a9ceca922f72d" "/opt/rustwide/cargo-home/bin/cargo" "+nightly-2024-10-28" "test" "--frozen" "--no-run" "--message-format=json", kill_on_drop: false }`
[INFO] [stdout] c82614f34117f2b0068c6afa16c53115634a82c3bc1e25d2c4c094cb483bd125
[INFO] running `Command { std: "docker" "start" "-a" "c82614f34117f2b0068c6afa16c53115634a82c3bc1e25d2c4c094cb483bd125", kill_on_drop: false }`
[INFO] [stderr]    Compiling libc v0.2.161
[INFO] [stderr]    Compiling plotters-backend v0.3.7
[INFO] [stderr]    Compiling regex-syntax v0.8.5
[INFO] [stderr]    Compiling num-traits v0.2.19
[INFO] [stderr]    Compiling csv-core v0.1.11
[INFO] [stderr]    Compiling syn v2.0.86
[INFO] [stderr]    Compiling textwrap v0.11.0
[INFO] [stderr]    Compiling itertools v0.10.5
[INFO] [stderr]    Compiling cast v0.3.0
[INFO] [stderr]    Compiling same-file v1.0.6
[INFO] [stderr]    Compiling half v1.8.3
[INFO] [stderr]    Compiling oorandom v11.1.4
[INFO] [stderr]    Compiling tinytemplate v1.2.1
[INFO] [stderr]    Compiling rayon v1.10.0
[INFO] [stdout] warning: elided lifetime has a name
[INFO] [stdout]    --> src/header.rs:101:40
[INFO] [stdout]     |
[INFO] [stdout] 99  | impl<'a> Table<'a> {
[INFO] [stdout]     |      -- lifetime `'a` declared here
[INFO] [stdout] 100 |     // Overlays a table on top of this slice.  Assumes it is initialized.
[INFO] [stdout] 101 |     pub fn overlay(bytes: &'a [u8]) -> Table {
[INFO] [stdout]     |                                        ^^^^^ this elided lifetime gets resolved as `'a`
[INFO] [stdout]     |
[INFO] [stdout]     = note: `#[warn(elided_named_lifetimes)]` on by default
[INFO] [stdout] 
[INFO] [stdout] 
[INFO] [stdout] warning: elided lifetime has a name
[INFO] [stdout]    --> src/header.rs:144:51
[INFO] [stdout]     |
[INFO] [stdout] 142 | impl<'a> TableMut<'a> {
[INFO] [stdout]     |      -- lifetime `'a` declared here
[INFO] [stdout] 143 |     // Initializes a table for 2^bits entries.
[INFO] [stdout] 144 |     pub fn init(bits: u8, bytes: &'a mut [u8]) -> TableMut {
[INFO] [stdout]     |                                                   ^^^^^^^^ this elided lifetime gets resolved as `'a`
[INFO] [stdout] 
[INFO] [stdout] 
[INFO] [stdout] warning: elided lifetime has a name
[INFO] [stdout]    --> src/header.rs:164:48
[INFO] [stdout]     |
[INFO] [stdout] 142 | impl<'a> TableMut<'a> {
[INFO] [stdout]     |      -- lifetime `'a` declared here
[INFO] [stdout] ...
[INFO] [stdout] 164 |     pub fn overlay_mut(bytes: &'a mut [u8]) -> TableMut {
[INFO] [stdout]     |                                                ^^^^^^^^ this elided lifetime gets resolved as `'a`
[INFO] [stdout] 
[INFO] [stdout] 
[INFO] [stderr]    Compiling walkdir v2.5.0
[INFO] [stderr]    Compiling clap v2.34.0
[INFO] [stderr]    Compiling csv v1.3.0
[INFO] [stderr]    Compiling plotters-svg v0.3.7
[INFO] [stderr]    Compiling serde_cbor v0.11.2
[INFO] [stderr]    Compiling atty v0.2.14
[INFO] [stderr]    Compiling plotters v0.3.7
[INFO] [stderr]    Compiling criterion-plot v0.4.5
[INFO] [stderr]    Compiling regex-automata v0.4.8
[INFO] [stderr]    Compiling regex v1.11.1
[INFO] [stderr]    Compiling serde_derive v1.0.214
[INFO] [stderr]    Compiling criterion v0.3.6
[INFO] [stderr]    Compiling sequence-map v0.1.0 (/opt/rustwide/workdir)
[INFO] [stdout] warning: elided lifetime has a name
[INFO] [stdout]    --> src/header.rs:101:40
[INFO] [stdout]     |
[INFO] [stdout] 99  | impl<'a> Table<'a> {
[INFO] [stdout]     |      -- lifetime `'a` declared here
[INFO] [stdout] 100 |     // Overlays a table on top of this slice.  Assumes it is initialized.
[INFO] [stdout] 101 |     pub fn overlay(bytes: &'a [u8]) -> Table {
[INFO] [stdout]     |                                        ^^^^^ this elided lifetime gets resolved as `'a`
[INFO] [stdout]     |
[INFO] [stdout]     = note: `#[warn(elided_named_lifetimes)]` on by default
[INFO] [stdout] 
[INFO] [stdout] 
[INFO] [stdout] warning: elided lifetime has a name
[INFO] [stdout]    --> src/header.rs:144:51
[INFO] [stdout]     |
[INFO] [stdout] 142 | impl<'a> TableMut<'a> {
[INFO] [stdout]     |      -- lifetime `'a` declared here
[INFO] [stdout] 143 |     // Initializes a table for 2^bits entries.
[INFO] [stdout] 144 |     pub fn init(bits: u8, bytes: &'a mut [u8]) -> TableMut {
[INFO] [stdout]     |                                                   ^^^^^^^^ this elided lifetime gets resolved as `'a`
[INFO] [stdout] 
[INFO] [stdout] 
[INFO] [stdout] warning: elided lifetime has a name
[INFO] [stdout]    --> src/header.rs:164:48
[INFO] [stdout]     |
[INFO] [stdout] 142 | impl<'a> TableMut<'a> {
[INFO] [stdout]     |      -- lifetime `'a` declared here
[INFO] [stdout] ...
[INFO] [stdout] 164 |     pub fn overlay_mut(bytes: &'a mut [u8]) -> TableMut {
[INFO] [stdout]     |                                                ^^^^^^^^ this elided lifetime gets resolved as `'a`
[INFO] [stdout] 
[INFO] [stdout] 
[INFO] [stderr]     Finished `test` profile [unoptimized + debuginfo] target(s) in 8.14s
[INFO] running `Command { std: "docker" "inspect" "c82614f34117f2b0068c6afa16c53115634a82c3bc1e25d2c4c094cb483bd125", kill_on_drop: false }`
[INFO] running `Command { std: "docker" "rm" "-f" "c82614f34117f2b0068c6afa16c53115634a82c3bc1e25d2c4c094cb483bd125", kill_on_drop: false }`
[INFO] [stdout] c82614f34117f2b0068c6afa16c53115634a82c3bc1e25d2c4c094cb483bd125
[INFO] running `Command { std: "docker" "create" "-v" "/var/lib/crater-agent-workspace/builds/worker-7-tc2/target:/opt/rustwide/target:rw,Z" "-v" "/var/lib/crater-agent-workspace/builds/worker-7-tc2/source:/opt/rustwide/workdir:ro,Z" "-v" "/var/lib/crater-agent-workspace/cargo-home:/opt/rustwide/cargo-home:ro,Z" "-v" "/var/lib/crater-agent-workspace/rustup-home:/opt/rustwide/rustup-home:ro,Z" "-e" "SOURCE_DIR=/opt/rustwide/workdir" "-e" "CARGO_TARGET_DIR=/opt/rustwide/target" "-e" "CARGO_INCREMENTAL=0" "-e" "RUST_BACKTRACE=full" "-e" "RUSTFLAGS=--cap-lints=forbid -Zrandomize-layout" "-e" "RUSTDOCFLAGS=--cap-lints=forbid" "-e" "CARGO_HOME=/opt/rustwide/cargo-home" "-e" "RUSTUP_HOME=/opt/rustwide/rustup-home" "-w" "/opt/rustwide/workdir" "-m" "1610612736" "--user" "0:0" "--network" "none" "ghcr.io/rust-lang/crates-build-env/linux@sha256:4a844ea9eb2546a2d2c7022eacef16ef2e8229c7fbb2c7d4d55a9ceca922f72d" "/opt/rustwide/cargo-home/bin/cargo" "+nightly-2024-10-28" "test" "--frozen", kill_on_drop: false }`
[INFO] [stdout] 4f2659cab422b7bc00cbbfaa123478f9a0cef3a5d4f1190bc5c313ffa208416e
[INFO] running `Command { std: "docker" "start" "-a" "4f2659cab422b7bc00cbbfaa123478f9a0cef3a5d4f1190bc5c313ffa208416e", kill_on_drop: false }`
[INFO] [stderr] warning: elided lifetime has a name
[INFO] [stderr]    --> src/header.rs:101:40
[INFO] [stderr]     |
[INFO] [stderr] 99  | impl<'a> Table<'a> {
[INFO] [stderr]     |      -- lifetime `'a` declared here
[INFO] [stderr] 100 |     // Overlays a table on top of this slice.  Assumes it is initialized.
[INFO] [stderr] 101 |     pub fn overlay(bytes: &'a [u8]) -> Table {
[INFO] [stderr]     |                                        ^^^^^ this elided lifetime gets resolved as `'a`
[INFO] [stderr]     |
[INFO] [stderr]     = note: `#[warn(elided_named_lifetimes)]` on by default
[INFO] [stderr] 
[INFO] [stderr] warning: elided lifetime has a name
[INFO] [stderr]    --> src/header.rs:144:51
[INFO] [stderr]     |
[INFO] [stderr] 142 | impl<'a> TableMut<'a> {
[INFO] [stderr]     |      -- lifetime `'a` declared here
[INFO] [stderr] 143 |     // Initializes a table for 2^bits entries.
[INFO] [stderr] 144 |     pub fn init(bits: u8, bytes: &'a mut [u8]) -> TableMut {
[INFO] [stderr]     |                                                   ^^^^^^^^ this elided lifetime gets resolved as `'a`
[INFO] [stderr] 
[INFO] [stderr] warning: elided lifetime has a name
[INFO] [stderr]    --> src/header.rs:164:48
[INFO] [stderr]     |
[INFO] [stderr] 142 | impl<'a> TableMut<'a> {
[INFO] [stderr]     |      -- lifetime `'a` declared here
[INFO] [stderr] ...
[INFO] [stderr] 164 |     pub fn overlay_mut(bytes: &'a mut [u8]) -> TableMut {
[INFO] [stderr]     |                                                ^^^^^^^^ this elided lifetime gets resolved as `'a`
[INFO] [stderr] 
[INFO] [stderr] warning: `sequence-map` (lib) generated 3 warnings
[INFO] [stderr] warning: `sequence-map` (lib test) generated 3 warnings (3 duplicates)
[INFO] [stderr]     Finished `test` profile [unoptimized + debuginfo] target(s) in 0.04s
[INFO] [stderr]      Running unittests src/lib.rs (/opt/rustwide/target/debug/deps/sequence_map-834bd6fcd54b70c2)
[INFO] [stdout] 
[INFO] [stdout] running 7 tests
[INFO] [stdout] test string_slice::tests::basic ... ok
[INFO] [stdout] test tests::double_insert ... ok
[INFO] [stdout] test tests::get_one_string ... ok
[INFO] [stdout] test tests::get_two_strings ... ok
[INFO] [stdout] test tests::no_insert ... ok
[INFO] [stdout] test tests::basic ... FAILED
[INFO] [stdout] test tests::test_insert_and_lookup_for_bits ... ok
[INFO] [stdout] 
[INFO] [stdout] failures:
[INFO] [stdout] 
[INFO] [stdout] ---- tests::basic stdout ----
[INFO] [stdout] thread 'tests::basic' panicked at src/lib.rs:345:9:
[INFO] [stdout] assertion `left == right` failed
[INFO] [stdout]   left: [1, 0, 0, 0, 0, 0, 0, 0, 24, 0, 0, 0, 0, 0, 0, 0, 108, 0, 0, 0, 0, 0, 0, 0, 2, 0, 0, 0, 0, 0, 0, 0, 2, 0, 0, 0, 0, 0, 0, 0, 1, 7, 0, 0, 0, 0, 0, 0, 0, 84, 0, 0, 0, 0, 0, 0, 0, 0, 0, 0, 0, 0, 0, 0, 0, 0, 0, 0, 0, 0, 0, 0, 0, 0, 1, 0, 0, 0, 0, 0, 0, 0, 0, 42, 0, 0, 0, 0, 0, 0, 0, 0, 0, 0, 0, 0, 0, 0, 0, 0, 0, 0, 0, 0, 0, 0, 0, 0, 72, 101, 108, 108, 111, 33, 0, 87, 111, 114, 108, 100, 33, 0]
[INFO] [stdout]  right: [1, 0, 0, 0, 0, 0, 0, 0, 24, 0, 0, 0, 0, 0, 0, 0, 108, 0, 0, 0, 0, 0, 0, 0, 2, 0, 0, 0, 0, 0, 0, 0, 2, 0, 0, 0, 0, 0, 0, 0, 1, 84, 0, 0, 0, 0, 0, 0, 0, 7, 0, 0, 0, 0, 0, 0, 0, 0, 0, 0, 0, 0, 0, 0, 0, 0, 0, 0, 0, 0, 0, 0, 0, 0, 1, 42, 0, 0, 0, 0, 0, 0, 0, 0, 0, 0, 0, 0, 0, 0, 0, 0, 0, 0, 0, 0, 0, 0, 0, 0, 0, 0, 0, 0, 0, 0, 0, 0, 72, 101, 108, 108, 111, 33, 0, 87, 111, 114, 108, 100, 33, 0]
[INFO] [stdout] stack backtrace:
[INFO] [stdout]    0:     0x5aaad2a198fa - std::backtrace_rs::backtrace::libunwind::trace::h207520d6e9873551
[INFO] [stdout]                                at /rustc/df4ca44d3fbc9301ee17f30f4d474e6ae4b05252/library/std/src/../../backtrace/src/backtrace/libunwind.rs:116:5
[INFO] [stdout]    1:     0x5aaad2a198fa - std::backtrace_rs::backtrace::trace_unsynchronized::h2ed7433f370e3eca
[INFO] [stdout]                                at /rustc/df4ca44d3fbc9301ee17f30f4d474e6ae4b05252/library/std/src/../../backtrace/src/backtrace/mod.rs:66:5
[INFO] [stdout]    2:     0x5aaad2a198fa - std::sys::backtrace::_print_fmt::h916fac51166b18d7
[INFO] [stdout]                                at /rustc/df4ca44d3fbc9301ee17f30f4d474e6ae4b05252/library/std/src/sys/backtrace.rs:66:9
[INFO] [stdout]    3:     0x5aaad2a198fa - <std::sys::backtrace::BacktraceLock::print::DisplayBacktrace as core::fmt::Display>::fmt::ha0a4c9b8ce3802e6
[INFO] [stdout]                                at /rustc/df4ca44d3fbc9301ee17f30f4d474e6ae4b05252/library/std/src/sys/backtrace.rs:39:26
[INFO] [stdout]    4:     0x5aaad2a3fd13 - core::fmt::rt::Argument::fmt::h4cfc8587d52b3eb5
[INFO] [stdout]                                at /rustc/df4ca44d3fbc9301ee17f30f4d474e6ae4b05252/library/core/src/fmt/rt.rs:177:76
[INFO] [stdout]    5:     0x5aaad2a3fd13 - core::fmt::write::h522cc39e5b36ae9f
[INFO] [stdout]                                at /rustc/df4ca44d3fbc9301ee17f30f4d474e6ae4b05252/library/core/src/fmt/mod.rs:1190:21
[INFO] [stdout]    6:     0x5aaad2a16563 - std::io::Write::write_fmt::h7d3c26752da97734
[INFO] [stdout]                                at /rustc/df4ca44d3fbc9301ee17f30f4d474e6ae4b05252/library/std/src/io/mod.rs:1839:15
[INFO] [stdout]    7:     0x5aaad2a19742 - std::sys::backtrace::BacktraceLock::print::h4b9e00b29e9c0942
[INFO] [stdout]                                at /rustc/df4ca44d3fbc9301ee17f30f4d474e6ae4b05252/library/std/src/sys/backtrace.rs:42:9
[INFO] [stdout]    8:     0x5aaad2a1ad8a - std::panicking::default_hook::{{closure}}::hb59b88280d0324d9
[INFO] [stdout]                                at /rustc/df4ca44d3fbc9301ee17f30f4d474e6ae4b05252/library/std/src/panicking.rs:268:22
[INFO] [stdout]    9:     0x5aaad2a1ab94 - std::panicking::default_hook::he1dd496665be4a29
[INFO] [stdout]                                at /rustc/df4ca44d3fbc9301ee17f30f4d474e6ae4b05252/library/std/src/panicking.rs:292:9
[INFO] [stdout]   10:     0x5aaad29e4919 - <alloc::boxed::Box<F,A> as core::ops::function::Fn<Args>>::call::h4ff71de18744e1dc
[INFO] [stdout]                                at /rustc/df4ca44d3fbc9301ee17f30f4d474e6ae4b05252/library/alloc/src/boxed.rs:2468:9
[INFO] [stdout]   11:     0x5aaad29e4919 - test::test_main::{{closure}}::hcf7c055ce117aa81
[INFO] [stdout]                                at /rustc/df4ca44d3fbc9301ee17f30f4d474e6ae4b05252/library/test/src/lib.rs:133:21
[INFO] [stdout]   12:     0x5aaad2a1b488 - <alloc::boxed::Box<F,A> as core::ops::function::Fn<Args>>::call::h1d66c6bbd60c9692
[INFO] [stdout]                                at /rustc/df4ca44d3fbc9301ee17f30f4d474e6ae4b05252/library/alloc/src/boxed.rs:2468:9
[INFO] [stdout]   13:     0x5aaad2a1b488 - std::panicking::rust_panic_with_hook::h2ff17fe8f26dfcf8
[INFO] [stdout]                                at /rustc/df4ca44d3fbc9301ee17f30f4d474e6ae4b05252/library/std/src/panicking.rs:809:13
[INFO] [stdout]   14:     0x5aaad2a1b24a - std::panicking::begin_panic_handler::{{closure}}::h4fad77951c07e101
[INFO] [stdout]                                at /rustc/df4ca44d3fbc9301ee17f30f4d474e6ae4b05252/library/std/src/panicking.rs:674:13
[INFO] [stdout]   15:     0x5aaad2a19dd9 - std::sys::backtrace::__rust_end_short_backtrace::hb1a25b3da5d0ea08
[INFO] [stdout]                                at /rustc/df4ca44d3fbc9301ee17f30f4d474e6ae4b05252/library/std/src/sys/backtrace.rs:170:18
[INFO] [stdout]   16:     0x5aaad2a1aedc - rust_begin_unwind
[INFO] [stdout]                                at /rustc/df4ca44d3fbc9301ee17f30f4d474e6ae4b05252/library/std/src/panicking.rs:665:5
[INFO] [stdout]   17:     0x5aaad2a3e7b0 - core::panicking::panic_fmt::ha9db07b529f9b256
[INFO] [stdout]                                at /rustc/df4ca44d3fbc9301ee17f30f4d474e6ae4b05252/library/core/src/panicking.rs:75:14
[INFO] [stdout]   18:     0x5aaad2a3eadb - core::panicking::assert_failed_inner::h04f38944d74a80a8
[INFO] [stdout]   19:     0x5aaad299c93b - core::panicking::assert_failed::hd7a568b839be2161
[INFO] [stdout]                                at /rustc/df4ca44d3fbc9301ee17f30f4d474e6ae4b05252/library/core/src/panicking.rs:377:5
[INFO] [stdout]   20:     0x5aaad29a9b9a - sequence_map::tests::basic::h7c6c4606c27d6189
[INFO] [stdout]                                at /opt/rustwide/workdir/src/lib.rs:345:9
[INFO] [stdout]   21:     0x5aaad29a97c7 - sequence_map::tests::basic::{{closure}}::hd9216249344d0176
[INFO] [stdout]                                at /opt/rustwide/workdir/src/lib.rs:334:15
[INFO] [stdout]   22:     0x5aaad299b9c6 - core::ops::function::FnOnce::call_once::h0f6c775dd8b9df7d
[INFO] [stdout]                                at /rustc/df4ca44d3fbc9301ee17f30f4d474e6ae4b05252/library/core/src/ops/function.rs:250:5
[INFO] [stdout]   23:     0x5aaad29e91eb - core::ops::function::FnOnce::call_once::h22c3ba5715e93f05
[INFO] [stdout]                                at /rustc/df4ca44d3fbc9301ee17f30f4d474e6ae4b05252/library/core/src/ops/function.rs:250:5
[INFO] [stdout]   24:     0x5aaad29e91eb - test::__rust_begin_short_backtrace::h8e82d8113d0da17f
[INFO] [stdout]                                at /rustc/df4ca44d3fbc9301ee17f30f4d474e6ae4b05252/library/test/src/lib.rs:621:18
[INFO] [stdout]   25:     0x5aaad29e8b67 - test::run_test_in_process::{{closure}}::h33235f4f20b7b7c7
[INFO] [stdout]                                at /rustc/df4ca44d3fbc9301ee17f30f4d474e6ae4b05252/library/test/src/lib.rs:644:60
[INFO] [stdout]   26:     0x5aaad29e8b67 - <core::panic::unwind_safe::AssertUnwindSafe<F> as core::ops::function::FnOnce<()>>::call_once::hb5043206310c586f
[INFO] [stdout]                                at /rustc/df4ca44d3fbc9301ee17f30f4d474e6ae4b05252/library/core/src/panic/unwind_safe.rs:272:9
[INFO] [stdout]   27:     0x5aaad29e8b67 - std::panicking::try::do_call::h9ad4731a60ab23e2
[INFO] [stdout]                                at /rustc/df4ca44d3fbc9301ee17f30f4d474e6ae4b05252/library/std/src/panicking.rs:557:40
[INFO] [stdout]   28:     0x5aaad29e8b67 - std::panicking::try::h3824d23db772a716
[INFO] [stdout]                                at /rustc/df4ca44d3fbc9301ee17f30f4d474e6ae4b05252/library/std/src/panicking.rs:520:19
[INFO] [stdout]   29:     0x5aaad29e8b67 - std::panic::catch_unwind::h5afd514605fde46b
[INFO] [stdout]                                at /rustc/df4ca44d3fbc9301ee17f30f4d474e6ae4b05252/library/std/src/panic.rs:358:14
[INFO] [stdout]   30:     0x5aaad29e8b67 - test::run_test_in_process::h0d5cbfa7067d1720
[INFO] [stdout]                                at /rustc/df4ca44d3fbc9301ee17f30f4d474e6ae4b05252/library/test/src/lib.rs:644:27
[INFO] [stdout]   31:     0x5aaad29e8b67 - test::run_test::{{closure}}::h708eb8872708115d
[INFO] [stdout]                                at /rustc/df4ca44d3fbc9301ee17f30f4d474e6ae4b05252/library/test/src/lib.rs:565:43
[INFO] [stdout]   32:     0x5aaad29ac284 - test::run_test::{{closure}}::h392c51cee94713ab
[INFO] [stdout]                                at /rustc/df4ca44d3fbc9301ee17f30f4d474e6ae4b05252/library/test/src/lib.rs:595:41
[INFO] [stdout]   33:     0x5aaad29ac284 - std::sys::backtrace::__rust_begin_short_backtrace::h2f40290710935a8b
[INFO] [stdout]                                at /rustc/df4ca44d3fbc9301ee17f30f4d474e6ae4b05252/library/std/src/sys/backtrace.rs:154:18
[INFO] [stdout]   34:     0x5aaad29afa2e - std::thread::Builder::spawn_unchecked_::{{closure}}::{{closure}}::h3fd968d89053a903
[INFO] [stdout]                                at /rustc/df4ca44d3fbc9301ee17f30f4d474e6ae4b05252/library/std/src/thread/mod.rs:541:17
[INFO] [stdout]   35:     0x5aaad29afa2e - <core::panic::unwind_safe::AssertUnwindSafe<F> as core::ops::function::FnOnce<()>>::call_once::h743f637ba4229880
[INFO] [stdout]                                at /rustc/df4ca44d3fbc9301ee17f30f4d474e6ae4b05252/library/core/src/panic/unwind_safe.rs:272:9
[INFO] [stdout]   36:     0x5aaad29afa2e - std::panicking::try::do_call::h07440897322525a6
[INFO] [stdout]                                at /rustc/df4ca44d3fbc9301ee17f30f4d474e6ae4b05252/library/std/src/panicking.rs:557:40
[INFO] [stdout]   37:     0x5aaad29afa2e - std::panicking::try::he5a2e00188156637
[INFO] [stdout]                                at /rustc/df4ca44d3fbc9301ee17f30f4d474e6ae4b05252/library/std/src/panicking.rs:520:19
[INFO] [stdout]   38:     0x5aaad29afa2e - std::panic::catch_unwind::hbaf3cae49b3c6433
[INFO] [stdout]                                at /rustc/df4ca44d3fbc9301ee17f30f4d474e6ae4b05252/library/std/src/panic.rs:358:14
[INFO] [stdout]   39:     0x5aaad29afa2e - std::thread::Builder::spawn_unchecked_::{{closure}}::h8e141ea224820bce
[INFO] [stdout]                                at /rustc/df4ca44d3fbc9301ee17f30f4d474e6ae4b05252/library/std/src/thread/mod.rs:540:30
[INFO] [stdout]   40:     0x5aaad29afa2e - core::ops::function::FnOnce::call_once{{vtable.shim}}::h90d312fedd7b8ea8
[INFO] [stdout]                                at /rustc/df4ca44d3fbc9301ee17f30f4d474e6ae4b05252/library/core/src/ops/function.rs:250:5
[INFO] [stdout]   41:     0x5aaad2a1f27b - <alloc::boxed::Box<F,A> as core::ops::function::FnOnce<Args>>::call_once::h69aa08ddb6adb8b6
[INFO] [stdout]                                at /rustc/df4ca44d3fbc9301ee17f30f4d474e6ae4b05252/library/alloc/src/boxed.rs:2454:9
[INFO] [stdout]   42:     0x5aaad2a1f27b - <alloc::boxed::Box<F,A> as core::ops::function::FnOnce<Args>>::call_once::h5aa36efdb79c806f
[INFO] [stdout]                                at /rustc/df4ca44d3fbc9301ee17f30f4d474e6ae4b05252/library/alloc/src/boxed.rs:2454:9
[INFO] [stdout]   43:     0x5aaad2a1f27b - std::sys::pal::unix::thread::Thread::new::thread_start::h6cd80a1b4be5158d
[INFO] [stdout]                                at /rustc/df4ca44d3fbc9301ee17f30f4d474e6ae4b05252/library/std/src/sys/pal/unix/thread.rs:105:17
[INFO] [stdout]   44:     0x7deafd6afac3 - <unknown>
[INFO] [stdout]   45:     0x7deafd740a04 - clone
[INFO] [stdout]   46:                0x0 - <unknown>
[INFO] [stdout] 
[INFO] [stdout] 
[INFO] [stdout] failures:
[INFO] [stdout]     tests::basic
[INFO] [stdout] 
[INFO] [stdout] test result: FAILED. 6 passed; 1 failed; 0 ignored; 0 measured; 0 filtered out; finished in 0.17s
[INFO] [stdout] 
[INFO] [stderr] error: test failed, to rerun pass `--lib`
[INFO] running `Command { std: "docker" "inspect" "4f2659cab422b7bc00cbbfaa123478f9a0cef3a5d4f1190bc5c313ffa208416e", kill_on_drop: false }`
[INFO] running `Command { std: "docker" "rm" "-f" "4f2659cab422b7bc00cbbfaa123478f9a0cef3a5d4f1190bc5c313ffa208416e", kill_on_drop: false }`
[INFO] [stdout] 4f2659cab422b7bc00cbbfaa123478f9a0cef3a5d4f1190bc5c313ffa208416e
