[INFO] fetching crate pearl 0.21.0...
[INFO] testing pearl-0.21.0 against nightly-2024-10-28+rustflags=-Zrandomize-layout for randomize-layout
[INFO] extracting crate pearl 0.21.0 into /workspace/builds/worker-5-tc2/source
[INFO] validating manifest of crates.io crate pearl 0.21.0 on toolchain nightly-2024-10-28
[INFO] running `Command { std: CARGO_HOME="/workspace/cargo-home" RUSTUP_HOME="/workspace/rustup-home" "/workspace/cargo-home/bin/cargo" "+nightly-2024-10-28" "metadata" "--manifest-path" "Cargo.toml" "--no-deps", kill_on_drop: false }`
[INFO] started tweaking crates.io crate pearl 0.21.0
[INFO] finished tweaking crates.io crate pearl 0.21.0
[INFO] tweaked toml for crates.io crate pearl 0.21.0 written to /workspace/builds/worker-5-tc2/source/Cargo.toml
[INFO] crate crates.io crate pearl 0.21.0 already has a lockfile, it will not be regenerated
[INFO] running `Command { std: CARGO_HOME="/workspace/cargo-home" RUSTUP_HOME="/workspace/rustup-home" "/workspace/cargo-home/bin/cargo" "+nightly-2024-10-28" "fetch" "--manifest-path" "Cargo.toml", kill_on_drop: false }`
[INFO] [stderr] warning: `default_features` is deprecated in favor of `default-features` and will not work in the 2024 edition
[INFO] [stderr] (in the `nix` dependency)
[INFO] running `Command { std: "docker" "create" "-v" "/var/lib/crater-agent-workspace/builds/worker-5-tc2/target:/opt/rustwide/target:rw,Z" "-v" "/var/lib/crater-agent-workspace/builds/worker-5-tc2/source:/opt/rustwide/workdir:ro,Z" "-v" "/var/lib/crater-agent-workspace/cargo-home:/opt/rustwide/cargo-home:ro,Z" "-v" "/var/lib/crater-agent-workspace/rustup-home:/opt/rustwide/rustup-home:ro,Z" "-e" "SOURCE_DIR=/opt/rustwide/workdir" "-e" "CARGO_TARGET_DIR=/opt/rustwide/target" "-e" "CARGO_HOME=/opt/rustwide/cargo-home" "-e" "RUSTUP_HOME=/opt/rustwide/rustup-home" "-w" "/opt/rustwide/workdir" "-m" "1610612736" "--user" "0:0" "--network" "none" "ghcr.io/rust-lang/crates-build-env/linux@sha256:4a844ea9eb2546a2d2c7022eacef16ef2e8229c7fbb2c7d4d55a9ceca922f72d" "/opt/rustwide/cargo-home/bin/cargo" "+nightly-2024-10-28" "metadata" "--no-deps" "--format-version=1", kill_on_drop: false }`
[INFO] [stdout] dd7d97886a0a64255c5ccc610a8d478d651d2749875b140169651eb76db23ed6
[INFO] running `Command { std: "docker" "start" "-a" "dd7d97886a0a64255c5ccc610a8d478d651d2749875b140169651eb76db23ed6", kill_on_drop: false }`
[INFO] running `Command { std: "docker" "inspect" "dd7d97886a0a64255c5ccc610a8d478d651d2749875b140169651eb76db23ed6", kill_on_drop: false }`
[INFO] running `Command { std: "docker" "rm" "-f" "dd7d97886a0a64255c5ccc610a8d478d651d2749875b140169651eb76db23ed6", kill_on_drop: false }`
[INFO] [stdout] dd7d97886a0a64255c5ccc610a8d478d651d2749875b140169651eb76db23ed6
[INFO] running `Command { std: "docker" "create" "-v" "/var/lib/crater-agent-workspace/builds/worker-5-tc2/target:/opt/rustwide/target:rw,Z" "-v" "/var/lib/crater-agent-workspace/builds/worker-5-tc2/source:/opt/rustwide/workdir:ro,Z" "-v" "/var/lib/crater-agent-workspace/cargo-home:/opt/rustwide/cargo-home:ro,Z" "-v" "/var/lib/crater-agent-workspace/rustup-home:/opt/rustwide/rustup-home:ro,Z" "-e" "SOURCE_DIR=/opt/rustwide/workdir" "-e" "CARGO_TARGET_DIR=/opt/rustwide/target" "-e" "CARGO_INCREMENTAL=0" "-e" "RUST_BACKTRACE=full" "-e" "RUSTFLAGS=--cap-lints=forbid -Zrandomize-layout" "-e" "RUSTDOCFLAGS=--cap-lints=forbid" "-e" "CARGO_HOME=/opt/rustwide/cargo-home" "-e" "RUSTUP_HOME=/opt/rustwide/rustup-home" "-w" "/opt/rustwide/workdir" "-m" "1610612736" "--user" "0:0" "--network" "none" "ghcr.io/rust-lang/crates-build-env/linux@sha256:4a844ea9eb2546a2d2c7022eacef16ef2e8229c7fbb2c7d4d55a9ceca922f72d" "/opt/rustwide/cargo-home/bin/cargo" "+nightly-2024-10-28" "build" "--frozen" "--message-format=json", kill_on_drop: false }`
[INFO] [stdout] d81999607232bb00a9ee019ec461b5c9148bfd0eca1d610c9feaae0f584465ee
[INFO] running `Command { std: "docker" "start" "-a" "d81999607232bb00a9ee019ec461b5c9148bfd0eca1d610c9feaae0f584465ee", kill_on_drop: false }`
[INFO] [stderr] warning: `default_features` is deprecated in favor of `default-features` and will not work in the 2024 edition
[INFO] [stderr] (in the `nix` dependency)
[INFO] [stderr]    Compiling proc-macro2 v1.0.70
[INFO] [stderr]    Compiling unicode-ident v1.0.12
[INFO] [stderr]    Compiling autocfg v1.1.0
[INFO] [stderr]    Compiling futures-core v0.3.29
[INFO] [stderr]    Compiling typenum v1.17.0
[INFO] [stderr]    Compiling version_check v0.9.4
[INFO] [stderr]    Compiling libc v0.2.151
[INFO] [stderr]    Compiling pin-project-lite v0.2.13
[INFO] [stderr]    Compiling futures-task v0.3.29
[INFO] [stderr]    Compiling futures-channel v0.3.29
[INFO] [stderr]    Compiling futures-util v0.3.29
[INFO] [stderr]    Compiling futures-sink v0.3.29
[INFO] [stderr]    Compiling futures-io v0.3.29
[INFO] [stderr]    Compiling generic-array v0.14.7
[INFO] [stderr]    Compiling iana-time-zone v0.1.58
[INFO] [stderr]    Compiling memchr v2.6.4
[INFO] [stderr]    Compiling num-traits v0.2.17
[INFO] [stderr]    Compiling slab v0.4.9
[INFO] [stderr]    Compiling serde v1.0.193
[INFO] [stderr]    Compiling async-trait v0.1.74
[INFO] [stderr]    Compiling bytes v1.5.0
[INFO] [stderr]    Compiling thiserror v1.0.51
[INFO] [stderr]    Compiling anyhow v1.0.75
[INFO] [stderr]    Compiling quote v1.0.33
[INFO] [stderr]    Compiling syn v2.0.41
[INFO] [stderr]    Compiling crc-catalog v2.4.0
[INFO] [stderr]    Compiling event-listener v2.5.3
[INFO] [stderr]    Compiling cpufeatures v0.2.11
[INFO] [stderr]    Compiling chrono v0.4.31
[INFO] [stderr]    Compiling crc v3.0.0
[INFO] [stderr]    Compiling async-lock v2.8.0
[INFO] [stderr]    Compiling log v0.4.20
[INFO] [stderr]    Compiling static_assertions v1.1.0
[INFO] [stderr]    Compiling block-buffer v0.10.4
[INFO] [stderr]    Compiling crypto-common v0.1.6
[INFO] [stderr]    Compiling digest v0.10.7
[INFO] [stderr]    Compiling num_cpus v1.16.0
[INFO] [stderr]    Compiling nix v0.26.4
[INFO] [stderr]    Compiling sha2 v0.10.8
[INFO] [stderr]    Compiling pearl v0.21.0 (/opt/rustwide/workdir)
[INFO] [stderr]    Compiling futures-macro v0.3.29
[INFO] [stderr]    Compiling tokio-macros v2.2.0
[INFO] [stderr]    Compiling thiserror-impl v1.0.51
[INFO] [stderr]    Compiling serde_derive v1.0.193
[INFO] [stderr]    Compiling tokio v1.35.0
[INFO] [stderr]    Compiling bincode v1.3.3
[INFO] [stderr]    Compiling futures-executor v0.3.29
[INFO] [stderr]    Compiling futures v0.3.29
[INFO] [stderr]    Compiling tokio-stream v0.1.14
[INFO] [stdout] warning: unexpected `cfg` condition value: `std`
[INFO] [stdout]   --> src/filter/ahash/mod.rs:35:7
[INFO] [stdout]    |
[INFO] [stdout] 35 | #[cfg(feature = "std")]
[INFO] [stdout]    |       ^^^^^^^^^^^^^^^
[INFO] [stdout]    |
[INFO] [stdout]    = note: expected values for `feature` are: `async-io-rio` and `benchmark`
[INFO] [stdout]    = help: consider adding `std` as a feature in `Cargo.toml`
[INFO] [stdout]    = note: see <https://doc.rust-lang.org/nightly/rustc/check-cfg/cargo-specifics.html> for more information about checking conditional configuration
[INFO] [stdout]    = note: `#[warn(unexpected_cfgs)]` on by default
[INFO] [stdout] 
[INFO] [stdout] 
[INFO] [stdout] warning: unexpected `cfg` condition value: `128`
[INFO] [stdout]    --> src/filter/ahash/fallback_hash.rs:153:11
[INFO] [stdout]     |
[INFO] [stdout] 153 |     #[cfg(target_pointer_width = "128")]
[INFO] [stdout]     |           ^^^^^^^^^^^^^^^^^^^^^^^^^^^^
[INFO] [stdout]     |
[INFO] [stdout]     = note: expected values for `target_pointer_width` are: `16`, `32`, and `64`
[INFO] [stdout]     = note: see <https://doc.rust-lang.org/nightly/rustc/check-cfg/cargo-specifics.html> for more information about checking conditional configuration
[INFO] [stdout] 
[INFO] [stdout] 
[INFO] [stdout] warning: unused import: `crate::BloomConfig`
[INFO] [stdout]  --> src/tools/validation.rs:8:9
[INFO] [stdout]   |
[INFO] [stdout] 8 | pub use crate::BloomConfig;
[INFO] [stdout]   |         ^^^^^^^^^^^^^^^^^^
[INFO] [stdout]   |
[INFO] [stdout]   = note: `#[warn(unused_imports)]` on by default
[INFO] [stdout] 
[INFO] [stdout] 
[INFO] [stdout] warning: methods `get_all`, `contains_key`, and `push_deletion` are never used
[INFO] [stdout]   --> src/blob/index/mod.rs:31:14
[INFO] [stdout]    |
[INFO] [stdout] 30 | pub(crate) trait IndexTrait<K>: Send + Sync {
[INFO] [stdout]    |                  ---------- methods in this trait
[INFO] [stdout] 31 |     async fn get_all(&self, key: &K) -> Result<Vec<RecordHeader>>;
[INFO] [stdout]    |              ^^^^^^^
[INFO] [stdout] ...
[INFO] [stdout] 35 |     async fn contains_key(&self, key: &K) -> Result<ReadResult<BlobRecordTimestamp>>;
[INFO] [stdout]    |              ^^^^^^^^^^^^
[INFO] [stdout] ...
[INFO] [stdout] 39 |     fn push_deletion(&mut self, key: &K, header: RecordHeader) -> Result<()>;
[INFO] [stdout]    |        ^^^^^^^^^^^^^
[INFO] [stdout]    |
[INFO] [stdout]    = note: `#[warn(dead_code)]` on by default
[INFO] [stdout] 
[INFO] [stdout] 
[INFO] [stdout] warning: struct `SimpleFileIndex` is never constructed
[INFO] [stdout]  --> src/blob/index/simple.rs:8:19
[INFO] [stdout]   |
[INFO] [stdout] 8 | pub(crate) struct SimpleFileIndex {
[INFO] [stdout]   |                   ^^^^^^^^^^^^^^^
[INFO] [stdout] 
[INFO] [stdout] 
[INFO] [stdout] warning: multiple associated items are never used
[INFO] [stdout]    --> src/blob/index/simple.rs:169:8
[INFO] [stdout]     |
[INFO] [stdout] 168 | impl SimpleFileIndex {
[INFO] [stdout]     | -------------------- associated items in this implementation
[INFO] [stdout] 169 |     fn hash_valid(header: &IndexHeader, buf: &mut [u8]) -> Result<bool> {
[INFO] [stdout]     |        ^^^^^^^^^^
[INFO] [stdout] ...
[INFO] [stdout] 179 |     async fn read_index_header(file: &File) -> Result<IndexHeader> {
[INFO] [stdout]     |              ^^^^^^^^^^^^^^^^^
[INFO] [stdout] ...
[INFO] [stdout] 187 |     async fn search_all<K>(
[INFO] [stdout]     |              ^^^^^^^^^^
[INFO] [stdout] ...
[INFO] [stdout] 263 |     async fn binary_search<K>(
[INFO] [stdout]     |              ^^^^^^^^^^^^^
[INFO] [stdout] ...
[INFO] [stdout] 304 |     async fn validate_header<K>(&self, buf: &mut [u8], blob_size: u64) -> Result<()>
[INFO] [stdout]     |              ^^^^^^^^^^^^^^^
[INFO] [stdout] ...
[INFO] [stdout] 316 |     fn serialize<K>(
[INFO] [stdout]     |        ^^^^^^^^^
[INFO] [stdout] ...
[INFO] [stdout] 376 |     async fn read_at(file: &File, index: usize, header: &IndexHeader) -> Result<RecordHeader> {
[INFO] [stdout]     |              ^^^^^^^
[INFO] [stdout] 
[INFO] [stdout] 
[INFO] [stdout] warning: trait `FileTrait` is never used
[INFO] [stdout]   --> src/io/mod.rs:37:7
[INFO] [stdout]    |
[INFO] [stdout] 37 | trait FileTrait: Sized {
[INFO] [stdout]    |       ^^^^^^^^^
[INFO] [stdout] 
[INFO] [stdout] 
[INFO] [stdout] warning: methods `read_u128x2`, `read_u128x4`, `read_last_u16`, `read_last_u128x2`, and `read_last_u128x4` are never used
[INFO] [stdout]    --> src/filter/ahash/convert.rs:102:8
[INFO] [stdout]     |
[INFO] [stdout] 97  | pub(crate) trait ReadFromSlice {
[INFO] [stdout]     |                  ------------- methods in this trait
[INFO] [stdout] ...
[INFO] [stdout] 102 |     fn read_u128x2(&self) -> ([u128; 2], &[u8]);
[INFO] [stdout]     |        ^^^^^^^^^^^
[INFO] [stdout] 103 |     fn read_u128x4(&self) -> ([u128; 4], &[u8]);
[INFO] [stdout]     |        ^^^^^^^^^^^
[INFO] [stdout] 104 |     fn read_last_u16(&self) -> u16;
[INFO] [stdout]     |        ^^^^^^^^^^^^^
[INFO] [stdout] ...
[INFO] [stdout] 108 |     fn read_last_u128x2(&self) -> [u128; 2];
[INFO] [stdout]     |        ^^^^^^^^^^^^^^^^
[INFO] [stdout] 109 |     fn read_last_u128x4(&self) -> [u128; 4];
[INFO] [stdout]     |        ^^^^^^^^^^^^^^^^
[INFO] [stdout] 
[INFO] [stdout] 
[INFO] [stderr]     Finished `dev` profile [unoptimized + debuginfo] target(s) in 17.98s
[INFO] running `Command { std: "docker" "inspect" "d81999607232bb00a9ee019ec461b5c9148bfd0eca1d610c9feaae0f584465ee", kill_on_drop: false }`
[INFO] running `Command { std: "docker" "rm" "-f" "d81999607232bb00a9ee019ec461b5c9148bfd0eca1d610c9feaae0f584465ee", kill_on_drop: false }`
[INFO] [stdout] d81999607232bb00a9ee019ec461b5c9148bfd0eca1d610c9feaae0f584465ee
[INFO] running `Command { std: "docker" "create" "-v" "/var/lib/crater-agent-workspace/builds/worker-5-tc2/target:/opt/rustwide/target:rw,Z" "-v" "/var/lib/crater-agent-workspace/builds/worker-5-tc2/source:/opt/rustwide/workdir:ro,Z" "-v" "/var/lib/crater-agent-workspace/cargo-home:/opt/rustwide/cargo-home:ro,Z" "-v" "/var/lib/crater-agent-workspace/rustup-home:/opt/rustwide/rustup-home:ro,Z" "-e" "SOURCE_DIR=/opt/rustwide/workdir" "-e" "CARGO_TARGET_DIR=/opt/rustwide/target" "-e" "CARGO_INCREMENTAL=0" "-e" "RUST_BACKTRACE=full" "-e" "RUSTFLAGS=--cap-lints=forbid -Zrandomize-layout" "-e" "RUSTDOCFLAGS=--cap-lints=forbid" "-e" "CARGO_HOME=/opt/rustwide/cargo-home" "-e" "RUSTUP_HOME=/opt/rustwide/rustup-home" "-w" "/opt/rustwide/workdir" "-m" "1610612736" "--user" "0:0" "--network" "none" "ghcr.io/rust-lang/crates-build-env/linux@sha256:4a844ea9eb2546a2d2c7022eacef16ef2e8229c7fbb2c7d4d55a9ceca922f72d" "/opt/rustwide/cargo-home/bin/cargo" "+nightly-2024-10-28" "test" "--frozen" "--no-run" "--message-format=json", kill_on_drop: false }`
[INFO] [stdout] 0ff700cb0adf91bc0d41abdd3ca149b58946390e231c398dd7525f0bd521a406
[INFO] running `Command { std: "docker" "start" "-a" "0ff700cb0adf91bc0d41abdd3ca149b58946390e231c398dd7525f0bd521a406", kill_on_drop: false }`
[INFO] [stderr] warning: `default_features` is deprecated in favor of `default-features` and will not work in the 2024 edition
[INFO] [stderr] (in the `nix` dependency)
[INFO] [stderr]    Compiling num-traits v0.2.17
[INFO] [stderr]    Compiling iana-time-zone v0.1.58
[INFO] [stderr]    Compiling rustix v0.38.28
[INFO] [stderr]    Compiling getrandom v0.2.11
[INFO] [stderr]    Compiling aho-corasick v1.1.2
[INFO] [stderr]    Compiling bitflags v2.4.1
[INFO] [stderr]    Compiling regex-syntax v0.8.2
[INFO] [stderr]    Compiling linux-raw-sys v0.4.12
[INFO] [stderr]    Compiling rand_core v0.6.4
[INFO] [stderr]    Compiling fastrand v2.0.1
[INFO] [stderr]    Compiling log v0.4.20
[INFO] [stderr]    Compiling ppv-lite86 v0.2.17
[INFO] [stderr]    Compiling wait-timeout v0.2.0
[INFO] [stderr]    Compiling atty v0.2.14
[INFO] [stderr]    Compiling humantime v2.1.0
[INFO] [stderr]    Compiling termcolor v1.4.0
[INFO] [stderr]    Compiling quick-error v1.2.3
[INFO] [stderr]    Compiling hex v0.4.3
[INFO] [stderr]    Compiling chrono v0.4.31
[INFO] [stderr]    Compiling rand_chacha v0.3.1
[INFO] [stderr]    Compiling regex-automata v0.4.3
[INFO] [stderr]    Compiling rand v0.8.5
[INFO] [stderr]    Compiling tempfile v3.8.1
[INFO] [stderr]    Compiling rusty-fork v0.3.0
[INFO] [stderr]    Compiling pearl v0.21.0 (/opt/rustwide/workdir)
[INFO] [stdout] warning: unexpected `cfg` condition value: `std`
[INFO] [stdout]   --> src/filter/ahash/mod.rs:35:7
[INFO] [stdout]    |
[INFO] [stdout] 35 | #[cfg(feature = "std")]
[INFO] [stdout]    |       ^^^^^^^^^^^^^^^
[INFO] [stdout]    |
[INFO] [stdout]    = note: expected values for `feature` are: `async-io-rio` and `benchmark`
[INFO] [stdout]    = help: consider adding `std` as a feature in `Cargo.toml`
[INFO] [stdout]    = note: see <https://doc.rust-lang.org/nightly/rustc/check-cfg/cargo-specifics.html> for more information about checking conditional configuration
[INFO] [stdout]    = note: `#[warn(unexpected_cfgs)]` on by default
[INFO] [stdout] 
[INFO] [stdout] 
[INFO] [stdout] warning: unexpected `cfg` condition value: `128`
[INFO] [stdout]    --> src/filter/ahash/fallback_hash.rs:153:11
[INFO] [stdout]     |
[INFO] [stdout] 153 |     #[cfg(target_pointer_width = "128")]
[INFO] [stdout]     |           ^^^^^^^^^^^^^^^^^^^^^^^^^^^^
[INFO] [stdout]     |
[INFO] [stdout]     = note: expected values for `target_pointer_width` are: `16`, `32`, and `64`
[INFO] [stdout]     = note: see <https://doc.rust-lang.org/nightly/rustc/check-cfg/cargo-specifics.html> for more information about checking conditional configuration
[INFO] [stdout] 
[INFO] [stdout] 
[INFO] [stdout] warning: unused import: `crate::BloomConfig`
[INFO] [stdout]  --> src/tools/validation.rs:8:9
[INFO] [stdout]   |
[INFO] [stdout] 8 | pub use crate::BloomConfig;
[INFO] [stdout]   |         ^^^^^^^^^^^^^^^^^^
[INFO] [stdout]   |
[INFO] [stdout]   = note: `#[warn(unused_imports)]` on by default
[INFO] [stdout] 
[INFO] [stdout] 
[INFO] [stderr]    Compiling regex v1.10.2
[INFO] [stderr]    Compiling env_logger v0.9.3
[INFO] [stdout] warning: unexpected `cfg` condition value: `std`
[INFO] [stdout]   --> src/filter/ahash/mod.rs:35:7
[INFO] [stdout]    |
[INFO] [stdout] 35 | #[cfg(feature = "std")]
[INFO] [stdout]    |       ^^^^^^^^^^^^^^^
[INFO] [stdout]    |
[INFO] [stdout]    = note: expected values for `feature` are: `async-io-rio` and `benchmark`
[INFO] [stdout]    = help: consider adding `std` as a feature in `Cargo.toml`
[INFO] [stdout]    = note: see <https://doc.rust-lang.org/nightly/rustc/check-cfg/cargo-specifics.html> for more information about checking conditional configuration
[INFO] [stdout]    = note: `#[warn(unexpected_cfgs)]` on by default
[INFO] [stdout] 
[INFO] [stdout] 
[INFO] [stdout] warning: unexpected `cfg` condition value: `128`
[INFO] [stdout]    --> src/filter/ahash/fallback_hash.rs:153:11
[INFO] [stdout]     |
[INFO] [stdout] 153 |     #[cfg(target_pointer_width = "128")]
[INFO] [stdout]     |           ^^^^^^^^^^^^^^^^^^^^^^^^^^^^
[INFO] [stdout]     |
[INFO] [stdout]     = note: expected values for `target_pointer_width` are: `16`, `32`, and `64`
[INFO] [stdout]     = note: see <https://doc.rust-lang.org/nightly/rustc/check-cfg/cargo-specifics.html> for more information about checking conditional configuration
[INFO] [stdout] 
[INFO] [stdout] 
[INFO] [stdout] warning: unused import: `crate::BloomConfig`
[INFO] [stdout]  --> src/tools/validation.rs:8:9
[INFO] [stdout]   |
[INFO] [stdout] 8 | pub use crate::BloomConfig;
[INFO] [stdout]   |         ^^^^^^^^^^^^^^^^^^
[INFO] [stdout]   |
[INFO] [stdout]   = note: `#[warn(unused_imports)]` on by default
[INFO] [stdout] 
[INFO] [stdout] 
[INFO] [stdout] warning: methods `get_all`, `contains_key`, and `push_deletion` are never used
[INFO] [stdout]   --> src/blob/index/mod.rs:31:14
[INFO] [stdout]    |
[INFO] [stdout] 30 | pub(crate) trait IndexTrait<K>: Send + Sync {
[INFO] [stdout]    |                  ---------- methods in this trait
[INFO] [stdout] 31 |     async fn get_all(&self, key: &K) -> Result<Vec<RecordHeader>>;
[INFO] [stdout]    |              ^^^^^^^
[INFO] [stdout] ...
[INFO] [stdout] 35 |     async fn contains_key(&self, key: &K) -> Result<ReadResult<BlobRecordTimestamp>>;
[INFO] [stdout]    |              ^^^^^^^^^^^^
[INFO] [stdout] ...
[INFO] [stdout] 39 |     fn push_deletion(&mut self, key: &K, header: RecordHeader) -> Result<()>;
[INFO] [stdout]    |        ^^^^^^^^^^^^^
[INFO] [stdout]    |
[INFO] [stdout]    = note: `#[warn(dead_code)]` on by default
[INFO] [stdout] 
[INFO] [stdout] 
[INFO] [stdout] warning: struct `SimpleFileIndex` is never constructed
[INFO] [stdout]  --> src/blob/index/simple.rs:8:19
[INFO] [stdout]   |
[INFO] [stdout] 8 | pub(crate) struct SimpleFileIndex {
[INFO] [stdout]   |                   ^^^^^^^^^^^^^^^
[INFO] [stdout] 
[INFO] [stdout] 
[INFO] [stdout] warning: multiple associated items are never used
[INFO] [stdout]    --> src/blob/index/simple.rs:169:8
[INFO] [stdout]     |
[INFO] [stdout] 168 | impl SimpleFileIndex {
[INFO] [stdout]     | -------------------- associated items in this implementation
[INFO] [stdout] 169 |     fn hash_valid(header: &IndexHeader, buf: &mut [u8]) -> Result<bool> {
[INFO] [stdout]     |        ^^^^^^^^^^
[INFO] [stdout] ...
[INFO] [stdout] 179 |     async fn read_index_header(file: &File) -> Result<IndexHeader> {
[INFO] [stdout]     |              ^^^^^^^^^^^^^^^^^
[INFO] [stdout] ...
[INFO] [stdout] 187 |     async fn search_all<K>(
[INFO] [stdout]     |              ^^^^^^^^^^
[INFO] [stdout] ...
[INFO] [stdout] 263 |     async fn binary_search<K>(
[INFO] [stdout]     |              ^^^^^^^^^^^^^
[INFO] [stdout] ...
[INFO] [stdout] 304 |     async fn validate_header<K>(&self, buf: &mut [u8], blob_size: u64) -> Result<()>
[INFO] [stdout]     |              ^^^^^^^^^^^^^^^
[INFO] [stdout] ...
[INFO] [stdout] 316 |     fn serialize<K>(
[INFO] [stdout]     |        ^^^^^^^^^
[INFO] [stdout] ...
[INFO] [stdout] 376 |     async fn read_at(file: &File, index: usize, header: &IndexHeader) -> Result<RecordHeader> {
[INFO] [stdout]     |              ^^^^^^^
[INFO] [stdout] 
[INFO] [stdout] 
[INFO] [stdout] warning: trait `FileTrait` is never used
[INFO] [stdout]   --> src/io/mod.rs:37:7
[INFO] [stdout]    |
[INFO] [stdout] 37 | trait FileTrait: Sized {
[INFO] [stdout]    |       ^^^^^^^^^
[INFO] [stdout] 
[INFO] [stdout] 
[INFO] [stdout] warning: methods `read_u128x2`, `read_u128x4`, `read_last_u16`, `read_last_u128x2`, and `read_last_u128x4` are never used
[INFO] [stdout]    --> src/filter/ahash/convert.rs:102:8
[INFO] [stdout]     |
[INFO] [stdout] 97  | pub(crate) trait ReadFromSlice {
[INFO] [stdout]     |                  ------------- methods in this trait
[INFO] [stdout] ...
[INFO] [stdout] 102 |     fn read_u128x2(&self) -> ([u128; 2], &[u8]);
[INFO] [stdout]     |        ^^^^^^^^^^^
[INFO] [stdout] 103 |     fn read_u128x4(&self) -> ([u128; 4], &[u8]);
[INFO] [stdout]     |        ^^^^^^^^^^^
[INFO] [stdout] 104 |     fn read_last_u16(&self) -> u16;
[INFO] [stdout]     |        ^^^^^^^^^^^^^
[INFO] [stdout] ...
[INFO] [stdout] 108 |     fn read_last_u128x2(&self) -> [u128; 2];
[INFO] [stdout]     |        ^^^^^^^^^^^^^^^^
[INFO] [stdout] 109 |     fn read_last_u128x4(&self) -> [u128; 4];
[INFO] [stdout]     |        ^^^^^^^^^^^^^^^^
[INFO] [stdout] 
[INFO] [stdout] 
[INFO] [stdout] warning: methods `get_all`, `contains_key`, and `push_deletion` are never used
[INFO] [stdout]   --> src/blob/index/mod.rs:31:14
[INFO] [stdout]    |
[INFO] [stdout] 30 | pub(crate) trait IndexTrait<K>: Send + Sync {
[INFO] [stdout]    |                  ---------- methods in this trait
[INFO] [stdout] 31 |     async fn get_all(&self, key: &K) -> Result<Vec<RecordHeader>>;
[INFO] [stdout]    |              ^^^^^^^
[INFO] [stdout] ...
[INFO] [stdout] 35 |     async fn contains_key(&self, key: &K) -> Result<ReadResult<BlobRecordTimestamp>>;
[INFO] [stdout]    |              ^^^^^^^^^^^^
[INFO] [stdout] ...
[INFO] [stdout] 39 |     fn push_deletion(&mut self, key: &K, header: RecordHeader) -> Result<()>;
[INFO] [stdout]    |        ^^^^^^^^^^^^^
[INFO] [stdout]    |
[INFO] [stdout]    = note: `#[warn(dead_code)]` on by default
[INFO] [stdout] 
[INFO] [stdout] 
[INFO] [stdout] warning: struct `SimpleFileIndex` is never constructed
[INFO] [stdout]  --> src/blob/index/simple.rs:8:19
[INFO] [stdout]   |
[INFO] [stdout] 8 | pub(crate) struct SimpleFileIndex {
[INFO] [stdout]   |                   ^^^^^^^^^^^^^^^
[INFO] [stdout] 
[INFO] [stdout] 
[INFO] [stdout] warning: multiple associated items are never used
[INFO] [stdout]    --> src/blob/index/simple.rs:169:8
[INFO] [stdout]     |
[INFO] [stdout] 168 | impl SimpleFileIndex {
[INFO] [stdout]     | -------------------- associated items in this implementation
[INFO] [stdout] 169 |     fn hash_valid(header: &IndexHeader, buf: &mut [u8]) -> Result<bool> {
[INFO] [stdout]     |        ^^^^^^^^^^
[INFO] [stdout] ...
[INFO] [stdout] 179 |     async fn read_index_header(file: &File) -> Result<IndexHeader> {
[INFO] [stdout]     |              ^^^^^^^^^^^^^^^^^
[INFO] [stdout] ...
[INFO] [stdout] 187 |     async fn search_all<K>(
[INFO] [stdout]     |              ^^^^^^^^^^
[INFO] [stdout] ...
[INFO] [stdout] 263 |     async fn binary_search<K>(
[INFO] [stdout]     |              ^^^^^^^^^^^^^
[INFO] [stdout] ...
[INFO] [stdout] 304 |     async fn validate_header<K>(&self, buf: &mut [u8], blob_size: u64) -> Result<()>
[INFO] [stdout]     |              ^^^^^^^^^^^^^^^
[INFO] [stdout] ...
[INFO] [stdout] 316 |     fn serialize<K>(
[INFO] [stdout]     |        ^^^^^^^^^
[INFO] [stdout] ...
[INFO] [stdout] 376 |     async fn read_at(file: &File, index: usize, header: &IndexHeader) -> Result<RecordHeader> {
[INFO] [stdout]     |              ^^^^^^^
[INFO] [stdout] 
[INFO] [stdout] 
[INFO] [stdout] warning: trait `FileTrait` is never used
[INFO] [stdout]   --> src/io/mod.rs:37:7
[INFO] [stdout]    |
[INFO] [stdout] 37 | trait FileTrait: Sized {
[INFO] [stdout]    |       ^^^^^^^^^
[INFO] [stdout] 
[INFO] [stdout] 
[INFO] [stdout] warning: methods `read_u128x2`, `read_u128x4`, `read_last_u16`, `read_last_u128x2`, and `read_last_u128x4` are never used
[INFO] [stdout]    --> src/filter/ahash/convert.rs:102:8
[INFO] [stdout]     |
[INFO] [stdout] 97  | pub(crate) trait ReadFromSlice {
[INFO] [stdout]     |                  ------------- methods in this trait
[INFO] [stdout] ...
[INFO] [stdout] 102 |     fn read_u128x2(&self) -> ([u128; 2], &[u8]);
[INFO] [stdout]     |        ^^^^^^^^^^^
[INFO] [stdout] 103 |     fn read_u128x4(&self) -> ([u128; 4], &[u8]);
[INFO] [stdout]     |        ^^^^^^^^^^^
[INFO] [stdout] 104 |     fn read_last_u16(&self) -> u16;
[INFO] [stdout]     |        ^^^^^^^^^^^^^
[INFO] [stdout] ...
[INFO] [stdout] 108 |     fn read_last_u128x2(&self) -> [u128; 2];
[INFO] [stdout]     |        ^^^^^^^^^^^^^^^^
[INFO] [stdout] 109 |     fn read_last_u128x4(&self) -> [u128; 4];
[INFO] [stdout]     |        ^^^^^^^^^^^^^^^^
[INFO] [stdout] 
[INFO] [stdout] 
[INFO] [stderr]     Finished `test` profile [unoptimized + debuginfo] target(s) in 13.79s
[INFO] running `Command { std: "docker" "inspect" "0ff700cb0adf91bc0d41abdd3ca149b58946390e231c398dd7525f0bd521a406", kill_on_drop: false }`
[INFO] running `Command { std: "docker" "rm" "-f" "0ff700cb0adf91bc0d41abdd3ca149b58946390e231c398dd7525f0bd521a406", kill_on_drop: false }`
[INFO] [stdout] 0ff700cb0adf91bc0d41abdd3ca149b58946390e231c398dd7525f0bd521a406
[INFO] running `Command { std: "docker" "create" "-v" "/var/lib/crater-agent-workspace/builds/worker-5-tc2/target:/opt/rustwide/target:rw,Z" "-v" "/var/lib/crater-agent-workspace/builds/worker-5-tc2/source:/opt/rustwide/workdir:ro,Z" "-v" "/var/lib/crater-agent-workspace/cargo-home:/opt/rustwide/cargo-home:ro,Z" "-v" "/var/lib/crater-agent-workspace/rustup-home:/opt/rustwide/rustup-home:ro,Z" "-e" "SOURCE_DIR=/opt/rustwide/workdir" "-e" "CARGO_TARGET_DIR=/opt/rustwide/target" "-e" "CARGO_INCREMENTAL=0" "-e" "RUST_BACKTRACE=full" "-e" "RUSTFLAGS=--cap-lints=forbid -Zrandomize-layout" "-e" "RUSTDOCFLAGS=--cap-lints=forbid" "-e" "CARGO_HOME=/opt/rustwide/cargo-home" "-e" "RUSTUP_HOME=/opt/rustwide/rustup-home" "-w" "/opt/rustwide/workdir" "-m" "1610612736" "--user" "0:0" "--network" "none" "ghcr.io/rust-lang/crates-build-env/linux@sha256:4a844ea9eb2546a2d2c7022eacef16ef2e8229c7fbb2c7d4d55a9ceca922f72d" "/opt/rustwide/cargo-home/bin/cargo" "+nightly-2024-10-28" "test" "--frozen", kill_on_drop: false }`
[INFO] [stdout] 2c7833f355722e6d8247826bdf1f0b2c5a9d2d75fff0a650358c51c5d5c8d56e
[INFO] running `Command { std: "docker" "start" "-a" "2c7833f355722e6d8247826bdf1f0b2c5a9d2d75fff0a650358c51c5d5c8d56e", kill_on_drop: false }`
[INFO] [stderr] warning: `default_features` is deprecated in favor of `default-features` and will not work in the 2024 edition
[INFO] [stderr] (in the `nix` dependency)
[INFO] [stderr] warning: unexpected `cfg` condition value: `std`
[INFO] [stderr]   --> src/filter/ahash/mod.rs:35:7
[INFO] [stderr]    |
[INFO] [stderr] 35 | #[cfg(feature = "std")]
[INFO] [stderr]    |       ^^^^^^^^^^^^^^^
[INFO] [stderr]    |
[INFO] [stderr]    = note: expected values for `feature` are: `async-io-rio` and `benchmark`
[INFO] [stderr]    = help: consider adding `std` as a feature in `Cargo.toml`
[INFO] [stderr]    = note: see <https://doc.rust-lang.org/nightly/rustc/check-cfg/cargo-specifics.html> for more information about checking conditional configuration
[INFO] [stderr]    = note: `#[warn(unexpected_cfgs)]` on by default
[INFO] [stderr] 
[INFO] [stderr] warning: unexpected `cfg` condition value: `128`
[INFO] [stderr]    --> src/filter/ahash/fallback_hash.rs:153:11
[INFO] [stderr]     |
[INFO] [stderr] 153 |     #[cfg(target_pointer_width = "128")]
[INFO] [stderr]     |           ^^^^^^^^^^^^^^^^^^^^^^^^^^^^
[INFO] [stderr]     |
[INFO] [stderr]     = note: expected values for `target_pointer_width` are: `16`, `32`, and `64`
[INFO] [stderr]     = note: see <https://doc.rust-lang.org/nightly/rustc/check-cfg/cargo-specifics.html> for more information about checking conditional configuration
[INFO] [stderr] 
[INFO] [stderr] warning: unused import: `crate::BloomConfig`
[INFO] [stderr]  --> src/tools/validation.rs:8:9
[INFO] [stderr]   |
[INFO] [stderr] 8 | pub use crate::BloomConfig;
[INFO] [stderr]   |         ^^^^^^^^^^^^^^^^^^
[INFO] [stderr]   |
[INFO] [stderr]   = note: `#[warn(unused_imports)]` on by default
[INFO] [stderr] 
[INFO] [stderr] warning: methods `get_all`, `contains_key`, and `push_deletion` are never used
[INFO] [stderr]   --> src/blob/index/mod.rs:31:14
[INFO] [stderr]    |
[INFO] [stderr] 30 | pub(crate) trait IndexTrait<K>: Send + Sync {
[INFO] [stderr]    |                  ---------- methods in this trait
[INFO] [stderr] 31 |     async fn get_all(&self, key: &K) -> Result<Vec<RecordHeader>>;
[INFO] [stderr]    |              ^^^^^^^
[INFO] [stderr] ...
[INFO] [stderr] 35 |     async fn contains_key(&self, key: &K) -> Result<ReadResult<BlobRecordTimestamp>>;
[INFO] [stderr]    |              ^^^^^^^^^^^^
[INFO] [stderr] ...
[INFO] [stderr] 39 |     fn push_deletion(&mut self, key: &K, header: RecordHeader) -> Result<()>;
[INFO] [stderr]    |        ^^^^^^^^^^^^^
[INFO] [stderr]    |
[INFO] [stderr]    = note: `#[warn(dead_code)]` on by default
[INFO] [stderr] 
[INFO] [stderr] warning: struct `SimpleFileIndex` is never constructed
[INFO] [stderr]  --> src/blob/index/simple.rs:8:19
[INFO] [stderr]   |
[INFO] [stderr] 8 | pub(crate) struct SimpleFileIndex {
[INFO] [stderr]   |                   ^^^^^^^^^^^^^^^
[INFO] [stderr] 
[INFO] [stderr] warning: multiple associated items are never used
[INFO] [stderr]    --> src/blob/index/simple.rs:169:8
[INFO] [stderr]     |
[INFO] [stderr] 168 | impl SimpleFileIndex {
[INFO] [stderr]     | -------------------- associated items in this implementation
[INFO] [stderr] 169 |     fn hash_valid(header: &IndexHeader, buf: &mut [u8]) -> Result<bool> {
[INFO] [stderr]     |        ^^^^^^^^^^
[INFO] [stderr] ...
[INFO] [stderr] 179 |     async fn read_index_header(file: &File) -> Result<IndexHeader> {
[INFO] [stderr]     |              ^^^^^^^^^^^^^^^^^
[INFO] [stderr] ...
[INFO] [stderr] 187 |     async fn search_all<K>(
[INFO] [stderr]     |              ^^^^^^^^^^
[INFO] [stderr] ...
[INFO] [stderr] 263 |     async fn binary_search<K>(
[INFO] [stderr]     |              ^^^^^^^^^^^^^
[INFO] [stderr] ...
[INFO] [stderr] 304 |     async fn validate_header<K>(&self, buf: &mut [u8], blob_size: u64) -> Result<()>
[INFO] [stderr]     |              ^^^^^^^^^^^^^^^
[INFO] [stderr] ...
[INFO] [stderr] 316 |     fn serialize<K>(
[INFO] [stderr]     |        ^^^^^^^^^
[INFO] [stderr] ...
[INFO] [stderr] 376 |     async fn read_at(file: &File, index: usize, header: &IndexHeader) -> Result<RecordHeader> {
[INFO] [stderr]     |              ^^^^^^^
[INFO] [stderr] 
[INFO] [stderr] warning: trait `FileTrait` is never used
[INFO] [stderr]   --> src/io/mod.rs:37:7
[INFO] [stderr]    |
[INFO] [stderr] 37 | trait FileTrait: Sized {
[INFO] [stderr]    |       ^^^^^^^^^
[INFO] [stderr] 
[INFO] [stderr] warning: methods `read_u128x2`, `read_u128x4`, `read_last_u16`, `read_last_u128x2`, and `read_last_u128x4` are never used
[INFO] [stderr]    --> src/filter/ahash/convert.rs:102:8
[INFO] [stderr]     |
[INFO] [stderr] 97  | pub(crate) trait ReadFromSlice {
[INFO] [stderr]     |                  ------------- methods in this trait
[INFO] [stderr] ...
[INFO] [stderr] 102 |     fn read_u128x2(&self) -> ([u128; 2], &[u8]);
[INFO] [stderr]     |        ^^^^^^^^^^^
[INFO] [stderr] 103 |     fn read_u128x4(&self) -> ([u128; 4], &[u8]);
[INFO] [stderr]     |        ^^^^^^^^^^^
[INFO] [stderr] 104 |     fn read_last_u16(&self) -> u16;
[INFO] [stderr]     |        ^^^^^^^^^^^^^
[INFO] [stderr] ...
[INFO] [stderr] 108 |     fn read_last_u128x2(&self) -> [u128; 2];
[INFO] [stderr]     |        ^^^^^^^^^^^^^^^^
[INFO] [stderr] 109 |     fn read_last_u128x4(&self) -> [u128; 4];
[INFO] [stderr]     |        ^^^^^^^^^^^^^^^^
[INFO] [stderr] 
[INFO] [stderr] warning: `pearl` (lib) generated 8 warnings (run `cargo fix --lib -p pearl` to apply 1 suggestion)
[INFO] [stderr] warning: `pearl` (lib test) generated 8 warnings (8 duplicates)
[INFO] [stderr]     Finished `test` profile [unoptimized + debuginfo] target(s) in 0.06s
[INFO] [stderr]      Running unittests src/lib.rs (/opt/rustwide/target/debug/deps/pearl-8041f4080bb9c1d7)
[INFO] [stdout] 
[INFO] [stdout] running 40 tests
[INFO] [stdout] test blob::index::benchmarks::benchmark_from_file ... ignored
[INFO] [stdout] test blob::index::benchmarks::benchmark_from_records ... ignored
[INFO] [stdout] test blob::index::benchmarks::benchmark_get_all ... ignored
[INFO] [stdout] test blob::index::benchmarks::benchmark_get_any ... ignored
[INFO] [stdout] test blob::index::bptree::node::tests::serialize_deserialize_node ... ok
[INFO] [stdout] test blob::index::bptree::node::tests::node_key_offset ... ok
[INFO] [stdout] test blob::index::tools::tests::test_hash_compatibility ... ok
[INFO] [stdout] test build_info::print_build_info ... ok
[INFO] [stdout] test filter::ahash::compatibility_test::test_hash_algorithm_compat ... ok
[INFO] [stdout] test filter::ahash::fallback_hash::tests::test_conversion ... ok
[INFO] [stdout] test filter::ahash::fallback_hash::tests::test_hash ... ok
[INFO] [stdout] test filter::ahash::operations::test::test_shuffle_moves_every_value ... ok
[INFO] [stdout] test filter::ahash::operations::test::test_shuffle_moves_high_bits ... ok
[INFO] [stdout] test filter::atomic_bitvec::tests::test_backward_compat ... ok
[INFO] [stdout] test filter::atomic_bitvec::tests::test_clone ... ok
[INFO] [stdout] test filter::atomic_bitvec::tests::test_len_and_size_in_mem ... ok
[INFO] [stdout] test filter::atomic_bitvec::tests::test_or_with ... ok
[INFO] [stdout] test filter::atomic_bitvec::tests::test_or_with_mismatch_size ... ok
[INFO] [stdout] test filter::atomic_bitvec::tests::test_set_get_works ... ok
[INFO] [stdout] test filter::atomic_bitvec::tests::test_to_raw_from_raw ... ok
[INFO] [stdout] test filter::atomic_bitvec::tests::test_zero_len ... ok
[INFO] [stdout] test filter::ahash::operations::test::test_shuffle_contains_each_value ... ok
[INFO] [stdout] test filter::bloom::tests::test_backward_compat ... ok
[INFO] [stdout] test filter::bloom::tests::check_inversed_formula ... ok
[INFO] [stdout] test filter::bloom::tests::test_backward_compat_serialization ... ok
[INFO] [stdout] test filter::bloom::tests::test_clone ... ok
[INFO] [stdout] test filter::bloom::tests::test_empty_not_fails ... ok
[INFO] [stdout] test filter::bloom::tests::test_merge ... ok
[INFO] [stdout] test filter::bloom::tests::test_simple_operations ... ok
[INFO] [stdout] test filter::range::tests::test_range_filter_clone ... ok
[INFO] [stdout] test filter::range::tests::test_range_index_key_cmp_proper_key ... ok
[INFO] [stdout] test filter::range::tests::test_range_index_key_cmp_wrong_key ... ok
[INFO] [stdout] test record::record::tests::partial_serialization_is_equal_to_normal_serialization ... ok
[INFO] [stdout] test record::record::tests::partial_serialization_preserves_checksum_and_offset ... ok
[INFO] [stdout] test blob::index::bptree::tests::magic_byte_corruption ... ok
[INFO] [stdout] test blob::index::bptree::tests::blob_size_invalidation ... ok
[INFO] [stdout] test blob::index::bptree::tests::check_get_any ... ok
[INFO] [stdout] test blob::index::bptree::tests::serialize_deserialize_file ... ok
[INFO] [stdout] test blob::index::bptree::tests::preserves_records_order ... ok
[INFO] [stdout] test blob::index::bptree::tests::check_get ... ok
[INFO] [stdout] 
[INFO] [stdout] test result: ok. 36 passed; 0 failed; 4 ignored; 0 measured; 0 filtered out; finished in 0.79s
[INFO] [stdout] 
[INFO] [stderr]      Running tests/common.rs (/opt/rustwide/target/debug/deps/common-fbb0e4d938cd2c42)
[INFO] [stdout] 
[INFO] [stdout] running 0 tests
[INFO] [stdout] 
[INFO] [stdout] test result: ok. 0 passed; 0 failed; 0 ignored; 0 measured; 0 filtered out; finished in 0.00s
[INFO] [stdout] 
[INFO] [stderr]      Running tests/tests.rs (/opt/rustwide/target/debug/deps/tests-73fd2f891fda6afe)
[INFO] [stdout] 
[INFO] [stdout] running 40 tests
[INFO] [stdout] test test_blob_header_validation ... ok
[INFO] [stderr] [2024-11-01T13:07:26    pearl::record::record:299  ERROR] - Error {
[INFO] [stderr]     kind: Validation {
[INFO] [stderr]         kind: RecordHeaderChecksum,
[INFO] [stderr]         cause: "wrong header checksum 304719887 vs 168868803",
[INFO] [stderr]     },
[INFO] [stderr] }
[INFO] [stdout] test test_corrupted_blob_index_regeneration ... ok
[INFO] [stdout] test test_empty_blob_detected_as_corrupted ... ok
[INFO] [stdout] test test_blobs_count_random_names ... ok
[INFO] [stdout] test test_index_from_blob ... ok
[INFO] [stdout] test test_index_from_empty_blob ... ok
[INFO] [stdout] test test_check_bloom_filter_single ... ok
[INFO] [stdout] test test_in_memory_and_disk_records_retrieval ... ok
[INFO] [stdout] test test_corrupted_index_regeneration ... ok
[INFO] [stdout] test test_manual_close_active_blob ... ok
[INFO] [stdout] test test_memory_index ... FAILED
[INFO] [stdout] test test_multithread_read_write ... ok
[INFO] [stdout] test test_on_disk_index ... ok
[INFO] [stdout] test test_mark_as_deleted_single ... ok
[INFO] [stdout] test test_check_bloom_filter_multiple ... ok
[INFO] [stdout] test test_check_bloom_filter_multiple_offloaded ... ok
[INFO] [stdout] test test_read_all_with_deletion_marker_delete_middle ... ok
[INFO] [stdout] test test_read_all_find_one_key ... ok
[INFO] [stdout] test test_mark_as_deleted_deferred_dump ... ok
[INFO] [stdout] test test_read_all_with_deletion_marker_delete_middle_different_blobs ... ok
[INFO] [stdout] test test_read_ordered_by_timestamp ... ok
[INFO] [stdout] test test_read_with ... ok
[INFO] [stdout] test test_records_count_in_active ... ok
[INFO] [stdout] test test_storage_close ... ok
[INFO] [stdout] test test_records_count ... ok
[INFO] [stdout] test test_read_ordered_by_timestamp_in_different_blobs ... ok
[INFO] [stdout] test test_storage_init_new ... ok
[INFO] [stdout] test test_read_all_load_all ... ok
[INFO] [stdout] test test_storage_multiple_read_write ... ok
[INFO] [stdout] test test_storage_read_write ... ok
[INFO] [stdout] test test_check_bloom_filter_generated ... ok
[INFO] [stdout] test test_work_dir_lock ... ok
[INFO] [stdout] test test_write_with ... ok
[INFO] [stdout] test test_storage_multithread_blob_overflow ... ok
[INFO] [stdout] test test_write_with_with_on_disk_index ... ok
[INFO] [stdout] test test_storage_init_from_existing ... ok
[INFO] [stdout] test test_write_512_records_with_same_key ... ok
[INFO] [stdout] test test_records_count_detailed ... ok
[INFO] [stdout] test test_check_bloom_filter_init_from_existing ... ok
[INFO] [stdout] test test_multithread_read_write_exist_delete ... ok
[INFO] [stdout] 
[INFO] [stdout] failures:
[INFO] [stdout] 
[INFO] [stdout] ---- test_memory_index stdout ----
[INFO] [stdout] thread 'test_memory_index' panicked at tests/tests.rs:1032:5:
[INFO] [stdout] assertion `left == right` failed
[INFO] [stdout]   left: 1387
[INFO] [stdout]  right: 1283
[INFO] [stdout] stack backtrace:
[INFO] [stdout]    0:     0x6136a4c51e4a - std::backtrace_rs::backtrace::libunwind::trace::h207520d6e9873551
[INFO] [stdout]                                at /rustc/df4ca44d3fbc9301ee17f30f4d474e6ae4b05252/library/std/src/../../backtrace/src/backtrace/libunwind.rs:116:5
[INFO] [stdout]    1:     0x6136a4c51e4a - std::backtrace_rs::backtrace::trace_unsynchronized::h2ed7433f370e3eca
[INFO] [stdout]                                at /rustc/df4ca44d3fbc9301ee17f30f4d474e6ae4b05252/library/std/src/../../backtrace/src/backtrace/mod.rs:66:5
[INFO] [stdout]    2:     0x6136a4c51e4a - std::sys::backtrace::_print_fmt::h916fac51166b18d7
[INFO] [stdout]                                at /rustc/df4ca44d3fbc9301ee17f30f4d474e6ae4b05252/library/std/src/sys/backtrace.rs:66:9
[INFO] [stdout]    3:     0x6136a4c51e4a - <std::sys::backtrace::BacktraceLock::print::DisplayBacktrace as core::fmt::Display>::fmt::ha0a4c9b8ce3802e6
[INFO] [stdout]                                at /rustc/df4ca44d3fbc9301ee17f30f4d474e6ae4b05252/library/std/src/sys/backtrace.rs:39:26
[INFO] [stdout]    4:     0x6136a4c7c953 - core::fmt::rt::Argument::fmt::h4cfc8587d52b3eb5
[INFO] [stdout]                                at /rustc/df4ca44d3fbc9301ee17f30f4d474e6ae4b05252/library/core/src/fmt/rt.rs:177:76
[INFO] [stdout]    5:     0x6136a4c7c953 - core::fmt::write::h522cc39e5b36ae9f
[INFO] [stdout]                                at /rustc/df4ca44d3fbc9301ee17f30f4d474e6ae4b05252/library/core/src/fmt/mod.rs:1190:21
[INFO] [stdout]    6:     0x6136a4c4db23 - std::io::Write::write_fmt::h7d3c26752da97734
[INFO] [stdout]                                at /rustc/df4ca44d3fbc9301ee17f30f4d474e6ae4b05252/library/std/src/io/mod.rs:1839:15
[INFO] [stdout]    7:     0x6136a4c51c92 - std::sys::backtrace::BacktraceLock::print::h4b9e00b29e9c0942
[INFO] [stdout]                                at /rustc/df4ca44d3fbc9301ee17f30f4d474e6ae4b05252/library/std/src/sys/backtrace.rs:42:9
[INFO] [stdout]    8:     0x6136a4c532da - std::panicking::default_hook::{{closure}}::hb59b88280d0324d9
[INFO] [stdout]                                at /rustc/df4ca44d3fbc9301ee17f30f4d474e6ae4b05252/library/std/src/panicking.rs:268:22
[INFO] [stdout]    9:     0x6136a4c530e4 - std::panicking::default_hook::he1dd496665be4a29
[INFO] [stdout]                                at /rustc/df4ca44d3fbc9301ee17f30f4d474e6ae4b05252/library/std/src/panicking.rs:292:9
[INFO] [stdout]   10:     0x6136a47c1489 - <alloc::boxed::Box<F,A> as core::ops::function::Fn<Args>>::call::h4ff71de18744e1dc
[INFO] [stdout]                                at /rustc/df4ca44d3fbc9301ee17f30f4d474e6ae4b05252/library/alloc/src/boxed.rs:2468:9
[INFO] [stdout]   11:     0x6136a47c1489 - test::test_main::{{closure}}::hcf7c055ce117aa81
[INFO] [stdout]                                at /rustc/df4ca44d3fbc9301ee17f30f4d474e6ae4b05252/library/test/src/lib.rs:133:21
[INFO] [stdout]   12:     0x6136a4c539d8 - <alloc::boxed::Box<F,A> as core::ops::function::Fn<Args>>::call::h1d66c6bbd60c9692
[INFO] [stdout]                                at /rustc/df4ca44d3fbc9301ee17f30f4d474e6ae4b05252/library/alloc/src/boxed.rs:2468:9
[INFO] [stdout]   13:     0x6136a4c539d8 - std::panicking::rust_panic_with_hook::h2ff17fe8f26dfcf8
[INFO] [stdout]                                at /rustc/df4ca44d3fbc9301ee17f30f4d474e6ae4b05252/library/std/src/panicking.rs:809:13
[INFO] [stdout]   14:     0x6136a4c5379a - std::panicking::begin_panic_handler::{{closure}}::h4fad77951c07e101
[INFO] [stdout]                                at /rustc/df4ca44d3fbc9301ee17f30f4d474e6ae4b05252/library/std/src/panicking.rs:674:13
[INFO] [stdout]   15:     0x6136a4c52329 - std::sys::backtrace::__rust_end_short_backtrace::hb1a25b3da5d0ea08
[INFO] [stdout]                                at /rustc/df4ca44d3fbc9301ee17f30f4d474e6ae4b05252/library/std/src/sys/backtrace.rs:170:18
[INFO] [stdout]   16:     0x6136a4c5342c - rust_begin_unwind
[INFO] [stdout]                                at /rustc/df4ca44d3fbc9301ee17f30f4d474e6ae4b05252/library/std/src/panicking.rs:665:5
[INFO] [stdout]   17:     0x6136a4c7a6c0 - core::panicking::panic_fmt::ha9db07b529f9b256
[INFO] [stdout]                                at /rustc/df4ca44d3fbc9301ee17f30f4d474e6ae4b05252/library/core/src/panicking.rs:75:14
[INFO] [stdout]   18:     0x6136a4c7ab25 - core::panicking::assert_failed_inner::h04f38944d74a80a8
[INFO] [stdout]   19:     0x6136a4becfb7 - core::panicking::assert_failed::h04b9ecece69a5366
[INFO] [stdout]                                at /rustc/df4ca44d3fbc9301ee17f30f4d474e6ae4b05252/library/core/src/panicking.rs:377:5
[INFO] [stdout]   20:     0x6136a45a8b9e - tests::test_memory_index::{{closure}}::h8ee01fe77bef9f48
[INFO] [stdout]                                at /opt/rustwide/workdir/tests/tests.rs:1032:5
[INFO] [stdout]   21:     0x6136a45eaa72 - <core::pin::Pin<P> as core::future::future::Future>::poll::hec2516671deb6009
[INFO] [stdout]                                at /rustc/df4ca44d3fbc9301ee17f30f4d474e6ae4b05252/library/core/src/future/future.rs:123:9
[INFO] [stdout]   22:     0x6136a45ea9cd - <core::pin::Pin<P> as core::future::future::Future>::poll::hdf29c8932ec1cf0d
[INFO] [stdout]                                at /rustc/df4ca44d3fbc9301ee17f30f4d474e6ae4b05252/library/core/src/future/future.rs:123:9
[INFO] [stdout]   23:     0x6136a4756b5f - tokio::runtime::scheduler::current_thread::CoreGuard::block_on::{{closure}}::{{closure}}::{{closure}}::h2280d1984481a48c
[INFO] [stdout]                                at /opt/rustwide/cargo-home/registry/src/index.crates.io-6f17d22bba15001f/tokio-1.35.0/src/runtime/scheduler/current_thread/mod.rs:665:57
[INFO] [stdout]   24:     0x6136a4756515 - tokio::runtime::coop::with_budget::h964ed9c48a84c8c4
[INFO] [stdout]                                at /opt/rustwide/cargo-home/registry/src/index.crates.io-6f17d22bba15001f/tokio-1.35.0/src/runtime/coop.rs:107:5
[INFO] [stdout]   25:     0x6136a4756515 - tokio::runtime::coop::budget::he7788457a19c7137
[INFO] [stdout]                                at /opt/rustwide/cargo-home/registry/src/index.crates.io-6f17d22bba15001f/tokio-1.35.0/src/runtime/coop.rs:73:5
[INFO] [stdout]   26:     0x6136a4756515 - tokio::runtime::scheduler::current_thread::CoreGuard::block_on::{{closure}}::{{closure}}::h3d8959f9a64ff9bb
[INFO] [stdout]                                at /opt/rustwide/cargo-home/registry/src/index.crates.io-6f17d22bba15001f/tokio-1.35.0/src/runtime/scheduler/current_thread/mod.rs:665:25
[INFO] [stdout]   27:     0x6136a4750880 - tokio::runtime::scheduler::current_thread::Context::enter::hc584718902684e78
[INFO] [stdout]                                at /opt/rustwide/cargo-home/registry/src/index.crates.io-6f17d22bba15001f/tokio-1.35.0/src/runtime/scheduler/current_thread/mod.rs:410:19
[INFO] [stdout]   28:     0x6136a4754997 - tokio::runtime::scheduler::current_thread::CoreGuard::block_on::{{closure}}::h7834c3485717bd0a
[INFO] [stdout]                                at /opt/rustwide/cargo-home/registry/src/index.crates.io-6f17d22bba15001f/tokio-1.35.0/src/runtime/scheduler/current_thread/mod.rs:664:36
[INFO] [stdout]   29:     0x6136a4753264 - tokio::runtime::scheduler::current_thread::CoreGuard::enter::{{closure}}::hf7443c1204998d31
[INFO] [stdout]                                at /opt/rustwide/cargo-home/registry/src/index.crates.io-6f17d22bba15001f/tokio-1.35.0/src/runtime/scheduler/current_thread/mod.rs:743:68
[INFO] [stdout]   30:     0x6136a474b4bb - tokio::runtime::context::scoped::Scoped<T>::set::h19417f08a6cf2869
[INFO] [stdout]                                at /opt/rustwide/cargo-home/registry/src/index.crates.io-6f17d22bba15001f/tokio-1.35.0/src/runtime/context/scoped.rs:40:9
[INFO] [stdout]   31:     0x6136a46893e9 - tokio::runtime::context::set_scheduler::{{closure}}::h24ade4c66f4d4ca7
[INFO] [stdout]                                at /opt/rustwide/cargo-home/registry/src/index.crates.io-6f17d22bba15001f/tokio-1.35.0/src/runtime/context.rs:176:26
[INFO] [stdout]   32:     0x6136a45ee88d - std::thread::local::LocalKey<T>::try_with::h7813f9e5c4e63b38
[INFO] [stdout]                                at /rustc/df4ca44d3fbc9301ee17f30f4d474e6ae4b05252/library/std/src/thread/local.rs:283:12
[INFO] [stdout]   33:     0x6136a45ecd0a - std::thread::local::LocalKey<T>::with::h12adf0f2a86bd924
[INFO] [stdout]                                at /rustc/df4ca44d3fbc9301ee17f30f4d474e6ae4b05252/library/std/src/thread/local.rs:260:9
[INFO] [stdout]   34:     0x6136a468925d - tokio::runtime::context::set_scheduler::h0c2bfab1929fd78b
[INFO] [stdout]                                at /opt/rustwide/cargo-home/registry/src/index.crates.io-6f17d22bba15001f/tokio-1.35.0/src/runtime/context.rs:176:9
[INFO] [stdout]   35:     0x6136a47526e8 - tokio::runtime::scheduler::current_thread::CoreGuard::enter::h1ceec7a15d70a138
[INFO] [stdout]                                at /opt/rustwide/cargo-home/registry/src/index.crates.io-6f17d22bba15001f/tokio-1.35.0/src/runtime/scheduler/current_thread/mod.rs:743:27
[INFO] [stdout]   36:     0x6136a4753283 - tokio::runtime::scheduler::current_thread::CoreGuard::block_on::h2170d2606b828f1b
[INFO] [stdout]                                at /opt/rustwide/cargo-home/registry/src/index.crates.io-6f17d22bba15001f/tokio-1.35.0/src/runtime/scheduler/current_thread/mod.rs:652:19
[INFO] [stdout]   37:     0x6136a474c36d - tokio::runtime::scheduler::current_thread::CurrentThread::block_on::{{closure}}::h21b5d32a99b0bab7
[INFO] [stdout]                                at /opt/rustwide/cargo-home/registry/src/index.crates.io-6f17d22bba15001f/tokio-1.35.0/src/runtime/scheduler/current_thread/mod.rs:175:28
[INFO] [stdout]   38:     0x6136a4737186 - tokio::runtime::context::runtime::enter_runtime::hf723a05ecac7cf71
[INFO] [stdout]                                at /opt/rustwide/cargo-home/registry/src/index.crates.io-6f17d22bba15001f/tokio-1.35.0/src/runtime/context/runtime.rs:65:16
[INFO] [stdout]   39:     0x6136a474bbf1 - tokio::runtime::scheduler::current_thread::CurrentThread::block_on::h94dc708ba42e1b50
[INFO] [stdout]                                at /opt/rustwide/cargo-home/registry/src/index.crates.io-6f17d22bba15001f/tokio-1.35.0/src/runtime/scheduler/current_thread/mod.rs:167:9
[INFO] [stdout]   40:     0x6136a45fa122 - tokio::runtime::runtime::Runtime::block_on::hb3e5321e9ca8d8f5
[INFO] [stdout]                                at /opt/rustwide/cargo-home/registry/src/index.crates.io-6f17d22bba15001f/tokio-1.35.0/src/runtime/runtime.rs:348:47
[INFO] [stdout]   41:     0x6136a45a7d40 - tests::test_memory_index::h08a39fc926430219
[INFO] [stdout]                                at /opt/rustwide/workdir/tests/tests.rs:1057:5
[INFO] [stdout]   42:     0x6136a45a7bd7 - tests::test_memory_index::{{closure}}::he0de8c13b10837e4
[INFO] [stdout]                                at /opt/rustwide/workdir/tests/tests.rs:988:29
[INFO] [stdout]   43:     0x6136a4553ae6 - core::ops::function::FnOnce::call_once::h3567fc5106326653
[INFO] [stdout]                                at /rustc/df4ca44d3fbc9301ee17f30f4d474e6ae4b05252/library/core/src/ops/function.rs:250:5
[INFO] [stdout]   44:     0x6136a47c5d5b - core::ops::function::FnOnce::call_once::h22c3ba5715e93f05
[INFO] [stdout]                                at /rustc/df4ca44d3fbc9301ee17f30f4d474e6ae4b05252/library/core/src/ops/function.rs:250:5
[INFO] [stdout]   45:     0x6136a47c5d5b - test::__rust_begin_short_backtrace::h8e82d8113d0da17f
[INFO] [stdout]                                at /rustc/df4ca44d3fbc9301ee17f30f4d474e6ae4b05252/library/test/src/lib.rs:621:18
[INFO] [stdout]   46:     0x6136a47c56d7 - test::run_test_in_process::{{closure}}::h33235f4f20b7b7c7
[INFO] [stdout]                                at /rustc/df4ca44d3fbc9301ee17f30f4d474e6ae4b05252/library/test/src/lib.rs:644:60
[INFO] [stdout]   47:     0x6136a47c56d7 - <core::panic::unwind_safe::AssertUnwindSafe<F> as core::ops::function::FnOnce<()>>::call_once::hb5043206310c586f
[INFO] [stdout]                                at /rustc/df4ca44d3fbc9301ee17f30f4d474e6ae4b05252/library/core/src/panic/unwind_safe.rs:272:9
[INFO] [stdout]   48:     0x6136a47c56d7 - std::panicking::try::do_call::h9ad4731a60ab23e2
[INFO] [stdout]                                at /rustc/df4ca44d3fbc9301ee17f30f4d474e6ae4b05252/library/std/src/panicking.rs:557:40
[INFO] [stdout]   49:     0x6136a47c56d7 - std::panicking::try::h3824d23db772a716
[INFO] [stdout]                                at /rustc/df4ca44d3fbc9301ee17f30f4d474e6ae4b05252/library/std/src/panicking.rs:520:19
[INFO] [stdout]   50:     0x6136a47c56d7 - std::panic::catch_unwind::h5afd514605fde46b
[INFO] [stdout]                                at /rustc/df4ca44d3fbc9301ee17f30f4d474e6ae4b05252/library/std/src/panic.rs:358:14
[INFO] [stdout]   51:     0x6136a47c56d7 - test::run_test_in_process::h0d5cbfa7067d1720
[INFO] [stdout]                                at /rustc/df4ca44d3fbc9301ee17f30f4d474e6ae4b05252/library/test/src/lib.rs:644:27
[INFO] [stdout]   52:     0x6136a47c56d7 - test::run_test::{{closure}}::h708eb8872708115d
[INFO] [stdout]                                at /rustc/df4ca44d3fbc9301ee17f30f4d474e6ae4b05252/library/test/src/lib.rs:565:43
[INFO] [stdout]   53:     0x6136a4788df4 - test::run_test::{{closure}}::h392c51cee94713ab
[INFO] [stdout]                                at /rustc/df4ca44d3fbc9301ee17f30f4d474e6ae4b05252/library/test/src/lib.rs:595:41
[INFO] [stdout]   54:     0x6136a4788df4 - std::sys::backtrace::__rust_begin_short_backtrace::h2f40290710935a8b
[INFO] [stdout]                                at /rustc/df4ca44d3fbc9301ee17f30f4d474e6ae4b05252/library/std/src/sys/backtrace.rs:154:18
[INFO] [stdout]   55:     0x6136a478c59e - std::thread::Builder::spawn_unchecked_::{{closure}}::{{closure}}::h3fd968d89053a903
[INFO] [stdout]                                at /rustc/df4ca44d3fbc9301ee17f30f4d474e6ae4b05252/library/std/src/thread/mod.rs:541:17
[INFO] [stdout]   56:     0x6136a478c59e - <core::panic::unwind_safe::AssertUnwindSafe<F> as core::ops::function::FnOnce<()>>::call_once::h743f637ba4229880
[INFO] [stdout]                                at /rustc/df4ca44d3fbc9301ee17f30f4d474e6ae4b05252/library/core/src/panic/unwind_safe.rs:272:9
[INFO] [stdout]   57:     0x6136a478c59e - std::panicking::try::do_call::h07440897322525a6
[INFO] [stdout]                                at /rustc/df4ca44d3fbc9301ee17f30f4d474e6ae4b05252/library/std/src/panicking.rs:557:40
[INFO] [stdout]   58:     0x6136a478c59e - std::panicking::try::he5a2e00188156637
[INFO] [stdout]                                at /rustc/df4ca44d3fbc9301ee17f30f4d474e6ae4b05252/library/std/src/panicking.rs:520:19
[INFO] [stdout]   59:     0x6136a478c59e - std::panic::catch_unwind::hbaf3cae49b3c6433
[INFO] [stdout]                                at /rustc/df4ca44d3fbc9301ee17f30f4d474e6ae4b05252/library/std/src/panic.rs:358:14
[INFO] [stdout]   60:     0x6136a478c59e - std::thread::Builder::spawn_unchecked_::{{closure}}::h8e141ea224820bce
[INFO] [stdout]                                at /rustc/df4ca44d3fbc9301ee17f30f4d474e6ae4b05252/library/std/src/thread/mod.rs:540:30
[INFO] [stdout]   61:     0x6136a478c59e - core::ops::function::FnOnce::call_once{{vtable.shim}}::h90d312fedd7b8ea8
[INFO] [stdout]                                at /rustc/df4ca44d3fbc9301ee17f30f4d474e6ae4b05252/library/core/src/ops/function.rs:250:5
[INFO] [stdout]   62:     0x6136a4c598ab - <alloc::boxed::Box<F,A> as core::ops::function::FnOnce<Args>>::call_once::h69aa08ddb6adb8b6
[INFO] [stdout]                                at /rustc/df4ca44d3fbc9301ee17f30f4d474e6ae4b05252/library/alloc/src/boxed.rs:2454:9
[INFO] [stdout]   63:     0x6136a4c598ab - <alloc::boxed::Box<F,A> as core::ops::function::FnOnce<Args>>::call_once::h5aa36efdb79c806f
[INFO] [stdout]                                at /rustc/df4ca44d3fbc9301ee17f30f4d474e6ae4b05252/library/alloc/src/boxed.rs:2454:9
[INFO] [stdout]   64:     0x6136a4c598ab - std::sys::pal::unix::thread::Thread::new::thread_start::h6cd80a1b4be5158d
[INFO] [stdout]                                at /rustc/df4ca44d3fbc9301ee17f30f4d474e6ae4b05252/library/std/src/sys/pal/unix/thread.rs:105:17
[INFO] [stdout]   65:     0x711152bdeac3 - <unknown>
[INFO] [stdout]   66:     0x711152c6fa04 - clone
[INFO] [stdout]   67:                0x0 - <unknown>
[INFO] [stdout] 
[INFO] [stdout] 
[INFO] [stdout] failures:
[INFO] [stdout]     test_memory_index
[INFO] [stdout] 
[INFO] [stdout] test result: FAILED. 39 passed; 1 failed; 0 ignored; 0 measured; 0 filtered out; finished in 12.88s
[INFO] [stdout] 
[INFO] [stderr] error: test failed, to rerun pass `--test tests`
[INFO] running `Command { std: "docker" "inspect" "2c7833f355722e6d8247826bdf1f0b2c5a9d2d75fff0a650358c51c5d5c8d56e", kill_on_drop: false }`
[INFO] running `Command { std: "docker" "rm" "-f" "2c7833f355722e6d8247826bdf1f0b2c5a9d2d75fff0a650358c51c5d5c8d56e", kill_on_drop: false }`
[INFO] [stdout] 2c7833f355722e6d8247826bdf1f0b2c5a9d2d75fff0a650358c51c5d5c8d56e
