[INFO] fetching crate offwall 1.1.0...
[INFO] testing offwall-1.1.0 against nightly-2024-10-28+rustflags=-Zrandomize-layout for randomize-layout
[INFO] extracting crate offwall 1.1.0 into /workspace/builds/worker-2-tc2/source
[INFO] validating manifest of crates.io crate offwall 1.1.0 on toolchain nightly-2024-10-28
[INFO] running `Command { std: CARGO_HOME="/workspace/cargo-home" RUSTUP_HOME="/workspace/rustup-home" "/workspace/cargo-home/bin/cargo" "+nightly-2024-10-28" "metadata" "--manifest-path" "Cargo.toml" "--no-deps", kill_on_drop: false }`
[INFO] started tweaking crates.io crate offwall 1.1.0
[INFO] finished tweaking crates.io crate offwall 1.1.0
[INFO] tweaked toml for crates.io crate offwall 1.1.0 written to /workspace/builds/worker-2-tc2/source/Cargo.toml
[INFO] running `Command { std: CARGO_HOME="/workspace/cargo-home" RUSTUP_HOME="/workspace/rustup-home" "/workspace/cargo-home/bin/cargo" "+nightly-2024-10-28" "generate-lockfile" "--manifest-path" "Cargo.toml", kill_on_drop: false }`
[INFO] [stderr]     Updating crates.io index
[INFO] [stderr]      Locking 111 packages to latest compatible versions
[INFO] [stderr]       Adding clap v2.34.0 (available: v4.5.20)
[INFO] [stderr]       Adding ipnetwork v0.14.0 (available: v0.20.0)
[INFO] [stderr]       Adding notify v4.0.18 (available: v7.0.0)
[INFO] [stderr]       Adding rand v0.6.5 (available: v0.8.5)
[INFO] [stderr]       Adding rust-ini v0.13.0 (available: v0.21.1)
[INFO] [stderr]       Adding simple_logger v1.16.0 (available: v5.0.0)
[INFO] [stderr]       Adding syslog v4.0.1 (available: v7.0.0)
[INFO] [stderr]       Adding tls-api v0.1.22 (available: v0.9.0)
[INFO] [stderr]       Adding tls-api-openssl v0.1.22 (available: v0.9.0)
[INFO] [stderr]       Adding wasi v0.10.0+wasi-snapshot-preview1 (available: v0.10.2+wasi-snapshot-preview1)
[INFO] running `Command { std: CARGO_HOME="/workspace/cargo-home" RUSTUP_HOME="/workspace/rustup-home" "/workspace/cargo-home/bin/cargo" "+nightly-2024-10-28" "fetch" "--manifest-path" "Cargo.toml", kill_on_drop: false }`
[INFO] [stderr] warning: no edition set: defaulting to the 2015 edition while the latest is 2021
[INFO] running `Command { std: "docker" "create" "-v" "/var/lib/crater-agent-workspace/builds/worker-2-tc2/target:/opt/rustwide/target:rw,Z" "-v" "/var/lib/crater-agent-workspace/builds/worker-2-tc2/source:/opt/rustwide/workdir:ro,Z" "-v" "/var/lib/crater-agent-workspace/cargo-home:/opt/rustwide/cargo-home:ro,Z" "-v" "/var/lib/crater-agent-workspace/rustup-home:/opt/rustwide/rustup-home:ro,Z" "-e" "SOURCE_DIR=/opt/rustwide/workdir" "-e" "CARGO_TARGET_DIR=/opt/rustwide/target" "-e" "CARGO_HOME=/opt/rustwide/cargo-home" "-e" "RUSTUP_HOME=/opt/rustwide/rustup-home" "-w" "/opt/rustwide/workdir" "-m" "1610612736" "--user" "0:0" "--network" "none" "ghcr.io/rust-lang/crates-build-env/linux@sha256:4a844ea9eb2546a2d2c7022eacef16ef2e8229c7fbb2c7d4d55a9ceca922f72d" "/opt/rustwide/cargo-home/bin/cargo" "+nightly-2024-10-28" "metadata" "--no-deps" "--format-version=1", kill_on_drop: false }`
[INFO] [stdout] e5f73cb2befe3918b3614e026140097a9f38233d587f4a2e965ac3aaf5b0330d
[INFO] running `Command { std: "docker" "start" "-a" "e5f73cb2befe3918b3614e026140097a9f38233d587f4a2e965ac3aaf5b0330d", kill_on_drop: false }`
[INFO] running `Command { std: "docker" "inspect" "e5f73cb2befe3918b3614e026140097a9f38233d587f4a2e965ac3aaf5b0330d", kill_on_drop: false }`
[INFO] running `Command { std: "docker" "rm" "-f" "e5f73cb2befe3918b3614e026140097a9f38233d587f4a2e965ac3aaf5b0330d", kill_on_drop: false }`
[INFO] [stdout] e5f73cb2befe3918b3614e026140097a9f38233d587f4a2e965ac3aaf5b0330d
[INFO] running `Command { std: "docker" "create" "-v" "/var/lib/crater-agent-workspace/builds/worker-2-tc2/target:/opt/rustwide/target:rw,Z" "-v" "/var/lib/crater-agent-workspace/builds/worker-2-tc2/source:/opt/rustwide/workdir:ro,Z" "-v" "/var/lib/crater-agent-workspace/cargo-home:/opt/rustwide/cargo-home:ro,Z" "-v" "/var/lib/crater-agent-workspace/rustup-home:/opt/rustwide/rustup-home:ro,Z" "-e" "SOURCE_DIR=/opt/rustwide/workdir" "-e" "CARGO_TARGET_DIR=/opt/rustwide/target" "-e" "CARGO_INCREMENTAL=0" "-e" "RUST_BACKTRACE=full" "-e" "RUSTFLAGS=--cap-lints=forbid -Zrandomize-layout" "-e" "RUSTDOCFLAGS=--cap-lints=forbid" "-e" "CARGO_HOME=/opt/rustwide/cargo-home" "-e" "RUSTUP_HOME=/opt/rustwide/rustup-home" "-w" "/opt/rustwide/workdir" "-m" "1610612736" "--user" "0:0" "--network" "none" "ghcr.io/rust-lang/crates-build-env/linux@sha256:4a844ea9eb2546a2d2c7022eacef16ef2e8229c7fbb2c7d4d55a9ceca922f72d" "/opt/rustwide/cargo-home/bin/cargo" "+nightly-2024-10-28" "build" "--frozen" "--message-format=json", kill_on_drop: false }`
[INFO] [stdout] f1fb1d5e04b10d30aa300a56f9cdad5b908fb3f4217d1e40f2be1f6b26e92036
[INFO] running `Command { std: "docker" "start" "-a" "f1fb1d5e04b10d30aa300a56f9cdad5b908fb3f4217d1e40f2be1f6b26e92036", kill_on_drop: false }`
[INFO] [stderr] warning: no edition set: defaulting to the 2015 edition while the latest is 2021
[INFO] [stderr]    Compiling rand_core v0.4.2
[INFO] [stderr]    Compiling log v0.4.22
[INFO] [stderr]    Compiling autocfg v0.1.8
[INFO] [stderr]    Compiling memchr v2.7.4
[INFO] [stderr]    Compiling gimli v0.31.1
[INFO] [stderr]    Compiling num-conv v0.1.0
[INFO] [stderr]    Compiling rustc-demangle v0.1.24
[INFO] [stderr]    Compiling time-core v0.1.2
[INFO] [stderr]    Compiling powerfmt v0.2.0
[INFO] [stderr]    Compiling lazycell v1.3.0
[INFO] [stderr]    Compiling miniz_oxide v0.8.0
[INFO] [stderr]    Compiling iovec v0.1.4
[INFO] [stderr]    Compiling net2 v0.2.39
[INFO] [stderr]    Compiling inotify-sys v0.1.5
[INFO] [stderr]    Compiling is-terminal v0.4.13
[INFO] [stderr]    Compiling num_threads v0.1.7
[INFO] [stderr]    Compiling rand_chacha v0.1.1
[INFO] [stderr]    Compiling rand_pcg v0.1.2
[INFO] [stderr]    Compiling rand v0.6.5
[INFO] [stderr]    Compiling colored v1.9.4
[INFO] [stderr]    Compiling textwrap v0.11.0
[INFO] [stderr]    Compiling inotify v0.7.1
[INFO] [stderr]    Compiling rand_core v0.3.1
[INFO] [stderr]    Compiling time-macros v0.2.18
[INFO] [stderr]    Compiling deranged v0.3.11
[INFO] [stderr]    Compiling rand_hc v0.1.0
[INFO] [stderr]    Compiling rand_isaac v0.1.1
[INFO] [stderr]    Compiling rand_xorshift v0.1.1
[INFO] [stderr]    Compiling mio v0.6.23
[INFO] [stderr]    Compiling rand_jitter v0.1.4
[INFO] [stderr]    Compiling rand_os v0.1.3
[INFO] [stderr]    Compiling filetime v0.2.25
[INFO] [stderr]    Compiling time v0.1.45
[INFO] [stderr]    Compiling ipnetwork v0.14.0
[INFO] [stderr]    Compiling clap v2.34.0
[INFO] [stderr]    Compiling log-panics v2.1.0
[INFO] [stderr]    Compiling tls-api v0.1.22
[INFO] [stderr]    Compiling rust-ini v0.13.0
[INFO] [stderr]    Compiling object v0.36.5
[INFO] [stderr]    Compiling mio-extras v2.0.6
[INFO] [stderr]    Compiling notify v4.0.18
[INFO] [stderr]    Compiling time v0.3.36
[INFO] [stderr]    Compiling simple_logger v1.16.0
[INFO] [stderr]    Compiling addr2line v0.24.2
[INFO] [stderr]    Compiling backtrace v0.3.74
[INFO] [stderr]    Compiling error-chain v0.11.0
[INFO] [stderr]    Compiling syslog v4.0.1
[INFO] [stderr]    Compiling offwall v1.1.0 (/opt/rustwide/workdir)
[INFO] [stdout] warning: unused import: `std::fs::File`
[INFO] [stdout]   --> src/conf.rs:42:5
[INFO] [stdout]    |
[INFO] [stdout] 42 | use std::fs::File;
[INFO] [stdout]    |     ^^^^^^^^^^^^^
[INFO] [stdout]    |
[INFO] [stdout]    = note: `#[warn(unused_imports)]` on by default
[INFO] [stdout] 
[INFO] [stdout] 
[INFO] [stdout] warning: unused import: `std::io::Read`
[INFO] [stdout]   --> src/conf.rs:44:5
[INFO] [stdout]    |
[INFO] [stdout] 44 | use std::io::Read;
[INFO] [stdout]    |     ^^^^^^^^^^^^^
[INFO] [stdout] 
[INFO] [stdout] 
[INFO] [stdout] warning: unused import: `tls_api`
[INFO] [stdout]   --> src/conf.rs:51:5
[INFO] [stdout]    |
[INFO] [stdout] 51 | use tls_api;
[INFO] [stdout]    |     ^^^^^^^
[INFO] [stdout] 
[INFO] [stdout] 
[INFO] [stdout] warning: unused import: `tls_api::TlsAcceptorBuilder`
[INFO] [stdout]   --> src/conf.rs:52:5
[INFO] [stdout]    |
[INFO] [stdout] 52 | use tls_api::TlsAcceptorBuilder;
[INFO] [stdout]    |     ^^^^^^^^^^^^^^^^^^^^^^^^^^^
[INFO] [stdout] 
[INFO] [stdout] 
[INFO] [stdout] warning: variable does not need to be mutable
[INFO] [stdout]    --> src/conf.rs:252:21
[INFO] [stdout]     |
[INFO] [stdout] 252 |                 let mut conn = OfConnection::from_str(uri)?;
[INFO] [stdout]     |                     ----^^^^
[INFO] [stdout]     |                     |
[INFO] [stdout]     |                     help: remove this `mut`
[INFO] [stdout]     |
[INFO] [stdout]     = note: `#[warn(unused_mut)]` on by default
[INFO] [stdout] 
[INFO] [stdout] 
[INFO] [stdout] warning: constant `P12_KEY` is never used
[INFO] [stdout]   --> src/conf.rs:65:7
[INFO] [stdout]    |
[INFO] [stdout] 65 | const P12_KEY: &str = "pkcs12";
[INFO] [stdout]    |       ^^^^^^^
[INFO] [stdout]    |
[INFO] [stdout]    = note: `#[warn(dead_code)]` on by default
[INFO] [stdout] 
[INFO] [stdout] 
[INFO] [stdout] warning: constant `PASS_KEY` is never used
[INFO] [stdout]   --> src/conf.rs:66:7
[INFO] [stdout]    |
[INFO] [stdout] 66 | const PASS_KEY: &str = "passwd";
[INFO] [stdout]    |       ^^^^^^^^
[INFO] [stdout] 
[INFO] [stdout] 
[INFO] [stdout] warning: fields `proto` and `pkcs12` are never read
[INFO] [stdout]    --> src/conf.rs:218:5
[INFO] [stdout]     |
[INFO] [stdout] 217 | pub struct OfConnection {
[INFO] [stdout]     |            ------------ fields in this struct
[INFO] [stdout] 218 |     proto: ConnectionProtocol,
[INFO] [stdout]     |     ^^^^^
[INFO] [stdout] ...
[INFO] [stdout] 222 |     pkcs12: Option<(Vec<u8>, String)>,
[INFO] [stdout]     |     ^^^^^^
[INFO] [stdout]     |
[INFO] [stdout]     = note: `OfConnection` has a derived impl for the trait `Debug`, but this is intentionally ignored during dead code analysis
[INFO] [stdout] 
[INFO] [stdout] 
[INFO] [stdout] warning: variant `Tls` is never constructed
[INFO] [stdout]   --> src/openflow/mod.rs:47:5
[INFO] [stdout]    |
[INFO] [stdout] 45 | enum Stream {
[INFO] [stdout]    |      ------ variant in this enum
[INFO] [stdout] 46 |     Tcp(TcpStream),
[INFO] [stdout] 47 |     Tls(TlsStream<TcpStream>),
[INFO] [stdout]    |     ^^^
[INFO] [stdout]    |
[INFO] [stdout]    = note: `Stream` has a derived impl for the trait `Debug`, but this is intentionally ignored during dead code analysis
[INFO] [stdout] 
[INFO] [stdout] 
[INFO] [stderr]     Finished `dev` profile [unoptimized + debuginfo] target(s) in 6.08s
[INFO] running `Command { std: "docker" "inspect" "f1fb1d5e04b10d30aa300a56f9cdad5b908fb3f4217d1e40f2be1f6b26e92036", kill_on_drop: false }`
[INFO] running `Command { std: "docker" "rm" "-f" "f1fb1d5e04b10d30aa300a56f9cdad5b908fb3f4217d1e40f2be1f6b26e92036", kill_on_drop: false }`
[INFO] [stdout] f1fb1d5e04b10d30aa300a56f9cdad5b908fb3f4217d1e40f2be1f6b26e92036
[INFO] running `Command { std: "docker" "create" "-v" "/var/lib/crater-agent-workspace/builds/worker-2-tc2/target:/opt/rustwide/target:rw,Z" "-v" "/var/lib/crater-agent-workspace/builds/worker-2-tc2/source:/opt/rustwide/workdir:ro,Z" "-v" "/var/lib/crater-agent-workspace/cargo-home:/opt/rustwide/cargo-home:ro,Z" "-v" "/var/lib/crater-agent-workspace/rustup-home:/opt/rustwide/rustup-home:ro,Z" "-e" "SOURCE_DIR=/opt/rustwide/workdir" "-e" "CARGO_TARGET_DIR=/opt/rustwide/target" "-e" "CARGO_INCREMENTAL=0" "-e" "RUST_BACKTRACE=full" "-e" "RUSTFLAGS=--cap-lints=forbid -Zrandomize-layout" "-e" "RUSTDOCFLAGS=--cap-lints=forbid" "-e" "CARGO_HOME=/opt/rustwide/cargo-home" "-e" "RUSTUP_HOME=/opt/rustwide/rustup-home" "-w" "/opt/rustwide/workdir" "-m" "1610612736" "--user" "0:0" "--network" "none" "ghcr.io/rust-lang/crates-build-env/linux@sha256:4a844ea9eb2546a2d2c7022eacef16ef2e8229c7fbb2c7d4d55a9ceca922f72d" "/opt/rustwide/cargo-home/bin/cargo" "+nightly-2024-10-28" "test" "--frozen" "--no-run" "--message-format=json", kill_on_drop: false }`
[INFO] [stdout] da7451beb474850a306d13c14e0e9bdc36a480a9ab660e9ebb1bdde929d15aa6
[INFO] running `Command { std: "docker" "start" "-a" "da7451beb474850a306d13c14e0e9bdc36a480a9ab660e9ebb1bdde929d15aa6", kill_on_drop: false }`
[INFO] [stderr] warning: no edition set: defaulting to the 2015 edition while the latest is 2021
[INFO] [stderr]    Compiling offwall v1.1.0 (/opt/rustwide/workdir)
[INFO] [stdout] warning: unused import: `std::fs::File`
[INFO] [stdout]   --> src/conf.rs:42:5
[INFO] [stdout]    |
[INFO] [stdout] 42 | use std::fs::File;
[INFO] [stdout]    |     ^^^^^^^^^^^^^
[INFO] [stdout]    |
[INFO] [stdout]    = note: `#[warn(unused_imports)]` on by default
[INFO] [stdout] 
[INFO] [stdout] 
[INFO] [stdout] warning: unused import: `std::io::Read`
[INFO] [stdout]   --> src/conf.rs:44:5
[INFO] [stdout]    |
[INFO] [stdout] 44 | use std::io::Read;
[INFO] [stdout]    |     ^^^^^^^^^^^^^
[INFO] [stdout] 
[INFO] [stdout] 
[INFO] [stdout] warning: unused import: `tls_api`
[INFO] [stdout]   --> src/conf.rs:51:5
[INFO] [stdout]    |
[INFO] [stdout] 51 | use tls_api;
[INFO] [stdout]    |     ^^^^^^^
[INFO] [stdout] 
[INFO] [stdout] 
[INFO] [stdout] warning: unused import: `tls_api::TlsAcceptorBuilder`
[INFO] [stdout]   --> src/conf.rs:52:5
[INFO] [stdout]    |
[INFO] [stdout] 52 | use tls_api::TlsAcceptorBuilder;
[INFO] [stdout]    |     ^^^^^^^^^^^^^^^^^^^^^^^^^^^
[INFO] [stdout] 
[INFO] [stdout] 
[INFO] [stdout] warning: variable does not need to be mutable
[INFO] [stdout]    --> src/conf.rs:252:21
[INFO] [stdout]     |
[INFO] [stdout] 252 |                 let mut conn = OfConnection::from_str(uri)?;
[INFO] [stdout]     |                     ----^^^^
[INFO] [stdout]     |                     |
[INFO] [stdout]     |                     help: remove this `mut`
[INFO] [stdout]     |
[INFO] [stdout]     = note: `#[warn(unused_mut)]` on by default
[INFO] [stdout] 
[INFO] [stdout] 
[INFO] [stdout] warning: constant `P12_KEY` is never used
[INFO] [stdout]   --> src/conf.rs:65:7
[INFO] [stdout]    |
[INFO] [stdout] 65 | const P12_KEY: &str = "pkcs12";
[INFO] [stdout]    |       ^^^^^^^
[INFO] [stdout]    |
[INFO] [stdout]    = note: `#[warn(dead_code)]` on by default
[INFO] [stdout] 
[INFO] [stdout] 
[INFO] [stdout] warning: constant `PASS_KEY` is never used
[INFO] [stdout]   --> src/conf.rs:66:7
[INFO] [stdout]    |
[INFO] [stdout] 66 | const PASS_KEY: &str = "passwd";
[INFO] [stdout]    |       ^^^^^^^^
[INFO] [stdout] 
[INFO] [stdout] 
[INFO] [stdout] warning: fields `proto` and `pkcs12` are never read
[INFO] [stdout]    --> src/conf.rs:218:5
[INFO] [stdout]     |
[INFO] [stdout] 217 | pub struct OfConnection {
[INFO] [stdout]     |            ------------ fields in this struct
[INFO] [stdout] 218 |     proto: ConnectionProtocol,
[INFO] [stdout]     |     ^^^^^
[INFO] [stdout] ...
[INFO] [stdout] 222 |     pkcs12: Option<(Vec<u8>, String)>,
[INFO] [stdout]     |     ^^^^^^
[INFO] [stdout]     |
[INFO] [stdout]     = note: `OfConnection` has a derived impl for the trait `Debug`, but this is intentionally ignored during dead code analysis
[INFO] [stdout] 
[INFO] [stdout] 
[INFO] [stdout] warning: variant `Tls` is never constructed
[INFO] [stdout]   --> src/openflow/mod.rs:47:5
[INFO] [stdout]    |
[INFO] [stdout] 45 | enum Stream {
[INFO] [stdout]    |      ------ variant in this enum
[INFO] [stdout] 46 |     Tcp(TcpStream),
[INFO] [stdout] 47 |     Tls(TlsStream<TcpStream>),
[INFO] [stdout]    |     ^^^
[INFO] [stdout]    |
[INFO] [stdout]    = note: `Stream` has a derived impl for the trait `Debug`, but this is intentionally ignored during dead code analysis
[INFO] [stdout] 
[INFO] [stdout] 
[INFO] [stderr]     Finished `test` profile [unoptimized + debuginfo] target(s) in 0.58s
[INFO] running `Command { std: "docker" "inspect" "da7451beb474850a306d13c14e0e9bdc36a480a9ab660e9ebb1bdde929d15aa6", kill_on_drop: false }`
[INFO] running `Command { std: "docker" "rm" "-f" "da7451beb474850a306d13c14e0e9bdc36a480a9ab660e9ebb1bdde929d15aa6", kill_on_drop: false }`
[INFO] [stdout] da7451beb474850a306d13c14e0e9bdc36a480a9ab660e9ebb1bdde929d15aa6
[INFO] running `Command { std: "docker" "create" "-v" "/var/lib/crater-agent-workspace/builds/worker-2-tc2/target:/opt/rustwide/target:rw,Z" "-v" "/var/lib/crater-agent-workspace/builds/worker-2-tc2/source:/opt/rustwide/workdir:ro,Z" "-v" "/var/lib/crater-agent-workspace/cargo-home:/opt/rustwide/cargo-home:ro,Z" "-v" "/var/lib/crater-agent-workspace/rustup-home:/opt/rustwide/rustup-home:ro,Z" "-e" "SOURCE_DIR=/opt/rustwide/workdir" "-e" "CARGO_TARGET_DIR=/opt/rustwide/target" "-e" "CARGO_INCREMENTAL=0" "-e" "RUST_BACKTRACE=full" "-e" "RUSTFLAGS=--cap-lints=forbid -Zrandomize-layout" "-e" "RUSTDOCFLAGS=--cap-lints=forbid" "-e" "CARGO_HOME=/opt/rustwide/cargo-home" "-e" "RUSTUP_HOME=/opt/rustwide/rustup-home" "-w" "/opt/rustwide/workdir" "-m" "1610612736" "--user" "0:0" "--network" "none" "ghcr.io/rust-lang/crates-build-env/linux@sha256:4a844ea9eb2546a2d2c7022eacef16ef2e8229c7fbb2c7d4d55a9ceca922f72d" "/opt/rustwide/cargo-home/bin/cargo" "+nightly-2024-10-28" "test" "--frozen", kill_on_drop: false }`
[INFO] [stdout] f306157abae9659f66a3a2db7a6bed03857fde13207d7f7eeb818c10330be292
[INFO] running `Command { std: "docker" "start" "-a" "f306157abae9659f66a3a2db7a6bed03857fde13207d7f7eeb818c10330be292", kill_on_drop: false }`
[INFO] [stderr] warning: no edition set: defaulting to the 2015 edition while the latest is 2021
[INFO] [stderr] warning: unused import: `std::fs::File`
[INFO] [stderr]   --> src/conf.rs:42:5
[INFO] [stderr]    |
[INFO] [stderr] 42 | use std::fs::File;
[INFO] [stderr]    |     ^^^^^^^^^^^^^
[INFO] [stderr]    |
[INFO] [stderr]    = note: `#[warn(unused_imports)]` on by default
[INFO] [stderr] 
[INFO] [stderr] warning: unused import: `std::io::Read`
[INFO] [stderr]   --> src/conf.rs:44:5
[INFO] [stderr]    |
[INFO] [stderr] 44 | use std::io::Read;
[INFO] [stderr]    |     ^^^^^^^^^^^^^
[INFO] [stderr] 
[INFO] [stderr] warning: unused import: `tls_api`
[INFO] [stderr]   --> src/conf.rs:51:5
[INFO] [stderr]    |
[INFO] [stderr] 51 | use tls_api;
[INFO] [stderr]    |     ^^^^^^^
[INFO] [stderr] 
[INFO] [stderr] warning: unused import: `tls_api::TlsAcceptorBuilder`
[INFO] [stderr]   --> src/conf.rs:52:5
[INFO] [stderr]    |
[INFO] [stderr] 52 | use tls_api::TlsAcceptorBuilder;
[INFO] [stderr]    |     ^^^^^^^^^^^^^^^^^^^^^^^^^^^
[INFO] [stderr] 
[INFO] [stderr] warning: variable does not need to be mutable
[INFO] [stderr]    --> src/conf.rs:252:21
[INFO] [stderr]     |
[INFO] [stderr] 252 |                 let mut conn = OfConnection::from_str(uri)?;
[INFO] [stderr]     |                     ----^^^^
[INFO] [stderr]     |                     |
[INFO] [stderr]     |                     help: remove this `mut`
[INFO] [stderr]     |
[INFO] [stderr]     = note: `#[warn(unused_mut)]` on by default
[INFO] [stderr] 
[INFO] [stderr] warning: constant `P12_KEY` is never used
[INFO] [stderr]   --> src/conf.rs:65:7
[INFO] [stderr]    |
[INFO] [stderr] 65 | const P12_KEY: &str = "pkcs12";
[INFO] [stderr]    |       ^^^^^^^
[INFO] [stderr]    |
[INFO] [stderr]    = note: `#[warn(dead_code)]` on by default
[INFO] [stderr] 
[INFO] [stderr] warning: constant `PASS_KEY` is never used
[INFO] [stderr]   --> src/conf.rs:66:7
[INFO] [stderr]    |
[INFO] [stderr] 66 | const PASS_KEY: &str = "passwd";
[INFO] [stderr]    |       ^^^^^^^^
[INFO] [stderr] 
[INFO] [stderr] warning: fields `proto` and `pkcs12` are never read
[INFO] [stderr]    --> src/conf.rs:218:5
[INFO] [stderr]     |
[INFO] [stderr] 217 | pub struct OfConnection {
[INFO] [stderr]     |            ------------ fields in this struct
[INFO] [stderr] 218 |     proto: ConnectionProtocol,
[INFO] [stderr]     |     ^^^^^
[INFO] [stderr] ...
[INFO] [stderr] 222 |     pkcs12: Option<(Vec<u8>, String)>,
[INFO] [stderr]     |     ^^^^^^
[INFO] [stderr]     |
[INFO] [stderr]     = note: `OfConnection` has a derived impl for the trait `Debug`, but this is intentionally ignored during dead code analysis
[INFO] [stderr] 
[INFO] [stderr] warning: variant `Tls` is never constructed
[INFO] [stderr]   --> src/openflow/mod.rs:47:5
[INFO] [stderr]    |
[INFO] [stderr] 45 | enum Stream {
[INFO] [stderr]    |      ------ variant in this enum
[INFO] [stderr] 46 |     Tcp(TcpStream),
[INFO] [stderr] 47 |     Tls(TlsStream<TcpStream>),
[INFO] [stderr]    |     ^^^
[INFO] [stderr]    |
[INFO] [stderr]    = note: `Stream` has a derived impl for the trait `Debug`, but this is intentionally ignored during dead code analysis
[INFO] [stderr] 
[INFO] [stderr] warning: `offwall` (bin "offwall" test) generated 9 warnings (run `cargo fix --bin "offwall" --tests` to apply 5 suggestions)
[INFO] [stderr]     Finished `test` profile [unoptimized + debuginfo] target(s) in 0.05s
[INFO] [stderr]      Running unittests src/main.rs (/opt/rustwide/target/debug/deps/offwall-f33a3cb26336922b)
[INFO] [stdout] 
[INFO] [stdout] running 19 tests
[INFO] [stdout] test bypass_csv::tests::comment ... ok
[INFO] [stdout] test bypass_csv::tests::empty ... ok
[INFO] [stdout] test bypass_csv::tests::empty_value ... ok
[INFO] [stdout] test bypass_csv::tests::invaid_cidr ... ok
[INFO] [stdout] test bypass_csv::tests::invalid_protocol ... ok
[INFO] [stdout] test bypass_csv::tests::parse_complete_line ... ok
[INFO] [stdout] test bypass_csv::tests::port_too_big ... ok
[INFO] [stdout] test bypass_csv::tests::port_too_small ... ok
[INFO] [stdout] test bypass_csv::tests::wrong_value_count ... ok
[INFO] [stdout] test conf::tests::proto_tcp ... ok
[INFO] [stdout] test conf::tests::wrong_proto ... ok
[INFO] [stdout] test openflow::messages::deserialize::tests::header_deserialization ... ok
[INFO] [stdout] test openflow::messages::deserialize::tests::max_lengths ... ok
[INFO] [stdout] test openflow::messages::serialize::tests::action_output_serialization ... ok
[INFO] [stdout] test openflow::messages::serialize::tests::match_serialization ... ok
[INFO] [stdout] test openflow::messages::serialize::tests::oxm_tlv_serialization ... ok
[INFO] [stdout] test openflow::messages::serialize::tests::echo_reply_body_serialization ... ok
[INFO] [stdout] test openflow::messages::serialize::tests::echo_reply_header ... ok
[INFO] [stdout] test openflow::messages::deserialize::tests::min_lengths ... FAILED
[INFO] [stdout] 
[INFO] [stdout] failures:
[INFO] [stdout] 
[INFO] [stdout] ---- openflow::messages::deserialize::tests::min_lengths stdout ----
[INFO] [stdout] thread 'openflow::messages::deserialize::tests::min_lengths' panicked at src/openflow/messages/deserialize.rs:159:9:
[INFO] [stdout] assertion `left == right` failed
[INFO] [stdout]   left: 24
[INFO] [stdout]  right: 32
[INFO] [stdout] stack backtrace:
[INFO] [stdout]    0:     0x5d78d9bb4b4a - std::backtrace_rs::backtrace::libunwind::trace::h207520d6e9873551
[INFO] [stdout]                                at /rustc/df4ca44d3fbc9301ee17f30f4d474e6ae4b05252/library/std/src/../../backtrace/src/backtrace/libunwind.rs:116:5
[INFO] [stdout]    1:     0x5d78d9bb4b4a - std::backtrace_rs::backtrace::trace_unsynchronized::h2ed7433f370e3eca
[INFO] [stdout]                                at /rustc/df4ca44d3fbc9301ee17f30f4d474e6ae4b05252/library/std/src/../../backtrace/src/backtrace/mod.rs:66:5
[INFO] [stdout]    2:     0x5d78d9bb4b4a - std::sys::backtrace::_print_fmt::h916fac51166b18d7
[INFO] [stdout]                                at /rustc/df4ca44d3fbc9301ee17f30f4d474e6ae4b05252/library/std/src/sys/backtrace.rs:66:9
[INFO] [stdout]    3:     0x5d78d9bb4b4a - <std::sys::backtrace::BacktraceLock::print::DisplayBacktrace as core::fmt::Display>::fmt::ha0a4c9b8ce3802e6
[INFO] [stdout]                                at /rustc/df4ca44d3fbc9301ee17f30f4d474e6ae4b05252/library/std/src/sys/backtrace.rs:39:26
[INFO] [stdout]    4:     0x5d78d9bdd3e3 - core::fmt::rt::Argument::fmt::h4cfc8587d52b3eb5
[INFO] [stdout]                                at /rustc/df4ca44d3fbc9301ee17f30f4d474e6ae4b05252/library/core/src/fmt/rt.rs:177:76
[INFO] [stdout]    5:     0x5d78d9bdd3e3 - core::fmt::write::h522cc39e5b36ae9f
[INFO] [stdout]                                at /rustc/df4ca44d3fbc9301ee17f30f4d474e6ae4b05252/library/core/src/fmt/mod.rs:1190:21
[INFO] [stdout]    6:     0x5d78d9bb17b3 - std::io::Write::write_fmt::h7d3c26752da97734
[INFO] [stdout]                                at /rustc/df4ca44d3fbc9301ee17f30f4d474e6ae4b05252/library/std/src/io/mod.rs:1839:15
[INFO] [stdout]    7:     0x5d78d9bb4992 - std::sys::backtrace::BacktraceLock::print::h4b9e00b29e9c0942
[INFO] [stdout]                                at /rustc/df4ca44d3fbc9301ee17f30f4d474e6ae4b05252/library/std/src/sys/backtrace.rs:42:9
[INFO] [stdout]    8:     0x5d78d9bb5fda - std::panicking::default_hook::{{closure}}::hb59b88280d0324d9
[INFO] [stdout]                                at /rustc/df4ca44d3fbc9301ee17f30f4d474e6ae4b05252/library/std/src/panicking.rs:268:22
[INFO] [stdout]    9:     0x5d78d9bb5de4 - std::panicking::default_hook::he1dd496665be4a29
[INFO] [stdout]                                at /rustc/df4ca44d3fbc9301ee17f30f4d474e6ae4b05252/library/std/src/panicking.rs:292:9
[INFO] [stdout]   10:     0x5d78d9b714f9 - <alloc::boxed::Box<F,A> as core::ops::function::Fn<Args>>::call::h4ff71de18744e1dc
[INFO] [stdout]                                at /rustc/df4ca44d3fbc9301ee17f30f4d474e6ae4b05252/library/alloc/src/boxed.rs:2468:9
[INFO] [stdout]   11:     0x5d78d9b714f9 - test::test_main::{{closure}}::hcf7c055ce117aa81
[INFO] [stdout]                                at /rustc/df4ca44d3fbc9301ee17f30f4d474e6ae4b05252/library/test/src/lib.rs:133:21
[INFO] [stdout]   12:     0x5d78d9bb66d8 - <alloc::boxed::Box<F,A> as core::ops::function::Fn<Args>>::call::h1d66c6bbd60c9692
[INFO] [stdout]                                at /rustc/df4ca44d3fbc9301ee17f30f4d474e6ae4b05252/library/alloc/src/boxed.rs:2468:9
[INFO] [stdout]   13:     0x5d78d9bb66d8 - std::panicking::rust_panic_with_hook::h2ff17fe8f26dfcf8
[INFO] [stdout]                                at /rustc/df4ca44d3fbc9301ee17f30f4d474e6ae4b05252/library/std/src/panicking.rs:809:13
[INFO] [stdout]   14:     0x5d78d9bb649a - std::panicking::begin_panic_handler::{{closure}}::h4fad77951c07e101
[INFO] [stdout]                                at /rustc/df4ca44d3fbc9301ee17f30f4d474e6ae4b05252/library/std/src/panicking.rs:674:13
[INFO] [stdout]   15:     0x5d78d9bb5029 - std::sys::backtrace::__rust_end_short_backtrace::hb1a25b3da5d0ea08
[INFO] [stdout]                                at /rustc/df4ca44d3fbc9301ee17f30f4d474e6ae4b05252/library/std/src/sys/backtrace.rs:170:18
[INFO] [stdout]   16:     0x5d78d9bb612c - rust_begin_unwind
[INFO] [stdout]                                at /rustc/df4ca44d3fbc9301ee17f30f4d474e6ae4b05252/library/std/src/panicking.rs:665:5
[INFO] [stdout]   17:     0x5d78d9bdb960 - core::panicking::panic_fmt::ha9db07b529f9b256
[INFO] [stdout]                                at /rustc/df4ca44d3fbc9301ee17f30f4d474e6ae4b05252/library/core/src/panicking.rs:75:14
[INFO] [stdout]   18:     0x5d78d9bdbd64 - core::panicking::assert_failed_inner::h04f38944d74a80a8
[INFO] [stdout]   19:     0x5d78d9b831f2 - core::panicking::assert_failed::h4f655987fc921e76
[INFO] [stdout]                                at /rustc/df4ca44d3fbc9301ee17f30f4d474e6ae4b05252/library/core/src/panicking.rs:377:5
[INFO] [stdout]   20:     0x5d78d9b36507 - offwall::openflow::messages::deserialize::tests::min_lengths::hc5eea4e214947c68
[INFO] [stdout]                                at /opt/rustwide/workdir/src/openflow/messages/deserialize.rs:159:9
[INFO] [stdout]   21:     0x5d78d9b36417 - offwall::openflow::messages::deserialize::tests::min_lengths::{{closure}}::h204d8078e06cae29
[INFO] [stdout]                                at /opt/rustwide/workdir/src/openflow/messages/deserialize.rs:157:21
[INFO] [stdout]   22:     0x5d78d9b2bcc6 - core::ops::function::FnOnce::call_once::h3e384e896b60eea1
[INFO] [stdout]                                at /rustc/df4ca44d3fbc9301ee17f30f4d474e6ae4b05252/library/core/src/ops/function.rs:250:5
[INFO] [stdout]   23:     0x5d78d9b75dcb - core::ops::function::FnOnce::call_once::h22c3ba5715e93f05
[INFO] [stdout]                                at /rustc/df4ca44d3fbc9301ee17f30f4d474e6ae4b05252/library/core/src/ops/function.rs:250:5
[INFO] [stdout]   24:     0x5d78d9b75dcb - test::__rust_begin_short_backtrace::h8e82d8113d0da17f
[INFO] [stdout]                                at /rustc/df4ca44d3fbc9301ee17f30f4d474e6ae4b05252/library/test/src/lib.rs:621:18
[INFO] [stdout]   25:     0x5d78d9b75747 - test::run_test_in_process::{{closure}}::h33235f4f20b7b7c7
[INFO] [stdout]                                at /rustc/df4ca44d3fbc9301ee17f30f4d474e6ae4b05252/library/test/src/lib.rs:644:60
[INFO] [stdout]   26:     0x5d78d9b75747 - <core::panic::unwind_safe::AssertUnwindSafe<F> as core::ops::function::FnOnce<()>>::call_once::hb5043206310c586f
[INFO] [stdout]                                at /rustc/df4ca44d3fbc9301ee17f30f4d474e6ae4b05252/library/core/src/panic/unwind_safe.rs:272:9
[INFO] [stdout]   27:     0x5d78d9b75747 - std::panicking::try::do_call::h9ad4731a60ab23e2
[INFO] [stdout]                                at /rustc/df4ca44d3fbc9301ee17f30f4d474e6ae4b05252/library/std/src/panicking.rs:557:40
[INFO] [stdout]   28:     0x5d78d9b75747 - std::panicking::try::h3824d23db772a716
[INFO] [stdout]                                at /rustc/df4ca44d3fbc9301ee17f30f4d474e6ae4b05252/library/std/src/panicking.rs:520:19
[INFO] [stdout]   29:     0x5d78d9b75747 - std::panic::catch_unwind::h5afd514605fde46b
[INFO] [stdout]                                at /rustc/df4ca44d3fbc9301ee17f30f4d474e6ae4b05252/library/std/src/panic.rs:358:14
[INFO] [stdout]   30:     0x5d78d9b75747 - test::run_test_in_process::h0d5cbfa7067d1720
[INFO] [stdout]                                at /rustc/df4ca44d3fbc9301ee17f30f4d474e6ae4b05252/library/test/src/lib.rs:644:27
[INFO] [stdout]   31:     0x5d78d9b75747 - test::run_test::{{closure}}::h708eb8872708115d
[INFO] [stdout]                                at /rustc/df4ca44d3fbc9301ee17f30f4d474e6ae4b05252/library/test/src/lib.rs:565:43
[INFO] [stdout]   32:     0x5d78d9b38e64 - test::run_test::{{closure}}::h392c51cee94713ab
[INFO] [stdout]                                at /rustc/df4ca44d3fbc9301ee17f30f4d474e6ae4b05252/library/test/src/lib.rs:595:41
[INFO] [stdout]   33:     0x5d78d9b38e64 - std::sys::backtrace::__rust_begin_short_backtrace::h2f40290710935a8b
[INFO] [stdout]                                at /rustc/df4ca44d3fbc9301ee17f30f4d474e6ae4b05252/library/std/src/sys/backtrace.rs:154:18
[INFO] [stdout]   34:     0x5d78d9b3c60e - std::thread::Builder::spawn_unchecked_::{{closure}}::{{closure}}::h3fd968d89053a903
[INFO] [stdout]                                at /rustc/df4ca44d3fbc9301ee17f30f4d474e6ae4b05252/library/std/src/thread/mod.rs:541:17
[INFO] [stdout]   35:     0x5d78d9b3c60e - <core::panic::unwind_safe::AssertUnwindSafe<F> as core::ops::function::FnOnce<()>>::call_once::h743f637ba4229880
[INFO] [stdout]                                at /rustc/df4ca44d3fbc9301ee17f30f4d474e6ae4b05252/library/core/src/panic/unwind_safe.rs:272:9
[INFO] [stdout]   36:     0x5d78d9b3c60e - std::panicking::try::do_call::h07440897322525a6
[INFO] [stdout]                                at /rustc/df4ca44d3fbc9301ee17f30f4d474e6ae4b05252/library/std/src/panicking.rs:557:40
[INFO] [stdout]   37:     0x5d78d9b3c60e - std::panicking::try::he5a2e00188156637
[INFO] [stdout]                                at /rustc/df4ca44d3fbc9301ee17f30f4d474e6ae4b05252/library/std/src/panicking.rs:520:19
[INFO] [stdout]   38:     0x5d78d9b3c60e - std::panic::catch_unwind::hbaf3cae49b3c6433
[INFO] [stdout]                                at /rustc/df4ca44d3fbc9301ee17f30f4d474e6ae4b05252/library/std/src/panic.rs:358:14
[INFO] [stdout]   39:     0x5d78d9b3c60e - std::thread::Builder::spawn_unchecked_::{{closure}}::h8e141ea224820bce
[INFO] [stdout]                                at /rustc/df4ca44d3fbc9301ee17f30f4d474e6ae4b05252/library/std/src/thread/mod.rs:540:30
[INFO] [stdout]   40:     0x5d78d9b3c60e - core::ops::function::FnOnce::call_once{{vtable.shim}}::h90d312fedd7b8ea8
[INFO] [stdout]                                at /rustc/df4ca44d3fbc9301ee17f30f4d474e6ae4b05252/library/core/src/ops/function.rs:250:5
[INFO] [stdout]   41:     0x5d78d9bba4cb - <alloc::boxed::Box<F,A> as core::ops::function::FnOnce<Args>>::call_once::h69aa08ddb6adb8b6
[INFO] [stdout]                                at /rustc/df4ca44d3fbc9301ee17f30f4d474e6ae4b05252/library/alloc/src/boxed.rs:2454:9
[INFO] [stdout]   42:     0x5d78d9bba4cb - <alloc::boxed::Box<F,A> as core::ops::function::FnOnce<Args>>::call_once::h5aa36efdb79c806f
[INFO] [stdout]                                at /rustc/df4ca44d3fbc9301ee17f30f4d474e6ae4b05252/library/alloc/src/boxed.rs:2454:9
[INFO] [stdout]   43:     0x5d78d9bba4cb - std::sys::pal::unix::thread::Thread::new::thread_start::h6cd80a1b4be5158d
[INFO] [stdout]                                at /rustc/df4ca44d3fbc9301ee17f30f4d474e6ae4b05252/library/std/src/sys/pal/unix/thread.rs:105:17
[INFO] [stdout]   44:     0x71bda9ff3ac3 - <unknown>
[INFO] [stdout]   45:     0x71bdaa084a04 - clone
[INFO] [stdout]   46:                0x0 - <unknown>
[INFO] [stdout] 
[INFO] [stdout] 
[INFO] [stdout] failures:
[INFO] [stdout]     openflow::messages::deserialize::tests::min_lengths
[INFO] [stdout] 
[INFO] [stdout] test result: FAILED. 18 passed; 1 failed; 0 ignored; 0 measured; 0 filtered out; finished in 0.03s
[INFO] [stdout] 
[INFO] [stderr] error: test failed, to rerun pass `--bin offwall`
[INFO] running `Command { std: "docker" "inspect" "f306157abae9659f66a3a2db7a6bed03857fde13207d7f7eeb818c10330be292", kill_on_drop: false }`
[INFO] running `Command { std: "docker" "rm" "-f" "f306157abae9659f66a3a2db7a6bed03857fde13207d7f7eeb818c10330be292", kill_on_drop: false }`
[INFO] [stdout] f306157abae9659f66a3a2db7a6bed03857fde13207d7f7eeb818c10330be292
