[INFO] fetching crate nu-protocol 0.99.1...
[INFO] testing nu-protocol-0.99.1 against nightly-2024-10-28 for randomize-layout
[INFO] extracting crate nu-protocol 0.99.1 into /workspace/builds/worker-3-tc1/source
[INFO] validating manifest of crates.io crate nu-protocol 0.99.1 on toolchain nightly-2024-10-28
[INFO] running `Command { std: CARGO_HOME="/workspace/cargo-home" RUSTUP_HOME="/workspace/rustup-home" "/workspace/cargo-home/bin/cargo" "+nightly-2024-10-28" "metadata" "--manifest-path" "Cargo.toml" "--no-deps", kill_on_drop: false }`
[INFO] started tweaking crates.io crate nu-protocol 0.99.1
[INFO] finished tweaking crates.io crate nu-protocol 0.99.1
[INFO] tweaked toml for crates.io crate nu-protocol 0.99.1 written to /workspace/builds/worker-3-tc1/source/Cargo.toml
[INFO] running `Command { std: CARGO_HOME="/workspace/cargo-home" RUSTUP_HOME="/workspace/rustup-home" "/workspace/cargo-home/bin/cargo" "+nightly-2024-10-28" "generate-lockfile" "--manifest-path" "Cargo.toml", kill_on_drop: false }`
[INFO] [stderr]     Updating crates.io index
[INFO] [stderr]      Locking 218 packages to latest compatible versions
[INFO] [stderr]       Adding brotli v5.0.0 (available: v7.0.0)
[INFO] [stderr]       Adding fancy-regex v0.13.0 (available: v0.14.0)
[INFO] [stderr]       Adding rstest v0.18.2 (available: v0.23.0)
[INFO] [stderr]       Adding windows-sys v0.48.0 (available: v0.59.0)
[INFO] running `Command { std: CARGO_HOME="/workspace/cargo-home" RUSTUP_HOME="/workspace/rustup-home" "/workspace/cargo-home/bin/cargo" "+nightly-2024-10-28" "fetch" "--manifest-path" "Cargo.toml", kill_on_drop: false }`
[INFO] [stderr]     Blocking waiting for file lock on package cache
[INFO] [stderr]  Downloading crates ...
[INFO] [stderr]   Downloaded nu-test-support v0.99.1
[INFO] running `Command { std: "docker" "create" "-v" "/var/lib/crater-agent-workspace/builds/worker-3-tc1/target:/opt/rustwide/target:rw,Z" "-v" "/var/lib/crater-agent-workspace/builds/worker-3-tc1/source:/opt/rustwide/workdir:ro,Z" "-v" "/var/lib/crater-agent-workspace/cargo-home:/opt/rustwide/cargo-home:ro,Z" "-v" "/var/lib/crater-agent-workspace/rustup-home:/opt/rustwide/rustup-home:ro,Z" "-e" "SOURCE_DIR=/opt/rustwide/workdir" "-e" "CARGO_TARGET_DIR=/opt/rustwide/target" "-e" "CARGO_HOME=/opt/rustwide/cargo-home" "-e" "RUSTUP_HOME=/opt/rustwide/rustup-home" "-w" "/opt/rustwide/workdir" "-m" "1610612736" "--user" "0:0" "--network" "none" "ghcr.io/rust-lang/crates-build-env/linux@sha256:4a844ea9eb2546a2d2c7022eacef16ef2e8229c7fbb2c7d4d55a9ceca922f72d" "/opt/rustwide/cargo-home/bin/cargo" "+nightly-2024-10-28" "metadata" "--no-deps" "--format-version=1", kill_on_drop: false }`
[INFO] [stdout] 0795c51b9e1246747836bdb95618a31c4e069b15dfe2b98a9bfdacac81d356a4
[INFO] running `Command { std: "docker" "start" "-a" "0795c51b9e1246747836bdb95618a31c4e069b15dfe2b98a9bfdacac81d356a4", kill_on_drop: false }`
[INFO] running `Command { std: "docker" "inspect" "0795c51b9e1246747836bdb95618a31c4e069b15dfe2b98a9bfdacac81d356a4", kill_on_drop: false }`
[INFO] running `Command { std: "docker" "rm" "-f" "0795c51b9e1246747836bdb95618a31c4e069b15dfe2b98a9bfdacac81d356a4", kill_on_drop: false }`
[INFO] [stdout] 0795c51b9e1246747836bdb95618a31c4e069b15dfe2b98a9bfdacac81d356a4
[INFO] running `Command { std: "docker" "create" "-v" "/var/lib/crater-agent-workspace/builds/worker-3-tc1/target:/opt/rustwide/target:rw,Z" "-v" "/var/lib/crater-agent-workspace/builds/worker-3-tc1/source:/opt/rustwide/workdir:ro,Z" "-v" "/var/lib/crater-agent-workspace/cargo-home:/opt/rustwide/cargo-home:ro,Z" "-v" "/var/lib/crater-agent-workspace/rustup-home:/opt/rustwide/rustup-home:ro,Z" "-e" "SOURCE_DIR=/opt/rustwide/workdir" "-e" "CARGO_TARGET_DIR=/opt/rustwide/target" "-e" "CARGO_INCREMENTAL=0" "-e" "RUST_BACKTRACE=full" "-e" "RUSTFLAGS=--cap-lints=forbid" "-e" "RUSTDOCFLAGS=--cap-lints=forbid" "-e" "CARGO_HOME=/opt/rustwide/cargo-home" "-e" "RUSTUP_HOME=/opt/rustwide/rustup-home" "-w" "/opt/rustwide/workdir" "-m" "1610612736" "--user" "0:0" "--network" "none" "ghcr.io/rust-lang/crates-build-env/linux@sha256:4a844ea9eb2546a2d2c7022eacef16ef2e8229c7fbb2c7d4d55a9ceca922f72d" "/opt/rustwide/cargo-home/bin/cargo" "+nightly-2024-10-28" "build" "--frozen" "--message-format=json", kill_on_drop: false }`
[INFO] [stdout] 21bc1ff7a3da458903802199a32b3c9e9eaa26ed08820aeb3efe5b29151e31d0
[INFO] running `Command { std: "docker" "start" "-a" "21bc1ff7a3da458903802199a32b3c9e9eaa26ed08820aeb3efe5b29151e31d0", kill_on_drop: false }`
[INFO] [stderr]    Compiling libc v0.2.161
[INFO] [stderr]    Compiling bitflags v2.6.0
[INFO] [stderr]    Compiling crossbeam-utils v0.8.20
[INFO] [stderr]    Compiling rustix v0.38.38
[INFO] [stderr]    Compiling rayon-core v1.12.1
[INFO] [stderr]    Compiling linux-raw-sys v0.4.14
[INFO] [stderr]    Compiling cfg_aliases v0.2.1
[INFO] [stderr]    Compiling pure-rust-locales v0.8.1
[INFO] [stderr]    Compiling num-traits v0.2.19
[INFO] [stderr]    Compiling proc-macro-error-attr v1.0.4
[INFO] [stderr]    Compiling arrayvec v0.7.6
[INFO] [stderr]    Compiling typeid v1.0.2
[INFO] [stderr]    Compiling proc-macro-error v1.0.4
[INFO] [stderr]    Compiling crc32fast v1.4.2
[INFO] [stderr]    Compiling syn v2.0.86
[INFO] [stderr]    Compiling miniz_oxide v0.8.0
[INFO] [stderr]    Compiling nix v0.29.0
[INFO] [stderr]    Compiling vte_generate_state_changes v0.1.2
[INFO] [stderr]    Compiling equivalent v1.0.1
[INFO] [stderr]    Compiling hex v0.4.3
[INFO] [stderr]    Compiling owo-colors v4.1.0
[INFO] [stderr]    Compiling rust_decimal v1.36.0
[INFO] [stderr]    Compiling utf8parse v0.2.2
[INFO] [stderr]    Compiling option-ext v0.2.0
[INFO] [stderr]    Compiling allocator-api2 v0.2.18
[INFO] [stderr]    Compiling foldhash v0.1.3
[INFO] [stderr]    Compiling procfs v0.16.0
[INFO] [stderr]    Compiling smawk v0.3.2
[INFO] [stderr]    Compiling vte v0.11.1
[INFO] [stderr]    Compiling unicode-width v0.1.14
[INFO] [stderr]    Compiling is_ci v1.2.0
[INFO] [stderr]    Compiling nu-ansi-term v0.50.1
[INFO] [stderr]    Compiling flate2 v1.0.34
[INFO] [stderr]    Compiling log v0.4.22
[INFO] [stderr]    Compiling bit-vec v0.6.3
[INFO] [stderr]    Compiling hashbrown v0.15.0
[INFO] [stderr]    Compiling crossbeam-epoch v0.9.18
[INFO] [stderr]    Compiling unicode-linebreak v0.1.5
[INFO] [stderr]    Compiling regex-automata v0.4.8
[INFO] [stderr]    Compiling bit-set v0.5.3
[INFO] [stderr]    Compiling lscolors v0.17.0
[INFO] [stderr]    Compiling supports-color v3.0.1
[INFO] [stderr]    Compiling textwrap v0.16.1
[INFO] [stderr]    Compiling crossbeam-deque v0.8.5
[INFO] [stderr]    Compiling num-format v0.4.4
[INFO] [stderr]    Compiling itertools v0.13.0
[INFO] [stderr]    Compiling unicase v2.8.0
[INFO] [stderr]    Compiling supports-unicode v3.0.0
[INFO] [stderr]    Compiling strip-ansi-escapes v0.2.0
[INFO] [stderr]    Compiling heck v0.5.0
[INFO] [stderr]    Compiling utf8-width v0.1.7
[INFO] [stderr]    Compiling sys-locale v0.3.1
[INFO] [stderr]    Compiling supports-hyperlinks v3.0.0
[INFO] [stderr]    Compiling inventory v0.3.15
[INFO] [stderr]    Compiling indexmap v2.6.0
[INFO] [stderr]    Compiling lru v0.12.5
[INFO] [stderr]    Compiling byte-unit v5.1.4
[INFO] [stderr]    Compiling bytes v1.8.0
[INFO] [stderr]    Compiling rayon v1.10.0
[INFO] [stderr]    Compiling dirs-sys v0.4.1
[INFO] [stderr]    Compiling os_pipe v1.2.1
[INFO] [stderr]    Compiling dirs v5.0.1
[INFO] [stderr]    Compiling serde_derive v1.0.214
[INFO] [stderr]    Compiling thiserror-impl v1.0.66
[INFO] [stderr]    Compiling typetag-impl v0.2.18
[INFO] [stderr]    Compiling miette-derive v7.2.0
[INFO] [stderr]    Compiling nu-derive-value v0.99.1
[INFO] [stderr]    Compiling fancy-regex v0.13.0
[INFO] [stderr]    Compiling terminal_size v0.3.0
[INFO] [stderr]    Compiling thiserror v1.0.66
[INFO] [stderr]    Compiling sysinfo v0.30.13
[INFO] [stderr]    Compiling pwd v1.4.0
[INFO] [stderr]    Compiling miette v7.2.0
[INFO] [stderr]    Compiling nu-path v0.99.1
[INFO] [stderr]    Compiling serde v1.0.214
[INFO] [stderr]    Compiling chrono v0.4.38
[INFO] [stderr]    Compiling erased-serde v0.4.5
[INFO] [stderr]    Compiling nu-utils v0.99.1
[INFO] [stderr]    Compiling typetag v0.2.18
[INFO] [stderr]    Compiling procfs-core v0.16.0
[INFO] [stderr]    Compiling chrono-humanize v0.2.3
[INFO] [stderr]    Compiling nu-system v0.99.1
[INFO] [stderr]    Compiling nu-protocol v0.99.1 (/opt/rustwide/workdir)
[INFO] [stdout] warning: elided lifetime has a name
[INFO] [stdout]    --> src/engine/engine_state.rs:349:42
[INFO] [stdout]     |
[INFO] [stdout] 346 |     pub fn active_overlay_ids<'a, 'b>(
[INFO] [stdout]     |                                   -- lifetime `'b` declared here
[INFO] [stdout] ...
[INFO] [stdout] 349 |     ) -> impl DoubleEndedIterator<Item = &OverlayId> + 'a
[INFO] [stdout]     |                                          ^ this elided lifetime gets resolved as `'b`
[INFO] [stdout]     |
[INFO] [stdout]     = note: `#[warn(elided_named_lifetimes)]` on by default
[INFO] [stdout] 
[INFO] [stdout] 
[INFO] [stdout] warning: elided lifetime has a name
[INFO] [stdout]    --> src/engine/engine_state.rs:363:42
[INFO] [stdout]     |
[INFO] [stdout] 360 |     pub fn active_overlays<'a, 'b>(
[INFO] [stdout]     |                                -- lifetime `'b` declared here
[INFO] [stdout] ...
[INFO] [stdout] 363 |     ) -> impl DoubleEndedIterator<Item = &OverlayFrame> + 'a
[INFO] [stdout]     |                                          ^ this elided lifetime gets resolved as `'b`
[INFO] [stdout] 
[INFO] [stdout] 
[INFO] [stdout] warning: elided lifetime has a name
[INFO] [stdout]    --> src/engine/engine_state.rs:374:42
[INFO] [stdout]     |
[INFO] [stdout] 371 |     pub fn active_overlay_names<'a, 'b>(
[INFO] [stdout]     |                                     -- lifetime `'b` declared here
[INFO] [stdout] ...
[INFO] [stdout] 374 |     ) -> impl DoubleEndedIterator<Item = &[u8]> + 'a
[INFO] [stdout]     |                                          ^ this elided lifetime gets resolved as `'b`
[INFO] [stdout] 
[INFO] [stdout] 
[INFO] [stdout] warning: elided lifetime has a name
[INFO] [stdout]    --> src/engine/overlay.rs:123:42
[INFO] [stdout]     |
[INFO] [stdout] 120 |     pub fn active_overlays<'a, 'b>(
[INFO] [stdout]     |                                -- lifetime `'b` declared here
[INFO] [stdout] ...
[INFO] [stdout] 123 |     ) -> impl DoubleEndedIterator<Item = &OverlayFrame> + 'a
[INFO] [stdout]     |                                          ^ this elided lifetime gets resolved as `'b`
[INFO] [stdout] 
[INFO] [stdout] 
[INFO] [stdout] warning: elided lifetime has a name
[INFO] [stdout]     --> src/engine/state_working_set.rs:1068:33
[INFO] [stdout]      |
[INFO] [stdout] 1063 |     fn read_span<'b>(
[INFO] [stdout]      |                  -- lifetime `'b` declared here
[INFO] [stdout] ...
[INFO] [stdout] 1068 |     ) -> Result<Box<dyn miette::SpanContents + 'b>, miette::MietteError> {
[INFO] [stdout]      |                                 ^^^^^^^^^^^^ this elided lifetime gets resolved as `'b`
[INFO] [stdout] 
[INFO] [stdout] 
[INFO] [stderr]     Finished `dev` profile [unoptimized + debuginfo] target(s) in 38.63s
[INFO] running `Command { std: "docker" "inspect" "21bc1ff7a3da458903802199a32b3c9e9eaa26ed08820aeb3efe5b29151e31d0", kill_on_drop: false }`
[INFO] running `Command { std: "docker" "rm" "-f" "21bc1ff7a3da458903802199a32b3c9e9eaa26ed08820aeb3efe5b29151e31d0", kill_on_drop: false }`
[INFO] [stdout] 21bc1ff7a3da458903802199a32b3c9e9eaa26ed08820aeb3efe5b29151e31d0
[INFO] running `Command { std: "docker" "create" "-v" "/var/lib/crater-agent-workspace/builds/worker-3-tc1/target:/opt/rustwide/target:rw,Z" "-v" "/var/lib/crater-agent-workspace/builds/worker-3-tc1/source:/opt/rustwide/workdir:ro,Z" "-v" "/var/lib/crater-agent-workspace/cargo-home:/opt/rustwide/cargo-home:ro,Z" "-v" "/var/lib/crater-agent-workspace/rustup-home:/opt/rustwide/rustup-home:ro,Z" "-e" "SOURCE_DIR=/opt/rustwide/workdir" "-e" "CARGO_TARGET_DIR=/opt/rustwide/target" "-e" "CARGO_INCREMENTAL=0" "-e" "RUST_BACKTRACE=full" "-e" "RUSTFLAGS=--cap-lints=forbid" "-e" "RUSTDOCFLAGS=--cap-lints=forbid" "-e" "CARGO_HOME=/opt/rustwide/cargo-home" "-e" "RUSTUP_HOME=/opt/rustwide/rustup-home" "-w" "/opt/rustwide/workdir" "-m" "1610612736" "--user" "0:0" "--network" "none" "ghcr.io/rust-lang/crates-build-env/linux@sha256:4a844ea9eb2546a2d2c7022eacef16ef2e8229c7fbb2c7d4d55a9ceca922f72d" "/opt/rustwide/cargo-home/bin/cargo" "+nightly-2024-10-28" "test" "--frozen" "--no-run" "--message-format=json", kill_on_drop: false }`
[INFO] [stdout] c44e5bd5e4f0eb7b681d01a30a95fdefc1a3a10e31c76d7cf03f247ef04b534b
[INFO] running `Command { std: "docker" "start" "-a" "c44e5bd5e4f0eb7b681d01a30a95fdefc1a3a10e31c76d7cf03f247ef04b534b", kill_on_drop: false }`
[INFO] [stderr]    Compiling semver v1.0.23
[INFO] [stderr]    Compiling either v1.13.0
[INFO] [stderr]    Compiling regex-syntax v0.8.5
[INFO] [stderr]    Compiling chrono v0.4.38
[INFO] [stderr]    Compiling pwd v1.4.0
[INFO] [stderr]    Compiling rustversion v1.0.18
[INFO] [stderr]    Compiling nu-utils v0.99.1
[INFO] [stderr]    Compiling erased-serde v0.4.5
[INFO] [stderr]    Compiling miette-derive v7.2.0
[INFO] [stderr]    Compiling typetag-impl v0.2.18
[INFO] [stderr]    Compiling fastrand v2.1.1
[INFO] [stderr]    Compiling home v0.5.9
[INFO] [stderr]    Compiling relative-path v1.9.3
[INFO] [stderr]    Compiling glob v0.3.1
[INFO] [stderr]    Compiling nu-derive-value v0.99.1
[INFO] [stderr]    Compiling diff v0.1.13
[INFO] [stderr]    Compiling nu-path v0.99.1
[INFO] [stderr]    Compiling yansi v1.0.1
[INFO] [stderr]    Compiling rayon v1.10.0
[INFO] [stderr]    Compiling itertools v0.13.0
[INFO] [stderr]    Compiling which v6.0.3
[INFO] [stderr]    Compiling tempfile v3.13.0
[INFO] [stderr]    Compiling nu-glob v0.99.1
[INFO] [stderr]    Compiling serde_json v1.0.132
[INFO] [stderr]    Compiling rustc_version v0.4.1
[INFO] [stderr]    Compiling pretty_assertions v1.4.1
[INFO] [stderr]    Compiling strum v0.26.3
[INFO] [stderr]    Compiling nu-test-support v0.99.1
[INFO] [stderr]    Compiling typetag v0.2.18
[INFO] [stderr]    Compiling strum_macros v0.26.4
[INFO] [stderr]    Compiling rstest_macros v0.18.2
[INFO] [stderr]    Compiling miette v7.2.0
[INFO] [stderr]    Compiling procfs-core v0.16.0
[INFO] [stderr]    Compiling chrono-humanize v0.2.3
[INFO] [stderr]    Compiling regex-automata v0.4.8
[INFO] [stderr]    Compiling sysinfo v0.30.13
[INFO] [stderr]    Compiling procfs v0.16.0
[INFO] [stderr]    Compiling regex v1.11.1
[INFO] [stderr]    Compiling nu-system v0.99.1
[INFO] [stderr]    Compiling nu-protocol v0.99.1 (/opt/rustwide/workdir)
[INFO] [stdout] warning: elided lifetime has a name
[INFO] [stdout]    --> src/engine/engine_state.rs:349:42
[INFO] [stdout]     |
[INFO] [stdout] 346 |     pub fn active_overlay_ids<'a, 'b>(
[INFO] [stdout]     |                                   -- lifetime `'b` declared here
[INFO] [stdout] ...
[INFO] [stdout] 349 |     ) -> impl DoubleEndedIterator<Item = &OverlayId> + 'a
[INFO] [stdout]     |                                          ^ this elided lifetime gets resolved as `'b`
[INFO] [stdout]     |
[INFO] [stdout]     = note: `#[warn(elided_named_lifetimes)]` on by default
[INFO] [stdout] 
[INFO] [stdout] 
[INFO] [stdout] warning: elided lifetime has a name
[INFO] [stdout]    --> src/engine/engine_state.rs:363:42
[INFO] [stdout]     |
[INFO] [stdout] 360 |     pub fn active_overlays<'a, 'b>(
[INFO] [stdout]     |                                -- lifetime `'b` declared here
[INFO] [stdout] ...
[INFO] [stdout] 363 |     ) -> impl DoubleEndedIterator<Item = &OverlayFrame> + 'a
[INFO] [stdout]     |                                          ^ this elided lifetime gets resolved as `'b`
[INFO] [stdout] 
[INFO] [stdout] 
[INFO] [stdout] warning: elided lifetime has a name
[INFO] [stdout]    --> src/engine/engine_state.rs:374:42
[INFO] [stdout]     |
[INFO] [stdout] 371 |     pub fn active_overlay_names<'a, 'b>(
[INFO] [stdout]     |                                     -- lifetime `'b` declared here
[INFO] [stdout] ...
[INFO] [stdout] 374 |     ) -> impl DoubleEndedIterator<Item = &[u8]> + 'a
[INFO] [stdout]     |                                          ^ this elided lifetime gets resolved as `'b`
[INFO] [stdout] 
[INFO] [stdout] 
[INFO] [stdout] warning: elided lifetime has a name
[INFO] [stdout]    --> src/engine/overlay.rs:123:42
[INFO] [stdout]     |
[INFO] [stdout] 120 |     pub fn active_overlays<'a, 'b>(
[INFO] [stdout]     |                                -- lifetime `'b` declared here
[INFO] [stdout] ...
[INFO] [stdout] 123 |     ) -> impl DoubleEndedIterator<Item = &OverlayFrame> + 'a
[INFO] [stdout]     |                                          ^ this elided lifetime gets resolved as `'b`
[INFO] [stdout] 
[INFO] [stdout] 
[INFO] [stdout] warning: elided lifetime has a name
[INFO] [stdout]     --> src/engine/state_working_set.rs:1068:33
[INFO] [stdout]      |
[INFO] [stdout] 1063 |     fn read_span<'b>(
[INFO] [stdout]      |                  -- lifetime `'b` declared here
[INFO] [stdout] ...
[INFO] [stdout] 1068 |     ) -> Result<Box<dyn miette::SpanContents + 'b>, miette::MietteError> {
[INFO] [stdout]      |                                 ^^^^^^^^^^^^ this elided lifetime gets resolved as `'b`
[INFO] [stdout] 
[INFO] [stdout] 
[INFO] [stderr]    Compiling rstest v0.18.2
[INFO] [stdout] warning: elided lifetime has a name
[INFO] [stdout]    --> src/engine/engine_state.rs:349:42
[INFO] [stdout]     |
[INFO] [stdout] 346 |     pub fn active_overlay_ids<'a, 'b>(
[INFO] [stdout]     |                                   -- lifetime `'b` declared here
[INFO] [stdout] ...
[INFO] [stdout] 349 |     ) -> impl DoubleEndedIterator<Item = &OverlayId> + 'a
[INFO] [stdout]     |                                          ^ this elided lifetime gets resolved as `'b`
[INFO] [stdout]     |
[INFO] [stdout]     = note: `#[warn(elided_named_lifetimes)]` on by default
[INFO] [stdout] 
[INFO] [stdout] 
[INFO] [stdout] warning: elided lifetime has a name
[INFO] [stdout]    --> src/engine/engine_state.rs:363:42
[INFO] [stdout]     |
[INFO] [stdout] 360 |     pub fn active_overlays<'a, 'b>(
[INFO] [stdout]     |                                -- lifetime `'b` declared here
[INFO] [stdout] ...
[INFO] [stdout] 363 |     ) -> impl DoubleEndedIterator<Item = &OverlayFrame> + 'a
[INFO] [stdout]     |                                          ^ this elided lifetime gets resolved as `'b`
[INFO] [stdout] 
[INFO] [stdout] 
[INFO] [stdout] warning: elided lifetime has a name
[INFO] [stdout]    --> src/engine/engine_state.rs:374:42
[INFO] [stdout]     |
[INFO] [stdout] 371 |     pub fn active_overlay_names<'a, 'b>(
[INFO] [stdout]     |                                     -- lifetime `'b` declared here
[INFO] [stdout] ...
[INFO] [stdout] 374 |     ) -> impl DoubleEndedIterator<Item = &[u8]> + 'a
[INFO] [stdout]     |                                          ^ this elided lifetime gets resolved as `'b`
[INFO] [stdout] 
[INFO] [stdout] 
[INFO] [stdout] warning: elided lifetime has a name
[INFO] [stdout]    --> src/engine/overlay.rs:123:42
[INFO] [stdout]     |
[INFO] [stdout] 120 |     pub fn active_overlays<'a, 'b>(
[INFO] [stdout]     |                                -- lifetime `'b` declared here
[INFO] [stdout] ...
[INFO] [stdout] 123 |     ) -> impl DoubleEndedIterator<Item = &OverlayFrame> + 'a
[INFO] [stdout]     |                                          ^ this elided lifetime gets resolved as `'b`
[INFO] [stdout] 
[INFO] [stdout] 
[INFO] [stdout] warning: elided lifetime has a name
[INFO] [stdout]     --> src/engine/state_working_set.rs:1068:33
[INFO] [stdout]      |
[INFO] [stdout] 1063 |     fn read_span<'b>(
[INFO] [stdout]      |                  -- lifetime `'b` declared here
[INFO] [stdout] ...
[INFO] [stdout] 1068 |     ) -> Result<Box<dyn miette::SpanContents + 'b>, miette::MietteError> {
[INFO] [stdout]      |                                 ^^^^^^^^^^^^ this elided lifetime gets resolved as `'b`
[INFO] [stdout] 
[INFO] [stdout] 
[INFO] [stderr]     Finished `test` profile [unoptimized + debuginfo] target(s) in 16.32s
[INFO] running `Command { std: "docker" "inspect" "c44e5bd5e4f0eb7b681d01a30a95fdefc1a3a10e31c76d7cf03f247ef04b534b", kill_on_drop: false }`
[INFO] running `Command { std: "docker" "rm" "-f" "c44e5bd5e4f0eb7b681d01a30a95fdefc1a3a10e31c76d7cf03f247ef04b534b", kill_on_drop: false }`
[INFO] [stdout] c44e5bd5e4f0eb7b681d01a30a95fdefc1a3a10e31c76d7cf03f247ef04b534b
[INFO] running `Command { std: "docker" "create" "-v" "/var/lib/crater-agent-workspace/builds/worker-3-tc1/target:/opt/rustwide/target:rw,Z" "-v" "/var/lib/crater-agent-workspace/builds/worker-3-tc1/source:/opt/rustwide/workdir:ro,Z" "-v" "/var/lib/crater-agent-workspace/cargo-home:/opt/rustwide/cargo-home:ro,Z" "-v" "/var/lib/crater-agent-workspace/rustup-home:/opt/rustwide/rustup-home:ro,Z" "-e" "SOURCE_DIR=/opt/rustwide/workdir" "-e" "CARGO_TARGET_DIR=/opt/rustwide/target" "-e" "CARGO_INCREMENTAL=0" "-e" "RUST_BACKTRACE=full" "-e" "RUSTFLAGS=--cap-lints=forbid" "-e" "RUSTDOCFLAGS=--cap-lints=forbid" "-e" "CARGO_HOME=/opt/rustwide/cargo-home" "-e" "RUSTUP_HOME=/opt/rustwide/rustup-home" "-w" "/opt/rustwide/workdir" "-m" "1610612736" "--user" "0:0" "--network" "none" "ghcr.io/rust-lang/crates-build-env/linux@sha256:4a844ea9eb2546a2d2c7022eacef16ef2e8229c7fbb2c7d4d55a9ceca922f72d" "/opt/rustwide/cargo-home/bin/cargo" "+nightly-2024-10-28" "test" "--frozen", kill_on_drop: false }`
[INFO] [stdout] edf6564454a826df6bc495f38346dea23cb084a3e07ddde6c9decdbec797e0ed
[INFO] running `Command { std: "docker" "start" "-a" "edf6564454a826df6bc495f38346dea23cb084a3e07ddde6c9decdbec797e0ed", kill_on_drop: false }`
[INFO] [stderr] warning: elided lifetime has a name
[INFO] [stderr]    --> src/engine/engine_state.rs:349:42
[INFO] [stderr]     |
[INFO] [stderr] 346 |     pub fn active_overlay_ids<'a, 'b>(
[INFO] [stderr]     |                                   -- lifetime `'b` declared here
[INFO] [stderr] ...
[INFO] [stderr] 349 |     ) -> impl DoubleEndedIterator<Item = &OverlayId> + 'a
[INFO] [stderr]     |                                          ^ this elided lifetime gets resolved as `'b`
[INFO] [stderr]     |
[INFO] [stderr]     = note: `#[warn(elided_named_lifetimes)]` on by default
[INFO] [stderr] 
[INFO] [stderr] warning: elided lifetime has a name
[INFO] [stderr]    --> src/engine/engine_state.rs:363:42
[INFO] [stderr]     |
[INFO] [stderr] 360 |     pub fn active_overlays<'a, 'b>(
[INFO] [stderr]     |                                -- lifetime `'b` declared here
[INFO] [stderr] ...
[INFO] [stderr] 363 |     ) -> impl DoubleEndedIterator<Item = &OverlayFrame> + 'a
[INFO] [stderr]     |                                          ^ this elided lifetime gets resolved as `'b`
[INFO] [stderr] 
[INFO] [stderr] warning: elided lifetime has a name
[INFO] [stderr]    --> src/engine/engine_state.rs:374:42
[INFO] [stderr]     |
[INFO] [stderr] 371 |     pub fn active_overlay_names<'a, 'b>(
[INFO] [stderr]     |                                     -- lifetime `'b` declared here
[INFO] [stderr] ...
[INFO] [stderr] 374 |     ) -> impl DoubleEndedIterator<Item = &[u8]> + 'a
[INFO] [stderr]     |                                          ^ this elided lifetime gets resolved as `'b`
[INFO] [stderr] 
[INFO] [stderr] warning: elided lifetime has a name
[INFO] [stderr]    --> src/engine/overlay.rs:123:42
[INFO] [stderr]     |
[INFO] [stderr] 120 |     pub fn active_overlays<'a, 'b>(
[INFO] [stderr]     |                                -- lifetime `'b` declared here
[INFO] [stderr] ...
[INFO] [stderr] 123 |     ) -> impl DoubleEndedIterator<Item = &OverlayFrame> + 'a
[INFO] [stderr]     |                                          ^ this elided lifetime gets resolved as `'b`
[INFO] [stderr] 
[INFO] [stderr] warning: elided lifetime has a name
[INFO] [stderr]     --> src/engine/state_working_set.rs:1068:33
[INFO] [stderr]      |
[INFO] [stderr] 1063 |     fn read_span<'b>(
[INFO] [stderr]      |                  -- lifetime `'b` declared here
[INFO] [stderr] ...
[INFO] [stderr] 1068 |     ) -> Result<Box<dyn miette::SpanContents + 'b>, miette::MietteError> {
[INFO] [stderr]      |                                 ^^^^^^^^^^^^ this elided lifetime gets resolved as `'b`
[INFO] [stderr] 
[INFO] [stderr] warning: `nu-protocol` (lib) generated 5 warnings
[INFO] [stderr] warning: `nu-protocol` (lib test) generated 5 warnings (5 duplicates)
[INFO] [stderr]     Finished `test` profile [unoptimized + debuginfo] target(s) in 0.13s
[INFO] [stderr]      Running unittests src/lib.rs (/opt/rustwide/target/debug/deps/nu_protocol-8f5f340ecf7282b9)
[INFO] [stdout] 
[INFO] [stdout] running 96 tests
[INFO] [stdout] test ast::call::test::argument_span_named ... ok
[INFO] [stdout] test ast::call::test::argument_span_unknown ... ok
[INFO] [stdout] test ast::call::test::argument_span_positional ... ok
[INFO] [stdout] test ast::cell_path::test::path_member_partial_ord ... ok
[INFO] [stdout] test ast::call::test::call_arguments_span ... ok
[INFO] [stdout] test config::plugin_gc::tests::reconstruct ... ok
[INFO] [stdout] test config::plugin_gc::tests::update ... ok
[INFO] [stdout] test engine::engine_state::engine_state_tests::add_file_gives_id ... ok
[INFO] [stdout] test engine::engine_state::engine_state_tests::add_file_gives_id_including_parent ... ok
[INFO] [stdout] test engine::engine_state::engine_state_tests::get_plugin_config ... ok
[INFO] [stdout] test did_you_mean::tests::did_you_mean_examples ... ok
[INFO] [stdout] test engine::engine_state::engine_state_tests::merge_states ... ok
[INFO] [stdout] test engine::engine_state::engine_state_tests::list_variables ... ok
[INFO] [stdout] test engine::engine_state::test_cwd::pwd_is_empty_string ... ok
[INFO] [stdout] test engine::engine_state::test_cwd::pwd_is_relative_path ... ok
[INFO] [stdout] test engine::engine_state::test_cwd::pwd_not_set ... ok
[INFO] [stdout] test engine::engine_state::test_cwd::pwd_has_trailing_slash ... ok
[INFO] [stdout] test engine::engine_state::test_cwd::pwd_points_to_root ... ok
[INFO] [stdout] test engine::sequence::output_is_sequential ... ok
[INFO] [stdout] test engine::stack::test::test_children_changes_override_parent ... ok
[INFO] [stdout] test engine::engine_state::test_cwd::stack_pwd_is_empty_string ... ok
[INFO] [stdout] test engine::engine_state::test_cwd::pwd_points_to_normal_file ... ok
[INFO] [stdout] test engine::engine_state::test_cwd::pwd_points_to_symlink_to_directory ... ok
[INFO] [stdout] test engine::engine_state::test_cwd::stack_pwd_not_set ... ok
[INFO] [stdout] test engine::engine_state::test_cwd::pwd_is_non_string_value ... ok
[INFO] [stdout] test engine::stack::test::test_children_changes_persist_in_offspring ... ok
[INFO] [stdout] test engine::engine_state::test_cwd::stack_pwd_points_to_normal_directory ... ok
[INFO] [stdout] test engine::engine_state::test_cwd::pwd_points_to_normal_directory ... ok
[INFO] [stdout] test pipeline::byte_stream::tests::chunks_read_binary_passthrough ... ok
[INFO] [stdout] test pipeline::byte_stream::tests::chunks_read_string_utf8_error ... ok
[INFO] [stdout] test pipeline::byte_stream::tests::chunks_read_unknown_fallback ... ok
[INFO] [stdout] test engine::engine_state::test_cwd::pwd_points_to_symlink_to_file ... ok
[INFO] [stdout] test pipeline::byte_stream::tests::chunks_read_string_clean ... ok
[INFO] [stdout] test engine::stack::test::test_children_see_inner_values ... ok
[INFO] [stdout] test engine::engine_state::test_cwd::stack_pwd_points_to_normal_directory_with_symlink_components ... ok
[INFO] [stdout] test engine::stack::test::test_merging_children_back_to_parent ... ok
[INFO] [stdout] test errors::shell_error::shell_error_serialize_roundtrip ... ok
[INFO] [stdout] test engine::engine_state::test_cwd::pwd_points_to_nonexistent_entity ... ok
[INFO] [stdout] test engine::stack::test::test_children_dont_see_deleted_values ... ok
[INFO] [stdout] test pipeline::byte_stream::tests::chunks_read_string_split_boundary ... ok
[INFO] [stdout] test engine::engine_state::test_cwd::pwd_points_to_broken_symlink ... ok
[INFO] [stdout] test pipeline::handlers::tests::test_multiple_handlers ... ok
[INFO] [stdout] test ty::tests::subtype_relation::test_any_is_top_type ... ok
[INFO] [stdout] test ty::tests::subtype_relation::test_number_supertype ... ok
[INFO] [stdout] test ty::tests::subtype_relation::test_reflexivity ... ok
[INFO] [stdout] test value::filesize::tests::test_filesize::case_1 ... ok
[INFO] [stdout] test ty::tests::subtype_relation::test_list_covariance ... ok
[INFO] [stdout] test value::filesize::tests::test_filesize::case_2 ... ok
[INFO] [stdout] test pipeline::handlers::tests::test_guard_drop ... ok
[INFO] [stdout] test value::filesize::tests::test_filesize::case_3 ... ok
[INFO] [stdout] test value::filesize::tests::test_filesize::case_6 ... ok
[INFO] [stdout] test value::from_value::tests::expected_type_default_impl ... ok
[INFO] [stdout] test value::from_value::tests::from_value_vec_u8 ... ok
[INFO] [stdout] test value::test_derive::bytes_roundtrip ... ok
[INFO] [stdout] test value::filesize::tests::test_filesize::case_5 ... ok
[INFO] [stdout] test value::test_derive::enum_from_value ... ok
[INFO] [stdout] test value::test_derive::enum_incorrect_type ... ok
[INFO] [stdout] test value::test_derive::enum_into_value ... ok
[INFO] [stdout] test value::test_derive::enum_rename_all::from_value ... ok
[INFO] [stdout] test value::filesize::tests::test_filesize::case_4 ... ok
[INFO] [stdout] test value::test_derive::bytes_from_value ... ok
[INFO] [stdout] test value::test_derive::bytes_into_value ... ok
[INFO] [stdout] test value::test_derive::enum_rename_all::into_value ... ok
[INFO] [stdout] test value::test_derive::named_fields_struct_incorrect_type ... ok
[INFO] [stdout] test value::test_derive::named_fields_struct_from_value ... ok
[INFO] [stdout] test value::test_derive::enum_roundtrip ... ok
[INFO] [stdout] test value::test_derive::enum_type_name_attr ... ok
[INFO] [stdout] test value::test_derive::named_fields_struct_into_value ... ok
[INFO] [stdout] test value::test_derive::named_fields_struct_missing_value ... ok
[INFO] [stdout] test value::test_derive::enum_unknown_variant ... ok
[INFO] [stdout] test value::test_derive::missing_options ... ok
[INFO] [stdout] test value::test_derive::named_fields_struct_roundtrip ... ok
[INFO] [stdout] test value::test_derive::renamed_field_struct_into_value ... ok
[INFO] [stdout] test value::test_derive::renamed_field_struct_from_value ... ok
[INFO] [stdout] test value::test_derive::named_fields_struct_rename_all::into_value ... ok
[INFO] [stdout] test value::test_derive::renamed_field_struct_roundtrip ... ok
[INFO] [stdout] test value::test_derive::named_fields_struct_rename_all::from_value ... ok
[INFO] [stdout] test value::test_derive::renamed_variant_enum_from_value ... ok
[INFO] [stdout] test value::test_derive::renamed_variant_enum_into_value ... ok
[INFO] [stdout] test value::test_derive::renamed_variant_enum_roundtrip ... ok
[INFO] [stdout] test value::test_derive::struct_type_name_attr ... ok
[INFO] [stdout] test value::test_derive::unit_struct_from_value ... ok
[INFO] [stdout] test value::test_derive::unit_struct_into_value ... ok
[INFO] [stdout] test value::test_derive::unit_struct_roundtrip ... ok
[INFO] [stdout] test value::test_derive::unnamed_fields_struct_from_value ... ok
[INFO] [stdout] test value::test_derive::unnamed_fields_struct_incorrect_type ... ok
[INFO] [stdout] test value::test_derive::unnamed_fields_struct_into_value ... ok
[INFO] [stdout] test value::test_derive::unnamed_fields_struct_missing_value ... ok
[INFO] [stdout] test value::test_derive::unnamed_fields_struct_roundtrip ... ok
[INFO] [stdout] test value::tests::get_type::test_list ... ok
[INFO] [stdout] test value::tests::into_string::test_datetime ... ok
[INFO] [stdout] test value::tests::is_empty::test_list ... ok
[INFO] [stdout] test value::tests::into_string::test_negative_year_datetime ... ok
[INFO] [stdout] test value::tests::is_empty::test_record ... ok
[INFO] [stdout] test value::tests::is_empty::test_string ... ok
[INFO] [stdout] test engine::sequence::output_is_unique_even_under_contention ... ok
[INFO] [stdout] 
[INFO] [stdout] test result: ok. 96 passed; 0 failed; 0 ignored; 0 measured; 0 filtered out; finished in 0.08s
[INFO] [stdout] 
[INFO] [stderr]      Running tests/into_config.rs (/opt/rustwide/target/debug/deps/into_config-d4cba6fd1fa927a6)
[INFO] [stdout] 
[INFO] [stdout] running 10 tests
[INFO] [stdout] test config_unsupported_key_reverted ... ignored, Figure out how to make test_bins::nu_repl() continue execution after shell errors
[INFO] [stdout] test config_unsupported_type_reverted ... ignored, Figure out how to make test_bins::nu_repl() continue execution after shell errors
[INFO] [stdout] test config_unsupported_value_reverted ... ignored, Figure out how to make test_bins::nu_repl() continue execution after errors
[INFO] [stdout] test config_add_unsupported_key ... FAILED
[INFO] [stdout] test config_affected_when_mutated ... FAILED
[INFO] [stdout] test config_affected_when_deep_mutated ... FAILED
[INFO] [stdout] test config_add_unsupported_type ... FAILED
[INFO] [stdout] test config_add_unsupported_value ... FAILED
[INFO] [stdout] test config_is_mutable ... FAILED
[INFO] [stdout] test config_preserved_after_do ... FAILED
[INFO] [stdout] 
[INFO] [stdout] failures:
[INFO] [stdout] 
[INFO] [stdout] ---- config_add_unsupported_key stdout ----
[INFO] [stdout] thread 'config_add_unsupported_key' panicked at /opt/rustwide/cargo-home/registry/src/index.crates.io-6f17d22bba15001f/nu-test-support-0.99.1/src/macros.rs:307:21:
[INFO] [stdout] Can't run test "/opt/rustwide/target/debug/nu" No such file or directory (os error 2)
[INFO] [stdout] stack backtrace:
[INFO] [stdout]    0:     0x5cbcd11e1a4a - std::backtrace_rs::backtrace::libunwind::trace::h207520d6e9873551
[INFO] [stdout]                                at /rustc/df4ca44d3fbc9301ee17f30f4d474e6ae4b05252/library/std/src/../../backtrace/src/backtrace/libunwind.rs:116:5
[INFO] [stdout]    1:     0x5cbcd11e1a4a - std::backtrace_rs::backtrace::trace_unsynchronized::h2ed7433f370e3eca
[INFO] [stdout]                                at /rustc/df4ca44d3fbc9301ee17f30f4d474e6ae4b05252/library/std/src/../../backtrace/src/backtrace/mod.rs:66:5
[INFO] [stdout]    2:     0x5cbcd11e1a4a - std::sys::backtrace::_print_fmt::h916fac51166b18d7
[INFO] [stdout]                                at /rustc/df4ca44d3fbc9301ee17f30f4d474e6ae4b05252/library/std/src/sys/backtrace.rs:66:9
[INFO] [stdout]    3:     0x5cbcd11e1a4a - <std::sys::backtrace::BacktraceLock::print::DisplayBacktrace as core::fmt::Display>::fmt::ha0a4c9b8ce3802e6
[INFO] [stdout]                                at /rustc/df4ca44d3fbc9301ee17f30f4d474e6ae4b05252/library/std/src/sys/backtrace.rs:39:26
[INFO] [stdout]    4:     0x5cbcd12087d3 - core::fmt::rt::Argument::fmt::h4cfc8587d52b3eb5
[INFO] [stdout]                                at /rustc/df4ca44d3fbc9301ee17f30f4d474e6ae4b05252/library/core/src/fmt/rt.rs:177:76
[INFO] [stdout]    5:     0x5cbcd12087d3 - core::fmt::write::h522cc39e5b36ae9f
[INFO] [stdout]                                at /rustc/df4ca44d3fbc9301ee17f30f4d474e6ae4b05252/library/core/src/fmt/mod.rs:1190:21
[INFO] [stdout]    6:     0x5cbcd11de133 - std::io::Write::write_fmt::h7d3c26752da97734
[INFO] [stdout]                                at /rustc/df4ca44d3fbc9301ee17f30f4d474e6ae4b05252/library/std/src/io/mod.rs:1839:15
[INFO] [stdout]    7:     0x5cbcd11e1892 - std::sys::backtrace::BacktraceLock::print::h4b9e00b29e9c0942
[INFO] [stdout]                                at /rustc/df4ca44d3fbc9301ee17f30f4d474e6ae4b05252/library/std/src/sys/backtrace.rs:42:9
[INFO] [stdout]    8:     0x5cbcd11e34da - std::panicking::default_hook::{{closure}}::hb59b88280d0324d9
[INFO] [stdout]                                at /rustc/df4ca44d3fbc9301ee17f30f4d474e6ae4b05252/library/std/src/panicking.rs:268:22
[INFO] [stdout]    9:     0x5cbcd11e32e4 - std::panicking::default_hook::he1dd496665be4a29
[INFO] [stdout]                                at /rustc/df4ca44d3fbc9301ee17f30f4d474e6ae4b05252/library/std/src/panicking.rs:292:9
[INFO] [stdout]   10:     0x5cbcd118c709 - <alloc::boxed::Box<F,A> as core::ops::function::Fn<Args>>::call::h4ff71de18744e1dc
[INFO] [stdout]                                at /rustc/df4ca44d3fbc9301ee17f30f4d474e6ae4b05252/library/alloc/src/boxed.rs:2468:9
[INFO] [stdout]   11:     0x5cbcd118c709 - test::test_main::{{closure}}::hcf7c055ce117aa81
[INFO] [stdout]                                at /rustc/df4ca44d3fbc9301ee17f30f4d474e6ae4b05252/library/test/src/lib.rs:133:21
[INFO] [stdout]   12:     0x5cbcd11e3bd8 - <alloc::boxed::Box<F,A> as core::ops::function::Fn<Args>>::call::h1d66c6bbd60c9692
[INFO] [stdout]                                at /rustc/df4ca44d3fbc9301ee17f30f4d474e6ae4b05252/library/alloc/src/boxed.rs:2468:9
[INFO] [stdout]   13:     0x5cbcd11e3bd8 - std::panicking::rust_panic_with_hook::h2ff17fe8f26dfcf8
[INFO] [stdout]                                at /rustc/df4ca44d3fbc9301ee17f30f4d474e6ae4b05252/library/std/src/panicking.rs:809:13
[INFO] [stdout]   14:     0x5cbcd11e399a - std::panicking::begin_panic_handler::{{closure}}::h4fad77951c07e101
[INFO] [stdout]                                at /rustc/df4ca44d3fbc9301ee17f30f4d474e6ae4b05252/library/std/src/panicking.rs:674:13
[INFO] [stdout]   15:     0x5cbcd11e1f29 - std::sys::backtrace::__rust_end_short_backtrace::hb1a25b3da5d0ea08
[INFO] [stdout]                                at /rustc/df4ca44d3fbc9301ee17f30f4d474e6ae4b05252/library/std/src/sys/backtrace.rs:170:18
[INFO] [stdout]   16:     0x5cbcd11e362c - rust_begin_unwind
[INFO] [stdout]                                at /rustc/df4ca44d3fbc9301ee17f30f4d474e6ae4b05252/library/std/src/panicking.rs:665:5
[INFO] [stdout]   17:     0x5cbcd1207270 - core::panicking::panic_fmt::ha9db07b529f9b256
[INFO] [stdout]                                at /rustc/df4ca44d3fbc9301ee17f30f4d474e6ae4b05252/library/core/src/panicking.rs:75:14
[INFO] [stdout]   18:     0x5cbcd114db8a - nu_test_support::macros::nu_run_test::hf9015a165602ae46
[INFO] [stdout]                                at /opt/rustwide/cargo-home/registry/src/index.crates.io-6f17d22bba15001f/nu-test-support-0.99.1/src/macros.rs:307:21
[INFO] [stdout]   19:     0x5cbcd11518b1 - into_config::config_add_unsupported_key::ha9846c57085d1aba
[INFO] [stdout]                                at /opt/rustwide/workdir/tests/into_config.rs:48:18
[INFO] [stdout]   20:     0x5cbcd11516d7 - into_config::config_add_unsupported_key::{{closure}}::hac12560495b686c8
[INFO] [stdout]                                at /opt/rustwide/workdir/tests/into_config.rs:47:32
[INFO] [stdout]   21:     0x5cbcd114ee06 - core::ops::function::FnOnce::call_once::hb0addea1f375a061
[INFO] [stdout]                                at /rustc/df4ca44d3fbc9301ee17f30f4d474e6ae4b05252/library/core/src/ops/function.rs:250:5
[INFO] [stdout]   22:     0x5cbcd1190fdb - core::ops::function::FnOnce::call_once::h22c3ba5715e93f05
[INFO] [stdout]                                at /rustc/df4ca44d3fbc9301ee17f30f4d474e6ae4b05252/library/core/src/ops/function.rs:250:5
[INFO] [stdout]   23:     0x5cbcd1190fdb - test::__rust_begin_short_backtrace::h8e82d8113d0da17f
[INFO] [stdout]                                at /rustc/df4ca44d3fbc9301ee17f30f4d474e6ae4b05252/library/test/src/lib.rs:621:18
[INFO] [stdout]   24:     0x5cbcd1190957 - test::run_test_in_process::{{closure}}::h33235f4f20b7b7c7
[INFO] [stdout]                                at /rustc/df4ca44d3fbc9301ee17f30f4d474e6ae4b05252/library/test/src/lib.rs:644:60
[INFO] [stdout]   25:     0x5cbcd1190957 - <core::panic::unwind_safe::AssertUnwindSafe<F> as core::ops::function::FnOnce<()>>::call_once::hb5043206310c586f
[INFO] [stdout]                                at /rustc/df4ca44d3fbc9301ee17f30f4d474e6ae4b05252/library/core/src/panic/unwind_safe.rs:272:9
[INFO] [stdout]   26:     0x5cbcd1190957 - std::panicking::try::do_call::h9ad4731a60ab23e2
[INFO] [stdout]                                at /rustc/df4ca44d3fbc9301ee17f30f4d474e6ae4b05252/library/std/src/panicking.rs:557:40
[INFO] [stdout]   27:     0x5cbcd1190957 - std::panicking::try::h3824d23db772a716
[INFO] [stdout]                                at /rustc/df4ca44d3fbc9301ee17f30f4d474e6ae4b05252/library/std/src/panicking.rs:520:19
[INFO] [stdout]   28:     0x5cbcd1190957 - std::panic::catch_unwind::h5afd514605fde46b
[INFO] [stdout]                                at /rustc/df4ca44d3fbc9301ee17f30f4d474e6ae4b05252/library/std/src/panic.rs:358:14
[INFO] [stdout]   29:     0x5cbcd1190957 - test::run_test_in_process::h0d5cbfa7067d1720
[INFO] [stdout]                                at /rustc/df4ca44d3fbc9301ee17f30f4d474e6ae4b05252/library/test/src/lib.rs:644:27
[INFO] [stdout]   30:     0x5cbcd1190957 - test::run_test::{{closure}}::h708eb8872708115d
[INFO] [stdout]                                at /rustc/df4ca44d3fbc9301ee17f30f4d474e6ae4b05252/library/test/src/lib.rs:565:43
[INFO] [stdout]   31:     0x5cbcd1154074 - test::run_test::{{closure}}::h392c51cee94713ab
[INFO] [stdout]                                at /rustc/df4ca44d3fbc9301ee17f30f4d474e6ae4b05252/library/test/src/lib.rs:595:41
[INFO] [stdout]   32:     0x5cbcd1154074 - std::sys::backtrace::__rust_begin_short_backtrace::h2f40290710935a8b
[INFO] [stdout]                                at /rustc/df4ca44d3fbc9301ee17f30f4d474e6ae4b05252/library/std/src/sys/backtrace.rs:154:18
[INFO] [stdout]   33:     0x5cbcd115781e - std::thread::Builder::spawn_unchecked_::{{closure}}::{{closure}}::h3fd968d89053a903
[INFO] [stdout]                                at /rustc/df4ca44d3fbc9301ee17f30f4d474e6ae4b05252/library/std/src/thread/mod.rs:541:17
[INFO] [stdout]   34:     0x5cbcd115781e - <core::panic::unwind_safe::AssertUnwindSafe<F> as core::ops::function::FnOnce<()>>::call_once::h743f637ba4229880
[INFO] [stdout]                                at /rustc/df4ca44d3fbc9301ee17f30f4d474e6ae4b05252/library/core/src/panic/unwind_safe.rs:272:9
[INFO] [stdout]   35:     0x5cbcd115781e - std::panicking::try::do_call::h07440897322525a6
[INFO] [stdout]                                at /rustc/df4ca44d3fbc9301ee17f30f4d474e6ae4b05252/library/std/src/panicking.rs:557:40
[INFO] [stdout]   36:     0x5cbcd115781e - std::panicking::try::he5a2e00188156637
[INFO] [stdout]                                at /rustc/df4ca44d3fbc9301ee17f30f4d474e6ae4b05252/library/std/src/panicking.rs:520:19
[INFO] [stdout]   37:     0x5cbcd115781e - std::panic::catch_unwind::hbaf3cae49b3c6433
[INFO] [stdout]                                at /rustc/df4ca44d3fbc9301ee17f30f4d474e6ae4b05252/library/std/src/panic.rs:358:14
[INFO] [stdout]   38:     0x5cbcd115781e - std::thread::Builder::spawn_unchecked_::{{closure}}::h8e141ea224820bce
[INFO] [stdout]                                at /rustc/df4ca44d3fbc9301ee17f30f4d474e6ae4b05252/library/std/src/thread/mod.rs:540:30
[INFO] [stdout]   39:     0x5cbcd115781e - core::ops::function::FnOnce::call_once{{vtable.shim}}::h90d312fedd7b8ea8
[INFO] [stdout]                                at /rustc/df4ca44d3fbc9301ee17f30f4d474e6ae4b05252/library/core/src/ops/function.rs:250:5
[INFO] [stdout]   40:     0x5cbcd11e7bcb - <alloc::boxed::Box<F,A> as core::ops::function::FnOnce<Args>>::call_once::h69aa08ddb6adb8b6
[INFO] [stdout]                                at /rustc/df4ca44d3fbc9301ee17f30f4d474e6ae4b05252/library/alloc/src/boxed.rs:2454:9
[INFO] [stdout]   41:     0x5cbcd11e7bcb - <alloc::boxed::Box<F,A> as core::ops::function::FnOnce<Args>>::call_once::h5aa36efdb79c806f
[INFO] [stdout]                                at /rustc/df4ca44d3fbc9301ee17f30f4d474e6ae4b05252/library/alloc/src/boxed.rs:2454:9
[INFO] [stdout]   42:     0x5cbcd11e7bcb - std::sys::pal::unix::thread::Thread::new::thread_start::h6cd80a1b4be5158d
[INFO] [stdout]                                at /rustc/df4ca44d3fbc9301ee17f30f4d474e6ae4b05252/library/std/src/sys/pal/unix/thread.rs:105:17
[INFO] [stdout]   43:     0x74c1f7f45ac3 - <unknown>
[INFO] [stdout]   44:     0x74c1f7fd6a04 - clone
[INFO] [stdout]   45:                0x0 - <unknown>
[INFO] [stdout] 
[INFO] [stdout] ---- config_affected_when_mutated stdout ----
[INFO] [stdout] thread 'config_affected_when_mutated' panicked at /opt/rustwide/cargo-home/registry/src/index.crates.io-6f17d22bba15001f/nu-test-support-0.99.1/src/macros.rs:307:21:
[INFO] [stdout] Can't run test "/opt/rustwide/target/debug/nu" No such file or directory (os error 2)
[INFO] [stdout] stack backtrace:
[INFO] [stdout]    0:     0x5cbcd11e1a4a - std::backtrace_rs::backtrace::libunwind::trace::h207520d6e9873551
[INFO] [stdout]                                at /rustc/df4ca44d3fbc9301ee17f30f4d474e6ae4b05252/library/std/src/../../backtrace/src/backtrace/libunwind.rs:116:5
[INFO] [stdout]    1:     0x5cbcd11e1a4a - std::backtrace_rs::backtrace::trace_unsynchronized::h2ed7433f370e3eca
[INFO] [stdout]                                at /rustc/df4ca44d3fbc9301ee17f30f4d474e6ae4b05252/library/std/src/../../backtrace/src/backtrace/mod.rs:66:5
[INFO] [stdout]    2:     0x5cbcd11e1a4a - std::sys::backtrace::_print_fmt::h916fac51166b18d7
[INFO] [stdout]                                at /rustc/df4ca44d3fbc9301ee17f30f4d474e6ae4b05252/library/std/src/sys/backtrace.rs:66:9
[INFO] [stdout]    3:     0x5cbcd11e1a4a - <std::sys::backtrace::BacktraceLock::print::DisplayBacktrace as core::fmt::Display>::fmt::ha0a4c9b8ce3802e6
[INFO] [stdout]                                at /rustc/df4ca44d3fbc9301ee17f30f4d474e6ae4b05252/library/std/src/sys/backtrace.rs:39:26
[INFO] [stdout]    4:     0x5cbcd12087d3 - core::fmt::rt::Argument::fmt::h4cfc8587d52b3eb5
[INFO] [stdout]                                at /rustc/df4ca44d3fbc9301ee17f30f4d474e6ae4b05252/library/core/src/fmt/rt.rs:177:76
[INFO] [stdout]    5:     0x5cbcd12087d3 - core::fmt::write::h522cc39e5b36ae9f
[INFO] [stdout]                                at /rustc/df4ca44d3fbc9301ee17f30f4d474e6ae4b05252/library/core/src/fmt/mod.rs:1190:21
[INFO] [stdout]    6:     0x5cbcd11de133 - std::io::Write::write_fmt::h7d3c26752da97734
[INFO] [stdout]                                at /rustc/df4ca44d3fbc9301ee17f30f4d474e6ae4b05252/library/std/src/io/mod.rs:1839:15
[INFO] [stdout]    7:     0x5cbcd11e1892 - std::sys::backtrace::BacktraceLock::print::h4b9e00b29e9c0942
[INFO] [stdout]                                at /rustc/df4ca44d3fbc9301ee17f30f4d474e6ae4b05252/library/std/src/sys/backtrace.rs:42:9
[INFO] [stdout]    8:     0x5cbcd11e34da - std::panicking::default_hook::{{closure}}::hb59b88280d0324d9
[INFO] [stdout]                                at /rustc/df4ca44d3fbc9301ee17f30f4d474e6ae4b05252/library/std/src/panicking.rs:268:22
[INFO] [stdout]    9:     0x5cbcd11e32e4 - std::panicking::default_hook::he1dd496665be4a29
[INFO] [stdout]                                at /rustc/df4ca44d3fbc9301ee17f30f4d474e6ae4b05252/library/std/src/panicking.rs:292:9
[INFO] [stdout]   10:     0x5cbcd118c709 - <alloc::boxed::Box<F,A> as core::ops::function::Fn<Args>>::call::h4ff71de18744e1dc
[INFO] [stdout]                                at /rustc/df4ca44d3fbc9301ee17f30f4d474e6ae4b05252/library/alloc/src/boxed.rs:2468:9
[INFO] [stdout]   11:     0x5cbcd118c709 - test::test_main::{{closure}}::hcf7c055ce117aa81
[INFO] [stdout]                                at /rustc/df4ca44d3fbc9301ee17f30f4d474e6ae4b05252/library/test/src/lib.rs:133:21
[INFO] [stdout]   12:     0x5cbcd11e3bd8 - <alloc::boxed::Box<F,A> as core::ops::function::Fn<Args>>::call::h1d66c6bbd60c9692
[INFO] [stdout]                                at /rustc/df4ca44d3fbc9301ee17f30f4d474e6ae4b05252/library/alloc/src/boxed.rs:2468:9
[INFO] [stdout]   13:     0x5cbcd11e3bd8 - std::panicking::rust_panic_with_hook::h2ff17fe8f26dfcf8
[INFO] [stdout]                                at /rustc/df4ca44d3fbc9301ee17f30f4d474e6ae4b05252/library/std/src/panicking.rs:809:13
[INFO] [stdout]   14:     0x5cbcd11e399a - std::panicking::begin_panic_handler::{{closure}}::h4fad77951c07e101
[INFO] [stdout]                                at /rustc/df4ca44d3fbc9301ee17f30f4d474e6ae4b05252/library/std/src/panicking.rs:674:13
[INFO] [stdout]   15:     0x5cbcd11e1f29 - std::sys::backtrace::__rust_end_short_backtrace::hb1a25b3da5d0ea08
[INFO] [stdout]                                at /rustc/df4ca44d3fbc9301ee17f30f4d474e6ae4b05252/library/std/src/sys/backtrace.rs:170:18
[INFO] [stdout]   16:     0x5cbcd11e362c - rust_begin_unwind
[INFO] [stdout]                                at /rustc/df4ca44d3fbc9301ee17f30f4d474e6ae4b05252/library/std/src/panicking.rs:665:5
[INFO] [stdout]   17:     0x5cbcd1207270 - core::panicking::panic_fmt::ha9db07b529f9b256
[INFO] [stdout]                                at /rustc/df4ca44d3fbc9301ee17f30f4d474e6ae4b05252/library/core/src/panicking.rs:75:14
[INFO] [stdout]   18:     0x5cbcd114db8a - nu_test_support::macros::nu_run_test::hf9015a165602ae46
[INFO] [stdout]                                at /opt/rustwide/cargo-home/registry/src/index.crates.io-6f17d22bba15001f/nu-test-support-0.99.1/src/macros.rs:307:21
[INFO] [stdout]   19:     0x5cbcd1151321 - into_config::config_affected_when_mutated::h8362f34f25c2d07a
[INFO] [stdout]                                at /opt/rustwide/workdir/tests/into_config.rs:27:18
[INFO] [stdout]   20:     0x5cbcd11511c7 - into_config::config_affected_when_mutated::{{closure}}::had5c21483df9173d
[INFO] [stdout]                                at /opt/rustwide/workdir/tests/into_config.rs:26:34
[INFO] [stdout]   21:     0x5cbcd114edc6 - core::ops::function::FnOnce::call_once::ha8342b39829c9f37
[INFO] [stdout]                                at /rustc/df4ca44d3fbc9301ee17f30f4d474e6ae4b05252/library/core/src/ops/function.rs:250:5
[INFO] [stdout]   22:     0x5cbcd1190fdb - core::ops::function::FnOnce::call_once::h22c3ba5715e93f05
[INFO] [stdout]                                at /rustc/df4ca44d3fbc9301ee17f30f4d474e6ae4b05252/library/core/src/ops/function.rs:250:5
[INFO] [stdout]   23:     0x5cbcd1190fdb - test::__rust_begin_short_backtrace::h8e82d8113d0da17f
[INFO] [stdout]                                at /rustc/df4ca44d3fbc9301ee17f30f4d474e6ae4b05252/library/test/src/lib.rs:621:18
[INFO] [stdout]   24:     0x5cbcd1190957 - test::run_test_in_process::{{closure}}::h33235f4f20b7b7c7
[INFO] [stdout]                                at /rustc/df4ca44d3fbc9301ee17f30f4d474e6ae4b05252/library/test/src/lib.rs:644:60
[INFO] [stdout]   25:     0x5cbcd1190957 - <core::panic::unwind_safe::AssertUnwindSafe<F> as core::ops::function::FnOnce<()>>::call_once::hb5043206310c586f
[INFO] [stdout]                                at /rustc/df4ca44d3fbc9301ee17f30f4d474e6ae4b05252/library/core/src/panic/unwind_safe.rs:272:9
[INFO] [stdout]   26:     0x5cbcd1190957 - std::panicking::try::do_call::h9ad4731a60ab23e2
[INFO] [stdout]                                at /rustc/df4ca44d3fbc9301ee17f30f4d474e6ae4b05252/library/std/src/panicking.rs:557:40
[INFO] [stdout]   27:     0x5cbcd1190957 - std::panicking::try::h3824d23db772a716
[INFO] [stdout]                                at /rustc/df4ca44d3fbc9301ee17f30f4d474e6ae4b05252/library/std/src/panicking.rs:520:19
[INFO] [stdout]   28:     0x5cbcd1190957 - std::panic::catch_unwind::h5afd514605fde46b
[INFO] [stdout]                                at /rustc/df4ca44d3fbc9301ee17f30f4d474e6ae4b05252/library/std/src/panic.rs:358:14
[INFO] [stdout]   29:     0x5cbcd1190957 - test::run_test_in_process::h0d5cbfa7067d1720
[INFO] [stdout]                                at /rustc/df4ca44d3fbc9301ee17f30f4d474e6ae4b05252/library/test/src/lib.rs:644:27
[INFO] [stdout]   30:     0x5cbcd1190957 - test::run_test::{{closure}}::h708eb8872708115d
[INFO] [stdout]                                at /rustc/df4ca44d3fbc9301ee17f30f4d474e6ae4b05252/library/test/src/lib.rs:565:43
[INFO] [stdout]   31:     0x5cbcd1154074 - test::run_test::{{closure}}::h392c51cee94713ab
[INFO] [stdout]                                at /rustc/df4ca44d3fbc9301ee17f30f4d474e6ae4b05252/library/test/src/lib.rs:595:41
[INFO] [stdout]   32:     0x5cbcd1154074 - std::sys::backtrace::__rust_begin_short_backtrace::h2f40290710935a8b
[INFO] [stdout]                                at /rustc/df4ca44d3fbc9301ee17f30f4d474e6ae4b05252/library/std/src/sys/backtrace.rs:154:18
[INFO] [stdout]   33:     0x5cbcd115781e - std::thread::Builder::spawn_unchecked_::{{closure}}::{{closure}}::h3fd968d89053a903
[INFO] [stdout]                                at /rustc/df4ca44d3fbc9301ee17f30f4d474e6ae4b05252/library/std/src/thread/mod.rs:541:17
[INFO] [stdout]   34:     0x5cbcd115781e - <core::panic::unwind_safe::AssertUnwindSafe<F> as core::ops::function::FnOnce<()>>::call_once::h743f637ba4229880
[INFO] [stdout]                                at /rustc/df4ca44d3fbc9301ee17f30f4d474e6ae4b05252/library/core/src/panic/unwind_safe.rs:272:9
[INFO] [stdout]   35:     0x5cbcd115781e - std::panicking::try::do_call::h07440897322525a6
[INFO] [stdout]                                at /rustc/df4ca44d3fbc9301ee17f30f4d474e6ae4b05252/library/std/src/panicking.rs:557:40
[INFO] [stdout]   36:     0x5cbcd115781e - std::panicking::try::he5a2e00188156637
[INFO] [stdout]                                at /rustc/df4ca44d3fbc9301ee17f30f4d474e6ae4b05252/library/std/src/panicking.rs:520:19
[INFO] [stdout]   37:     0x5cbcd115781e - std::panic::catch_unwind::hbaf3cae49b3c6433
[INFO] [stdout]                                at /rustc/df4ca44d3fbc9301ee17f30f4d474e6ae4b05252/library/std/src/panic.rs:358:14
[INFO] [stdout]   38:     0x5cbcd115781e - std::thread::Builder::spawn_unchecked_::{{closure}}::h8e141ea224820bce
[INFO] [stdout]                                at /rustc/df4ca44d3fbc9301ee17f30f4d474e6ae4b05252/library/std/src/thread/mod.rs:540:30
[INFO] [stdout]   39:     0x5cbcd115781e - core::ops::function::FnOnce::call_once{{vtable.shim}}::h90d312fedd7b8ea8
[INFO] [stdout]                                at /rustc/df4ca44d3fbc9301ee17f30f4d474e6ae4b05252/library/core/src/ops/function.rs:250:5
[INFO] [stdout]   40:     0x5cbcd11e7bcb - <alloc::boxed::Box<F,A> as core::ops::function::FnOnce<Args>>::call_once::h69aa08ddb6adb8b6
[INFO] [stdout]                                at /rustc/df4ca44d3fbc9301ee17f30f4d474e6ae4b05252/library/alloc/src/boxed.rs:2454:9
[INFO] [stdout]   41:     0x5cbcd11e7bcb - <alloc::boxed::Box<F,A> as core::ops::function::FnOnce<Args>>::call_once::h5aa36efdb79c806f
[INFO] [stdout]                                at /rustc/df4ca44d3fbc9301ee17f30f4d474e6ae4b05252/library/alloc/src/boxed.rs:2454:9
[INFO] [stdout]   42:     0x5cbcd11e7bcb - std::sys::pal::unix::thread::Thread::new::thread_start::h6cd80a1b4be5158d
[INFO] [stdout]                                at /rustc/df4ca44d3fbc9301ee17f30f4d474e6ae4b05252/library/std/src/sys/pal/unix/thread.rs:105:17
[INFO] [stdout]   43:     0x74c1f7f45ac3 - <unknown>
[INFO] [stdout]   44:     0x74c1f7fd6a04 - clone
[INFO] [stdout]   45:                0x0 - <unknown>
[INFO] [stdout] 
[INFO] [stdout] ---- config_affected_when_deep_mutated stdout ----
[INFO] [stdout] thread 'config_affected_when_deep_mutated' panicked at /opt/rustwide/cargo-home/registry/src/index.crates.io-6f17d22bba15001f/nu-test-support-0.99.1/src/macros.rs:307:21:
[INFO] [stdout] Can't run test "/opt/rustwide/target/debug/nu" No such file or directory (os error 2)
[INFO] [stdout] stack backtrace:
[INFO] [stdout]    0:     0x5cbcd11e1a4a - std::backtrace_rs::backtrace::libunwind::trace::h207520d6e9873551
[INFO] [stdout]                                at /rustc/df4ca44d3fbc9301ee17f30f4d474e6ae4b05252/library/std/src/../../backtrace/src/backtrace/libunwind.rs:116:5
[INFO] [stdout]    1:     0x5cbcd11e1a4a - std::backtrace_rs::backtrace::trace_unsynchronized::h2ed7433f370e3eca
[INFO] [stdout]                                at /rustc/df4ca44d3fbc9301ee17f30f4d474e6ae4b05252/library/std/src/../../backtrace/src/backtrace/mod.rs:66:5
[INFO] [stdout]    2:     0x5cbcd11e1a4a - std::sys::backtrace::_print_fmt::h916fac51166b18d7
[INFO] [stdout]                                at /rustc/df4ca44d3fbc9301ee17f30f4d474e6ae4b05252/library/std/src/sys/backtrace.rs:66:9
[INFO] [stdout]    3:     0x5cbcd11e1a4a - <std::sys::backtrace::BacktraceLock::print::DisplayBacktrace as core::fmt::Display>::fmt::ha0a4c9b8ce3802e6
[INFO] [stdout]                                at /rustc/df4ca44d3fbc9301ee17f30f4d474e6ae4b05252/library/std/src/sys/backtrace.rs:39:26
[INFO] [stdout]    4:     0x5cbcd12087d3 - core::fmt::rt::Argument::fmt::h4cfc8587d52b3eb5
[INFO] [stdout]                                at /rustc/df4ca44d3fbc9301ee17f30f4d474e6ae4b05252/library/core/src/fmt/rt.rs:177:76
[INFO] [stdout]    5:     0x5cbcd12087d3 - core::fmt::write::h522cc39e5b36ae9f
[INFO] [stdout]                                at /rustc/df4ca44d3fbc9301ee17f30f4d474e6ae4b05252/library/core/src/fmt/mod.rs:1190:21
[INFO] [stdout]    6:     0x5cbcd11de133 - std::io::Write::write_fmt::h7d3c26752da97734
[INFO] [stdout]                                at /rustc/df4ca44d3fbc9301ee17f30f4d474e6ae4b05252/library/std/src/io/mod.rs:1839:15
[INFO] [stdout]    7:     0x5cbcd11e1892 - std::sys::backtrace::BacktraceLock::print::h4b9e00b29e9c0942
[INFO] [stdout]                                at /rustc/df4ca44d3fbc9301ee17f30f4d474e6ae4b05252/library/std/src/sys/backtrace.rs:42:9
[INFO] [stdout]    8:     0x5cbcd11e34da - std::panicking::default_hook::{{closure}}::hb59b88280d0324d9
[INFO] [stdout]                                at /rustc/df4ca44d3fbc9301ee17f30f4d474e6ae4b05252/library/std/src/panicking.rs:268:22
[INFO] [stdout]    9:     0x5cbcd11e32e4 - std::panicking::default_hook::he1dd496665be4a29
[INFO] [stdout]                                at /rustc/df4ca44d3fbc9301ee17f30f4d474e6ae4b05252/library/std/src/panicking.rs:292:9
[INFO] [stdout]   10:     0x5cbcd118c709 - <alloc::boxed::Box<F,A> as core::ops::function::Fn<Args>>::call::h4ff71de18744e1dc
[INFO] [stdout]                                at /rustc/df4ca44d3fbc9301ee17f30f4d474e6ae4b05252/library/alloc/src/boxed.rs:2468:9
[INFO] [stdout]   11:     0x5cbcd118c709 - test::test_main::{{closure}}::hcf7c055ce117aa81
[INFO] [stdout]                                at /rustc/df4ca44d3fbc9301ee17f30f4d474e6ae4b05252/library/test/src/lib.rs:133:21
[INFO] [stdout]   12:     0x5cbcd11e3bd8 - <alloc::boxed::Box<F,A> as core::ops::function::Fn<Args>>::call::h1d66c6bbd60c9692
[INFO] [stdout]                                at /rustc/df4ca44d3fbc9301ee17f30f4d474e6ae4b05252/library/alloc/src/boxed.rs:2468:9
[INFO] [stdout]   13:     0x5cbcd11e3bd8 - std::panicking::rust_panic_with_hook::h2ff17fe8f26dfcf8
[INFO] [stdout]                                at /rustc/df4ca44d3fbc9301ee17f30f4d474e6ae4b05252/library/std/src/panicking.rs:809:13
[INFO] [stdout]   14:     0x5cbcd11e399a - std::panicking::begin_panic_handler::{{closure}}::h4fad77951c07e101
[INFO] [stdout]                                at /rustc/df4ca44d3fbc9301ee17f30f4d474e6ae4b05252/library/std/src/panicking.rs:674:13
[INFO] [stdout]   15:     0x5cbcd11e1f29 - std::sys::backtrace::__rust_end_short_backtrace::hb1a25b3da5d0ea08
[INFO] [stdout]                                at /rustc/df4ca44d3fbc9301ee17f30f4d474e6ae4b05252/library/std/src/sys/backtrace.rs:170:18
[INFO] [stdout]   16:     0x5cbcd11e362c - rust_begin_unwind
[INFO] [stdout]                                at /rustc/df4ca44d3fbc9301ee17f30f4d474e6ae4b05252/library/std/src/panicking.rs:665:5
[INFO] [stdout]   17:     0x5cbcd1207270 - core::panicking::panic_fmt::ha9db07b529f9b256
[INFO] [stdout]                                at /rustc/df4ca44d3fbc9301ee17f30f4d474e6ae4b05252/library/core/src/panicking.rs:75:14
[INFO] [stdout]   18:     0x5cbcd114db8a - nu_test_support::macros::nu_run_test::hf9015a165602ae46
[INFO] [stdout]                                at /opt/rustwide/cargo-home/registry/src/index.crates.io-6f17d22bba15001f/nu-test-support-0.99.1/src/macros.rs:307:21
[INFO] [stdout]   19:     0x5cbcd11515eb - into_config::config_affected_when_deep_mutated::h9c3e2737f67e18be
[INFO] [stdout]                                at /opt/rustwide/workdir/tests/into_config.rs:38:18
[INFO] [stdout]   20:     0x5cbcd1151417 - into_config::config_affected_when_deep_mutated::{{closure}}::h55fe93d7957fdd59
[INFO] [stdout]                                at /opt/rustwide/workdir/tests/into_config.rs:37:39
[INFO] [stdout]   21:     0x5cbcd114ed36 - core::ops::function::FnOnce::call_once::h8afe5ce097b4fad0
[INFO] [stdout]                                at /rustc/df4ca44d3fbc9301ee17f30f4d474e6ae4b05252/library/core/src/ops/function.rs:250:5
[INFO] [stdout]   22:     0x5cbcd1190fdb - core::ops::function::FnOnce::call_once::h22c3ba5715e93f05
[INFO] [stdout]                                at /rustc/df4ca44d3fbc9301ee17f30f4d474e6ae4b05252/library/core/src/ops/function.rs:250:5
[INFO] [stdout]   23:     0x5cbcd1190fdb - test::__rust_begin_short_backtrace::h8e82d8113d0da17f
[INFO] [stdout]                                at /rustc/df4ca44d3fbc9301ee17f30f4d474e6ae4b05252/library/test/src/lib.rs:621:18
[INFO] [stdout]   24:     0x5cbcd1190957 - test::run_test_in_process::{{closure}}::h33235f4f20b7b7c7
[INFO] [stdout]                                at /rustc/df4ca44d3fbc9301ee17f30f4d474e6ae4b05252/library/test/src/lib.rs:644:60
[INFO] [stdout]   25:     0x5cbcd1190957 - <core::panic::unwind_safe::AssertUnwindSafe<F> as core::ops::function::FnOnce<()>>::call_once::hb5043206310c586f
[INFO] [stdout]                                at /rustc/df4ca44d3fbc9301ee17f30f4d474e6ae4b05252/library/core/src/panic/unwind_safe.rs:272:9
[INFO] [stdout]   26:     0x5cbcd1190957 - std::panicking::try::do_call::h9ad4731a60ab23e2
[INFO] [stdout]                                at /rustc/df4ca44d3fbc9301ee17f30f4d474e6ae4b05252/library/std/src/panicking.rs:557:40
[INFO] [stdout]   27:     0x5cbcd1190957 - std::panicking::try::h3824d23db772a716
[INFO] [stdout]                                at /rustc/df4ca44d3fbc9301ee17f30f4d474e6ae4b05252/library/std/src/panicking.rs:520:19
[INFO] [stdout]   28:     0x5cbcd1190957 - std::panic::catch_unwind::h5afd514605fde46b
[INFO] [stdout]                                at /rustc/df4ca44d3fbc9301ee17f30f4d474e6ae4b05252/library/std/src/panic.rs:358:14
[INFO] [stdout]   29:     0x5cbcd1190957 - test::run_test_in_process::h0d5cbfa7067d1720
[INFO] [stdout]                                at /rustc/df4ca44d3fbc9301ee17f30f4d474e6ae4b05252/library/test/src/lib.rs:644:27
[INFO] [stdout]   30:     0x5cbcd1190957 - test::run_test::{{closure}}::h708eb8872708115d
[INFO] [stdout]                                at /rustc/df4ca44d3fbc9301ee17f30f4d474e6ae4b05252/library/test/src/lib.rs:565:43
[INFO] [stdout]   31:     0x5cbcd1154074 - test::run_test::{{closure}}::h392c51cee94713ab
[INFO] [stdout]                                at /rustc/df4ca44d3fbc9301ee17f30f4d474e6ae4b05252/library/test/src/lib.rs:595:41
[INFO] [stdout]   32:     0x5cbcd1154074 - std::sys::backtrace::__rust_begin_short_backtrace::h2f40290710935a8b
[INFO] [stdout]                                at /rustc/df4ca44d3fbc9301ee17f30f4d474e6ae4b05252/library/std/src/sys/backtrace.rs:154:18
[INFO] [stdout]   33:     0x5cbcd115781e - std::thread::Builder::spawn_unchecked_::{{closure}}::{{closure}}::h3fd968d89053a903
[INFO] [stdout]                                at /rustc/df4ca44d3fbc9301ee17f30f4d474e6ae4b05252/library/std/src/thread/mod.rs:541:17
[INFO] [stdout]   34:     0x5cbcd115781e - <core::panic::unwind_safe::AssertUnwindSafe<F> as core::ops::function::FnOnce<()>>::call_once::h743f637ba4229880
[INFO] [stdout]                                at /rustc/df4ca44d3fbc9301ee17f30f4d474e6ae4b05252/library/core/src/panic/unwind_safe.rs:272:9
[INFO] [stdout]   35:     0x5cbcd115781e - std::panicking::try::do_call::h07440897322525a6
[INFO] [stdout]                                at /rustc/df4ca44d3fbc9301ee17f30f4d474e6ae4b05252/library/std/src/panicking.rs:557:40
[INFO] [stdout]   36:     0x5cbcd115781e - std::panicking::try::he5a2e00188156637
[INFO] [stdout]                                at /rustc/df4ca44d3fbc9301ee17f30f4d474e6ae4b05252/library/std/src/panicking.rs:520:19
[INFO] [stdout]   37:     0x5cbcd115781e - std::panic::catch_unwind::hbaf3cae49b3c6433
[INFO] [stdout]                                at /rustc/df4ca44d3fbc9301ee17f30f4d474e6ae4b05252/library/std/src/panic.rs:358:14
[INFO] [stdout]   38:     0x5cbcd115781e - std::thread::Builder::spawn_unchecked_::{{closure}}::h8e141ea224820bce
[INFO] [stdout]                                at /rustc/df4ca44d3fbc9301ee17f30f4d474e6ae4b05252/library/std/src/thread/mod.rs:540:30
[INFO] [stdout]   39:     0x5cbcd115781e - core::ops::function::FnOnce::call_once{{vtable.shim}}::h90d312fedd7b8ea8
[INFO] [stdout]                                at /rustc/df4ca44d3fbc9301ee17f30f4d474e6ae4b05252/library/core/src/ops/function.rs:250:5
[INFO] [stdout]   40:     0x5cbcd11e7bcb - <alloc::boxed::Box<F,A> as core::ops::function::FnOnce<Args>>::call_once::h69aa08ddb6adb8b6
[INFO] [stdout]                                at /rustc/df4ca44d3fbc9301ee17f30f4d474e6ae4b05252/library/alloc/src/boxed.rs:2454:9
[INFO] [stdout]   41:     0x5cbcd11e7bcb - <alloc::boxed::Box<F,A> as core::ops::function::FnOnce<Args>>::call_once::h5aa36efdb79c806f
[INFO] [stdout]                                at /rustc/df4ca44d3fbc9301ee17f30f4d474e6ae4b05252/library/alloc/src/boxed.rs:2454:9
[INFO] [stdout]   42:     0x5cbcd11e7bcb - std::sys::pal::unix::thread::Thread::new::thread_start::h6cd80a1b4be5158d
[INFO] [stdout]                                at /rustc/df4ca44d3fbc9301ee17f30f4d474e6ae4b05252/library/std/src/sys/pal/unix/thread.rs:105:17
[INFO] [stdout]   43:     0x74c1f7f45ac3 - <unknown>
[INFO] [stdout]   44:     0x74c1f7fd6a04 - clone
[INFO] [stdout]   45:                0x0 - <unknown>
[INFO] [stdout] 
[INFO] [stdout] ---- config_add_unsupported_type stdout ----
[INFO] [stdout] thread 'config_add_unsupported_type' panicked at /opt/rustwide/cargo-home/registry/src/index.crates.io-6f17d22bba15001f/nu-test-support-0.99.1/src/macros.rs:307:21:
[INFO] [stdout] Can't run test "/opt/rustwide/target/debug/nu" No such file or directory (os error 2)
[INFO] [stdout] stack backtrace:
[INFO] [stdout]    0:     0x5cbcd11e1a4a - std::backtrace_rs::backtrace::libunwind::trace::h207520d6e9873551
[INFO] [stdout]                                at /rustc/df4ca44d3fbc9301ee17f30f4d474e6ae4b05252/library/std/src/../../backtrace/src/backtrace/libunwind.rs:116:5
[INFO] [stdout]    1:     0x5cbcd11e1a4a - std::backtrace_rs::backtrace::trace_unsynchronized::h2ed7433f370e3eca
[INFO] [stdout]                                at /rustc/df4ca44d3fbc9301ee17f30f4d474e6ae4b05252/library/std/src/../../backtrace/src/backtrace/mod.rs:66:5
[INFO] [stdout]    2:     0x5cbcd11e1a4a - std::sys::backtrace::_print_fmt::h916fac51166b18d7
[INFO] [stdout]                                at /rustc/df4ca44d3fbc9301ee17f30f4d474e6ae4b05252/library/std/src/sys/backtrace.rs:66:9
[INFO] [stdout]    3:     0x5cbcd11e1a4a - <std::sys::backtrace::BacktraceLock::print::DisplayBacktrace as core::fmt::Display>::fmt::ha0a4c9b8ce3802e6
[INFO] [stdout]                                at /rustc/df4ca44d3fbc9301ee17f30f4d474e6ae4b05252/library/std/src/sys/backtrace.rs:39:26
[INFO] [stdout]    4:     0x5cbcd12087d3 - core::fmt::rt::Argument::fmt::h4cfc8587d52b3eb5
[INFO] [stdout]                                at /rustc/df4ca44d3fbc9301ee17f30f4d474e6ae4b05252/library/core/src/fmt/rt.rs:177:76
[INFO] [stdout]    5:     0x5cbcd12087d3 - core::fmt::write::h522cc39e5b36ae9f
[INFO] [stdout]                                at /rustc/df4ca44d3fbc9301ee17f30f4d474e6ae4b05252/library/core/src/fmt/mod.rs:1190:21
[INFO] [stdout]    6:     0x5cbcd11de133 - std::io::Write::write_fmt::h7d3c26752da97734
[INFO] [stdout]                                at /rustc/df4ca44d3fbc9301ee17f30f4d474e6ae4b05252/library/std/src/io/mod.rs:1839:15
[INFO] [stdout]    7:     0x5cbcd11e1892 - std::sys::backtrace::BacktraceLock::print::h4b9e00b29e9c0942
[INFO] [stdout]                                at /rustc/df4ca44d3fbc9301ee17f30f4d474e6ae4b05252/library/std/src/sys/backtrace.rs:42:9
[INFO] [stdout]    8:     0x5cbcd11e34da - std::panicking::default_hook::{{closure}}::hb59b88280d0324d9
[INFO] [stdout]                                at /rustc/df4ca44d3fbc9301ee17f30f4d474e6ae4b05252/library/std/src/panicking.rs:268:22
[INFO] [stdout]    9:     0x5cbcd11e32e4 - std::panicking::default_hook::he1dd496665be4a29
[INFO] [stdout]                                at /rustc/df4ca44d3fbc9301ee17f30f4d474e6ae4b05252/library/std/src/panicking.rs:292:9
[INFO] [stdout]   10:     0x5cbcd118c709 - <alloc::boxed::Box<F,A> as core::ops::function::Fn<Args>>::call::h4ff71de18744e1dc
[INFO] [stdout]                                at /rustc/df4ca44d3fbc9301ee17f30f4d474e6ae4b05252/library/alloc/src/boxed.rs:2468:9
[INFO] [stdout]   11:     0x5cbcd118c709 - test::test_main::{{closure}}::hcf7c055ce117aa81
[INFO] [stdout]                                at /rustc/df4ca44d3fbc9301ee17f30f4d474e6ae4b05252/library/test/src/lib.rs:133:21
[INFO] [stdout]   12:     0x5cbcd11e3bd8 - <alloc::boxed::Box<F,A> as core::ops::function::Fn<Args>>::call::h1d66c6bbd60c9692
[INFO] [stdout]                                at /rustc/df4ca44d3fbc9301ee17f30f4d474e6ae4b05252/library/alloc/src/boxed.rs:2468:9
[INFO] [stdout]   13:     0x5cbcd11e3bd8 - std::panicking::rust_panic_with_hook::h2ff17fe8f26dfcf8
[INFO] [stdout]                                at /rustc/df4ca44d3fbc9301ee17f30f4d474e6ae4b05252/library/std/src/panicking.rs:809:13
[INFO] [stdout]   14:     0x5cbcd11e399a - std::panicking::begin_panic_handler::{{closure}}::h4fad77951c07e101
[INFO] [stdout]                                at /rustc/df4ca44d3fbc9301ee17f30f4d474e6ae4b05252/library/std/src/panicking.rs:674:13
[INFO] [stdout]   15:     0x5cbcd11e1f29 - std::sys::backtrace::__rust_end_short_backtrace::hb1a25b3da5d0ea08
[INFO] [stdout]                                at /rustc/df4ca44d3fbc9301ee17f30f4d474e6ae4b05252/library/std/src/sys/backtrace.rs:170:18
[INFO] [stdout]   16:     0x5cbcd11e362c - rust_begin_unwind
[INFO] [stdout]                                at /rustc/df4ca44d3fbc9301ee17f30f4d474e6ae4b05252/library/std/src/panicking.rs:665:5
[INFO] [stdout]   17:     0x5cbcd1207270 - core::panicking::panic_fmt::ha9db07b529f9b256
[INFO] [stdout]                                at /rustc/df4ca44d3fbc9301ee17f30f4d474e6ae4b05252/library/core/src/panicking.rs:75:14
[INFO] [stdout]   18:     0x5cbcd114db8a - nu_test_support::macros::nu_run_test::hf9015a165602ae46
[INFO] [stdout]                                at /opt/rustwide/cargo-home/registry/src/index.crates.io-6f17d22bba15001f/nu-test-support-0.99.1/src/macros.rs:307:21
[INFO] [stdout]   19:     0x5cbcd1151b71 - into_config::config_add_unsupported_type::h110d8764ad7fe57a
[INFO] [stdout]                                at /opt/rustwide/workdir/tests/into_config.rs:60:18
[INFO] [stdout]   20:     0x5cbcd1151997 - into_config::config_add_unsupported_type::{{closure}}::hac006cb219633a30
[INFO] [stdout]                                at /opt/rustwide/workdir/tests/into_config.rs:59:33
[INFO] [stdout]   21:     0x5cbcd114eee6 - core::ops::function::FnOnce::call_once::heead78ef7a88b047
[INFO] [stdout]                                at /rustc/df4ca44d3fbc9301ee17f30f4d474e6ae4b05252/library/core/src/ops/function.rs:250:5
[INFO] [stdout]   22:     0x5cbcd1190fdb - core::ops::function::FnOnce::call_once::h22c3ba5715e93f05
[INFO] [stdout]                                at /rustc/df4ca44d3fbc9301ee17f30f4d474e6ae4b05252/library/core/src/ops/function.rs:250:5
[INFO] [stdout]   23:     0x5cbcd1190fdb - test::__rust_begin_short_backtrace::h8e82d8113d0da17f
[INFO] [stdout]                                at /rustc/df4ca44d3fbc9301ee17f30f4d474e6ae4b05252/library/test/src/lib.rs:621:18
[INFO] [stdout]   24:     0x5cbcd1190957 - test::run_test_in_process::{{closure}}::h33235f4f20b7b7c7
[INFO] [stdout]                                at /rustc/df4ca44d3fbc9301ee17f30f4d474e6ae4b05252/library/test/src/lib.rs:644:60
[INFO] [stdout]   25:     0x5cbcd1190957 - <core::panic::unwind_safe::AssertUnwindSafe<F> as core::ops::function::FnOnce<()>>::call_once::hb5043206310c586f
[INFO] [stdout]                                at /rustc/df4ca44d3fbc9301ee17f30f4d474e6ae4b05252/library/core/src/panic/unwind_safe.rs:272:9
[INFO] [stdout]   26:     0x5cbcd1190957 - std::panicking::try::do_call::h9ad4731a60ab23e2
[INFO] [stdout]                                at /rustc/df4ca44d3fbc9301ee17f30f4d474e6ae4b05252/library/std/src/panicking.rs:557:40
[INFO] [stdout]   27:     0x5cbcd1190957 - std::panicking::try::h3824d23db772a716
[INFO] [stdout]                                at /rustc/df4ca44d3fbc9301ee17f30f4d474e6ae4b05252/library/std/src/panicking.rs:520:19
[INFO] [stdout]   28:     0x5cbcd1190957 - std::panic::catch_unwind::h5afd514605fde46b
[INFO] [stdout]                                at /rustc/df4ca44d3fbc9301ee17f30f4d474e6ae4b05252/library/std/src/panic.rs:358:14
[INFO] [stdout]   29:     0x5cbcd1190957 - test::run_test_in_process::h0d5cbfa7067d1720
[INFO] [stdout]                                at /rustc/df4ca44d3fbc9301ee17f30f4d474e6ae4b05252/library/test/src/lib.rs:644:27
[INFO] [stdout]   30:     0x5cbcd1190957 - test::run_test::{{closure}}::h708eb8872708115d
[INFO] [stdout]                                at /rustc/df4ca44d3fbc9301ee17f30f4d474e6ae4b05252/library/test/src/lib.rs:565:43
[INFO] [stdout]   31:     0x5cbcd1154074 - test::run_test::{{closure}}::h392c51cee94713ab
[INFO] [stdout]                                at /rustc/df4ca44d3fbc9301ee17f30f4d474e6ae4b05252/library/test/src/lib.rs:595:41
[INFO] [stdout]   32:     0x5cbcd1154074 - std::sys::backtrace::__rust_begin_short_backtrace::h2f40290710935a8b
[INFO] [stdout]                                at /rustc/df4ca44d3fbc9301ee17f30f4d474e6ae4b05252/library/std/src/sys/backtrace.rs:154:18
[INFO] [stdout]   33:     0x5cbcd115781e - std::thread::Builder::spawn_unchecked_::{{closure}}::{{closure}}::h3fd968d89053a903
[INFO] [stdout]                                at /rustc/df4ca44d3fbc9301ee17f30f4d474e6ae4b05252/library/std/src/thread/mod.rs:541:17
[INFO] [stdout]   34:     0x5cbcd115781e - <core::panic::unwind_safe::AssertUnwindSafe<F> as core::ops::function::FnOnce<()>>::call_once::h743f637ba4229880
[INFO] [stdout]                                at /rustc/df4ca44d3fbc9301ee17f30f4d474e6ae4b05252/library/core/src/panic/unwind_safe.rs:272:9
[INFO] [stdout]   35:     0x5cbcd115781e - std::panicking::try::do_call::h07440897322525a6
[INFO] [stdout]                                at /rustc/df4ca44d3fbc9301ee17f30f4d474e6ae4b05252/library/std/src/panicking.rs:557:40
[INFO] [stdout]   36:     0x5cbcd115781e - std::panicking::try::he5a2e00188156637
[INFO] [stdout]                                at /rustc/df4ca44d3fbc9301ee17f30f4d474e6ae4b05252/library/std/src/panicking.rs:520:19
[INFO] [stdout]   37:     0x5cbcd115781e - std::panic::catch_unwind::hbaf3cae49b3c6433
[INFO] [stdout]                                at /rustc/df4ca44d3fbc9301ee17f30f4d474e6ae4b05252/library/std/src/panic.rs:358:14
[INFO] [stdout]   38:     0x5cbcd115781e - std::thread::Builder::spawn_unchecked_::{{closure}}::h8e141ea224820bce
[INFO] [stdout]                                at /rustc/df4ca44d3fbc9301ee17f30f4d474e6ae4b05252/library/std/src/thread/mod.rs:540:30
[INFO] [stdout]   39:     0x5cbcd115781e - core::ops::function::FnOnce::call_once{{vtable.shim}}::h90d312fedd7b8ea8
[INFO] [stdout]                                at /rustc/df4ca44d3fbc9301ee17f30f4d474e6ae4b05252/library/core/src/ops/function.rs:250:5
[INFO] [stdout]   40:     0x5cbcd11e7bcb - <alloc::boxed::Box<F,A> as core::ops::function::FnOnce<Args>>::call_once::h69aa08ddb6adb8b6
[INFO] [stdout]                                at /rustc/df4ca44d3fbc9301ee17f30f4d474e6ae4b05252/library/alloc/src/boxed.rs:2454:9
[INFO] [stdout]   41:     0x5cbcd11e7bcb - <alloc::boxed::Box<F,A> as core::ops::function::FnOnce<Args>>::call_once::h5aa36efdb79c806f
[INFO] [stdout]                                at /rustc/df4ca44d3fbc9301ee17f30f4d474e6ae4b05252/library/alloc/src/boxed.rs:2454:9
[INFO] [stdout]   42:     0x5cbcd11e7bcb - std::sys::pal::unix::thread::Thread::new::thread_start::h6cd80a1b4be5158d
[INFO] [stdout]                                at /rustc/df4ca44d3fbc9301ee17f30f4d474e6ae4b05252/library/std/src/sys/pal/unix/thread.rs:105:17
[INFO] [stdout]   43:     0x74c1f7f45ac3 - <unknown>
[INFO] [stdout]   44:     0x74c1f7fd6a04 - clone
[INFO] [stdout]   45:                0x0 - <unknown>
[INFO] [stdout] 
[INFO] [stdout] ---- config_add_unsupported_value stdout ----
[INFO] [stdout] thread 'config_add_unsupported_value' panicked at /opt/rustwide/cargo-home/registry/src/index.crates.io-6f17d22bba15001f/nu-test-support-0.99.1/src/macros.rs:307:21:
[INFO] [stdout] Can't run test "/opt/rustwide/target/debug/nu" No such file or directory (os error 2)
[INFO] [stdout] stack backtrace:
[INFO] [stdout]    0:     0x5cbcd11e1a4a - std::backtrace_rs::backtrace::libunwind::trace::h207520d6e9873551
[INFO] [stdout]                                at /rustc/df4ca44d3fbc9301ee17f30f4d474e6ae4b05252/library/std/src/../../backtrace/src/backtrace/libunwind.rs:116:5
[INFO] [stdout]    1:     0x5cbcd11e1a4a - std::backtrace_rs::backtrace::trace_unsynchronized::h2ed7433f370e3eca
[INFO] [stdout]                                at /rustc/df4ca44d3fbc9301ee17f30f4d474e6ae4b05252/library/std/src/../../backtrace/src/backtrace/mod.rs:66:5
[INFO] [stdout]    2:     0x5cbcd11e1a4a - std::sys::backtrace::_print_fmt::h916fac51166b18d7
[INFO] [stdout]                                at /rustc/df4ca44d3fbc9301ee17f30f4d474e6ae4b05252/library/std/src/sys/backtrace.rs:66:9
[INFO] [stdout]    3:     0x5cbcd11e1a4a - <std::sys::backtrace::BacktraceLock::print::DisplayBacktrace as core::fmt::Display>::fmt::ha0a4c9b8ce3802e6
[INFO] [stdout]                                at /rustc/df4ca44d3fbc9301ee17f30f4d474e6ae4b05252/library/std/src/sys/backtrace.rs:39:26
[INFO] [stdout]    4:     0x5cbcd12087d3 - core::fmt::rt::Argument::fmt::h4cfc8587d52b3eb5
[INFO] [stdout]                                at /rustc/df4ca44d3fbc9301ee17f30f4d474e6ae4b05252/library/core/src/fmt/rt.rs:177:76
[INFO] [stdout]    5:     0x5cbcd12087d3 - core::fmt::write::h522cc39e5b36ae9f
[INFO] [stdout]                                at /rustc/df4ca44d3fbc9301ee17f30f4d474e6ae4b05252/library/core/src/fmt/mod.rs:1190:21
[INFO] [stdout]    6:     0x5cbcd11de133 - std::io::Write::write_fmt::h7d3c26752da97734
[INFO] [stdout]                                at /rustc/df4ca44d3fbc9301ee17f30f4d474e6ae4b05252/library/std/src/io/mod.rs:1839:15
[INFO] [stdout]    7:     0x5cbcd11e1892 - std::sys::backtrace::BacktraceLock::print::h4b9e00b29e9c0942
[INFO] [stdout]                                at /rustc/df4ca44d3fbc9301ee17f30f4d474e6ae4b05252/library/std/src/sys/backtrace.rs:42:9
[INFO] [stdout]    8:     0x5cbcd11e34da - std::panicking::default_hook::{{closure}}::hb59b88280d0324d9
[INFO] [stdout]                                at /rustc/df4ca44d3fbc9301ee17f30f4d474e6ae4b05252/library/std/src/panicking.rs:268:22
[INFO] [stdout]    9:     0x5cbcd11e32e4 - std::panicking::default_hook::he1dd496665be4a29
[INFO] [stdout]                                at /rustc/df4ca44d3fbc9301ee17f30f4d474e6ae4b05252/library/std/src/panicking.rs:292:9
[INFO] [stdout]   10:     0x5cbcd118c709 - <alloc::boxed::Box<F,A> as core::ops::function::Fn<Args>>::call::h4ff71de18744e1dc
[INFO] [stdout]                                at /rustc/df4ca44d3fbc9301ee17f30f4d474e6ae4b05252/library/alloc/src/boxed.rs:2468:9
[INFO] [stdout]   11:     0x5cbcd118c709 - test::test_main::{{closure}}::hcf7c055ce117aa81
[INFO] [stdout]                                at /rustc/df4ca44d3fbc9301ee17f30f4d474e6ae4b05252/library/test/src/lib.rs:133:21
[INFO] [stdout]   12:     0x5cbcd11e3bd8 - <alloc::boxed::Box<F,A> as core::ops::function::Fn<Args>>::call::h1d66c6bbd60c9692
[INFO] [stdout]                                at /rustc/df4ca44d3fbc9301ee17f30f4d474e6ae4b05252/library/alloc/src/boxed.rs:2468:9
[INFO] [stdout]   13:     0x5cbcd11e3bd8 - std::panicking::rust_panic_with_hook::h2ff17fe8f26dfcf8
[INFO] [stdout]                                at /rustc/df4ca44d3fbc9301ee17f30f4d474e6ae4b05252/library/std/src/panicking.rs:809:13
[INFO] [stdout]   14:     0x5cbcd11e399a - std::panicking::begin_panic_handler::{{closure}}::h4fad77951c07e101
[INFO] [stdout]                                at /rustc/df4ca44d3fbc9301ee17f30f4d474e6ae4b05252/library/std/src/panicking.rs:674:13
[INFO] [stdout]   15:     0x5cbcd11e1f29 - std::sys::backtrace::__rust_end_short_backtrace::hb1a25b3da5d0ea08
[INFO] [stdout]                                at /rustc/df4ca44d3fbc9301ee17f30f4d474e6ae4b05252/library/std/src/sys/backtrace.rs:170:18
[INFO] [stdout]   16:     0x5cbcd11e362c - rust_begin_unwind
[INFO] [stdout]                                at /rustc/df4ca44d3fbc9301ee17f30f4d474e6ae4b05252/library/std/src/panicking.rs:665:5
[INFO] [stdout]   17:     0x5cbcd1207270 - core::panicking::panic_fmt::ha9db07b529f9b256
[INFO] [stdout]                                at /rustc/df4ca44d3fbc9301ee17f30f4d474e6ae4b05252/library/core/src/panicking.rs:75:14
[INFO] [stdout]   18:     0x5cbcd114db8a - nu_test_support::macros::nu_run_test::hf9015a165602ae46
[INFO] [stdout]                                at /opt/rustwide/cargo-home/registry/src/index.crates.io-6f17d22bba15001f/nu-test-support-0.99.1/src/macros.rs:307:21
[INFO] [stdout]   19:     0x5cbcd1151e40 - into_config::config_add_unsupported_value::h24d7a7102df9fec4
[INFO] [stdout]                                at /opt/rustwide/workdir/tests/into_config.rs:69:18
[INFO] [stdout]   20:     0x5cbcd1151c57 - into_config::config_add_unsupported_value::{{closure}}::hd968ef480dc57376
[INFO] [stdout]                                at /opt/rustwide/workdir/tests/into_config.rs:68:34
[INFO] [stdout]   21:     0x5cbcd114ecb6 - core::ops::function::FnOnce::call_once::h4e7799a52a82c5e3
[INFO] [stdout]                                at /rustc/df4ca44d3fbc9301ee17f30f4d474e6ae4b05252/library/core/src/ops/function.rs:250:5
[INFO] [stdout]   22:     0x5cbcd1190fdb - core::ops::function::FnOnce::call_once::h22c3ba5715e93f05
[INFO] [stdout]                                at /rustc/df4ca44d3fbc9301ee17f30f4d474e6ae4b05252/library/core/src/ops/function.rs:250:5
[INFO] [stdout]   23:     0x5cbcd1190fdb - test::__rust_begin_short_backtrace::h8e82d8113d0da17f
[INFO] [stdout]                                at /rustc/df4ca44d3fbc9301ee17f30f4d474e6ae4b05252/library/test/src/lib.rs:621:18
[INFO] [stdout]   24:     0x5cbcd1190957 - test::run_test_in_process::{{closure}}::h33235f4f20b7b7c7
[INFO] [stdout]                                at /rustc/df4ca44d3fbc9301ee17f30f4d474e6ae4b05252/library/test/src/lib.rs:644:60
[INFO] [stdout]   25:     0x5cbcd1190957 - <core::panic::unwind_safe::AssertUnwindSafe<F> as core::ops::function::FnOnce<()>>::call_once::hb5043206310c586f
[INFO] [stdout]                                at /rustc/df4ca44d3fbc9301ee17f30f4d474e6ae4b05252/library/core/src/panic/unwind_safe.rs:272:9
[INFO] [stdout]   26:     0x5cbcd1190957 - std::panicking::try::do_call::h9ad4731a60ab23e2
[INFO] [stdout]                                at /rustc/df4ca44d3fbc9301ee17f30f4d474e6ae4b05252/library/std/src/panicking.rs:557:40
[INFO] [stdout]   27:     0x5cbcd1190957 - std::panicking::try::h3824d23db772a716
[INFO] [stdout]                                at /rustc/df4ca44d3fbc9301ee17f30f4d474e6ae4b05252/library/std/src/panicking.rs:520:19
[INFO] [stdout]   28:     0x5cbcd1190957 - std::panic::catch_unwind::h5afd514605fde46b
[INFO] [stdout]                                at /rustc/df4ca44d3fbc9301ee17f30f4d474e6ae4b05252/library/std/src/panic.rs:358:14
[INFO] [stdout]   29:     0x5cbcd1190957 - test::run_test_in_process::h0d5cbfa7067d1720
[INFO] [stdout]                                at /rustc/df4ca44d3fbc9301ee17f30f4d474e6ae4b05252/library/test/src/lib.rs:644:27
[INFO] [stdout]   30:     0x5cbcd1190957 - test::run_test::{{closure}}::h708eb8872708115d
[INFO] [stdout]                                at /rustc/df4ca44d3fbc9301ee17f30f4d474e6ae4b05252/library/test/src/lib.rs:565:43
[INFO] [stdout]   31:     0x5cbcd1154074 - test::run_test::{{closure}}::h392c51cee94713ab
[INFO] [stdout]                                at /rustc/df4ca44d3fbc9301ee17f30f4d474e6ae4b05252/library/test/src/lib.rs:595:41
[INFO] [stdout]   32:     0x5cbcd1154074 - std::sys::backtrace::__rust_begin_short_backtrace::h2f40290710935a8b
[INFO] [stdout]                                at /rustc/df4ca44d3fbc9301ee17f30f4d474e6ae4b05252/library/std/src/sys/backtrace.rs:154:18
[INFO] [stdout]   33:     0x5cbcd115781e - std::thread::Builder::spawn_unchecked_::{{closure}}::{{closure}}::h3fd968d89053a903
[INFO] [stdout]                                at /rustc/df4ca44d3fbc9301ee17f30f4d474e6ae4b05252/library/std/src/thread/mod.rs:541:17
[INFO] [stdout]   34:     0x5cbcd115781e - <core::panic::unwind_safe::AssertUnwindSafe<F> as core::ops::function::FnOnce<()>>::call_once::h743f637ba4229880
[INFO] [stdout]                                at /rustc/df4ca44d3fbc9301ee17f30f4d474e6ae4b05252/library/core/src/panic/unwind_safe.rs:272:9
[INFO] [stdout]   35:     0x5cbcd115781e - std::panicking::try::do_call::h07440897322525a6
[INFO] [stdout]                                at /rustc/df4ca44d3fbc9301ee17f30f4d474e6ae4b05252/library/std/src/panicking.rs:557:40
[INFO] [stdout]   36:     0x5cbcd115781e - std::panicking::try::he5a2e00188156637
[INFO] [stdout]                                at /rustc/df4ca44d3fbc9301ee17f30f4d474e6ae4b05252/library/std/src/panicking.rs:520:19
[INFO] [stdout]   37:     0x5cbcd115781e - std::panic::catch_unwind::hbaf3cae49b3c6433
[INFO] [stdout]                                at /rustc/df4ca44d3fbc9301ee17f30f4d474e6ae4b05252/library/std/src/panic.rs:358:14
[INFO] [stdout]   38:     0x5cbcd115781e - std::thread::Builder::spawn_unchecked_::{{closure}}::h8e141ea224820bce
[INFO] [stdout]                                at /rustc/df4ca44d3fbc9301ee17f30f4d474e6ae4b05252/library/std/src/thread/mod.rs:540:30
[INFO] [stdout]   39:     0x5cbcd115781e - core::ops::function::FnOnce::call_once{{vtable.shim}}::h90d312fedd7b8ea8
[INFO] [stdout]                                at /rustc/df4ca44d3fbc9301ee17f30f4d474e6ae4b05252/library/core/src/ops/function.rs:250:5
[INFO] [stdout]   40:     0x5cbcd11e7bcb - <alloc::boxed::Box<F,A> as core::ops::function::FnOnce<Args>>::call_once::h69aa08ddb6adb8b6
[INFO] [stdout]                                at /rustc/df4ca44d3fbc9301ee17f30f4d474e6ae4b05252/library/alloc/src/boxed.rs:2454:9
[INFO] [stdout]   41:     0x5cbcd11e7bcb - <alloc::boxed::Box<F,A> as core::ops::function::FnOnce<Args>>::call_once::h5aa36efdb79c806f
[INFO] [stdout]                                at /rustc/df4ca44d3fbc9301ee17f30f4d474e6ae4b05252/library/alloc/src/boxed.rs:2454:9
[INFO] [stdout]   42:     0x5cbcd11e7bcb - std::sys::pal::unix::thread::Thread::new::thread_start::h6cd80a1b4be5158d
[INFO] [stdout]                                at /rustc/df4ca44d3fbc9301ee17f30f4d474e6ae4b05252/library/std/src/sys/pal/unix/thread.rs:105:17
[INFO] [stdout]   43:     0x74c1f7f45ac3 - <unknown>
[INFO] [stdout]   44:     0x74c1f7fd6a04 - clone
[INFO] [stdout]   45:                0x0 - <unknown>
[INFO] [stdout] 
[INFO] [stdout] ---- config_is_mutable stdout ----
[INFO] [stdout] thread 'config_is_mutable' panicked at /opt/rustwide/cargo-home/registry/src/index.crates.io-6f17d22bba15001f/nu-test-support-0.99.1/src/macros.rs:307:21:
[INFO] [stdout] Can't run test "/opt/rustwide/target/debug/nu" No such file or directory (os error 2)
[INFO] [stdout] stack backtrace:
[INFO] [stdout]    0:     0x5cbcd11e1a4a - std::backtrace_rs::backtrace::libunwind::trace::h207520d6e9873551
[INFO] [stdout]                                at /rustc/df4ca44d3fbc9301ee17f30f4d474e6ae4b05252/library/std/src/../../backtrace/src/backtrace/libunwind.rs:116:5
[INFO] [stdout]    1:     0x5cbcd11e1a4a - std::backtrace_rs::backtrace::trace_unsynchronized::h2ed7433f370e3eca
[INFO] [stdout]                                at /rustc/df4ca44d3fbc9301ee17f30f4d474e6ae4b05252/library/std/src/../../backtrace/src/backtrace/mod.rs:66:5
[INFO] [stdout]    2:     0x5cbcd11e1a4a - std::sys::backtrace::_print_fmt::h916fac51166b18d7
[INFO] [stdout]                                at /rustc/df4ca44d3fbc9301ee17f30f4d474e6ae4b05252/library/std/src/sys/backtrace.rs:66:9
[INFO] [stdout]    3:     0x5cbcd11e1a4a - <std::sys::backtrace::BacktraceLock::print::DisplayBacktrace as core::fmt::Display>::fmt::ha0a4c9b8ce3802e6
[INFO] [stdout]                                at /rustc/df4ca44d3fbc9301ee17f30f4d474e6ae4b05252/library/std/src/sys/backtrace.rs:39:26
[INFO] [stdout]    4:     0x5cbcd12087d3 - core::fmt::rt::Argument::fmt::h4cfc8587d52b3eb5
[INFO] [stdout]                                at /rustc/df4ca44d3fbc9301ee17f30f4d474e6ae4b05252/library/core/src/fmt/rt.rs:177:76
[INFO] [stdout]    5:     0x5cbcd12087d3 - core::fmt::write::h522cc39e5b36ae9f
[INFO] [stdout]                                at /rustc/df4ca44d3fbc9301ee17f30f4d474e6ae4b05252/library/core/src/fmt/mod.rs:1190:21
[INFO] [stdout]    6:     0x5cbcd11de133 - std::io::Write::write_fmt::h7d3c26752da97734
[INFO] [stdout]                                at /rustc/df4ca44d3fbc9301ee17f30f4d474e6ae4b05252/library/std/src/io/mod.rs:1839:15
[INFO] [stdout]    7:     0x5cbcd11e1892 - std::sys::backtrace::BacktraceLock::print::h4b9e00b29e9c0942
[INFO] [stdout]                                at /rustc/df4ca44d3fbc9301ee17f30f4d474e6ae4b05252/library/std/src/sys/backtrace.rs:42:9
[INFO] [stdout]    8:     0x5cbcd11e34da - std::panicking::default_hook::{{closure}}::hb59b88280d0324d9
[INFO] [stdout]                                at /rustc/df4ca44d3fbc9301ee17f30f4d474e6ae4b05252/library/std/src/panicking.rs:268:22
[INFO] [stdout]    9:     0x5cbcd11e32e4 - std::panicking::default_hook::he1dd496665be4a29
[INFO] [stdout]                                at /rustc/df4ca44d3fbc9301ee17f30f4d474e6ae4b05252/library/std/src/panicking.rs:292:9
[INFO] [stdout]   10:     0x5cbcd118c709 - <alloc::boxed::Box<F,A> as core::ops::function::Fn<Args>>::call::h4ff71de18744e1dc
[INFO] [stdout]                                at /rustc/df4ca44d3fbc9301ee17f30f4d474e6ae4b05252/library/alloc/src/boxed.rs:2468:9
[INFO] [stdout]   11:     0x5cbcd118c709 - test::test_main::{{closure}}::hcf7c055ce117aa81
[INFO] [stdout]                                at /rustc/df4ca44d3fbc9301ee17f30f4d474e6ae4b05252/library/test/src/lib.rs:133:21
[INFO] [stdout]   12:     0x5cbcd11e3bd8 - <alloc::boxed::Box<F,A> as core::ops::function::Fn<Args>>::call::h1d66c6bbd60c9692
[INFO] [stdout]                                at /rustc/df4ca44d3fbc9301ee17f30f4d474e6ae4b05252/library/alloc/src/boxed.rs:2468:9
[INFO] [stdout]   13:     0x5cbcd11e3bd8 - std::panicking::rust_panic_with_hook::h2ff17fe8f26dfcf8
[INFO] [stdout]                                at /rustc/df4ca44d3fbc9301ee17f30f4d474e6ae4b05252/library/std/src/panicking.rs:809:13
[INFO] [stdout]   14:     0x5cbcd11e399a - std::panicking::begin_panic_handler::{{closure}}::h4fad77951c07e101
[INFO] [stdout]                                at /rustc/df4ca44d3fbc9301ee17f30f4d474e6ae4b05252/library/std/src/panicking.rs:674:13
[INFO] [stdout]   15:     0x5cbcd11e1f29 - std::sys::backtrace::__rust_end_short_backtrace::hb1a25b3da5d0ea08
[INFO] [stdout]                                at /rustc/df4ca44d3fbc9301ee17f30f4d474e6ae4b05252/library/std/src/sys/backtrace.rs:170:18
[INFO] [stdout]   16:     0x5cbcd11e362c - rust_begin_unwind
[INFO] [stdout]                                at /rustc/df4ca44d3fbc9301ee17f30f4d474e6ae4b05252/library/std/src/panicking.rs:665:5
[INFO] [stdout]   17:     0x5cbcd1207270 - core::panicking::panic_fmt::ha9db07b529f9b256
[INFO] [stdout]                                at /rustc/df4ca44d3fbc9301ee17f30f4d474e6ae4b05252/library/core/src/panicking.rs:75:14
[INFO] [stdout]   18:     0x5cbcd114db8a - nu_test_support::macros::nu_run_test::hf9015a165602ae46
[INFO] [stdout]                                at /opt/rustwide/cargo-home/registry/src/index.crates.io-6f17d22bba15001f/nu-test-support-0.99.1/src/macros.rs:307:21
[INFO] [stdout]   19:     0x5cbcd1150e81 - into_config::config_is_mutable::h198b4e374a679ba3
[INFO] [stdout]                                at /opt/rustwide/workdir/tests/into_config.rs:5:18
[INFO] [stdout]   20:     0x5cbcd1150d27 - into_config::config_is_mutable::{{closure}}::h866d8de73ff85c4f
[INFO] [stdout]                                at /opt/rustwide/workdir/tests/into_config.rs:4:23
[INFO] [stdout]   21:     0x5cbcd114ed86 - core::ops::function::FnOnce::call_once::h9a84e34e0f8f4574
[INFO] [stdout]                                at /rustc/df4ca44d3fbc9301ee17f30f4d474e6ae4b05252/library/core/src/ops/function.rs:250:5
[INFO] [stdout]   22:     0x5cbcd1190fdb - core::ops::function::FnOnce::call_once::h22c3ba5715e93f05
[INFO] [stdout]                                at /rustc/df4ca44d3fbc9301ee17f30f4d474e6ae4b05252/library/core/src/ops/function.rs:250:5
[INFO] [stdout]   23:     0x5cbcd1190fdb - test::__rust_begin_short_backtrace::h8e82d8113d0da17f
[INFO] [stdout]                                at /rustc/df4ca44d3fbc9301ee17f30f4d474e6ae4b05252/library/test/src/lib.rs:621:18
[INFO] [stdout]   24:     0x5cbcd1190957 - test::run_test_in_process::{{closure}}::h33235f4f20b7b7c7
[INFO] [stdout]                                at /rustc/df4ca44d3fbc9301ee17f30f4d474e6ae4b05252/library/test/src/lib.rs:644:60
[INFO] [stdout]   25:     0x5cbcd1190957 - <core::panic::unwind_safe::AssertUnwindSafe<F> as core::ops::function::FnOnce<()>>::call_once::hb5043206310c586f
[INFO] [stdout]                                at /rustc/df4ca44d3fbc9301ee17f30f4d474e6ae4b05252/library/core/src/panic/unwind_safe.rs:272:9
[INFO] [stdout]   26:     0x5cbcd1190957 - std::panicking::try::do_call::h9ad4731a60ab23e2
[INFO] [stdout]                                at /rustc/df4ca44d3fbc9301ee17f30f4d474e6ae4b05252/library/std/src/panicking.rs:557:40
[INFO] [stdout]   27:     0x5cbcd1190957 - std::panicking::try::h3824d23db772a716
[INFO] [stdout]                                at /rustc/df4ca44d3fbc9301ee17f30f4d474e6ae4b05252/library/std/src/panicking.rs:520:19
[INFO] [stdout]   28:     0x5cbcd1190957 - std::panic::catch_unwind::h5afd514605fde46b
[INFO] [stdout]                                at /rustc/df4ca44d3fbc9301ee17f30f4d474e6ae4b05252/library/std/src/panic.rs:358:14
[INFO] [stdout]   29:     0x5cbcd1190957 - test::run_test_in_process::h0d5cbfa7067d1720
[INFO] [stdout]                                at /rustc/df4ca44d3fbc9301ee17f30f4d474e6ae4b05252/library/test/src/lib.rs:644:27
[INFO] [stdout]   30:     0x5cbcd1190957 - test::run_test::{{closure}}::h708eb8872708115d
[INFO] [stdout]                                at /rustc/df4ca44d3fbc9301ee17f30f4d474e6ae4b05252/library/test/src/lib.rs:565:43
[INFO] [stdout]   31:     0x5cbcd1154074 - test::run_test::{{closure}}::h392c51cee94713ab
[INFO] [stdout]                                at /rustc/df4ca44d3fbc9301ee17f30f4d474e6ae4b05252/library/test/src/lib.rs:595:41
[INFO] [stdout]   32:     0x5cbcd1154074 - std::sys::backtrace::__rust_begin_short_backtrace::h2f40290710935a8b
[INFO] [stdout]                                at /rustc/df4ca44d3fbc9301ee17f30f4d474e6ae4b05252/library/std/src/sys/backtrace.rs:154:18
[INFO] [stdout]   33:     0x5cbcd115781e - std::thread::Builder::spawn_unchecked_::{{closure}}::{{closure}}::h3fd968d89053a903
[INFO] [stdout]                                at /rustc/df4ca44d3fbc9301ee17f30f4d474e6ae4b05252/library/std/src/thread/mod.rs:541:17
[INFO] [stdout]   34:     0x5cbcd115781e - <core::panic::unwind_safe::AssertUnwindSafe<F> as core::ops::function::FnOnce<()>>::call_once::h743f637ba4229880
[INFO] [stdout]                                at /rustc/df4ca44d3fbc9301ee17f30f4d474e6ae4b05252/library/core/src/panic/unwind_safe.rs:272:9
[INFO] [stdout]   35:     0x5cbcd115781e - std::panicking::try::do_call::h07440897322525a6
[INFO] [stdout]                                at /rustc/df4ca44d3fbc9301ee17f30f4d474e6ae4b05252/library/std/src/panicking.rs:557:40
[INFO] [stdout]   36:     0x5cbcd115781e - std::panicking::try::he5a2e00188156637
[INFO] [stdout]                                at /rustc/df4ca44d3fbc9301ee17f30f4d474e6ae4b05252/library/std/src/panicking.rs:520:19
[INFO] [stdout]   37:     0x5cbcd115781e - std::panic::catch_unwind::hbaf3cae49b3c6433
[INFO] [stdout]                                at /rustc/df4ca44d3fbc9301ee17f30f4d474e6ae4b05252/library/std/src/panic.rs:358:14
[INFO] [stdout]   38:     0x5cbcd115781e - std::thread::Builder::spawn_unchecked_::{{closure}}::h8e141ea224820bce
[INFO] [stdout]                                at /rustc/df4ca44d3fbc9301ee17f30f4d474e6ae4b05252/library/std/src/thread/mod.rs:540:30
[INFO] [stdout]   39:     0x5cbcd115781e - core::ops::function::FnOnce::call_once{{vtable.shim}}::h90d312fedd7b8ea8
[INFO] [stdout]                                at /rustc/df4ca44d3fbc9301ee17f30f4d474e6ae4b05252/library/core/src/ops/function.rs:250:5
[INFO] [stdout]   40:     0x5cbcd11e7bcb - <alloc::boxed::Box<F,A> as core::ops::function::FnOnce<Args>>::call_once::h69aa08ddb6adb8b6
[INFO] [stdout]                                at /rustc/df4ca44d3fbc9301ee17f30f4d474e6ae4b05252/library/alloc/src/boxed.rs:2454:9
[INFO] [stdout]   41:     0x5cbcd11e7bcb - <alloc::boxed::Box<F,A> as core::ops::function::FnOnce<Args>>::call_once::h5aa36efdb79c806f
[INFO] [stdout]                                at /rustc/df4ca44d3fbc9301ee17f30f4d474e6ae4b05252/library/alloc/src/boxed.rs:2454:9
[INFO] [stdout]   42:     0x5cbcd11e7bcb - std::sys::pal::unix::thread::Thread::new::thread_start::h6cd80a1b4be5158d
[INFO] [stdout]                                at /rustc/df4ca44d3fbc9301ee17f30f4d474e6ae4b05252/library/std/src/sys/pal/unix/thread.rs:105:17
[INFO] [stdout]   43:     0x74c1f7f45ac3 - <unknown>
[INFO] [stdout]   44:     0x74c1f7fd6a04 - clone
[INFO] [stdout]   45:                0x0 - <unknown>
[INFO] [stdout] 
[INFO] [stdout] ---- config_preserved_after_do stdout ----
[INFO] [stdout] thread 'config_preserved_after_do' panicked at /opt/rustwide/cargo-home/registry/src/index.crates.io-6f17d22bba15001f/nu-test-support-0.99.1/src/macros.rs:307:21:
[INFO] [stdout] Can't run test "/opt/rustwide/target/debug/nu" No such file or directory (os error 2)
[INFO] [stdout] stack backtrace:
[INFO] [stdout]    0:     0x5cbcd11e1a4a - std::backtrace_rs::backtrace::libunwind::trace::h207520d6e9873551
[INFO] [stdout]                                at /rustc/df4ca44d3fbc9301ee17f30f4d474e6ae4b05252/library/std/src/../../backtrace/src/backtrace/libunwind.rs:116:5
[INFO] [stdout]    1:     0x5cbcd11e1a4a - std::backtrace_rs::backtrace::trace_unsynchronized::h2ed7433f370e3eca
[INFO] [stdout]                                at /rustc/df4ca44d3fbc9301ee17f30f4d474e6ae4b05252/library/std/src/../../backtrace/src/backtrace/mod.rs:66:5
[INFO] [stdout]    2:     0x5cbcd11e1a4a - std::sys::backtrace::_print_fmt::h916fac51166b18d7
[INFO] [stdout]                                at /rustc/df4ca44d3fbc9301ee17f30f4d474e6ae4b05252/library/std/src/sys/backtrace.rs:66:9
[INFO] [stdout]    3:     0x5cbcd11e1a4a - <std::sys::backtrace::BacktraceLock::print::DisplayBacktrace as core::fmt::Display>::fmt::ha0a4c9b8ce3802e6
[INFO] [stdout]                                at /rustc/df4ca44d3fbc9301ee17f30f4d474e6ae4b05252/library/std/src/sys/backtrace.rs:39:26
[INFO] [stdout]    4:     0x5cbcd12087d3 - core::fmt::rt::Argument::fmt::h4cfc8587d52b3eb5
[INFO] [stdout]                                at /rustc/df4ca44d3fbc9301ee17f30f4d474e6ae4b05252/library/core/src/fmt/rt.rs:177:76
[INFO] [stdout]    5:     0x5cbcd12087d3 - core::fmt::write::h522cc39e5b36ae9f
[INFO] [stdout]                                at /rustc/df4ca44d3fbc9301ee17f30f4d474e6ae4b05252/library/core/src/fmt/mod.rs:1190:21
[INFO] [stdout]    6:     0x5cbcd11de133 - std::io::Write::write_fmt::h7d3c26752da97734
[INFO] [stdout]                                at /rustc/df4ca44d3fbc9301ee17f30f4d474e6ae4b05252/library/std/src/io/mod.rs:1839:15
[INFO] [stdout]    7:     0x5cbcd11e1892 - std::sys::backtrace::BacktraceLock::print::h4b9e00b29e9c0942
[INFO] [stdout]                                at /rustc/df4ca44d3fbc9301ee17f30f4d474e6ae4b05252/library/std/src/sys/backtrace.rs:42:9
[INFO] [stdout]    8:     0x5cbcd11e34da - std::panicking::default_hook::{{closure}}::hb59b88280d0324d9
[INFO] [stdout]                                at /rustc/df4ca44d3fbc9301ee17f30f4d474e6ae4b05252/library/std/src/panicking.rs:268:22
[INFO] [stdout]    9:     0x5cbcd11e32e4 - std::panicking::default_hook::he1dd496665be4a29
[INFO] [stdout]                                at /rustc/df4ca44d3fbc9301ee17f30f4d474e6ae4b05252/library/std/src/panicking.rs:292:9
[INFO] [stdout]   10:     0x5cbcd118c709 - <alloc::boxed::Box<F,A> as core::ops::function::Fn<Args>>::call::h4ff71de18744e1dc
[INFO] [stdout]                                at /rustc/df4ca44d3fbc9301ee17f30f4d474e6ae4b05252/library/alloc/src/boxed.rs:2468:9
[INFO] [stdout]   11:     0x5cbcd118c709 - test::test_main::{{closure}}::hcf7c055ce117aa81
[INFO] [stdout]                                at /rustc/df4ca44d3fbc9301ee17f30f4d474e6ae4b05252/library/test/src/lib.rs:133:21
[INFO] [stdout]   12:     0x5cbcd11e3bd8 - <alloc::boxed::Box<F,A> as core::ops::function::Fn<Args>>::call::h1d66c6bbd60c9692
[INFO] [stdout]                                at /rustc/df4ca44d3fbc9301ee17f30f4d474e6ae4b05252/library/alloc/src/boxed.rs:2468:9
[INFO] [stdout]   13:     0x5cbcd11e3bd8 - std::panicking::rust_panic_with_hook::h2ff17fe8f26dfcf8
[INFO] [stdout]                                at /rustc/df4ca44d3fbc9301ee17f30f4d474e6ae4b05252/library/std/src/panicking.rs:809:13
[INFO] [stdout]   14:     0x5cbcd11e399a - std::panicking::begin_panic_handler::{{closure}}::h4fad77951c07e101
[INFO] [stdout]                                at /rustc/df4ca44d3fbc9301ee17f30f4d474e6ae4b05252/library/std/src/panicking.rs:674:13
[INFO] [stdout]   15:     0x5cbcd11e1f29 - std::sys::backtrace::__rust_end_short_backtrace::hb1a25b3da5d0ea08
[INFO] [stdout]                                at /rustc/df4ca44d3fbc9301ee17f30f4d474e6ae4b05252/library/std/src/sys/backtrace.rs:170:18
[INFO] [stdout]   16:     0x5cbcd11e362c - rust_begin_unwind
[INFO] [stdout]                                at /rustc/df4ca44d3fbc9301ee17f30f4d474e6ae4b05252/library/std/src/panicking.rs:665:5
[INFO] [stdout]   17:     0x5cbcd1207270 - core::panicking::panic_fmt::ha9db07b529f9b256
[INFO] [stdout]                                at /rustc/df4ca44d3fbc9301ee17f30f4d474e6ae4b05252/library/core/src/panicking.rs:75:14
[INFO] [stdout]   18:     0x5cbcd114db8a - nu_test_support::macros::nu_run_test::hf9015a165602ae46
[INFO] [stdout]                                at /opt/rustwide/cargo-home/registry/src/index.crates.io-6f17d22bba15001f/nu-test-support-0.99.1/src/macros.rs:307:21
[INFO] [stdout]   19:     0x5cbcd11510d1 - into_config::config_preserved_after_do::h75f68c311a74aa32
[INFO] [stdout]                                at /opt/rustwide/workdir/tests/into_config.rs:16:18
[INFO] [stdout]   20:     0x5cbcd1150f77 - into_config::config_preserved_after_do::{{closure}}::h2eca57939f2202bf
[INFO] [stdout]                                at /opt/rustwide/workdir/tests/into_config.rs:15:31
[INFO] [stdout]   21:     0x5cbcd114ec76 - core::ops::function::FnOnce::call_once::h4ad88c08756879ac
[INFO] [stdout]                                at /rustc/df4ca44d3fbc9301ee17f30f4d474e6ae4b05252/library/core/src/ops/function.rs:250:5
[INFO] [stdout]   22:     0x5cbcd1190fdb - core::ops::function::FnOnce::call_once::h22c3ba5715e93f05
[INFO] [stdout]                                at /rustc/df4ca44d3fbc9301ee17f30f4d474e6ae4b05252/library/core/src/ops/function.rs:250:5
[INFO] [stdout]   23:     0x5cbcd1190fdb - test::__rust_begin_short_backtrace::h8e82d8113d0da17f
[INFO] [stdout]                                at /rustc/df4ca44d3fbc9301ee17f30f4d474e6ae4b05252/library/test/src/lib.rs:621:18
[INFO] [stdout]   24:     0x5cbcd1190957 - test::run_test_in_process::{{closure}}::h33235f4f20b7b7c7
[INFO] [stdout]                                at /rustc/df4ca44d3fbc9301ee17f30f4d474e6ae4b05252/library/test/src/lib.rs:644:60
[INFO] [stdout]   25:     0x5cbcd1190957 - <core::panic::unwind_safe::AssertUnwindSafe<F> as core::ops::function::FnOnce<()>>::call_once::hb5043206310c586f
[INFO] [stdout]                                at /rustc/df4ca44d3fbc9301ee17f30f4d474e6ae4b05252/library/core/src/panic/unwind_safe.rs:272:9
[INFO] [stdout]   26:     0x5cbcd1190957 - std::panicking::try::do_call::h9ad4731a60ab23e2
[INFO] [stdout]                                at /rustc/df4ca44d3fbc9301ee17f30f4d474e6ae4b05252/library/std/src/panicking.rs:557:40
[INFO] [stdout]   27:     0x5cbcd1190957 - std::panicking::try::h3824d23db772a716
[INFO] [stdout]                                at /rustc/df4ca44d3fbc9301ee17f30f4d474e6ae4b05252/library/std/src/panicking.rs:520:19
[INFO] [stdout]   28:     0x5cbcd1190957 - std::panic::catch_unwind::h5afd514605fde46b
[INFO] [stdout]                                at /rustc/df4ca44d3fbc9301ee17f30f4d474e6ae4b05252/library/std/src/panic.rs:358:14
[INFO] [stdout]   29:     0x5cbcd1190957 - test::run_test_in_process::h0d5cbfa7067d1720
[INFO] [stdout]                                at /rustc/df4ca44d3fbc9301ee17f30f4d474e6ae4b05252/library/test/src/lib.rs:644:27
[INFO] [stdout]   30:     0x5cbcd1190957 - test::run_test::{{closure}}::h708eb8872708115d
[INFO] [stdout]                                at /rustc/df4ca44d3fbc9301ee17f30f4d474e6ae4b05252/library/test/src/lib.rs:565:43
[INFO] [stdout]   31:     0x5cbcd1154074 - test::run_test::{{closure}}::h392c51cee94713ab
[INFO] [stdout]                                at /rustc/df4ca44d3fbc9301ee17f30f4d474e6ae4b05252/library/test/src/lib.rs:595:41
[INFO] [stdout]   32:     0x5cbcd1154074 - std::sys::backtrace::__rust_begin_short_backtrace::h2f40290710935a8b
[INFO] [stdout]                                at /rustc/df4ca44d3fbc9301ee17f30f4d474e6ae4b05252/library/std/src/sys/backtrace.rs:154:18
[INFO] [stdout]   33:     0x5cbcd115781e - std::thread::Builder::spawn_unchecked_::{{closure}}::{{closure}}::h3fd968d89053a903
[INFO] [stdout]                                at /rustc/df4ca44d3fbc9301ee17f30f4d474e6ae4b05252/library/std/src/thread/mod.rs:541:17
[INFO] [stdout]   34:     0x5cbcd115781e - <core::panic::unwind_safe::AssertUnwindSafe<F> as core::ops::function::FnOnce<()>>::call_once::h743f637ba4229880
[INFO] [stdout]                                at /rustc/df4ca44d3fbc9301ee17f30f4d474e6ae4b05252/library/core/src/panic/unwind_safe.rs:272:9
[INFO] [stdout]   35:     0x5cbcd115781e - std::panicking::try::do_call::h07440897322525a6
[INFO] [stdout]                                at /rustc/df4ca44d3fbc9301ee17f30f4d474e6ae4b05252/library/std/src/panicking.rs:557:40
[INFO] [stdout]   36:     0x5cbcd115781e - std::panicking::try::he5a2e00188156637
[INFO] [stdout]                                at /rustc/df4ca44d3fbc9301ee17f30f4d474e6ae4b05252/library/std/src/panicking.rs:520:19
[INFO] [stdout]   37:     0x5cbcd115781e - std::panic::catch_unwind::hbaf3cae49b3c6433
[INFO] [stdout]                                at /rustc/df4ca44d3fbc9301ee17f30f4d474e6ae4b05252/library/std/src/panic.rs:358:14
[INFO] [stdout]   38:     0x5cbcd115781e - std::thread::Builder::spawn_unchecked_::{{closure}}::h8e141ea224820bce
[INFO] [stdout]                                at /rustc/df4ca44d3fbc9301ee17f30f4d474e6ae4b05252/library/std/src/thread/mod.rs:540:30
[INFO] [stdout]   39:     0x5cbcd115781e - core::ops::function::FnOnce::call_once{{vtable.shim}}::h90d312fedd7b8ea8
[INFO] [stdout]                                at /rustc/df4ca44d3fbc9301ee17f30f4d474e6ae4b05252/library/core/src/ops/function.rs:250:5
[INFO] [stdout]   40:     0x5cbcd11e7bcb - <alloc::boxed::Box<F,A> as core::ops::function::FnOnce<Args>>::call_once::h69aa08ddb6adb8b6
[INFO] [stdout]                                at /rustc/df4ca44d3fbc9301ee17f30f4d474e6ae4b05252/library/alloc/src/boxed.rs:2454:9
[INFO] [stdout]   41:     0x5cbcd11e7bcb - <alloc::boxed::Box<F,A> as core::ops::function::FnOnce<Args>>::call_once::h5aa36efdb79c806f
[INFO] [stdout]                                at /rustc/df4ca44d3fbc9301ee17f30f4d474e6ae4b05252/library/alloc/src/boxed.rs:2454:9
[INFO] [stdout]   42:     0x5cbcd11e7bcb - std::sys::pal::unix::thread::Thread::new::thread_start::h6cd80a1b4be5158d
[INFO] [stdout]                                at /rustc/df4ca44d3fbc9301ee17f30f4d474e6ae4b05252/library/std/src/sys/pal/unix/thread.rs:105:17
[INFO] [stdout]   43:     0x74c1f7f45ac3 - <unknown>
[INFO] [stdout]   44:     0x74c1f7fd6a04 - clone
[INFO] [stdout]   45:                0x0 - <unknown>
[INFO] [stdout] 
[INFO] [stdout] 
[INFO] [stdout] failures:
[INFO] [stdout]     config_add_unsupported_key
[INFO] [stdout]     config_add_unsupported_type
[INFO] [stdout]     config_add_unsupported_value
[INFO] [stdout]     config_affected_when_deep_mutated
[INFO] [stdout]     config_affected_when_mutated
[INFO] [stdout]     config_is_mutable
[INFO] [stdout]     config_preserved_after_do
[INFO] [stdout] 
[INFO] [stdout] test result: FAILED. 0 passed; 7 failed; 3 ignored; 0 measured; 0 filtered out; finished in 0.02s
[INFO] [stdout] 
[INFO] [stderr] error: test failed, to rerun pass `--test into_config`
[INFO] running `Command { std: "docker" "inspect" "edf6564454a826df6bc495f38346dea23cb084a3e07ddde6c9decdbec797e0ed", kill_on_drop: false }`
[INFO] running `Command { std: "docker" "rm" "-f" "edf6564454a826df6bc495f38346dea23cb084a3e07ddde6c9decdbec797e0ed", kill_on_drop: false }`
[INFO] [stdout] edf6564454a826df6bc495f38346dea23cb084a3e07ddde6c9decdbec797e0ed
