[INFO] fetching crate ntcip 0.13.0...
[INFO] testing ntcip-0.13.0 against nightly-2024-10-28+rustflags=-Zrandomize-layout for randomize-layout
[INFO] extracting crate ntcip 0.13.0 into /workspace/builds/worker-0-tc2/source
[INFO] validating manifest of crates.io crate ntcip 0.13.0 on toolchain nightly-2024-10-28
[INFO] running `Command { std: CARGO_HOME="/workspace/cargo-home" RUSTUP_HOME="/workspace/rustup-home" "/workspace/cargo-home/bin/cargo" "+nightly-2024-10-28" "metadata" "--manifest-path" "Cargo.toml" "--no-deps", kill_on_drop: false }`
[INFO] started tweaking crates.io crate ntcip 0.13.0
[INFO] removed 0 missing examples
[INFO] finished tweaking crates.io crate ntcip 0.13.0
[INFO] tweaked toml for crates.io crate ntcip 0.13.0 written to /workspace/builds/worker-0-tc2/source/Cargo.toml
[INFO] crate crates.io crate ntcip 0.13.0 already has a lockfile, it will not be regenerated
[INFO] running `Command { std: CARGO_HOME="/workspace/cargo-home" RUSTUP_HOME="/workspace/rustup-home" "/workspace/cargo-home/bin/cargo" "+nightly-2024-10-28" "fetch" "--manifest-path" "Cargo.toml", kill_on_drop: false }`
[INFO] running `Command { std: "docker" "create" "-v" "/var/lib/crater-agent-workspace/builds/worker-0-tc2/target:/opt/rustwide/target:rw,Z" "-v" "/var/lib/crater-agent-workspace/builds/worker-0-tc2/source:/opt/rustwide/workdir:ro,Z" "-v" "/var/lib/crater-agent-workspace/cargo-home:/opt/rustwide/cargo-home:ro,Z" "-v" "/var/lib/crater-agent-workspace/rustup-home:/opt/rustwide/rustup-home:ro,Z" "-e" "SOURCE_DIR=/opt/rustwide/workdir" "-e" "CARGO_TARGET_DIR=/opt/rustwide/target" "-e" "CARGO_HOME=/opt/rustwide/cargo-home" "-e" "RUSTUP_HOME=/opt/rustwide/rustup-home" "-w" "/opt/rustwide/workdir" "-m" "1610612736" "--user" "0:0" "--network" "none" "ghcr.io/rust-lang/crates-build-env/linux@sha256:4a844ea9eb2546a2d2c7022eacef16ef2e8229c7fbb2c7d4d55a9ceca922f72d" "/opt/rustwide/cargo-home/bin/cargo" "+nightly-2024-10-28" "metadata" "--no-deps" "--format-version=1", kill_on_drop: false }`
[INFO] [stdout] 9c497ed6c2b7aea78caacdaa01e9b7d246e91228598158279f764c9857c21ecd
[INFO] running `Command { std: "docker" "start" "-a" "9c497ed6c2b7aea78caacdaa01e9b7d246e91228598158279f764c9857c21ecd", kill_on_drop: false }`
[INFO] running `Command { std: "docker" "inspect" "9c497ed6c2b7aea78caacdaa01e9b7d246e91228598158279f764c9857c21ecd", kill_on_drop: false }`
[INFO] running `Command { std: "docker" "rm" "-f" "9c497ed6c2b7aea78caacdaa01e9b7d246e91228598158279f764c9857c21ecd", kill_on_drop: false }`
[INFO] [stdout] 9c497ed6c2b7aea78caacdaa01e9b7d246e91228598158279f764c9857c21ecd
[INFO] running `Command { std: "docker" "create" "-v" "/var/lib/crater-agent-workspace/builds/worker-0-tc2/target:/opt/rustwide/target:rw,Z" "-v" "/var/lib/crater-agent-workspace/builds/worker-0-tc2/source:/opt/rustwide/workdir:ro,Z" "-v" "/var/lib/crater-agent-workspace/cargo-home:/opt/rustwide/cargo-home:ro,Z" "-v" "/var/lib/crater-agent-workspace/rustup-home:/opt/rustwide/rustup-home:ro,Z" "-e" "SOURCE_DIR=/opt/rustwide/workdir" "-e" "CARGO_TARGET_DIR=/opt/rustwide/target" "-e" "CARGO_INCREMENTAL=0" "-e" "RUST_BACKTRACE=full" "-e" "RUSTFLAGS=--cap-lints=forbid -Zrandomize-layout" "-e" "RUSTDOCFLAGS=--cap-lints=forbid" "-e" "CARGO_HOME=/opt/rustwide/cargo-home" "-e" "RUSTUP_HOME=/opt/rustwide/rustup-home" "-w" "/opt/rustwide/workdir" "-m" "1610612736" "--user" "0:0" "--network" "none" "ghcr.io/rust-lang/crates-build-env/linux@sha256:4a844ea9eb2546a2d2c7022eacef16ef2e8229c7fbb2c7d4d55a9ceca922f72d" "/opt/rustwide/cargo-home/bin/cargo" "+nightly-2024-10-28" "build" "--frozen" "--message-format=json", kill_on_drop: false }`
[INFO] [stdout] 446aec0a5aa357807f2a4a4b9067726611653d402e0d092bc3c9c99c17738754
[INFO] running `Command { std: "docker" "start" "-a" "446aec0a5aa357807f2a4a4b9067726611653d402e0d092bc3c9c99c17738754", kill_on_drop: false }`
[INFO] [stderr]    Compiling proc-macro2 v1.0.86
[INFO] [stderr]    Compiling thiserror v1.0.63
[INFO] [stderr]    Compiling pix v0.13.3
[INFO] [stderr]    Compiling crc-catalog v2.4.0
[INFO] [stderr]    Compiling fstr v0.2.11
[INFO] [stderr]    Compiling log v0.4.22
[INFO] [stderr]    Compiling crc v3.2.1
[INFO] [stderr]    Compiling quote v1.0.36
[INFO] [stderr]    Compiling syn v2.0.74
[INFO] [stderr]    Compiling thiserror-impl v1.0.63
[INFO] [stderr]    Compiling enumflags2_derive v0.7.10
[INFO] [stderr]    Compiling enumflags2 v0.7.10
[INFO] [stderr]    Compiling tfon v0.1.1
[INFO] [stderr]    Compiling ntcip v0.13.0 (/opt/rustwide/workdir)
[INFO] [stderr]     Finished `dev` profile [unoptimized + debuginfo] target(s) in 3.47s
[INFO] running `Command { std: "docker" "inspect" "446aec0a5aa357807f2a4a4b9067726611653d402e0d092bc3c9c99c17738754", kill_on_drop: false }`
[INFO] running `Command { std: "docker" "rm" "-f" "446aec0a5aa357807f2a4a4b9067726611653d402e0d092bc3c9c99c17738754", kill_on_drop: false }`
[INFO] [stdout] 446aec0a5aa357807f2a4a4b9067726611653d402e0d092bc3c9c99c17738754
[INFO] running `Command { std: "docker" "create" "-v" "/var/lib/crater-agent-workspace/builds/worker-0-tc2/target:/opt/rustwide/target:rw,Z" "-v" "/var/lib/crater-agent-workspace/builds/worker-0-tc2/source:/opt/rustwide/workdir:ro,Z" "-v" "/var/lib/crater-agent-workspace/cargo-home:/opt/rustwide/cargo-home:ro,Z" "-v" "/var/lib/crater-agent-workspace/rustup-home:/opt/rustwide/rustup-home:ro,Z" "-e" "SOURCE_DIR=/opt/rustwide/workdir" "-e" "CARGO_TARGET_DIR=/opt/rustwide/target" "-e" "CARGO_INCREMENTAL=0" "-e" "RUST_BACKTRACE=full" "-e" "RUSTFLAGS=--cap-lints=forbid -Zrandomize-layout" "-e" "RUSTDOCFLAGS=--cap-lints=forbid" "-e" "CARGO_HOME=/opt/rustwide/cargo-home" "-e" "RUSTUP_HOME=/opt/rustwide/rustup-home" "-w" "/opt/rustwide/workdir" "-m" "1610612736" "--user" "0:0" "--network" "none" "ghcr.io/rust-lang/crates-build-env/linux@sha256:4a844ea9eb2546a2d2c7022eacef16ef2e8229c7fbb2c7d4d55a9ceca922f72d" "/opt/rustwide/cargo-home/bin/cargo" "+nightly-2024-10-28" "test" "--frozen" "--no-run" "--message-format=json", kill_on_drop: false }`
[INFO] [stdout] 5523f80fcfe53c4483c8d4f62cff5793963a2dcc3742fc0c96808a3f79d6bd2b
[INFO] running `Command { std: "docker" "start" "-a" "5523f80fcfe53c4483c8d4f62cff5793963a2dcc3742fc0c96808a3f79d6bd2b", kill_on_drop: false }`
[INFO] [stderr]    Compiling ntcip v0.13.0 (/opt/rustwide/workdir)
[INFO] [stderr]     Finished `test` profile [unoptimized + debuginfo] target(s) in 1.31s
[INFO] running `Command { std: "docker" "inspect" "5523f80fcfe53c4483c8d4f62cff5793963a2dcc3742fc0c96808a3f79d6bd2b", kill_on_drop: false }`
[INFO] running `Command { std: "docker" "rm" "-f" "5523f80fcfe53c4483c8d4f62cff5793963a2dcc3742fc0c96808a3f79d6bd2b", kill_on_drop: false }`
[INFO] [stdout] 5523f80fcfe53c4483c8d4f62cff5793963a2dcc3742fc0c96808a3f79d6bd2b
[INFO] running `Command { std: "docker" "create" "-v" "/var/lib/crater-agent-workspace/builds/worker-0-tc2/target:/opt/rustwide/target:rw,Z" "-v" "/var/lib/crater-agent-workspace/builds/worker-0-tc2/source:/opt/rustwide/workdir:ro,Z" "-v" "/var/lib/crater-agent-workspace/cargo-home:/opt/rustwide/cargo-home:ro,Z" "-v" "/var/lib/crater-agent-workspace/rustup-home:/opt/rustwide/rustup-home:ro,Z" "-e" "SOURCE_DIR=/opt/rustwide/workdir" "-e" "CARGO_TARGET_DIR=/opt/rustwide/target" "-e" "CARGO_INCREMENTAL=0" "-e" "RUST_BACKTRACE=full" "-e" "RUSTFLAGS=--cap-lints=forbid -Zrandomize-layout" "-e" "RUSTDOCFLAGS=--cap-lints=forbid" "-e" "CARGO_HOME=/opt/rustwide/cargo-home" "-e" "RUSTUP_HOME=/opt/rustwide/rustup-home" "-w" "/opt/rustwide/workdir" "-m" "1610612736" "--user" "0:0" "--network" "none" "ghcr.io/rust-lang/crates-build-env/linux@sha256:4a844ea9eb2546a2d2c7022eacef16ef2e8229c7fbb2c7d4d55a9ceca922f72d" "/opt/rustwide/cargo-home/bin/cargo" "+nightly-2024-10-28" "test" "--frozen", kill_on_drop: false }`
[INFO] [stdout] 81db79b2900603bd1950b79ed210a5d0119ff8d50bab095f1e315b13e6429d7e
[INFO] running `Command { std: "docker" "start" "-a" "81db79b2900603bd1950b79ed210a5d0119ff8d50bab095f1e315b13e6429d7e", kill_on_drop: false }`
[INFO] [stderr]     Finished `test` profile [unoptimized + debuginfo] target(s) in 0.02s
[INFO] [stderr]      Running unittests src/lib.rs (/opt/rustwide/target/debug/deps/ntcip-cfb3b8719ffb13c4)
[INFO] [stdout] 
[INFO] [stdout] running 186 tests
[INFO] [stdout] test dms::graphic::test::graphic_version_id ... ok
[INFO] [stdout] test dms::multi::test::blank ... ok
[INFO] [stdout] test dms::multi::test::color_24 ... ok
[INFO] [stdout] test dms::font::test::font_by_name ... ok
[INFO] [stdout] test dms::multi::test::color_mono_1 ... ok
[INFO] [stdout] test dms::multi::test::color_classic ... ok
[INFO] [stdout] test dms::multi::test::color_mono_8 ... ok
[INFO] [stdout] test dms::multi::test::color_component ... ok
[INFO] [stdout] test dms::multi::test::norm_invalid_char ... ok
[INFO] [stdout] test dms::font::test::font_version_id ... ok
[INFO] [stdout] test dms::multi::test::norm_invalid_tag_values ... ok
[INFO] [stdout] test dms::multi::test::norm_malformed_tags ... ok
[INFO] [stdout] test dms::multi::test::norm_lowercase ... ok
[INFO] [stdout] test dms::multi::test::norm_ok ... ok
[INFO] [stdout] test dms::multi::test::norm_redundant_tags ... ok
[INFO] [stdout] test dms::multi::test::norm_ok_tags ... ok
[INFO] [stdout] test dms::multi::test::norm_unsupported_tags ... ok
[INFO] [stdout] test dms::multi::test::norm_trailing_whitespace ... ok
[INFO] [stdout] test dms::multi::test::parse_bracket ... ok
[INFO] [stdout] test dms::multi::test::not_blank ... ok
[INFO] [stdout] test dms::multi::test::parse_bracket2 ... ok
[INFO] [stdout] test dms::multi::test::parse_cb2 ... ok
[INFO] [stdout] test dms::multi::test::parse_cf2 ... ok
[INFO] [stdout] test dms::multi::test::parse_cf1 ... ok
[INFO] [stdout] test dms::multi::test::parse_cf5 ... ok
[INFO] [stdout] test dms::multi::test::parse_cf4 ... ok
[INFO] [stdout] test dms::multi::test::parse_cr ... ok
[INFO] [stdout] test dms::multi::test::parse_cr2 ... ok
[INFO] [stdout] test dms::multi::test::parse_cf3 ... ok
[INFO] [stdout] test dms::multi::test::parse_cr3 ... ok
[INFO] [stdout] test dms::multi::test::parse_cr4 ... ok
[INFO] [stdout] test dms::multi::test::parse_f ... ok
[INFO] [stdout] test dms::multi::test::parse_cr5 ... ok
[INFO] [stdout] test dms::multi::test::parse_f1 ... ok
[INFO] [stdout] test dms::multi::test::parse_f2 ... ok
[INFO] [stdout] test dms::multi::test::parse_f3 ... ok
[INFO] [stdout] test dms::multi::test::parse_cb1 ... ok
[INFO] [stdout] test dms::multi::test::parse_fl3 ... ok
[INFO] [stdout] test dms::multi::test::parse_fl4 ... ok
[INFO] [stdout] test dms::multi::test::parse_fl5 ... ok
[INFO] [stdout] test dms::multi::test::parse_fl6 ... ok
[INFO] [stdout] test dms::multi::test::parse_cr6 ... ok
[INFO] [stdout] test dms::multi::test::parse_fl7 ... ok
[INFO] [stdout] test dms::multi::test::parse_f4 ... ok
[INFO] [stdout] test dms::multi::test::parse_fo1 ... ok
[INFO] [stdout] test dms::multi::test::parse_fo2 ... ok
[INFO] [stdout] test dms::multi::test::parse_fl ... ok
[INFO] [stdout] test dms::multi::test::parse_fle ... ok
[INFO] [stdout] test dms::multi::test::parse_fo3 ... ok
[INFO] [stdout] test dms::multi::test::parse_fo5 ... ok
[INFO] [stdout] test dms::multi::test::parse_fle1 ... ok
[INFO] [stdout] test dms::multi::test::parse_fo6 ... ok
[INFO] [stdout] test dms::multi::test::parse_fo4 ... ok
[INFO] [stdout] test dms::multi::test::parse_fo7 ... ok
[INFO] [stdout] test dms::multi::test::parse_fo8 ... ok
[INFO] [stdout] test dms::multi::test::parse_fl2 ... ok
[INFO] [stdout] test dms::multi::test::parse_g2 ... ok
[INFO] [stdout] test dms::multi::test::parse_g3 ... ok
[INFO] [stdout] test dms::multi::test::parse_g ... ok
[INFO] [stdout] test dms::multi::test::parse_g4 ... ok
[INFO] [stdout] test dms::multi::test::parse_g5 ... ok
[INFO] [stdout] test dms::multi::test::parse_g6 ... ok
[INFO] [stdout] test dms::multi::test::parse_fo ... ok
[INFO] [stdout] test dms::multi::test::parse_g7 ... ok
[INFO] [stdout] test dms::multi::test::parse_hc1 ... ok
[INFO] [stdout] test dms::multi::test::parse_hc2 ... ok
[INFO] [stdout] test dms::multi::test::parse_hc3 ... ok
[INFO] [stdout] test dms::multi::test::parse_hc4 ... ok
[INFO] [stdout] test dms::multi::test::parse_hc5 ... ok
[INFO] [stdout] test dms::multi::test::parse_jl0 ... ok
[INFO] [stdout] test dms::multi::test::parse_g1 ... ok
[INFO] [stdout] test dms::multi::test::parse_jp0 ... ok
[INFO] [stdout] test dms::multi::test::parse_jp14 ... ok
[INFO] [stdout] test dms::multi::test::parse_hc ... ok
[INFO] [stdout] test dms::multi::test::parse_lower ... ok
[INFO] [stdout] test dms::multi::test::parse_ms1 ... ok
[INFO] [stdout] test dms::multi::test::parse_ms ... ok
[INFO] [stdout] test dms::multi::test::parse_g8 ... ok
[INFO] [stdout] test dms::multi::test::parse_invalid_1 ... ok
[INFO] [stdout] test dms::multi::test::parse_jl ... ok
[INFO] [stdout] test dms::multi::test::parse_ms3 ... ok
[INFO] [stdout] test dms::multi::test::parse_mse ... ok
[INFO] [stdout] test dms::multi::test::parse_jl15 ... ok
[INFO] [stdout] test dms::multi::test::parse_mse1 ... ok
[INFO] [stdout] test dms::multi::test::parse_invalid_2 ... ok
[INFO] [stdout] test dms::multi::test::parse_jp ... ok
[INFO] [stdout] test dms::multi::test::parse_mse2 ... ok
[INFO] [stdout] test dms::multi::test::parse_mse3 ... ok
[INFO] [stdout] test dms::multi::test::parse_multi ... ok
[INFO] [stdout] test dms::multi::test::parse_mv ... ok
[INFO] [stdout] test dms::multi::test::parse_ms2 ... ok
[INFO] [stdout] test dms::multi::test::parse_mv1 ... ok
[INFO] [stdout] test dms::multi::test::parse_mv3 ... ok
[INFO] [stdout] test dms::multi::test::parse_mv4 ... ok
[INFO] [stdout] test dms::multi::test::parse_mv5 ... ok
[INFO] [stdout] test dms::multi::test::parse_mv11 ... ok
[INFO] [stdout] test dms::multi::test::parse_mv6 ... ok
[INFO] [stdout] test dms::multi::test::parse_mv7 ... ok
[INFO] [stdout] test dms::multi::test::parse_mv8 ... ok
[INFO] [stdout] test dms::multi::test::parse_mv9 ... ok
[INFO] [stdout] test dms::multi::test::parse_new_line ... ok
[INFO] [stdout] test dms::multi::test::parse_mv12 ... ok
[INFO] [stdout] test dms::multi::test::parse_pb1 ... ok
[INFO] [stdout] test dms::multi::test::parse_mv10 ... ok
[INFO] [stdout] test dms::multi::test::parse_mv2 ... ok
[INFO] [stdout] test dms::multi::test::parse_pb2 ... ok
[INFO] [stdout] test dms::multi::test::parse_pb3 ... ok
[INFO] [stdout] test dms::multi::test::parse_pb4 ... ok
[INFO] [stdout] test dms::multi::test::parse_pb5 ... ok
[INFO] [stdout] test dms::multi::test::parse_pt ... ok
[INFO] [stdout] test dms::multi::test::parse_pt1 ... ok
[INFO] [stdout] test dms::multi::test::parse_pt2 ... ok
[INFO] [stdout] test dms::multi::test::parse_pt3 ... ok
[INFO] [stdout] test dms::multi::test::parse_pt4 ... ok
[INFO] [stdout] test dms::multi::test::parse_pt5 ... ok
[INFO] [stdout] test dms::multi::test::parse_pt6 ... ok
[INFO] [stdout] test dms::multi::test::parse_pt7 ... ok
[INFO] [stdout] test dms::multi::test::parse_pt8 ... ok
[INFO] [stdout] test dms::multi::test::parse_rustacean ... ok
[INFO] [stdout] test dms::multi::test::parse_sc ... ok
[INFO] [stdout] test dms::multi::test::parse_sc1 ... ok
[INFO] [stdout] test dms::multi::test::parse_sc2 ... ok
[INFO] [stdout] test dms::multi::test::parse_sc3 ... ok
[INFO] [stdout] test dms::multi::test::parse_sc4 ... ok
[INFO] [stdout] test dms::multi::test::parse_sce ... ok
[INFO] [stdout] test dms::multi::test::parse_sce1 ... ok
[INFO] [stdout] test dms::multi::test::parse_tag ... ok
[INFO] [stdout] test dms::multi::test::parse_tag2 ... ok
[INFO] [stdout] test dms::multi::test::parse_tag3 ... ok
[INFO] [stdout] test dms::multi::test::parse_tag4 ... ok
[INFO] [stdout] test dms::multi::test::parse_tag5 ... ok
[INFO] [stdout] test dms::multi::test::parse_tag6 ... ok
[INFO] [stdout] test dms::multi::test::parse_tag7 ... ok
[INFO] [stdout] test dms::multi::test::parse_tag8 ... ok
[INFO] [stdout] test dms::multi::test::parse_text ... ok
[INFO] [stdout] test dms::multi::test::parse_tr ... ok
[INFO] [stdout] test dms::multi::test::parse_tr2 ... ok
[INFO] [stdout] test dms::multi::test::parse_tr3 ... ok
[INFO] [stdout] test dms::multi::test::parse_tr4 ... ok
[INFO] [stdout] test dms::multi::test::parse_tr5 ... ok
[INFO] [stdout] test dms::multi::test::parse_tr6 ... ok
[INFO] [stdout] test dms::multi::test::parse_valid ... ok
[INFO] [stdout] test dms::multi::test::rectangles ... ok
[INFO] [stdout] test dms::multi::test::split_values ... ok
[INFO] [stdout] test dms::multi::test::text_join ... ok
[INFO] [stdout] test dms::multi::test::text_split ... ok
[INFO] [stdout] test dms::pattern::test::fillable_rect1 ... ok
[INFO] [stdout] test dms::pattern::test::fillable_lines_fail ... ok
[INFO] [stdout] test dms::pattern::test::fill_1 ... ok
[INFO] [stdout] test dms::pattern::test::fillable_rect12 ... ok
[INFO] [stdout] test dms::pattern::test::fillable_rect2 ... ok
[INFO] [stdout] test dms::pattern::test::fillable_rect13 ... ok
[INFO] [stdout] test dms::pattern::test::fillable_rect3 ... ok
[INFO] [stdout] test dms::pattern::test::fillable_rect11 ... ok
[INFO] [stdout] test dms::pattern::test::fillable_rect8 ... ok
[INFO] [stdout] test dms::pattern::test::fillable_rect5 ... ok
[INFO] [stdout] test dms::pattern::test::fillable_rect4 ... ok
[INFO] [stdout] test dms::pattern::test::fillable_rect6 ... ok
[INFO] [stdout] test dms::pattern::test::fillable_rect10 ... ok
[INFO] [stdout] test dms::pattern::test::fillable_rect7 ... ok
[INFO] [stdout] test dms::pattern::test::fillable_rect9 ... ok
[INFO] [stdout] test dms::pattern::test::fillable_width_2 ... ok
[INFO] [stdout] test dms::pattern::test::fillable_width_1 ... ok
[INFO] [stdout] test dms::pattern::test::fillable_width_3 ... ok
[INFO] [stdout] test dms::pattern::test::fillable_width_5 ... ok
[INFO] [stdout] test dms::pattern::test::fillable_width_6 ... ok
[INFO] [stdout] test dms::pattern::test::fillable_width_4 ... ok
[INFO] [stdout] test dms::render::test::center_justify ... ok
[INFO] [stdout] test dms::render::test::line_matrix_lines ... ok
[INFO] [stdout] test dms::render::test::bottom_justify ... ok
[INFO] [stdout] test dms::render::test::left_justify ... ok
[INFO] [stdout] test dms::render::test::char_matrix_spacing ... ok
[INFO] [stdout] test dms::render::test::page_just_quirk ... ok
[INFO] [stdout] test dms::render::test::middle_justify ... ok
[INFO] [stdout] test dms::render::test::line_matrix_spacing ... ok
[INFO] [stdout] test dms::render::test::right_justify ... ok
[INFO] [stdout] test dms::render::test::page_char_matrix ... ok
[INFO] [stdout] test dms::render::test::char_spacing ... ok
[INFO] [stdout] test dms::render::test::line_spacing ... ok
[INFO] [stdout] test dms::render::test::page_times ... ok
[INFO] [stdout] test dms::render::test::text_rectangles ... ok
[INFO] [stdout] test dms::pattern::test::roundtrip_fillable_2 ... ok
[INFO] [stdout] test dms::pattern::test::roundtrip_fillable_1 ... ok
[INFO] [stdout] test dms::render::test::page_count ... ok
[INFO] [stdout] test dms::multi::test::value_size ... FAILED
[INFO] [stdout] test dms::sign::test::dms_size ... FAILED
[INFO] [stdout] 
[INFO] [stdout] failures:
[INFO] [stdout] 
[INFO] [stdout] ---- dms::multi::test::value_size stdout ----
[INFO] [stdout] thread 'dms::multi::test::value_size' panicked at src/dms/multi.rs:1531:9:
[INFO] [stdout] assertion `left == right` failed
[INFO] [stdout]   left: 32
[INFO] [stdout]  right: 24
[INFO] [stdout] stack backtrace:
[INFO] [stdout]    0:     0x631e4432f04a - std::backtrace_rs::backtrace::libunwind::trace::h207520d6e9873551
[INFO] [stdout]                                at /rustc/df4ca44d3fbc9301ee17f30f4d474e6ae4b05252/library/std/src/../../backtrace/src/backtrace/libunwind.rs:116:5
[INFO] [stdout]    1:     0x631e4432f04a - std::backtrace_rs::backtrace::trace_unsynchronized::h2ed7433f370e3eca
[INFO] [stdout]                                at /rustc/df4ca44d3fbc9301ee17f30f4d474e6ae4b05252/library/std/src/../../backtrace/src/backtrace/mod.rs:66:5
[INFO] [stdout]    2:     0x631e4432f04a - std::sys::backtrace::_print_fmt::h916fac51166b18d7
[INFO] [stdout]                                at /rustc/df4ca44d3fbc9301ee17f30f4d474e6ae4b05252/library/std/src/sys/backtrace.rs:66:9
[INFO] [stdout]    3:     0x631e4432f04a - <std::sys::backtrace::BacktraceLock::print::DisplayBacktrace as core::fmt::Display>::fmt::ha0a4c9b8ce3802e6
[INFO] [stdout]                                at /rustc/df4ca44d3fbc9301ee17f30f4d474e6ae4b05252/library/std/src/sys/backtrace.rs:39:26
[INFO] [stdout]    4:     0x631e443555b3 - core::fmt::rt::Argument::fmt::h4cfc8587d52b3eb5
[INFO] [stdout]                                at /rustc/df4ca44d3fbc9301ee17f30f4d474e6ae4b05252/library/core/src/fmt/rt.rs:177:76
[INFO] [stdout]    5:     0x631e443555b3 - core::fmt::write::h522cc39e5b36ae9f
[INFO] [stdout]                                at /rustc/df4ca44d3fbc9301ee17f30f4d474e6ae4b05252/library/core/src/fmt/mod.rs:1190:21
[INFO] [stdout]    6:     0x631e4432bcb3 - std::io::Write::write_fmt::h7d3c26752da97734
[INFO] [stdout]                                at /rustc/df4ca44d3fbc9301ee17f30f4d474e6ae4b05252/library/std/src/io/mod.rs:1839:15
[INFO] [stdout]    7:     0x631e4432ee92 - std::sys::backtrace::BacktraceLock::print::h4b9e00b29e9c0942
[INFO] [stdout]                                at /rustc/df4ca44d3fbc9301ee17f30f4d474e6ae4b05252/library/std/src/sys/backtrace.rs:42:9
[INFO] [stdout]    8:     0x631e443304da - std::panicking::default_hook::{{closure}}::hb59b88280d0324d9
[INFO] [stdout]                                at /rustc/df4ca44d3fbc9301ee17f30f4d474e6ae4b05252/library/std/src/panicking.rs:268:22
[INFO] [stdout]    9:     0x631e443302e4 - std::panicking::default_hook::he1dd496665be4a29
[INFO] [stdout]                                at /rustc/df4ca44d3fbc9301ee17f30f4d474e6ae4b05252/library/std/src/panicking.rs:292:9
[INFO] [stdout]   10:     0x631e442f10a9 - <alloc::boxed::Box<F,A> as core::ops::function::Fn<Args>>::call::h4ff71de18744e1dc
[INFO] [stdout]                                at /rustc/df4ca44d3fbc9301ee17f30f4d474e6ae4b05252/library/alloc/src/boxed.rs:2468:9
[INFO] [stdout]   11:     0x631e442f10a9 - test::test_main::{{closure}}::hcf7c055ce117aa81
[INFO] [stdout]                                at /rustc/df4ca44d3fbc9301ee17f30f4d474e6ae4b05252/library/test/src/lib.rs:133:21
[INFO] [stdout]   12:     0x631e44330bd8 - <alloc::boxed::Box<F,A> as core::ops::function::Fn<Args>>::call::h1d66c6bbd60c9692
[INFO] [stdout]                                at /rustc/df4ca44d3fbc9301ee17f30f4d474e6ae4b05252/library/alloc/src/boxed.rs:2468:9
[INFO] [stdout]   13:     0x631e44330bd8 - std::panicking::rust_panic_with_hook::h2ff17fe8f26dfcf8
[INFO] [stdout]                                at /rustc/df4ca44d3fbc9301ee17f30f4d474e6ae4b05252/library/std/src/panicking.rs:809:13
[INFO] [stdout]   14:     0x631e4433099a - std::panicking::begin_panic_handler::{{closure}}::h4fad77951c07e101
[INFO] [stdout]                                at /rustc/df4ca44d3fbc9301ee17f30f4d474e6ae4b05252/library/std/src/panicking.rs:674:13
[INFO] [stdout]   15:     0x631e4432f529 - std::sys::backtrace::__rust_end_short_backtrace::hb1a25b3da5d0ea08
[INFO] [stdout]                                at /rustc/df4ca44d3fbc9301ee17f30f4d474e6ae4b05252/library/std/src/sys/backtrace.rs:170:18
[INFO] [stdout]   16:     0x631e4433062c - rust_begin_unwind
[INFO] [stdout]                                at /rustc/df4ca44d3fbc9301ee17f30f4d474e6ae4b05252/library/std/src/panicking.rs:665:5
[INFO] [stdout]   17:     0x631e44354050 - core::panicking::panic_fmt::ha9db07b529f9b256
[INFO] [stdout]                                at /rustc/df4ca44d3fbc9301ee17f30f4d474e6ae4b05252/library/core/src/panicking.rs:75:14
[INFO] [stdout]   18:     0x631e4435437b - core::panicking::assert_failed_inner::h04f38944d74a80a8
[INFO] [stdout]   19:     0x631e4428bc96 - core::panicking::assert_failed::ha6e33ab504fcc4ed
[INFO] [stdout]                                at /rustc/df4ca44d3fbc9301ee17f30f4d474e6ae4b05252/library/core/src/panicking.rs:377:5
[INFO] [stdout]   20:     0x631e4424bd6e - ntcip::dms::multi::test::value_size::h9162f088c9d56797
[INFO] [stdout]                                at /opt/rustwide/workdir/src/dms/multi.rs:1531:9
[INFO] [stdout]   21:     0x631e4424bcf7 - ntcip::dms::multi::test::value_size::{{closure}}::h6f8e1dd8a7f43702
[INFO] [stdout]                                at /opt/rustwide/workdir/src/dms/multi.rs:1530:20
[INFO] [stdout]   22:     0x631e442acb66 - core::ops::function::FnOnce::call_once::h0704d0583612c54e
[INFO] [stdout]                                at /rustc/df4ca44d3fbc9301ee17f30f4d474e6ae4b05252/library/core/src/ops/function.rs:250:5
[INFO] [stdout]   23:     0x631e442f597b - core::ops::function::FnOnce::call_once::h22c3ba5715e93f05
[INFO] [stdout]                                at /rustc/df4ca44d3fbc9301ee17f30f4d474e6ae4b05252/library/core/src/ops/function.rs:250:5
[INFO] [stdout]   24:     0x631e442f597b - test::__rust_begin_short_backtrace::h8e82d8113d0da17f
[INFO] [stdout]                                at /rustc/df4ca44d3fbc9301ee17f30f4d474e6ae4b05252/library/test/src/lib.rs:621:18
[INFO] [stdout]   25:     0x631e442f52f7 - test::run_test_in_process::{{closure}}::h33235f4f20b7b7c7
[INFO] [stdout]                                at /rustc/df4ca44d3fbc9301ee17f30f4d474e6ae4b05252/library/test/src/lib.rs:644:60
[INFO] [stdout]   26:     0x631e442f52f7 - <core::panic::unwind_safe::AssertUnwindSafe<F> as core::ops::function::FnOnce<()>>::call_once::hb5043206310c586f
[INFO] [stdout]                                at /rustc/df4ca44d3fbc9301ee17f30f4d474e6ae4b05252/library/core/src/panic/unwind_safe.rs:272:9
[INFO] [stdout]   27:     0x631e442f52f7 - std::panicking::try::do_call::h9ad4731a60ab23e2
[INFO] [stdout]                                at /rustc/df4ca44d3fbc9301ee17f30f4d474e6ae4b05252/library/std/src/panicking.rs:557:40
[INFO] [stdout]   28:     0x631e442f52f7 - std::panicking::try::h3824d23db772a716
[INFO] [stdout]                                at /rustc/df4ca44d3fbc9301ee17f30f4d474e6ae4b05252/library/std/src/panicking.rs:520:19
[INFO] [stdout]   29:     0x631e442f52f7 - std::panic::catch_unwind::h5afd514605fde46b
[INFO] [stdout]                                at /rustc/df4ca44d3fbc9301ee17f30f4d474e6ae4b05252/library/std/src/panic.rs:358:14
[INFO] [stdout]   30:     0x631e442f52f7 - test::run_test_in_process::h0d5cbfa7067d1720
[INFO] [stdout]                                at /rustc/df4ca44d3fbc9301ee17f30f4d474e6ae4b05252/library/test/src/lib.rs:644:27
[INFO] [stdout]   31:     0x631e442f52f7 - test::run_test::{{closure}}::h708eb8872708115d
[INFO] [stdout]                                at /rustc/df4ca44d3fbc9301ee17f30f4d474e6ae4b05252/library/test/src/lib.rs:565:43
[INFO] [stdout]   32:     0x631e442b8a14 - test::run_test::{{closure}}::h392c51cee94713ab
[INFO] [stdout]                                at /rustc/df4ca44d3fbc9301ee17f30f4d474e6ae4b05252/library/test/src/lib.rs:595:41
[INFO] [stdout]   33:     0x631e442b8a14 - std::sys::backtrace::__rust_begin_short_backtrace::h2f40290710935a8b
[INFO] [stdout]                                at /rustc/df4ca44d3fbc9301ee17f30f4d474e6ae4b05252/library/std/src/sys/backtrace.rs:154:18
[INFO] [stdout]   34:     0x631e442bc1be - std::thread::Builder::spawn_unchecked_::{{closure}}::{{closure}}::h3fd968d89053a903
[INFO] [stdout]                                at /rustc/df4ca44d3fbc9301ee17f30f4d474e6ae4b05252/library/std/src/thread/mod.rs:541:17
[INFO] [stdout]   35:     0x631e442bc1be - <core::panic::unwind_safe::AssertUnwindSafe<F> as core::ops::function::FnOnce<()>>::call_once::h743f637ba4229880
[INFO] [stdout]                                at /rustc/df4ca44d3fbc9301ee17f30f4d474e6ae4b05252/library/core/src/panic/unwind_safe.rs:272:9
[INFO] [stdout]   36:     0x631e442bc1be - std::panicking::try::do_call::h07440897322525a6
[INFO] [stdout]                                at /rustc/df4ca44d3fbc9301ee17f30f4d474e6ae4b05252/library/std/src/panicking.rs:557:40
[INFO] [stdout]   37:     0x631e442bc1be - std::panicking::try::he5a2e00188156637
[INFO] [stdout]                                at /rustc/df4ca44d3fbc9301ee17f30f4d474e6ae4b05252/library/std/src/panicking.rs:520:19
[INFO] [stdout]   38:     0x631e442bc1be - std::panic::catch_unwind::hbaf3cae49b3c6433
[INFO] [stdout]                                at /rustc/df4ca44d3fbc9301ee17f30f4d474e6ae4b05252/library/std/src/panic.rs:358:14
[INFO] [stdout]   39:     0x631e442bc1be - std::thread::Builder::spawn_unchecked_::{{closure}}::h8e141ea224820bce
[INFO] [stdout]                                at /rustc/df4ca44d3fbc9301ee17f30f4d474e6ae4b05252/library/std/src/thread/mod.rs:540:30
[INFO] [stdout]   40:     0x631e442bc1be - core::ops::function::FnOnce::call_once{{vtable.shim}}::h90d312fedd7b8ea8
[INFO] [stdout]                                at /rustc/df4ca44d3fbc9301ee17f30f4d474e6ae4b05252/library/core/src/ops/function.rs:250:5
[INFO] [stdout]   41:     0x631e443349cb - <alloc::boxed::Box<F,A> as core::ops::function::FnOnce<Args>>::call_once::h69aa08ddb6adb8b6
[INFO] [stdout]                                at /rustc/df4ca44d3fbc9301ee17f30f4d474e6ae4b05252/library/alloc/src/boxed.rs:2454:9
[INFO] [stdout]   42:     0x631e443349cb - <alloc::boxed::Box<F,A> as core::ops::function::FnOnce<Args>>::call_once::h5aa36efdb79c806f
[INFO] [stdout]                                at /rustc/df4ca44d3fbc9301ee17f30f4d474e6ae4b05252/library/alloc/src/boxed.rs:2454:9
[INFO] [stdout]   43:     0x631e443349cb - std::sys::pal::unix::thread::Thread::new::thread_start::h6cd80a1b4be5158d
[INFO] [stdout]                                at /rustc/df4ca44d3fbc9301ee17f30f4d474e6ae4b05252/library/std/src/sys/pal/unix/thread.rs:105:17
[INFO] [stdout]   44:     0x70498ac47ac3 - <unknown>
[INFO] [stdout]   45:     0x70498acd8a04 - clone
[INFO] [stdout]   46:                0x0 - <unknown>
[INFO] [stdout] 
[INFO] [stdout] ---- dms::sign::test::dms_size stdout ----
[INFO] [stdout] thread 'dms::sign::test::dms_size' panicked at src/dms/sign.rs:404:9:
[INFO] [stdout] assertion `left == right` failed
[INFO] [stdout]   left: 70208
[INFO] [stdout]  right: 70072
[INFO] [stdout] stack backtrace:
[INFO] [stdout]    0:     0x631e4432f04a - std::backtrace_rs::backtrace::libunwind::trace::h207520d6e9873551
[INFO] [stdout]                                at /rustc/df4ca44d3fbc9301ee17f30f4d474e6ae4b05252/library/std/src/../../backtrace/src/backtrace/libunwind.rs:116:5
[INFO] [stdout]    1:     0x631e4432f04a - std::backtrace_rs::backtrace::trace_unsynchronized::h2ed7433f370e3eca
[INFO] [stdout]                                at /rustc/df4ca44d3fbc9301ee17f30f4d474e6ae4b05252/library/std/src/../../backtrace/src/backtrace/mod.rs:66:5
[INFO] [stdout]    2:     0x631e4432f04a - std::sys::backtrace::_print_fmt::h916fac51166b18d7
[INFO] [stdout]                                at /rustc/df4ca44d3fbc9301ee17f30f4d474e6ae4b05252/library/std/src/sys/backtrace.rs:66:9
[INFO] [stdout]    3:     0x631e4432f04a - <std::sys::backtrace::BacktraceLock::print::DisplayBacktrace as core::fmt::Display>::fmt::ha0a4c9b8ce3802e6
[INFO] [stdout]                                at /rustc/df4ca44d3fbc9301ee17f30f4d474e6ae4b05252/library/std/src/sys/backtrace.rs:39:26
[INFO] [stdout]    4:     0x631e443555b3 - core::fmt::rt::Argument::fmt::h4cfc8587d52b3eb5
[INFO] [stdout]                                at /rustc/df4ca44d3fbc9301ee17f30f4d474e6ae4b05252/library/core/src/fmt/rt.rs:177:76
[INFO] [stdout]    5:     0x631e443555b3 - core::fmt::write::h522cc39e5b36ae9f
[INFO] [stdout]                                at /rustc/df4ca44d3fbc9301ee17f30f4d474e6ae4b05252/library/core/src/fmt/mod.rs:1190:21
[INFO] [stdout]    6:     0x631e4432bcb3 - std::io::Write::write_fmt::h7d3c26752da97734
[INFO] [stdout]                                at /rustc/df4ca44d3fbc9301ee17f30f4d474e6ae4b05252/library/std/src/io/mod.rs:1839:15
[INFO] [stdout]    7:     0x631e4432ee92 - std::sys::backtrace::BacktraceLock::print::h4b9e00b29e9c0942
[INFO] [stdout]                                at /rustc/df4ca44d3fbc9301ee17f30f4d474e6ae4b05252/library/std/src/sys/backtrace.rs:42:9
[INFO] [stdout]    8:     0x631e443304da - std::panicking::default_hook::{{closure}}::hb59b88280d0324d9
[INFO] [stdout]                                at /rustc/df4ca44d3fbc9301ee17f30f4d474e6ae4b05252/library/std/src/panicking.rs:268:22
[INFO] [stdout]    9:     0x631e443302e4 - std::panicking::default_hook::he1dd496665be4a29
[INFO] [stdout]                                at /rustc/df4ca44d3fbc9301ee17f30f4d474e6ae4b05252/library/std/src/panicking.rs:292:9
[INFO] [stdout]   10:     0x631e442f10a9 - <alloc::boxed::Box<F,A> as core::ops::function::Fn<Args>>::call::h4ff71de18744e1dc
[INFO] [stdout]                                at /rustc/df4ca44d3fbc9301ee17f30f4d474e6ae4b05252/library/alloc/src/boxed.rs:2468:9
[INFO] [stdout]   11:     0x631e442f10a9 - test::test_main::{{closure}}::hcf7c055ce117aa81
[INFO] [stdout]                                at /rustc/df4ca44d3fbc9301ee17f30f4d474e6ae4b05252/library/test/src/lib.rs:133:21
[INFO] [stdout]   12:     0x631e44330bd8 - <alloc::boxed::Box<F,A> as core::ops::function::Fn<Args>>::call::h1d66c6bbd60c9692
[INFO] [stdout]                                at /rustc/df4ca44d3fbc9301ee17f30f4d474e6ae4b05252/library/alloc/src/boxed.rs:2468:9
[INFO] [stdout]   13:     0x631e44330bd8 - std::panicking::rust_panic_with_hook::h2ff17fe8f26dfcf8
[INFO] [stdout]                                at /rustc/df4ca44d3fbc9301ee17f30f4d474e6ae4b05252/library/std/src/panicking.rs:809:13
[INFO] [stdout]   14:     0x631e4433099a - std::panicking::begin_panic_handler::{{closure}}::h4fad77951c07e101
[INFO] [stdout]                                at /rustc/df4ca44d3fbc9301ee17f30f4d474e6ae4b05252/library/std/src/panicking.rs:674:13
[INFO] [stdout]   15:     0x631e4432f529 - std::sys::backtrace::__rust_end_short_backtrace::hb1a25b3da5d0ea08
[INFO] [stdout]                                at /rustc/df4ca44d3fbc9301ee17f30f4d474e6ae4b05252/library/std/src/sys/backtrace.rs:170:18
[INFO] [stdout]   16:     0x631e4433062c - rust_begin_unwind
[INFO] [stdout]                                at /rustc/df4ca44d3fbc9301ee17f30f4d474e6ae4b05252/library/std/src/panicking.rs:665:5
[INFO] [stdout]   17:     0x631e44354050 - core::panicking::panic_fmt::ha9db07b529f9b256
[INFO] [stdout]                                at /rustc/df4ca44d3fbc9301ee17f30f4d474e6ae4b05252/library/core/src/panicking.rs:75:14
[INFO] [stdout]   18:     0x631e4435437b - core::panicking::assert_failed_inner::h04f38944d74a80a8
[INFO] [stdout]   19:     0x631e4428bc96 - core::panicking::assert_failed::ha6e33ab504fcc4ed
[INFO] [stdout]                                at /rustc/df4ca44d3fbc9301ee17f30f4d474e6ae4b05252/library/core/src/panicking.rs:377:5
[INFO] [stdout]   20:     0x631e44288a74 - ntcip::dms::sign::test::dms_size::h52b1642622a58329
[INFO] [stdout]                                at /opt/rustwide/workdir/src/dms/sign.rs:404:9
[INFO] [stdout]   21:     0x631e442889f7 - ntcip::dms::sign::test::dms_size::{{closure}}::h92a804231db38611
[INFO] [stdout]                                at /opt/rustwide/workdir/src/dms/sign.rs:403:18
[INFO] [stdout]   22:     0x631e442ae366 - core::ops::function::FnOnce::call_once::h8b3901cad1b99c8e
[INFO] [stdout]                                at /rustc/df4ca44d3fbc9301ee17f30f4d474e6ae4b05252/library/core/src/ops/function.rs:250:5
[INFO] [stdout]   23:     0x631e442f597b - core::ops::function::FnOnce::call_once::h22c3ba5715e93f05
[INFO] [stdout]                                at /rustc/df4ca44d3fbc9301ee17f30f4d474e6ae4b05252/library/core/src/ops/function.rs:250:5
[INFO] [stdout]   24:     0x631e442f597b - test::__rust_begin_short_backtrace::h8e82d8113d0da17f
[INFO] [stdout]                                at /rustc/df4ca44d3fbc9301ee17f30f4d474e6ae4b05252/library/test/src/lib.rs:621:18
[INFO] [stdout]   25:     0x631e442f52f7 - test::run_test_in_process::{{closure}}::h33235f4f20b7b7c7
[INFO] [stdout]                                at /rustc/df4ca44d3fbc9301ee17f30f4d474e6ae4b05252/library/test/src/lib.rs:644:60
[INFO] [stdout]   26:     0x631e442f52f7 - <core::panic::unwind_safe::AssertUnwindSafe<F> as core::ops::function::FnOnce<()>>::call_once::hb5043206310c586f
[INFO] [stdout]                                at /rustc/df4ca44d3fbc9301ee17f30f4d474e6ae4b05252/library/core/src/panic/unwind_safe.rs:272:9
[INFO] [stdout]   27:     0x631e442f52f7 - std::panicking::try::do_call::h9ad4731a60ab23e2
[INFO] [stdout]                                at /rustc/df4ca44d3fbc9301ee17f30f4d474e6ae4b05252/library/std/src/panicking.rs:557:40
[INFO] [stdout]   28:     0x631e442f52f7 - std::panicking::try::h3824d23db772a716
[INFO] [stdout]                                at /rustc/df4ca44d3fbc9301ee17f30f4d474e6ae4b05252/library/std/src/panicking.rs:520:19
[INFO] [stdout]   29:     0x631e442f52f7 - std::panic::catch_unwind::h5afd514605fde46b
[INFO] [stdout]                                at /rustc/df4ca44d3fbc9301ee17f30f4d474e6ae4b05252/library/std/src/panic.rs:358:14
[INFO] [stdout]   30:     0x631e442f52f7 - test::run_test_in_process::h0d5cbfa7067d1720
[INFO] [stdout]                                at /rustc/df4ca44d3fbc9301ee17f30f4d474e6ae4b05252/library/test/src/lib.rs:644:27
[INFO] [stdout]   31:     0x631e442f52f7 - test::run_test::{{closure}}::h708eb8872708115d
[INFO] [stdout]                                at /rustc/df4ca44d3fbc9301ee17f30f4d474e6ae4b05252/library/test/src/lib.rs:565:43
[INFO] [stdout]   32:     0x631e442b8a14 - test::run_test::{{closure}}::h392c51cee94713ab
[INFO] [stdout]                                at /rustc/df4ca44d3fbc9301ee17f30f4d474e6ae4b05252/library/test/src/lib.rs:595:41
[INFO] [stdout]   33:     0x631e442b8a14 - std::sys::backtrace::__rust_begin_short_backtrace::h2f40290710935a8b
[INFO] [stdout]                                at /rustc/df4ca44d3fbc9301ee17f30f4d474e6ae4b05252/library/std/src/sys/backtrace.rs:154:18
[INFO] [stdout]   34:     0x631e442bc1be - std::thread::Builder::spawn_unchecked_::{{closure}}::{{closure}}::h3fd968d89053a903
[INFO] [stdout]                                at /rustc/df4ca44d3fbc9301ee17f30f4d474e6ae4b05252/library/std/src/thread/mod.rs:541:17
[INFO] [stdout]   35:     0x631e442bc1be - <core::panic::unwind_safe::AssertUnwindSafe<F> as core::ops::function::FnOnce<()>>::call_once::h743f637ba4229880
[INFO] [stdout]                                at /rustc/df4ca44d3fbc9301ee17f30f4d474e6ae4b05252/library/core/src/panic/unwind_safe.rs:272:9
[INFO] [stdout]   36:     0x631e442bc1be - std::panicking::try::do_call::h07440897322525a6
[INFO] [stdout]                                at /rustc/df4ca44d3fbc9301ee17f30f4d474e6ae4b05252/library/std/src/panicking.rs:557:40
[INFO] [stdout]   37:     0x631e442bc1be - std::panicking::try::he5a2e00188156637
[INFO] [stdout]                                at /rustc/df4ca44d3fbc9301ee17f30f4d474e6ae4b05252/library/std/src/panicking.rs:520:19
[INFO] [stdout]   38:     0x631e442bc1be - std::panic::catch_unwind::hbaf3cae49b3c6433
[INFO] [stdout]                                at /rustc/df4ca44d3fbc9301ee17f30f4d474e6ae4b05252/library/std/src/panic.rs:358:14
[INFO] [stdout]   39:     0x631e442bc1be - std::thread::Builder::spawn_unchecked_::{{closure}}::h8e141ea224820bce
[INFO] [stdout]                                at /rustc/df4ca44d3fbc9301ee17f30f4d474e6ae4b05252/library/std/src/thread/mod.rs:540:30
[INFO] [stdout]   40:     0x631e442bc1be - core::ops::function::FnOnce::call_once{{vtable.shim}}::h90d312fedd7b8ea8
[INFO] [stdout]                                at /rustc/df4ca44d3fbc9301ee17f30f4d474e6ae4b05252/library/core/src/ops/function.rs:250:5
[INFO] [stdout]   41:     0x631e443349cb - <alloc::boxed::Box<F,A> as core::ops::function::FnOnce<Args>>::call_once::h69aa08ddb6adb8b6
[INFO] [stdout]                                at /rustc/df4ca44d3fbc9301ee17f30f4d474e6ae4b05252/library/alloc/src/boxed.rs:2454:9
[INFO] [stdout]   42:     0x631e443349cb - <alloc::boxed::Box<F,A> as core::ops::function::FnOnce<Args>>::call_once::h5aa36efdb79c806f
[INFO] [stdout]                                at /rustc/df4ca44d3fbc9301ee17f30f4d474e6ae4b05252/library/alloc/src/boxed.rs:2454:9
[INFO] [stdout]   43:     0x631e443349cb - std::sys::pal::unix::thread::Thread::new::thread_start::h6cd80a1b4be5158d
[INFO] [stdout]                                at /rustc/df4ca44d3fbc9301ee17f30f4d474e6ae4b05252/library/std/src/sys/pal/unix/thread.rs:105:17
[INFO] [stdout]   44:     0x70498ac47ac3 - <unknown>
[INFO] [stdout]   45:     0x70498acd8a04 - clone
[INFO] [stdout]   46:                0x0 - <unknown>
[INFO] [stdout] 
[INFO] [stdout] 
[INFO] [stdout] failures:
[INFO] [stdout]     dms::multi::test::value_size
[INFO] [stdout]     dms::sign::test::dms_size
[INFO] [stdout] 
[INFO] [stdout] test result: FAILED. 184 passed; 2 failed; 0 ignored; 0 measured; 0 filtered out; finished in 0.03s
[INFO] [stdout] 
[INFO] [stderr] error: test failed, to rerun pass `--lib`
[INFO] running `Command { std: "docker" "inspect" "81db79b2900603bd1950b79ed210a5d0119ff8d50bab095f1e315b13e6429d7e", kill_on_drop: false }`
[INFO] running `Command { std: "docker" "rm" "-f" "81db79b2900603bd1950b79ed210a5d0119ff8d50bab095f1e315b13e6429d7e", kill_on_drop: false }`
[INFO] [stdout] 81db79b2900603bd1950b79ed210a5d0119ff8d50bab095f1e315b13e6429d7e
