[INFO] fetching crate near-primitives 0.26.0...
[INFO] testing near-primitives-0.26.0 against nightly-2024-10-28+rustflags=-Zrandomize-layout for randomize-layout
[INFO] extracting crate near-primitives 0.26.0 into /workspace/builds/worker-2-tc2/source
[INFO] validating manifest of crates.io crate near-primitives 0.26.0 on toolchain nightly-2024-10-28
[INFO] running `Command { std: CARGO_HOME="/workspace/cargo-home" RUSTUP_HOME="/workspace/rustup-home" "/workspace/cargo-home/bin/cargo" "+nightly-2024-10-28" "metadata" "--manifest-path" "Cargo.toml" "--no-deps", kill_on_drop: false }`
[INFO] started tweaking crates.io crate near-primitives 0.26.0
[INFO] finished tweaking crates.io crate near-primitives 0.26.0
[INFO] tweaked toml for crates.io crate near-primitives 0.26.0 written to /workspace/builds/worker-2-tc2/source/Cargo.toml
[INFO] running `Command { std: CARGO_HOME="/workspace/cargo-home" RUSTUP_HOME="/workspace/rustup-home" "/workspace/cargo-home/bin/cargo" "+nightly-2024-10-28" "generate-lockfile" "--manifest-path" "Cargo.toml", kill_on_drop: false }`
[INFO] [stderr]     Updating crates.io index
[INFO] [stderr]      Locking 219 packages to latest compatible versions
[INFO] [stderr]       Adding base64 v0.21.7 (available: v0.22.1)
[INFO] [stderr]       Adding bolero v0.10.1 (available: v0.11.1)
[INFO] [stderr]       Adding derive_more v0.99.18 (available: v1.0.0)
[INFO] [stderr]       Adding easy-ext v0.2.9 (available: v1.0.2)
[INFO] [stderr]       Adding itertools v0.10.5 (available: v0.13.0)
[INFO] [stderr]       Adding near-crypto v0.26.0 (available: v0.27.0)
[INFO] [stderr]       Adding near-fmt v0.26.0 (available: v0.27.0)
[INFO] [stderr]       Adding near-parameters v0.26.0 (available: v0.27.0)
[INFO] [stderr]       Adding near-primitives-core v0.26.0 (available: v0.27.0)
[INFO] [stderr]       Adding near-stdx v0.26.0 (available: v0.27.0)
[INFO] [stderr]       Adding near-time v0.26.0 (available: v0.27.0)
[INFO] [stderr]       Adding num-rational v0.3.2 (available: v0.4.2)
[INFO] [stderr]       Adding primitive-types v0.10.1 (available: v0.13.1)
[INFO] [stderr]       Adding smart-default v0.6.0 (available: v0.7.1)
[INFO] [stderr]       Adding strum v0.24.1 (available: v0.26.3)
[INFO] running `Command { std: CARGO_HOME="/workspace/cargo-home" RUSTUP_HOME="/workspace/rustup-home" "/workspace/cargo-home/bin/cargo" "+nightly-2024-10-28" "fetch" "--manifest-path" "Cargo.toml", kill_on_drop: false }`
[INFO] running `Command { std: "docker" "create" "-v" "/var/lib/crater-agent-workspace/builds/worker-2-tc2/target:/opt/rustwide/target:rw,Z" "-v" "/var/lib/crater-agent-workspace/builds/worker-2-tc2/source:/opt/rustwide/workdir:ro,Z" "-v" "/var/lib/crater-agent-workspace/cargo-home:/opt/rustwide/cargo-home:ro,Z" "-v" "/var/lib/crater-agent-workspace/rustup-home:/opt/rustwide/rustup-home:ro,Z" "-e" "SOURCE_DIR=/opt/rustwide/workdir" "-e" "CARGO_TARGET_DIR=/opt/rustwide/target" "-e" "CARGO_HOME=/opt/rustwide/cargo-home" "-e" "RUSTUP_HOME=/opt/rustwide/rustup-home" "-w" "/opt/rustwide/workdir" "-m" "1610612736" "--user" "0:0" "--network" "none" "ghcr.io/rust-lang/crates-build-env/linux@sha256:4a844ea9eb2546a2d2c7022eacef16ef2e8229c7fbb2c7d4d55a9ceca922f72d" "/opt/rustwide/cargo-home/bin/cargo" "+nightly-2024-10-28" "metadata" "--no-deps" "--format-version=1", kill_on_drop: false }`
[INFO] [stdout] cfb6eb712580396862dfd904c87d4b56be16db2aed170a259eafdb83b3ec09a7
[INFO] running `Command { std: "docker" "start" "-a" "cfb6eb712580396862dfd904c87d4b56be16db2aed170a259eafdb83b3ec09a7", kill_on_drop: false }`
[INFO] running `Command { std: "docker" "inspect" "cfb6eb712580396862dfd904c87d4b56be16db2aed170a259eafdb83b3ec09a7", kill_on_drop: false }`
[INFO] running `Command { std: "docker" "rm" "-f" "cfb6eb712580396862dfd904c87d4b56be16db2aed170a259eafdb83b3ec09a7", kill_on_drop: false }`
[INFO] [stdout] cfb6eb712580396862dfd904c87d4b56be16db2aed170a259eafdb83b3ec09a7
[INFO] running `Command { std: "docker" "create" "-v" "/var/lib/crater-agent-workspace/builds/worker-2-tc2/target:/opt/rustwide/target:rw,Z" "-v" "/var/lib/crater-agent-workspace/builds/worker-2-tc2/source:/opt/rustwide/workdir:ro,Z" "-v" "/var/lib/crater-agent-workspace/cargo-home:/opt/rustwide/cargo-home:ro,Z" "-v" "/var/lib/crater-agent-workspace/rustup-home:/opt/rustwide/rustup-home:ro,Z" "-e" "SOURCE_DIR=/opt/rustwide/workdir" "-e" "CARGO_TARGET_DIR=/opt/rustwide/target" "-e" "CARGO_INCREMENTAL=0" "-e" "RUST_BACKTRACE=full" "-e" "RUSTFLAGS=--cap-lints=forbid -Zrandomize-layout" "-e" "RUSTDOCFLAGS=--cap-lints=forbid" "-e" "CARGO_HOME=/opt/rustwide/cargo-home" "-e" "RUSTUP_HOME=/opt/rustwide/rustup-home" "-w" "/opt/rustwide/workdir" "-m" "1610612736" "--user" "0:0" "--network" "none" "ghcr.io/rust-lang/crates-build-env/linux@sha256:4a844ea9eb2546a2d2c7022eacef16ef2e8229c7fbb2c7d4d55a9ceca922f72d" "/opt/rustwide/cargo-home/bin/cargo" "+nightly-2024-10-28" "build" "--frozen" "--message-format=json", kill_on_drop: false }`
[INFO] [stdout] 9e51b1a86f7466d52d08df1ea6addc433c86e63e01b2d2536d2b37bf5436b101
[INFO] running `Command { std: "docker" "start" "-a" "9e51b1a86f7466d52d08df1ea6addc433c86e63e01b2d2536d2b37bf5436b101", kill_on_drop: false }`
[INFO] [stderr]    Compiling winnow v0.6.20
[INFO] [stderr]    Compiling toml_datetime v0.6.8
[INFO] [stderr]    Compiling subtle v2.6.1
[INFO] [stderr]    Compiling libc v0.2.161
[INFO] [stderr]    Compiling proc-macro-error-attr v1.0.4
[INFO] [stderr]    Compiling proc-macro-error v1.0.4
[INFO] [stderr]    Compiling num-traits v0.2.19
[INFO] [stderr]    Compiling cfg_aliases v0.2.1
[INFO] [stderr]    Compiling semver v1.0.23
[INFO] [stderr]    Compiling num-bigint v0.3.3
[INFO] [stderr]    Compiling syn v2.0.86
[INFO] [stderr]    Compiling num-rational v0.3.2
[INFO] [stderr]    Compiling strsim v0.11.1
[INFO] [stderr]    Compiling crunchy v0.2.2
[INFO] [stderr]    Compiling rustversion v1.0.18
[INFO] [stderr]    Compiling near-structs-checker-macro v0.26.0
[INFO] [stderr]    Compiling borsh v1.5.1
[INFO] [stderr]    Compiling digest v0.10.7
[INFO] [stderr]    Compiling near-structs-checker-core v0.26.0
[INFO] [stderr]    Compiling bs58 v0.4.0
[INFO] [stderr]    Compiling zstd-safe v7.2.1
[INFO] [stderr]    Compiling near-structs-checker-lib v0.26.0
[INFO] [stderr]    Compiling rustc_version v0.4.1
[INFO] [stderr]    Compiling signature v2.2.0
[INFO] [stderr]    Compiling heck v0.4.1
[INFO] [stderr]    Compiling fixed-hash v0.7.0
[INFO] [stderr]    Compiling sha2 v0.10.8
[INFO] [stderr]    Compiling ed25519 v2.2.3
[INFO] [stderr]    Compiling json_comments v0.2.2
[INFO] [stderr]    Compiling unsafe-libyaml v0.2.11
[INFO] [stderr]    Compiling blake2 v0.10.6
[INFO] [stderr]    Compiling tokio v1.41.0
[INFO] [stderr]    Compiling keccak v0.1.5
[INFO] [stderr]    Compiling near-stdx v0.26.0
[INFO] [stderr]    Compiling either v1.13.0
[INFO] [stderr]    Compiling base64 v0.22.1
[INFO] [stderr]    Compiling smart-default v0.6.0
[INFO] [stderr]    Compiling easy-ext v0.2.9
[INFO] [stderr]    Compiling curve25519-dalek v4.1.3
[INFO] [stderr]    Compiling itertools v0.10.5
[INFO] [stderr]    Compiling jobserver v0.1.32
[INFO] [stderr]    Compiling sha3 v0.10.8
[INFO] [stderr]    Compiling strum_macros v0.24.3
[INFO] [stderr]    Compiling num-integer v0.1.46
[INFO] [stderr]    Compiling cc v1.1.31
[INFO] [stderr]    Compiling toml_edit v0.22.22
[INFO] [stderr]    Compiling strum v0.24.1
[INFO] [stderr]    Compiling zstd-sys v2.0.13+zstd.1.5.6
[INFO] [stderr]    Compiling secp256k1-sys v0.8.1
[INFO] [stderr]    Compiling proc-macro-crate v3.2.0
[INFO] [stderr]    Compiling darling_core v0.20.10
[INFO] [stderr]    Compiling serde_derive v1.0.214
[INFO] [stderr]    Compiling syn_derive v0.1.8
[INFO] [stderr]    Compiling zerocopy-derive v0.7.35
[INFO] [stderr]    Compiling thiserror-impl v1.0.66
[INFO] [stderr]    Compiling derive_more v0.99.18
[INFO] [stderr]    Compiling enum-map-derive v0.17.0
[INFO] [stderr]    Compiling derive_arbitrary v1.3.2
[INFO] [stderr]    Compiling serde_repr v0.1.19
[INFO] [stderr]    Compiling curve25519-dalek-derive v0.1.1
[INFO] [stderr]    Compiling tracing-attributes v0.1.27
[INFO] [stderr]    Compiling borsh-derive v1.5.1
[INFO] [stderr]    Compiling enum-map v2.7.3
[INFO] [stderr]    Compiling arbitrary v1.3.2
[INFO] [stderr]    Compiling zerocopy v0.7.35
[INFO] [stderr]    Compiling tracing v0.1.40
[INFO] [stderr]    Compiling thiserror v1.0.66
[INFO] [stderr]    Compiling near-config-utils v0.26.0
[INFO] [stderr]    Compiling darling_macro v0.20.10
[INFO] [stderr]    Compiling ppv-lite86 v0.2.20
[INFO] [stderr]    Compiling ed25519-dalek v2.1.1
[INFO] [stderr]    Compiling darling v0.20.10
[INFO] [stderr]    Compiling serde_with_macros v3.11.0
[INFO] [stderr]    Compiling zstd v0.13.2
[INFO] [stderr]    Compiling rand_chacha v0.3.1
[INFO] [stderr]    Compiling rand v0.8.5
[INFO] [stderr]    Compiling serde v1.0.214
[INFO] [stderr]    Compiling secp256k1 v0.27.0
[INFO] [stderr]    Compiling near-account-id v1.0.0
[INFO] [stderr]    Compiling hex v0.4.3
[INFO] [stderr]    Compiling deranged v0.3.11
[INFO] [stderr]    Compiling near-rpc-error-core v0.26.0
[INFO] [stderr]    Compiling serde_json v1.0.132
[INFO] [stderr]    Compiling serde_yaml v0.9.34+deprecated
[INFO] [stderr]    Compiling chrono v0.4.38
[INFO] [stderr]    Compiling ordered-float v4.4.0
[INFO] [stderr]    Compiling serde_with v3.11.0
[INFO] [stderr]    Compiling bytesize v1.3.0
[INFO] [stderr]    Compiling uint v0.9.5
[INFO] [stderr]    Compiling near-rpc-error-macro v0.26.0
[INFO] [stderr]    Compiling primitive-types v0.10.1
[INFO] [stderr]    Compiling near-primitives-core v0.26.0
[INFO] [stderr]    Compiling time v0.3.36
[INFO] [stderr]    Compiling near-fmt v0.26.0
[INFO] [stderr]    Compiling near-crypto v0.26.0
[INFO] [stderr]    Compiling near-parameters v0.26.0
[INFO] [stderr]    Compiling near-time v0.26.0
[INFO] [stderr]    Compiling near-primitives v0.26.0 (/opt/rustwide/workdir)
[INFO] [stderr]     Finished `dev` profile [unoptimized + debuginfo] target(s) in 25.64s
[INFO] running `Command { std: "docker" "inspect" "9e51b1a86f7466d52d08df1ea6addc433c86e63e01b2d2536d2b37bf5436b101", kill_on_drop: false }`
[INFO] running `Command { std: "docker" "rm" "-f" "9e51b1a86f7466d52d08df1ea6addc433c86e63e01b2d2536d2b37bf5436b101", kill_on_drop: false }`
[INFO] [stdout] 9e51b1a86f7466d52d08df1ea6addc433c86e63e01b2d2536d2b37bf5436b101
[INFO] running `Command { std: "docker" "create" "-v" "/var/lib/crater-agent-workspace/builds/worker-2-tc2/target:/opt/rustwide/target:rw,Z" "-v" "/var/lib/crater-agent-workspace/builds/worker-2-tc2/source:/opt/rustwide/workdir:ro,Z" "-v" "/var/lib/crater-agent-workspace/cargo-home:/opt/rustwide/cargo-home:ro,Z" "-v" "/var/lib/crater-agent-workspace/rustup-home:/opt/rustwide/rustup-home:ro,Z" "-e" "SOURCE_DIR=/opt/rustwide/workdir" "-e" "CARGO_TARGET_DIR=/opt/rustwide/target" "-e" "CARGO_INCREMENTAL=0" "-e" "RUST_BACKTRACE=full" "-e" "RUSTFLAGS=--cap-lints=forbid -Zrandomize-layout" "-e" "RUSTDOCFLAGS=--cap-lints=forbid" "-e" "CARGO_HOME=/opt/rustwide/cargo-home" "-e" "RUSTUP_HOME=/opt/rustwide/rustup-home" "-w" "/opt/rustwide/workdir" "-m" "1610612736" "--user" "0:0" "--network" "none" "ghcr.io/rust-lang/crates-build-env/linux@sha256:4a844ea9eb2546a2d2c7022eacef16ef2e8229c7fbb2c7d4d55a9ceca922f72d" "/opt/rustwide/cargo-home/bin/cargo" "+nightly-2024-10-28" "test" "--frozen" "--no-run" "--message-format=json", kill_on_drop: false }`
[INFO] [stdout] 1e51c18bc5e2fb4c1922c1a1505338b30854db2158fdfde774fe39f9afed88fe
[INFO] running `Command { std: "docker" "start" "-a" "1e51c18bc5e2fb4c1922c1a1505338b30854db2158fdfde774fe39f9afed88fe", kill_on_drop: false }`
[INFO] [stderr]    Compiling jobserver v0.1.32
[INFO] [stderr]    Compiling winnow v0.5.40
[INFO] [stderr]    Compiling ucd-trie v0.1.7
[INFO] [stderr]    Compiling rand_chacha v0.3.1
[INFO] [stderr]    Compiling gimli v0.31.1
[INFO] [stderr]    Compiling adler2 v2.0.0
[INFO] [stderr]    Compiling object v0.36.5
[INFO] [stderr]    Compiling rustc-demangle v0.1.24
[INFO] [stderr]    Compiling ed25519-dalek v2.1.1
[INFO] [stderr]    Compiling serde_json v1.0.132
[INFO] [stderr]    Compiling pretty-hex v0.3.0
[INFO] [stderr]    Compiling console v0.15.8
[INFO] [stderr]    Compiling similar v2.6.0
[INFO] [stderr]    Compiling dissimilar v1.0.9
[INFO] [stderr]    Compiling bencher v0.1.5
[INFO] [stderr]    Compiling assert_matches v1.5.0
[INFO] [stderr]    Compiling miniz_oxide v0.8.0
[INFO] [stderr]    Compiling pest v2.7.14
[INFO] [stderr]    Compiling rand v0.8.5
[INFO] [stderr]    Compiling cc v1.1.31
[INFO] [stderr]    Compiling expect-test v1.5.0
[INFO] [stderr]    Compiling zstd-sys v2.0.13+zstd.1.5.6
[INFO] [stderr]    Compiling secp256k1-sys v0.8.1
[INFO] [stderr]    Compiling pest_meta v2.7.14
[INFO] [stderr]    Compiling toml_edit v0.19.15
[INFO] [stderr]    Compiling addr2line v0.24.2
[INFO] [stderr]    Compiling pest_generator v2.7.14
[INFO] [stderr]    Compiling pest_derive v2.7.14
[INFO] [stderr]    Compiling insta v1.41.1
[INFO] [stderr]    Compiling proc-macro-crate v1.3.1
[INFO] [stderr]    Compiling backtrace v0.3.74
[INFO] [stderr]    Compiling bolero-generator-derive v0.10.0
[INFO] [stderr]    Compiling secp256k1 v0.27.0
[INFO] [stderr]    Compiling bolero-generator v0.10.2
[INFO] [stderr]    Compiling near-crypto v0.26.0
[INFO] [stderr]    Compiling zstd-safe v7.2.1
[INFO] [stderr]    Compiling zstd v0.13.2
[INFO] [stderr]    Compiling near-primitives v0.26.0 (/opt/rustwide/workdir)
[INFO] [stderr]    Compiling bolero-engine v0.10.2
[INFO] [stderr]    Compiling bolero v0.10.1
[INFO] [stderr]     Finished `test` profile [unoptimized + debuginfo] target(s) in 18.63s
[INFO] running `Command { std: "docker" "inspect" "1e51c18bc5e2fb4c1922c1a1505338b30854db2158fdfde774fe39f9afed88fe", kill_on_drop: false }`
[INFO] running `Command { std: "docker" "rm" "-f" "1e51c18bc5e2fb4c1922c1a1505338b30854db2158fdfde774fe39f9afed88fe", kill_on_drop: false }`
[INFO] [stdout] 1e51c18bc5e2fb4c1922c1a1505338b30854db2158fdfde774fe39f9afed88fe
[INFO] running `Command { std: "docker" "create" "-v" "/var/lib/crater-agent-workspace/builds/worker-2-tc2/target:/opt/rustwide/target:rw,Z" "-v" "/var/lib/crater-agent-workspace/builds/worker-2-tc2/source:/opt/rustwide/workdir:ro,Z" "-v" "/var/lib/crater-agent-workspace/cargo-home:/opt/rustwide/cargo-home:ro,Z" "-v" "/var/lib/crater-agent-workspace/rustup-home:/opt/rustwide/rustup-home:ro,Z" "-e" "SOURCE_DIR=/opt/rustwide/workdir" "-e" "CARGO_TARGET_DIR=/opt/rustwide/target" "-e" "CARGO_INCREMENTAL=0" "-e" "RUST_BACKTRACE=full" "-e" "RUSTFLAGS=--cap-lints=forbid -Zrandomize-layout" "-e" "RUSTDOCFLAGS=--cap-lints=forbid" "-e" "CARGO_HOME=/opt/rustwide/cargo-home" "-e" "RUSTUP_HOME=/opt/rustwide/rustup-home" "-w" "/opt/rustwide/workdir" "-m" "1610612736" "--user" "0:0" "--network" "none" "ghcr.io/rust-lang/crates-build-env/linux@sha256:4a844ea9eb2546a2d2c7022eacef16ef2e8229c7fbb2c7d4d55a9ceca922f72d" "/opt/rustwide/cargo-home/bin/cargo" "+nightly-2024-10-28" "test" "--frozen", kill_on_drop: false }`
[INFO] [stdout] 080be4a8029a623adcad2487931c390f291da54605ac87ff1ec1b2489094b507
[INFO] running `Command { std: "docker" "start" "-a" "080be4a8029a623adcad2487931c390f291da54605ac87ff1ec1b2489094b507", kill_on_drop: false }`
[INFO] [stderr]     Finished `test` profile [unoptimized + debuginfo] target(s) in 0.31s
[INFO] [stderr]      Running unittests src/lib.rs (/opt/rustwide/target/debug/deps/near_primitives-db61368c883ca860)
[INFO] [stdout] 
[INFO] [stdout] running 105 tests
[INFO] [stdout] test congestion_info::tests::test_clamped_f64_fraction ... ok
[INFO] [stdout] test action::delegate::tests::test_delegate_action_deserialization_hard_coded ... ok
[INFO] [stdout] test action::delegate::tests::test_delegate_action_deserialization ... ok
[INFO] [stdout] test congestion_info::tests::test_mix_edge_cases ... ok
[INFO] [stdout] test congestion_info::tests::test_mix ... ok
[INFO] [stdout] test merkle::tests::test_elements_order ... ok
[INFO] [stdout] test merkle::tests::test_combine_hash_stability ... ok
[INFO] [stdout] test merkle::tests::test_incorrect_path ... ok
[INFO] [stdout] test profile_data_v2::test::test_profile_data_debug_no_data ... ok
[INFO] [stdout] test profile_data_v3::test::test_no_panic_on_overflow ... ok
[INFO] [stdout] test profile_data_v2::test::test_profile_data_debug ... ok
[INFO] [stdout] test profile_data_v3::test::test_merge ... ok
[INFO] [stdout] test profile_data_v3::test::test_borsh_ser_deser ... ok
[INFO] [stdout] test profile_data_v3::test::test_profile_data_debug ... ok
[INFO] [stdout] test profile_data_v3::test::test_profile_data_debug_no_data ... ok
[INFO] [stdout] test shard_layout::tests::test_remove_fixed_shards ... ok
[INFO] [stdout] test profile_data_v3::test::test_borsh_incomplete_profile ... ok
[INFO] [stdout] test shard_layout::tests::test_shard_layout_for_protocol_version ... ok
[INFO] [stdout] test profile_data_v3::test::test_borsh_larger_profile_than_current ... ok
[INFO] [stdout] test shard_layout::tests::test_shard_layout_v1 ... ok
[INFO] [stdout] test receipt::tests::test_receipt_v1_serialization ... ok
[INFO] [stdout] test rand::test::test_should_correctly_compute_odds_and_aliases ... ok
[INFO] [stdout] test profile_data_v3::test::test_total_compute_usage ... ok
[INFO] [stdout] test receipt::tests::test_receipt_v0_serialization ... ok
[INFO] [stdout] test state_sync::tests::test_get_num_state_parts ... ok
[INFO] [stdout] test state::tests::test_encode_decode ... ok
[INFO] [stdout] test stateless_validation::tests::decode_state_dummy_witness_invalid_data ... ok
[INFO] [stdout] test stateless_validation::tests::encode_decode_state_dummy_witness_default_limit ... ok
[INFO] [stdout] test stateless_validation::tests::encode_decode_state_dummy_witness_exceeds_limit ... ok
[INFO] [stdout] test stateless_validation::tests::encode_decode_state_dummy_witness_within_limit ... ok
[INFO] [stdout] test transaction::tests::test_outcome_to_hashes ... ok
[INFO] [stdout] test transaction::tests::test_serialize_transaction ... ok
[INFO] [stdout] test congestion_info::tests::test_missed_chunks_congestion ... ok
[INFO] [stdout] test transaction::tests::test_serialize_transaction_versions ... ok
[INFO] [stdout] test trie_key::tests::test_account_id_from_trie_key ... ok
[INFO] [stdout] test trie_key::tests::test_key_for_account_consistency ... ok
[INFO] [stdout] test trie_key::tests::test_key_for_code_consistency ... ok
[INFO] [stdout] test congestion_info::tests::test_default_congestion ... ok
[INFO] [stdout] test trie_key::tests::test_key_for_delayed_receipts_consistency ... ok
[INFO] [stdout] test trie_key::tests::test_key_for_pending_data_count_consistency ... ok
[INFO] [stdout] test trie_key::tests::test_key_for_postponed_receipt_consistency ... ok
[INFO] [stdout] test trie_key::tests::test_key_for_postponed_receipt_id_consistency ... ok
[INFO] [stdout] test trie_key::tests::test_key_for_promise_yield_consistency ... ok
[INFO] [stdout] test trie_key::tests::test_key_for_received_data_consistency ... ok
[INFO] [stdout] test congestion_info::tests::test_outgoing_congestion ... ok
[INFO] [stdout] test signable_message::tests::nep_366_wrong_msg_type ... ok
[INFO] [stdout] test trie_key::tests::test_key_for_data_consistency ... ok
[INFO] [stdout] test trie_key::tests::test_key_for_access_key_consistency ... ok
[INFO] [stdout] test trie_key::tests::test_shard_id_u16_optimization ... ok
[INFO] [stdout] test types::chunk_validator_stats::test_mutability ... ok
[INFO] [stdout] test types::tests::test_validator_stake_num_mandates ... ok
[INFO] [stdout] test upgrade_schedule::tests::test_before_scheduled_time ... ok
[INFO] [stdout] test upgrade_schedule::tests::test_after_scheduled_time ... ok
[INFO] [stdout] test upgrade_schedule::tests::test_default_upgrade_schedule ... ok
[INFO] [stdout] test signable_message::tests::nep_366_wrong_nep ... ok
[INFO] [stdout] test upgrade_schedule::tests::test_errors ... ok
[INFO] [stdout] test types::tests::test_validator_partial_mandate_weight ... ok
[INFO] [stdout] test upgrade_schedule::tests::test_parse_override ... ok
[INFO] [stdout] test upgrade_schedule::tests::test_upgrades_are_voted_one_at_a_time ... ok
[INFO] [stdout] test utils::io::tests::counting_read_with_limit_fail ... ok
[INFO] [stdout] test utils::io::tests::counting_read_with_limit_success ... ok
[INFO] [stdout] test utils::io::tests::counting_read_without_limit ... ok
[INFO] [stdout] test upgrade_schedule::tests::test_env_override ... ok
[INFO] [stdout] test utils::io::tests::counting_writer_with_limit_fail ... ok
[INFO] [stdout] test utils::io::tests::counting_writer_with_limit_success ... ok
[INFO] [stdout] test utils::io::tests::counting_writer_without_limit ... ok
[INFO] [stdout] test utils::min_heap::tests::test_peek_mut ... ok
[INFO] [stdout] test utils::min_heap::tests::test_push_pop_push ... ok
[INFO] [stdout] test utils::min_heap::tests::test_peek ... ok
[INFO] [stdout] test utils::min_heap::tests::test_collect_pop ... ok
[INFO] [stdout] test utils::tests::test_create_hash_upgradable ... ok
[INFO] [stdout] test utils::min_heap::tests::test_push_pop ... ok
[INFO] [stdout] test utils::tests::test_derive_near_implicit_account_id ... ok
[INFO] [stdout] test congestion_info::tests::test_missed_chunks_finalize ... ok
[INFO] [stdout] test validator_mandates::compute_price::tests::test_constant_dist ... ok
[INFO] [stdout] test upgrade_schedule::tests::test_parse ... ok
[INFO] [stdout] test validator_mandates::compute_price::tests::test_small_total_stake ... ok
[INFO] [stdout] test utils::tests::test_derive_eth_implicit_account_id ... ok
[INFO] [stdout] test shard_layout::tests::test_shard_layout_v0 ... ok
[INFO] [stdout] test validator_mandates::compute_price::tests::test_exp_dist ... ok
[INFO] [stdout] test validator_mandates::tests::test_deterministic_shuffle ... ok
[INFO] [stdout] test validator_mandates::tests::test_shuffled_shard_ids_new ... ok
[INFO] [stdout] test validator_mandates::compute_price::tests::test_step_dist ... ok
[INFO] [stdout] test validator_mandates::tests::test_shuffled_shard_ids_get_alias ... ok
[INFO] [stdout] test validator_mandates::tests::test_validator_mandates_new ... ok
[INFO] [stdout] test signable_message::tests::nep_366_ok ... ok
[INFO] [stdout] test utils::tests::test_num_chunk_producers ... ok
[INFO] [stdout] test validator_mandates::tests::test_validator_mandates_config_new ... ok
[INFO] [stdout] test validator_mandates::tests::test_validator_mandates_sample_uneven ... ok
[INFO] [stdout] test validator_mandates::tests::test_validator_mandates_shuffled_mandates ... ok
[INFO] [stdout] test validator_mandates::tests::test_validator_mandates_shuffled_partials ... ok
[INFO] [stdout] test validator_mandates::tests::test_validator_mandates_sample_even ... ok
[INFO] [stdout] test validator_mandates::compute_price::tests::test_rand_dist ... ok
[INFO] [stdout] test congestion_info::tests::test_memory_congestion ... ok
[INFO] [stdout] test congestion_info::tests::test_incoming_congestion ... ok
[INFO] [stdout] test merkle::tests::test_merkle_tree ... ok
[INFO] [stdout] test shard_layout::tests::test_shard_layout_all ... ok
[INFO] [stdout] test views::tests::test_exec_metadata_v1_view ... ok
[INFO] [stdout] test views::tests::test_exec_metadata_v3_view ... ok
[INFO] [stdout] test views::tests::test_exec_metadata_v2_view ... ok
[INFO] [stdout] test views::tests::test_runtime_config_view ... ok
[INFO] [stdout] test transaction::tests::test_verify_transaction ... ok
[INFO] [stdout] test upgrade_schedule::tests::test_double_upgrade_schedule ... FAILED
[INFO] [stdout] test merkle::tests::test_merkle_path ... ok
[INFO] [stdout] test rand::test::test_sample_should_produce_correct_distribution ... ok
[INFO] [stdout] 
[INFO] [stdout] failures:
[INFO] [stdout] 
[INFO] [stdout] ---- upgrade_schedule::tests::test_double_upgrade_schedule stdout ----
[INFO] [stdout] thread 'upgrade_schedule::tests::test_double_upgrade_schedule' panicked at src/upgrade_schedule.rs:207:70:
[INFO] [stdout] called `Result::unwrap()` on an `Err` value: InvalidFinalUpgrade(100, 102)
[INFO] [stdout] stack backtrace:
[INFO] [stdout]    0:     0x61f97d1d9f7a - std::backtrace_rs::backtrace::libunwind::trace::h207520d6e9873551
[INFO] [stdout]                                at /rustc/df4ca44d3fbc9301ee17f30f4d474e6ae4b05252/library/std/src/../../backtrace/src/backtrace/libunwind.rs:116:5
[INFO] [stdout]    1:     0x61f97d1d9f7a - std::backtrace_rs::backtrace::trace_unsynchronized::h2ed7433f370e3eca
[INFO] [stdout]                                at /rustc/df4ca44d3fbc9301ee17f30f4d474e6ae4b05252/library/std/src/../../backtrace/src/backtrace/mod.rs:66:5
[INFO] [stdout]    2:     0x61f97d1d9f7a - std::sys::backtrace::_print_fmt::h916fac51166b18d7
[INFO] [stdout]                                at /rustc/df4ca44d3fbc9301ee17f30f4d474e6ae4b05252/library/std/src/sys/backtrace.rs:66:9
[INFO] [stdout]    3:     0x61f97d1d9f7a - <std::sys::backtrace::BacktraceLock::print::DisplayBacktrace as core::fmt::Display>::fmt::ha0a4c9b8ce3802e6
[INFO] [stdout]                                at /rustc/df4ca44d3fbc9301ee17f30f4d474e6ae4b05252/library/std/src/sys/backtrace.rs:39:26
[INFO] [stdout]    4:     0x61f97d204b43 - core::fmt::rt::Argument::fmt::h4cfc8587d52b3eb5
[INFO] [stdout]                                at /rustc/df4ca44d3fbc9301ee17f30f4d474e6ae4b05252/library/core/src/fmt/rt.rs:177:76
[INFO] [stdout]    5:     0x61f97d204b43 - core::fmt::write::h522cc39e5b36ae9f
[INFO] [stdout]                                at /rustc/df4ca44d3fbc9301ee17f30f4d474e6ae4b05252/library/core/src/fmt/mod.rs:1190:21
[INFO] [stdout]    6:     0x61f97d1d5b53 - std::io::Write::write_fmt::h7d3c26752da97734
[INFO] [stdout]                                at /rustc/df4ca44d3fbc9301ee17f30f4d474e6ae4b05252/library/std/src/io/mod.rs:1839:15
[INFO] [stdout]    7:     0x61f97d1d9dc2 - std::sys::backtrace::BacktraceLock::print::h4b9e00b29e9c0942
[INFO] [stdout]                                at /rustc/df4ca44d3fbc9301ee17f30f4d474e6ae4b05252/library/std/src/sys/backtrace.rs:42:9
[INFO] [stdout]    8:     0x61f97d1db40a - std::panicking::default_hook::{{closure}}::hb59b88280d0324d9
[INFO] [stdout]                                at /rustc/df4ca44d3fbc9301ee17f30f4d474e6ae4b05252/library/std/src/panicking.rs:268:22
[INFO] [stdout]    9:     0x61f97d1db214 - std::panicking::default_hook::he1dd496665be4a29
[INFO] [stdout]                                at /rustc/df4ca44d3fbc9301ee17f30f4d474e6ae4b05252/library/std/src/panicking.rs:292:9
[INFO] [stdout]   10:     0x61f97cf57639 - <alloc::boxed::Box<F,A> as core::ops::function::Fn<Args>>::call::h4ff71de18744e1dc
[INFO] [stdout]                                at /rustc/df4ca44d3fbc9301ee17f30f4d474e6ae4b05252/library/alloc/src/boxed.rs:2468:9
[INFO] [stdout]   11:     0x61f97cf57639 - test::test_main::{{closure}}::hcf7c055ce117aa81
[INFO] [stdout]                                at /rustc/df4ca44d3fbc9301ee17f30f4d474e6ae4b05252/library/test/src/lib.rs:133:21
[INFO] [stdout]   12:     0x61f97d1dbb08 - <alloc::boxed::Box<F,A> as core::ops::function::Fn<Args>>::call::h1d66c6bbd60c9692
[INFO] [stdout]                                at /rustc/df4ca44d3fbc9301ee17f30f4d474e6ae4b05252/library/alloc/src/boxed.rs:2468:9
[INFO] [stdout]   13:     0x61f97d1dbb08 - std::panicking::rust_panic_with_hook::h2ff17fe8f26dfcf8
[INFO] [stdout]                                at /rustc/df4ca44d3fbc9301ee17f30f4d474e6ae4b05252/library/std/src/panicking.rs:809:13
[INFO] [stdout]   14:     0x61f97d1db8ca - std::panicking::begin_panic_handler::{{closure}}::h4fad77951c07e101
[INFO] [stdout]                                at /rustc/df4ca44d3fbc9301ee17f30f4d474e6ae4b05252/library/std/src/panicking.rs:674:13
[INFO] [stdout]   15:     0x61f97d1da459 - std::sys::backtrace::__rust_end_short_backtrace::hb1a25b3da5d0ea08
[INFO] [stdout]                                at /rustc/df4ca44d3fbc9301ee17f30f4d474e6ae4b05252/library/std/src/sys/backtrace.rs:170:18
[INFO] [stdout]   16:     0x61f97d1db55c - rust_begin_unwind
[INFO] [stdout]                                at /rustc/df4ca44d3fbc9301ee17f30f4d474e6ae4b05252/library/std/src/panicking.rs:665:5
[INFO] [stdout]   17:     0x61f97d202240 - core::panicking::panic_fmt::ha9db07b529f9b256
[INFO] [stdout]                                at /rustc/df4ca44d3fbc9301ee17f30f4d474e6ae4b05252/library/core/src/panicking.rs:75:14
[INFO] [stdout]   18:     0x61f97d202726 - core::result::unwrap_failed::h5e8218e4d4338b8a
[INFO] [stdout]                                at /rustc/df4ca44d3fbc9301ee17f30f4d474e6ae4b05252/library/core/src/result.rs:1698:5
[INFO] [stdout]   19:     0x61f97cb3d479 - core::result::Result<T,E>::unwrap::ha1c8812886f9ccba
[INFO] [stdout]                                at /rustc/df4ca44d3fbc9301ee17f30f4d474e6ae4b05252/library/core/src/result.rs:1103:23
[INFO] [stdout]   20:     0x61f97cb3d479 - near_primitives::upgrade_schedule::tests::make_voting_schedule::hb645c7227ffc1436
[INFO] [stdout]                                at /opt/rustwide/workdir/src/upgrade_schedule.rs:207:9
[INFO] [stdout]   21:     0x61f97cb41188 - near_primitives::upgrade_schedule::tests::test_double_upgrade_schedule::had78aaac54750f06
[INFO] [stdout]                                at /opt/rustwide/workdir/src/upgrade_schedule.rs:315:24
[INFO] [stdout]   22:     0x61f97cb40fd7 - near_primitives::upgrade_schedule::tests::test_double_upgrade_schedule::{{closure}}::h5e962237086364d1
[INFO] [stdout]                                at /opt/rustwide/workdir/src/upgrade_schedule.rs:307:38
[INFO] [stdout]   23:     0x61f97cb2f036 - core::ops::function::FnOnce::call_once::h5adbb70f6aa67911
[INFO] [stdout]                                at /rustc/df4ca44d3fbc9301ee17f30f4d474e6ae4b05252/library/core/src/ops/function.rs:250:5
[INFO] [stdout]   24:     0x61f97cf5bf0b - core::ops::function::FnOnce::call_once::h22c3ba5715e93f05
[INFO] [stdout]                                at /rustc/df4ca44d3fbc9301ee17f30f4d474e6ae4b05252/library/core/src/ops/function.rs:250:5
[INFO] [stdout]   25:     0x61f97cf5bf0b - test::__rust_begin_short_backtrace::h8e82d8113d0da17f
[INFO] [stdout]                                at /rustc/df4ca44d3fbc9301ee17f30f4d474e6ae4b05252/library/test/src/lib.rs:621:18
[INFO] [stdout]   26:     0x61f97cf5b887 - test::run_test_in_process::{{closure}}::h33235f4f20b7b7c7
[INFO] [stdout]                                at /rustc/df4ca44d3fbc9301ee17f30f4d474e6ae4b05252/library/test/src/lib.rs:644:60
[INFO] [stdout]   27:     0x61f97cf5b887 - <core::panic::unwind_safe::AssertUnwindSafe<F> as core::ops::function::FnOnce<()>>::call_once::hb5043206310c586f
[INFO] [stdout]                                at /rustc/df4ca44d3fbc9301ee17f30f4d474e6ae4b05252/library/core/src/panic/unwind_safe.rs:272:9
[INFO] [stdout]   28:     0x61f97cf5b887 - std::panicking::try::do_call::h9ad4731a60ab23e2
[INFO] [stdout]                                at /rustc/df4ca44d3fbc9301ee17f30f4d474e6ae4b05252/library/std/src/panicking.rs:557:40
[INFO] [stdout]   29:     0x61f97cf5b887 - std::panicking::try::h3824d23db772a716
[INFO] [stdout]                                at /rustc/df4ca44d3fbc9301ee17f30f4d474e6ae4b05252/library/std/src/panicking.rs:520:19
[INFO] [stdout]   30:     0x61f97cf5b887 - std::panic::catch_unwind::h5afd514605fde46b
[INFO] [stdout]                                at /rustc/df4ca44d3fbc9301ee17f30f4d474e6ae4b05252/library/std/src/panic.rs:358:14
[INFO] [stdout]   31:     0x61f97cf5b887 - test::run_test_in_process::h0d5cbfa7067d1720
[INFO] [stdout]                                at /rustc/df4ca44d3fbc9301ee17f30f4d474e6ae4b05252/library/test/src/lib.rs:644:27
[INFO] [stdout]   32:     0x61f97cf5b887 - test::run_test::{{closure}}::h708eb8872708115d
[INFO] [stdout]                                at /rustc/df4ca44d3fbc9301ee17f30f4d474e6ae4b05252/library/test/src/lib.rs:565:43
[INFO] [stdout]   33:     0x61f97cf1efa4 - test::run_test::{{closure}}::h392c51cee94713ab
[INFO] [stdout]                                at /rustc/df4ca44d3fbc9301ee17f30f4d474e6ae4b05252/library/test/src/lib.rs:595:41
[INFO] [stdout]   34:     0x61f97cf1efa4 - std::sys::backtrace::__rust_begin_short_backtrace::h2f40290710935a8b
[INFO] [stdout]                                at /rustc/df4ca44d3fbc9301ee17f30f4d474e6ae4b05252/library/std/src/sys/backtrace.rs:154:18
[INFO] [stdout]   35:     0x61f97cf2274e - std::thread::Builder::spawn_unchecked_::{{closure}}::{{closure}}::h3fd968d89053a903
[INFO] [stdout]                                at /rustc/df4ca44d3fbc9301ee17f30f4d474e6ae4b05252/library/std/src/thread/mod.rs:541:17
[INFO] [stdout]   36:     0x61f97cf2274e - <core::panic::unwind_safe::AssertUnwindSafe<F> as core::ops::function::FnOnce<()>>::call_once::h743f637ba4229880
[INFO] [stdout]                                at /rustc/df4ca44d3fbc9301ee17f30f4d474e6ae4b05252/library/core/src/panic/unwind_safe.rs:272:9
[INFO] [stdout]   37:     0x61f97cf2274e - std::panicking::try::do_call::h07440897322525a6
[INFO] [stdout]                                at /rustc/df4ca44d3fbc9301ee17f30f4d474e6ae4b05252/library/std/src/panicking.rs:557:40
[INFO] [stdout]   38:     0x61f97cf2274e - std::panicking::try::he5a2e00188156637
[INFO] [stdout]                                at /rustc/df4ca44d3fbc9301ee17f30f4d474e6ae4b05252/library/std/src/panicking.rs:520:19
[INFO] [stdout]   39:     0x61f97cf2274e - std::panic::catch_unwind::hbaf3cae49b3c6433
[INFO] [stdout]                                at /rustc/df4ca44d3fbc9301ee17f30f4d474e6ae4b05252/library/std/src/panic.rs:358:14
[INFO] [stdout]   40:     0x61f97cf2274e - std::thread::Builder::spawn_unchecked_::{{closure}}::h8e141ea224820bce
[INFO] [stdout]                                at /rustc/df4ca44d3fbc9301ee17f30f4d474e6ae4b05252/library/std/src/thread/mod.rs:540:30
[INFO] [stdout]   41:     0x61f97cf2274e - core::ops::function::FnOnce::call_once{{vtable.shim}}::h90d312fedd7b8ea8
[INFO] [stdout]                                at /rustc/df4ca44d3fbc9301ee17f30f4d474e6ae4b05252/library/core/src/ops/function.rs:250:5
[INFO] [stdout]   42:     0x61f97d1e047b - <alloc::boxed::Box<F,A> as core::ops::function::FnOnce<Args>>::call_once::h69aa08ddb6adb8b6
[INFO] [stdout]                                at /rustc/df4ca44d3fbc9301ee17f30f4d474e6ae4b05252/library/alloc/src/boxed.rs:2454:9
[INFO] [stdout]   43:     0x61f97d1e047b - <alloc::boxed::Box<F,A> as core::ops::function::FnOnce<Args>>::call_once::h5aa36efdb79c806f
[INFO] [stdout]                                at /rustc/df4ca44d3fbc9301ee17f30f4d474e6ae4b05252/library/alloc/src/boxed.rs:2454:9
[INFO] [stdout]   44:     0x61f97d1e047b - std::sys::pal::unix::thread::Thread::new::thread_start::h6cd80a1b4be5158d
[INFO] [stdout]                                at /rustc/df4ca44d3fbc9301ee17f30f4d474e6ae4b05252/library/std/src/sys/pal/unix/thread.rs:105:17
[INFO] [stdout]   45:     0x7968c99d5ac3 - <unknown>
[INFO] [stdout]   46:     0x7968c9a66a04 - clone
[INFO] [stdout]   47:                0x0 - <unknown>
[INFO] [stdout] 
[INFO] [stdout] 
[INFO] [stdout] failures:
[INFO] [stdout]     upgrade_schedule::tests::test_double_upgrade_schedule
[INFO] [stdout] 
[INFO] [stdout] test result: FAILED. 104 passed; 1 failed; 0 ignored; 0 measured; 0 filtered out; finished in 7.05s
[INFO] [stdout] 
[INFO] [stderr] error: test failed, to rerun pass `--lib`
[INFO] running `Command { std: "docker" "inspect" "080be4a8029a623adcad2487931c390f291da54605ac87ff1ec1b2489094b507", kill_on_drop: false }`
[INFO] running `Command { std: "docker" "rm" "-f" "080be4a8029a623adcad2487931c390f291da54605ac87ff1ec1b2489094b507", kill_on_drop: false }`
[INFO] [stdout] 080be4a8029a623adcad2487931c390f291da54605ac87ff1ec1b2489094b507
