[INFO] fetching crate might_sleep 0.2.0...
[INFO] testing might_sleep-0.2.0 against nightly-2024-10-28+rustflags=-Zrandomize-layout for randomize-layout
[INFO] extracting crate might_sleep 0.2.0 into /workspace/builds/worker-2-tc2/source
[INFO] validating manifest of crates.io crate might_sleep 0.2.0 on toolchain nightly-2024-10-28
[INFO] running `Command { std: CARGO_HOME="/workspace/cargo-home" RUSTUP_HOME="/workspace/rustup-home" "/workspace/cargo-home/bin/cargo" "+nightly-2024-10-28" "metadata" "--manifest-path" "Cargo.toml" "--no-deps", kill_on_drop: false }`
[INFO] started tweaking crates.io crate might_sleep 0.2.0
[INFO] finished tweaking crates.io crate might_sleep 0.2.0
[INFO] tweaked toml for crates.io crate might_sleep 0.2.0 written to /workspace/builds/worker-2-tc2/source/Cargo.toml
[INFO] crate crates.io crate might_sleep 0.2.0 already has a lockfile, it will not be regenerated
[INFO] running `Command { std: CARGO_HOME="/workspace/cargo-home" RUSTUP_HOME="/workspace/rustup-home" "/workspace/cargo-home/bin/cargo" "+nightly-2024-10-28" "fetch" "--manifest-path" "Cargo.toml", kill_on_drop: false }`
[INFO] running `Command { std: "docker" "create" "-v" "/var/lib/crater-agent-workspace/builds/worker-2-tc2/target:/opt/rustwide/target:rw,Z" "-v" "/var/lib/crater-agent-workspace/builds/worker-2-tc2/source:/opt/rustwide/workdir:ro,Z" "-v" "/var/lib/crater-agent-workspace/cargo-home:/opt/rustwide/cargo-home:ro,Z" "-v" "/var/lib/crater-agent-workspace/rustup-home:/opt/rustwide/rustup-home:ro,Z" "-e" "SOURCE_DIR=/opt/rustwide/workdir" "-e" "CARGO_TARGET_DIR=/opt/rustwide/target" "-e" "CARGO_HOME=/opt/rustwide/cargo-home" "-e" "RUSTUP_HOME=/opt/rustwide/rustup-home" "-w" "/opt/rustwide/workdir" "-m" "1610612736" "--user" "0:0" "--network" "none" "ghcr.io/rust-lang/crates-build-env/linux@sha256:4a844ea9eb2546a2d2c7022eacef16ef2e8229c7fbb2c7d4d55a9ceca922f72d" "/opt/rustwide/cargo-home/bin/cargo" "+nightly-2024-10-28" "metadata" "--no-deps" "--format-version=1", kill_on_drop: false }`
[INFO] [stdout] b1a67afb41d18d974356dd6e1203ae457f89eea7ee69719c7acd27803fa4642c
[INFO] running `Command { std: "docker" "start" "-a" "b1a67afb41d18d974356dd6e1203ae457f89eea7ee69719c7acd27803fa4642c", kill_on_drop: false }`
[INFO] running `Command { std: "docker" "inspect" "b1a67afb41d18d974356dd6e1203ae457f89eea7ee69719c7acd27803fa4642c", kill_on_drop: false }`
[INFO] running `Command { std: "docker" "rm" "-f" "b1a67afb41d18d974356dd6e1203ae457f89eea7ee69719c7acd27803fa4642c", kill_on_drop: false }`
[INFO] [stdout] b1a67afb41d18d974356dd6e1203ae457f89eea7ee69719c7acd27803fa4642c
[INFO] running `Command { std: "docker" "create" "-v" "/var/lib/crater-agent-workspace/builds/worker-2-tc2/target:/opt/rustwide/target:rw,Z" "-v" "/var/lib/crater-agent-workspace/builds/worker-2-tc2/source:/opt/rustwide/workdir:ro,Z" "-v" "/var/lib/crater-agent-workspace/cargo-home:/opt/rustwide/cargo-home:ro,Z" "-v" "/var/lib/crater-agent-workspace/rustup-home:/opt/rustwide/rustup-home:ro,Z" "-e" "SOURCE_DIR=/opt/rustwide/workdir" "-e" "CARGO_TARGET_DIR=/opt/rustwide/target" "-e" "CARGO_INCREMENTAL=0" "-e" "RUST_BACKTRACE=full" "-e" "RUSTFLAGS=--cap-lints=forbid -Zrandomize-layout" "-e" "RUSTDOCFLAGS=--cap-lints=forbid" "-e" "CARGO_HOME=/opt/rustwide/cargo-home" "-e" "RUSTUP_HOME=/opt/rustwide/rustup-home" "-w" "/opt/rustwide/workdir" "-m" "1610612736" "--user" "0:0" "--network" "none" "ghcr.io/rust-lang/crates-build-env/linux@sha256:4a844ea9eb2546a2d2c7022eacef16ef2e8229c7fbb2c7d4d55a9ceca922f72d" "/opt/rustwide/cargo-home/bin/cargo" "+nightly-2024-10-28" "build" "--frozen" "--message-format=json", kill_on_drop: false }`
[INFO] [stdout] 1276ee50430e8b2c8744cdcc00fe5a44600d6d687a6f13b33bc3a0b01f1e149a
[INFO] running `Command { std: "docker" "start" "-a" "1276ee50430e8b2c8744cdcc00fe5a44600d6d687a6f13b33bc3a0b01f1e149a", kill_on_drop: false }`
[INFO] [stderr]    Compiling might_sleep v0.2.0 (/opt/rustwide/workdir)
[INFO] [stderr]     Finished `dev` profile [unoptimized + debuginfo] target(s) in 0.06s
[INFO] running `Command { std: "docker" "inspect" "1276ee50430e8b2c8744cdcc00fe5a44600d6d687a6f13b33bc3a0b01f1e149a", kill_on_drop: false }`
[INFO] running `Command { std: "docker" "rm" "-f" "1276ee50430e8b2c8744cdcc00fe5a44600d6d687a6f13b33bc3a0b01f1e149a", kill_on_drop: false }`
[INFO] [stdout] 1276ee50430e8b2c8744cdcc00fe5a44600d6d687a6f13b33bc3a0b01f1e149a
[INFO] running `Command { std: "docker" "create" "-v" "/var/lib/crater-agent-workspace/builds/worker-2-tc2/target:/opt/rustwide/target:rw,Z" "-v" "/var/lib/crater-agent-workspace/builds/worker-2-tc2/source:/opt/rustwide/workdir:ro,Z" "-v" "/var/lib/crater-agent-workspace/cargo-home:/opt/rustwide/cargo-home:ro,Z" "-v" "/var/lib/crater-agent-workspace/rustup-home:/opt/rustwide/rustup-home:ro,Z" "-e" "SOURCE_DIR=/opt/rustwide/workdir" "-e" "CARGO_TARGET_DIR=/opt/rustwide/target" "-e" "CARGO_INCREMENTAL=0" "-e" "RUST_BACKTRACE=full" "-e" "RUSTFLAGS=--cap-lints=forbid -Zrandomize-layout" "-e" "RUSTDOCFLAGS=--cap-lints=forbid" "-e" "CARGO_HOME=/opt/rustwide/cargo-home" "-e" "RUSTUP_HOME=/opt/rustwide/rustup-home" "-w" "/opt/rustwide/workdir" "-m" "1610612736" "--user" "0:0" "--network" "none" "ghcr.io/rust-lang/crates-build-env/linux@sha256:4a844ea9eb2546a2d2c7022eacef16ef2e8229c7fbb2c7d4d55a9ceca922f72d" "/opt/rustwide/cargo-home/bin/cargo" "+nightly-2024-10-28" "test" "--frozen" "--no-run" "--message-format=json", kill_on_drop: false }`
[INFO] [stdout] 41b956dff96f38d87fdfa48d642b9f1f9f8ba456b4295f6dc40b184140363307
[INFO] running `Command { std: "docker" "start" "-a" "41b956dff96f38d87fdfa48d642b9f1f9f8ba456b4295f6dc40b184140363307", kill_on_drop: false }`
[INFO] [stderr]    Compiling might_sleep v0.2.0 (/opt/rustwide/workdir)
[INFO] [stderr]     Finished `test` profile [unoptimized + debuginfo] target(s) in 0.21s
[INFO] running `Command { std: "docker" "inspect" "41b956dff96f38d87fdfa48d642b9f1f9f8ba456b4295f6dc40b184140363307", kill_on_drop: false }`
[INFO] running `Command { std: "docker" "rm" "-f" "41b956dff96f38d87fdfa48d642b9f1f9f8ba456b4295f6dc40b184140363307", kill_on_drop: false }`
[INFO] [stdout] 41b956dff96f38d87fdfa48d642b9f1f9f8ba456b4295f6dc40b184140363307
[INFO] running `Command { std: "docker" "create" "-v" "/var/lib/crater-agent-workspace/builds/worker-2-tc2/target:/opt/rustwide/target:rw,Z" "-v" "/var/lib/crater-agent-workspace/builds/worker-2-tc2/source:/opt/rustwide/workdir:ro,Z" "-v" "/var/lib/crater-agent-workspace/cargo-home:/opt/rustwide/cargo-home:ro,Z" "-v" "/var/lib/crater-agent-workspace/rustup-home:/opt/rustwide/rustup-home:ro,Z" "-e" "SOURCE_DIR=/opt/rustwide/workdir" "-e" "CARGO_TARGET_DIR=/opt/rustwide/target" "-e" "CARGO_INCREMENTAL=0" "-e" "RUST_BACKTRACE=full" "-e" "RUSTFLAGS=--cap-lints=forbid -Zrandomize-layout" "-e" "RUSTDOCFLAGS=--cap-lints=forbid" "-e" "CARGO_HOME=/opt/rustwide/cargo-home" "-e" "RUSTUP_HOME=/opt/rustwide/rustup-home" "-w" "/opt/rustwide/workdir" "-m" "1610612736" "--user" "0:0" "--network" "none" "ghcr.io/rust-lang/crates-build-env/linux@sha256:4a844ea9eb2546a2d2c7022eacef16ef2e8229c7fbb2c7d4d55a9ceca922f72d" "/opt/rustwide/cargo-home/bin/cargo" "+nightly-2024-10-28" "test" "--frozen", kill_on_drop: false }`
[INFO] [stdout] ced5ad663bbef286d9e762bd4ff61c5b9295c2e25f6e9708c248c625c251b3e5
[INFO] running `Command { std: "docker" "start" "-a" "ced5ad663bbef286d9e762bd4ff61c5b9295c2e25f6e9708c248c625c251b3e5", kill_on_drop: false }`
[INFO] [stderr]     Finished `test` profile [unoptimized + debuginfo] target(s) in 0.01s
[INFO] [stderr]      Running unittests src/lib.rs (/opt/rustwide/target/debug/deps/might_sleep-09d2e27005727ee2)
[INFO] [stdout] 
[INFO] [stdout] running 0 tests
[INFO] [stdout] 
[INFO] [stdout] test result: ok. 0 passed; 0 failed; 0 ignored; 0 measured; 0 filtered out; finished in 0.00s
[INFO] [stdout] 
[INFO] [stderr]      Running tests/tests.rs (/opt/rustwide/target/debug/deps/tests-b2708cef7d5182ac)
[INFO] [stdout] 
[INFO] [stdout] running 4 tests
[INFO] [stdout] test test_cpu_limiter_get_time_slept ... ok
[INFO] [stdout] test test_cpu_limiter_change_duration ... FAILED
[INFO] [stdout] test test_slow_computation ... ok
[INFO] [stdout] test test_cpu_limiter_idle ... ok
[INFO] [stdout] 
[INFO] [stdout] failures:
[INFO] [stdout] 
[INFO] [stdout] ---- test_cpu_limiter_change_duration stdout ----
[INFO] [stdout] normal_time: 0
[INFO] [stdout] normal_time: 1
[INFO] [stdout] normal_time: 2
[INFO] [stdout] normal_time: 3
[INFO] [stdout] normal_time: 4
[INFO] [stdout] normal_time: 5
[INFO] [stdout] normal_time: 6
[INFO] [stdout] normal_time: 7
[INFO] [stdout] normal_time: 8
[INFO] [stdout] normal_time: 9
[INFO] [stdout] normal_time: 10
[INFO] [stdout] normal_time: 11
[INFO] [stdout] normal_time: 12
[INFO] [stdout] normal_time: 13
[INFO] [stdout] normal_time: 14
[INFO] [stdout] normal_time: 15
[INFO] [stdout] normal_time: 16
[INFO] [stdout] normal_time: 17
[INFO] [stdout] normal_time: 18
[INFO] [stdout] normal_time: 19
[INFO] [stdout] normal_time: 20
[INFO] [stdout] normal_time: 21
[INFO] [stdout] normal_time: 22
[INFO] [stdout] normal_time: 23
[INFO] [stdout] normal_time: 24
[INFO] [stdout] normal_time: 25
[INFO] [stdout] normal_time: 26
[INFO] [stdout] normal_time: 27
[INFO] [stdout] normal_time: 28
[INFO] [stdout] normal_time: 29
[INFO] [stdout] normal_time: 30
[INFO] [stdout] normal_time: 31
[INFO] [stdout] normal_time: 32
[INFO] [stdout] normal_time: 33
[INFO] [stdout] normal_time: 34
[INFO] [stdout] normal_time: 35
[INFO] [stdout] normal_time: 36
[INFO] [stdout] normal_time: 37
[INFO] [stdout] normal_time: 38
[INFO] [stdout] normal_time: 39
[INFO] [stdout] normal_time: 40
[INFO] [stdout] normal_time: 41
[INFO] [stdout] normal_time: 42
[INFO] [stdout] normal_time: 43
[INFO] [stdout] normal_time: 44
[INFO] [stdout] normal_time: 45
[INFO] [stdout] normal_time: 46
[INFO] [stdout] normal_time: 47
[INFO] [stdout] normal_time: 48
[INFO] [stdout] normal_time: 49
[INFO] [stdout] normal_time: 50
[INFO] [stdout] normal_time: 51
[INFO] [stdout] normal_time: 52
[INFO] [stdout] normal_time: 53
[INFO] [stdout] normal_time: 54
[INFO] [stdout] normal_time: 55
[INFO] [stdout] normal_time: 56
[INFO] [stdout] normal_time: 57
[INFO] [stdout] normal_time: 58
[INFO] [stdout] normal_time: 59
[INFO] [stdout] normal_time: 60
[INFO] [stdout] normal_time: 61
[INFO] [stdout] normal_time: 62
[INFO] [stdout] normal_time: 63
[INFO] [stdout] normal_time: 64
[INFO] [stdout] normal_time: 65
[INFO] [stdout] normal_time: 66
[INFO] [stdout] normal_time: 67
[INFO] [stdout] normal_time: 68
[INFO] [stdout] normal_time: 69
[INFO] [stdout] normal_time: 70
[INFO] [stdout] normal_time: 71
[INFO] [stdout] normal_time: 72
[INFO] [stdout] normal_time: 73
[INFO] [stdout] normal_time: 74
[INFO] [stdout] normal_time: 75
[INFO] [stdout] normal_time: 76
[INFO] [stdout] normal_time: 77
[INFO] [stdout] normal_time: 78
[INFO] [stdout] normal_time: 79
[INFO] [stdout] normal_time: 80
[INFO] [stdout] normal_time: 81
[INFO] [stdout] normal_time: 82
[INFO] [stdout] normal_time: 83
[INFO] [stdout] normal_time: 84
[INFO] [stdout] normal_time: 85
[INFO] [stdout] normal_time: 86
[INFO] [stdout] normal_time: 87
[INFO] [stdout] normal_time: 88
[INFO] [stdout] normal_time: 89
[INFO] [stdout] normal_time: 90
[INFO] [stdout] normal_time: 91
[INFO] [stdout] normal_time: 92
[INFO] [stdout] normal_time: 93
[INFO] [stdout] normal_time: 94
[INFO] [stdout] normal_time: 95
[INFO] [stdout] normal_time: 96
[INFO] [stdout] normal_time: 97
[INFO] [stdout] normal_time: 98
[INFO] [stdout] normal_time: 99
[INFO] [stdout] 1.0280645 1
[INFO] [stdout] thread 'test_cpu_limiter_change_duration' panicked at tests/tests.rs:59:5:
[INFO] [stdout] assertion failed: fuzzy_eq(now.elapsed().as_secs_f32(), 1f32, RANGE)
[INFO] [stdout] stack backtrace:
[INFO] [stdout]    0:     0x61f4cf0c428a - std::backtrace_rs::backtrace::libunwind::trace::h207520d6e9873551
[INFO] [stdout]                                at /rustc/df4ca44d3fbc9301ee17f30f4d474e6ae4b05252/library/std/src/../../backtrace/src/backtrace/libunwind.rs:116:5
[INFO] [stdout]    1:     0x61f4cf0c428a - std::backtrace_rs::backtrace::trace_unsynchronized::h2ed7433f370e3eca
[INFO] [stdout]                                at /rustc/df4ca44d3fbc9301ee17f30f4d474e6ae4b05252/library/std/src/../../backtrace/src/backtrace/mod.rs:66:5
[INFO] [stdout]    2:     0x61f4cf0c428a - std::sys::backtrace::_print_fmt::h916fac51166b18d7
[INFO] [stdout]                                at /rustc/df4ca44d3fbc9301ee17f30f4d474e6ae4b05252/library/std/src/sys/backtrace.rs:66:9
[INFO] [stdout]    3:     0x61f4cf0c428a - <std::sys::backtrace::BacktraceLock::print::DisplayBacktrace as core::fmt::Display>::fmt::ha0a4c9b8ce3802e6
[INFO] [stdout]                                at /rustc/df4ca44d3fbc9301ee17f30f4d474e6ae4b05252/library/std/src/sys/backtrace.rs:39:26
[INFO] [stdout]    4:     0x61f4cf0eacb3 - core::fmt::rt::Argument::fmt::h4cfc8587d52b3eb5
[INFO] [stdout]                                at /rustc/df4ca44d3fbc9301ee17f30f4d474e6ae4b05252/library/core/src/fmt/rt.rs:177:76
[INFO] [stdout]    5:     0x61f4cf0eacb3 - core::fmt::write::h522cc39e5b36ae9f
[INFO] [stdout]                                at /rustc/df4ca44d3fbc9301ee17f30f4d474e6ae4b05252/library/core/src/fmt/mod.rs:1190:21
[INFO] [stdout]    6:     0x61f4cf0c0ef3 - std::io::Write::write_fmt::h7d3c26752da97734
[INFO] [stdout]                                at /rustc/df4ca44d3fbc9301ee17f30f4d474e6ae4b05252/library/std/src/io/mod.rs:1839:15
[INFO] [stdout]    7:     0x61f4cf0c40d2 - std::sys::backtrace::BacktraceLock::print::h4b9e00b29e9c0942
[INFO] [stdout]                                at /rustc/df4ca44d3fbc9301ee17f30f4d474e6ae4b05252/library/std/src/sys/backtrace.rs:42:9
[INFO] [stdout]    8:     0x61f4cf0c571a - std::panicking::default_hook::{{closure}}::hb59b88280d0324d9
[INFO] [stdout]                                at /rustc/df4ca44d3fbc9301ee17f30f4d474e6ae4b05252/library/std/src/panicking.rs:268:22
[INFO] [stdout]    9:     0x61f4cf0c5524 - std::panicking::default_hook::he1dd496665be4a29
[INFO] [stdout]                                at /rustc/df4ca44d3fbc9301ee17f30f4d474e6ae4b05252/library/std/src/panicking.rs:292:9
[INFO] [stdout]   10:     0x61f4cf08edc9 - <alloc::boxed::Box<F,A> as core::ops::function::Fn<Args>>::call::h4ff71de18744e1dc
[INFO] [stdout]                                at /rustc/df4ca44d3fbc9301ee17f30f4d474e6ae4b05252/library/alloc/src/boxed.rs:2468:9
[INFO] [stdout]   11:     0x61f4cf08edc9 - test::test_main::{{closure}}::hcf7c055ce117aa81
[INFO] [stdout]                                at /rustc/df4ca44d3fbc9301ee17f30f4d474e6ae4b05252/library/test/src/lib.rs:133:21
[INFO] [stdout]   12:     0x61f4cf0c5e18 - <alloc::boxed::Box<F,A> as core::ops::function::Fn<Args>>::call::h1d66c6bbd60c9692
[INFO] [stdout]                                at /rustc/df4ca44d3fbc9301ee17f30f4d474e6ae4b05252/library/alloc/src/boxed.rs:2468:9
[INFO] [stdout]   13:     0x61f4cf0c5e18 - std::panicking::rust_panic_with_hook::h2ff17fe8f26dfcf8
[INFO] [stdout]                                at /rustc/df4ca44d3fbc9301ee17f30f4d474e6ae4b05252/library/std/src/panicking.rs:809:13
[INFO] [stdout]   14:     0x61f4cf0c5ba6 - std::panicking::begin_panic_handler::{{closure}}::h4fad77951c07e101
[INFO] [stdout]                                at /rustc/df4ca44d3fbc9301ee17f30f4d474e6ae4b05252/library/std/src/panicking.rs:667:13
[INFO] [stdout]   15:     0x61f4cf0c4769 - std::sys::backtrace::__rust_end_short_backtrace::hb1a25b3da5d0ea08
[INFO] [stdout]                                at /rustc/df4ca44d3fbc9301ee17f30f4d474e6ae4b05252/library/std/src/sys/backtrace.rs:170:18
[INFO] [stdout]   16:     0x61f4cf0c586c - rust_begin_unwind
[INFO] [stdout]                                at /rustc/df4ca44d3fbc9301ee17f30f4d474e6ae4b05252/library/std/src/panicking.rs:665:5
[INFO] [stdout]   17:     0x61f4cf0e9090 - core::panicking::panic_fmt::ha9db07b529f9b256
[INFO] [stdout]                                at /rustc/df4ca44d3fbc9301ee17f30f4d474e6ae4b05252/library/core/src/panicking.rs:75:14
[INFO] [stdout]   18:     0x61f4cf0e911c - core::panicking::panic::h993086813d94accc
[INFO] [stdout]                                at /rustc/df4ca44d3fbc9301ee17f30f4d474e6ae4b05252/library/core/src/panicking.rs:152:5
[INFO] [stdout]   19:     0x61f4cf054d81 - tests::test_cpu_limiter_change_duration::hd4884394e49e694c
[INFO] [stdout]                                at /opt/rustwide/workdir/tests/tests.rs:59:5
[INFO] [stdout]   20:     0x61f4cf054bd7 - tests::test_cpu_limiter_change_duration::{{closure}}::h4ca1713cbddb7898
[INFO] [stdout]                                at /opt/rustwide/workdir/tests/tests.rs:48:38
[INFO] [stdout]   21:     0x61f4cf053e36 - core::ops::function::FnOnce::call_once::h8aa96b41d496b51e
[INFO] [stdout]                                at /rustc/df4ca44d3fbc9301ee17f30f4d474e6ae4b05252/library/core/src/ops/function.rs:250:5
[INFO] [stdout]   22:     0x61f4cf09369b - core::ops::function::FnOnce::call_once::h22c3ba5715e93f05
[INFO] [stdout]                                at /rustc/df4ca44d3fbc9301ee17f30f4d474e6ae4b05252/library/core/src/ops/function.rs:250:5
[INFO] [stdout]   23:     0x61f4cf09369b - test::__rust_begin_short_backtrace::h8e82d8113d0da17f
[INFO] [stdout]                                at /rustc/df4ca44d3fbc9301ee17f30f4d474e6ae4b05252/library/test/src/lib.rs:621:18
[INFO] [stdout]   24:     0x61f4cf093017 - test::run_test_in_process::{{closure}}::h33235f4f20b7b7c7
[INFO] [stdout]                                at /rustc/df4ca44d3fbc9301ee17f30f4d474e6ae4b05252/library/test/src/lib.rs:644:60
[INFO] [stdout]   25:     0x61f4cf093017 - <core::panic::unwind_safe::AssertUnwindSafe<F> as core::ops::function::FnOnce<()>>::call_once::hb5043206310c586f
[INFO] [stdout]                                at /rustc/df4ca44d3fbc9301ee17f30f4d474e6ae4b05252/library/core/src/panic/unwind_safe.rs:272:9
[INFO] [stdout]   26:     0x61f4cf093017 - std::panicking::try::do_call::h9ad4731a60ab23e2
[INFO] [stdout]                                at /rustc/df4ca44d3fbc9301ee17f30f4d474e6ae4b05252/library/std/src/panicking.rs:557:40
[INFO] [stdout]   27:     0x61f4cf093017 - std::panicking::try::h3824d23db772a716
[INFO] [stdout]                                at /rustc/df4ca44d3fbc9301ee17f30f4d474e6ae4b05252/library/std/src/panicking.rs:520:19
[INFO] [stdout]   28:     0x61f4cf093017 - std::panic::catch_unwind::h5afd514605fde46b
[INFO] [stdout]                                at /rustc/df4ca44d3fbc9301ee17f30f4d474e6ae4b05252/library/std/src/panic.rs:358:14
[INFO] [stdout]   29:     0x61f4cf093017 - test::run_test_in_process::h0d5cbfa7067d1720
[INFO] [stdout]                                at /rustc/df4ca44d3fbc9301ee17f30f4d474e6ae4b05252/library/test/src/lib.rs:644:27
[INFO] [stdout]   30:     0x61f4cf093017 - test::run_test::{{closure}}::h708eb8872708115d
[INFO] [stdout]                                at /rustc/df4ca44d3fbc9301ee17f30f4d474e6ae4b05252/library/test/src/lib.rs:565:43
[INFO] [stdout]   31:     0x61f4cf056734 - test::run_test::{{closure}}::h392c51cee94713ab
[INFO] [stdout]                                at /rustc/df4ca44d3fbc9301ee17f30f4d474e6ae4b05252/library/test/src/lib.rs:595:41
[INFO] [stdout]   32:     0x61f4cf056734 - std::sys::backtrace::__rust_begin_short_backtrace::h2f40290710935a8b
[INFO] [stdout]                                at /rustc/df4ca44d3fbc9301ee17f30f4d474e6ae4b05252/library/std/src/sys/backtrace.rs:154:18
[INFO] [stdout]   33:     0x61f4cf059ede - std::thread::Builder::spawn_unchecked_::{{closure}}::{{closure}}::h3fd968d89053a903
[INFO] [stdout]                                at /rustc/df4ca44d3fbc9301ee17f30f4d474e6ae4b05252/library/std/src/thread/mod.rs:541:17
[INFO] [stdout]   34:     0x61f4cf059ede - <core::panic::unwind_safe::AssertUnwindSafe<F> as core::ops::function::FnOnce<()>>::call_once::h743f637ba4229880
[INFO] [stdout]                                at /rustc/df4ca44d3fbc9301ee17f30f4d474e6ae4b05252/library/core/src/panic/unwind_safe.rs:272:9
[INFO] [stdout]   35:     0x61f4cf059ede - std::panicking::try::do_call::h07440897322525a6
[INFO] [stdout]                                at /rustc/df4ca44d3fbc9301ee17f30f4d474e6ae4b05252/library/std/src/panicking.rs:557:40
[INFO] [stdout]   36:     0x61f4cf059ede - std::panicking::try::he5a2e00188156637
[INFO] [stdout]                                at /rustc/df4ca44d3fbc9301ee17f30f4d474e6ae4b05252/library/std/src/panicking.rs:520:19
[INFO] [stdout]   37:     0x61f4cf059ede - std::panic::catch_unwind::hbaf3cae49b3c6433
[INFO] [stdout]                                at /rustc/df4ca44d3fbc9301ee17f30f4d474e6ae4b05252/library/std/src/panic.rs:358:14
[INFO] [stdout]   38:     0x61f4cf059ede - std::thread::Builder::spawn_unchecked_::{{closure}}::h8e141ea224820bce
[INFO] [stdout]                                at /rustc/df4ca44d3fbc9301ee17f30f4d474e6ae4b05252/library/std/src/thread/mod.rs:540:30
[INFO] [stdout]   39:     0x61f4cf059ede - core::ops::function::FnOnce::call_once{{vtable.shim}}::h90d312fedd7b8ea8
[INFO] [stdout]                                at /rustc/df4ca44d3fbc9301ee17f30f4d474e6ae4b05252/library/core/src/ops/function.rs:250:5
[INFO] [stdout]   40:     0x61f4cf0c9c0b - <alloc::boxed::Box<F,A> as core::ops::function::FnOnce<Args>>::call_once::h69aa08ddb6adb8b6
[INFO] [stdout]                                at /rustc/df4ca44d3fbc9301ee17f30f4d474e6ae4b05252/library/alloc/src/boxed.rs:2454:9
[INFO] [stdout]   41:     0x61f4cf0c9c0b - <alloc::boxed::Box<F,A> as core::ops::function::FnOnce<Args>>::call_once::h5aa36efdb79c806f
[INFO] [stdout]                                at /rustc/df4ca44d3fbc9301ee17f30f4d474e6ae4b05252/library/alloc/src/boxed.rs:2454:9
[INFO] [stdout]   42:     0x61f4cf0c9c0b - std::sys::pal::unix::thread::Thread::new::thread_start::h6cd80a1b4be5158d
[INFO] [stdout]                                at /rustc/df4ca44d3fbc9301ee17f30f4d474e6ae4b05252/library/std/src/sys/pal/unix/thread.rs:105:17
[INFO] [stdout]   43:     0x732468802ac3 - <unknown>
[INFO] [stdout]   44:     0x732468893a04 - clone
[INFO] [stdout]   45:                0x0 - <unknown>
[INFO] [stdout] 
[INFO] [stdout] 
[INFO] [stdout] failures:
[INFO] [stdout]     test_cpu_limiter_change_duration
[INFO] [stdout] 
[INFO] [stdout] test result: FAILED. 3 passed; 1 failed; 0 ignored; 0 measured; 0 filtered out; finished in 10.02s
[INFO] [stdout] 
[INFO] [stderr] error: test failed, to rerun pass `--test tests`
[INFO] running `Command { std: "docker" "inspect" "ced5ad663bbef286d9e762bd4ff61c5b9295c2e25f6e9708c248c625c251b3e5", kill_on_drop: false }`
[INFO] running `Command { std: "docker" "rm" "-f" "ced5ad663bbef286d9e762bd4ff61c5b9295c2e25f6e9708c248c625c251b3e5", kill_on_drop: false }`
[INFO] [stdout] ced5ad663bbef286d9e762bd4ff61c5b9295c2e25f6e9708c248c625c251b3e5
