[INFO] fetching crate marine-test-macro 0.16.1...
[INFO] testing marine-test-macro-0.16.1 against nightly-2024-10-28+rustflags=-Zrandomize-layout for randomize-layout
[INFO] extracting crate marine-test-macro 0.16.1 into /workspace/builds/worker-1-tc2/source
[INFO] validating manifest of crates.io crate marine-test-macro 0.16.1 on toolchain nightly-2024-10-28
[INFO] running `Command { std: CARGO_HOME="/workspace/cargo-home" RUSTUP_HOME="/workspace/rustup-home" "/workspace/cargo-home/bin/cargo" "+nightly-2024-10-28" "metadata" "--manifest-path" "Cargo.toml" "--no-deps", kill_on_drop: false }`
[INFO] started tweaking crates.io crate marine-test-macro 0.16.1
[INFO] finished tweaking crates.io crate marine-test-macro 0.16.1
[INFO] tweaked toml for crates.io crate marine-test-macro 0.16.1 written to /workspace/builds/worker-1-tc2/source/Cargo.toml
[INFO] running `Command { std: CARGO_HOME="/workspace/cargo-home" RUSTUP_HOME="/workspace/rustup-home" "/workspace/cargo-home/bin/cargo" "+nightly-2024-10-28" "generate-lockfile" "--manifest-path" "Cargo.toml", kill_on_drop: false }`
[INFO] [stderr]     Updating crates.io index
[INFO] [stderr]      Locking 320 packages to latest compatible versions
[INFO] running `Command { std: CARGO_HOME="/workspace/cargo-home" RUSTUP_HOME="/workspace/rustup-home" "/workspace/cargo-home/bin/cargo" "+nightly-2024-10-28" "fetch" "--manifest-path" "Cargo.toml", kill_on_drop: false }`
[INFO] running `Command { std: "docker" "create" "-v" "/var/lib/crater-agent-workspace/builds/worker-1-tc2/target:/opt/rustwide/target:rw,Z" "-v" "/var/lib/crater-agent-workspace/builds/worker-1-tc2/source:/opt/rustwide/workdir:ro,Z" "-v" "/var/lib/crater-agent-workspace/cargo-home:/opt/rustwide/cargo-home:ro,Z" "-v" "/var/lib/crater-agent-workspace/rustup-home:/opt/rustwide/rustup-home:ro,Z" "-e" "SOURCE_DIR=/opt/rustwide/workdir" "-e" "CARGO_TARGET_DIR=/opt/rustwide/target" "-e" "CARGO_HOME=/opt/rustwide/cargo-home" "-e" "RUSTUP_HOME=/opt/rustwide/rustup-home" "-w" "/opt/rustwide/workdir" "-m" "1610612736" "--user" "0:0" "--network" "none" "ghcr.io/rust-lang/crates-build-env/linux@sha256:4a844ea9eb2546a2d2c7022eacef16ef2e8229c7fbb2c7d4d55a9ceca922f72d" "/opt/rustwide/cargo-home/bin/cargo" "+nightly-2024-10-28" "metadata" "--no-deps" "--format-version=1", kill_on_drop: false }`
[INFO] [stdout] 180db04cad4183a9bd995be91e1463c05bebd3000aeedff75fd5a12bc48e9c17
[INFO] running `Command { std: "docker" "start" "-a" "180db04cad4183a9bd995be91e1463c05bebd3000aeedff75fd5a12bc48e9c17", kill_on_drop: false }`
[INFO] running `Command { std: "docker" "inspect" "180db04cad4183a9bd995be91e1463c05bebd3000aeedff75fd5a12bc48e9c17", kill_on_drop: false }`
[INFO] running `Command { std: "docker" "rm" "-f" "180db04cad4183a9bd995be91e1463c05bebd3000aeedff75fd5a12bc48e9c17", kill_on_drop: false }`
[INFO] [stdout] 180db04cad4183a9bd995be91e1463c05bebd3000aeedff75fd5a12bc48e9c17
[INFO] running `Command { std: "docker" "create" "-v" "/var/lib/crater-agent-workspace/builds/worker-1-tc2/target:/opt/rustwide/target:rw,Z" "-v" "/var/lib/crater-agent-workspace/builds/worker-1-tc2/source:/opt/rustwide/workdir:ro,Z" "-v" "/var/lib/crater-agent-workspace/cargo-home:/opt/rustwide/cargo-home:ro,Z" "-v" "/var/lib/crater-agent-workspace/rustup-home:/opt/rustwide/rustup-home:ro,Z" "-e" "SOURCE_DIR=/opt/rustwide/workdir" "-e" "CARGO_TARGET_DIR=/opt/rustwide/target" "-e" "CARGO_INCREMENTAL=0" "-e" "RUST_BACKTRACE=full" "-e" "RUSTFLAGS=--cap-lints=forbid -Zrandomize-layout" "-e" "RUSTDOCFLAGS=--cap-lints=forbid" "-e" "CARGO_HOME=/opt/rustwide/cargo-home" "-e" "RUSTUP_HOME=/opt/rustwide/rustup-home" "-w" "/opt/rustwide/workdir" "-m" "1610612736" "--user" "0:0" "--network" "none" "ghcr.io/rust-lang/crates-build-env/linux@sha256:4a844ea9eb2546a2d2c7022eacef16ef2e8229c7fbb2c7d4d55a9ceca922f72d" "/opt/rustwide/cargo-home/bin/cargo" "+nightly-2024-10-28" "build" "--frozen" "--message-format=json", kill_on_drop: false }`
[INFO] [stdout] 2e48a2bedcbcf28142780798113f619afea64e1bfeb145ff69ff831d5f464cf0
[INFO] running `Command { std: "docker" "start" "-a" "2e48a2bedcbcf28142780798113f619afea64e1bfeb145ff69ff831d5f464cf0", kill_on_drop: false }`
[INFO] [stderr]    Compiling proc-macro2 v1.0.89
[INFO] [stderr]    Compiling unicode-ident v1.0.13
[INFO] [stderr]    Compiling serde v1.0.214
[INFO] [stderr]    Compiling libc v0.2.161
[INFO] [stderr]    Compiling log v0.4.22
[INFO] [stderr]    Compiling itoa v1.0.11
[INFO] [stderr]    Compiling cfg-if v1.0.0
[INFO] [stderr]    Compiling version_check v0.9.5
[INFO] [stderr]    Compiling memchr v2.7.4
[INFO] [stderr]    Compiling once_cell v1.20.2
[INFO] [stderr]    Compiling leb128 v0.2.5
[INFO] [stderr]    Compiling autocfg v1.4.0
[INFO] [stderr]    Compiling anyhow v1.0.92
[INFO] [stderr]    Compiling semver v1.0.23
[INFO] [stderr]    Compiling bitflags v2.6.0
[INFO] [stderr]    Compiling thiserror v1.0.66
[INFO] [stderr]    Compiling byteorder v1.5.0
[INFO] [stderr]    Compiling shlex v1.3.0
[INFO] [stderr]    Compiling hashbrown v0.15.0
[INFO] [stderr]    Compiling quote v1.0.37
[INFO] [stderr]    Compiling equivalent v1.0.1
[INFO] [stderr]    Compiling serde_json v1.0.132
[INFO] [stderr]    Compiling ryu v1.0.18
[INFO] [stderr]    Compiling ahash v0.8.11
[INFO] [stderr]    Compiling syn v1.0.109
[INFO] [stderr]    Compiling syn v2.0.86
[INFO] [stderr]    Compiling paste v1.0.15
[INFO] [stderr]    Compiling rustix v0.38.38
[INFO] [stderr]    Compiling either v1.13.0
[INFO] [stderr]    Compiling tinyvec_macros v0.1.1
[INFO] [stderr]    Compiling linux-raw-sys v0.4.14
[INFO] [stderr]    Compiling tinyvec v1.8.0
[INFO] [stderr]    Compiling itertools v0.10.5
[INFO] [stderr]    Compiling unicode-bidi v0.3.17
[INFO] [stderr]    Compiling jobserver v0.1.32
[INFO] [stderr]    Compiling percent-encoding v2.3.1
[INFO] [stderr]    Compiling form_urlencoded v1.2.1
[INFO] [stderr]    Compiling cc v1.1.31
[INFO] [stderr]    Compiling unicode-normalization v0.1.24
[INFO] [stderr]    Compiling target-lexicon v0.12.16
[INFO] [stderr]    Compiling smallvec v1.13.2
[INFO] [stderr]    Compiling cranelift-isle v0.100.1
[INFO] [stderr]    Compiling idna v0.5.0
[INFO] [stderr]    Compiling id-arena v2.2.1
[INFO] [stderr]    Compiling cranelift-codegen-shared v0.100.1
[INFO] [stderr]    Compiling cranelift-codegen-meta v0.100.1
[INFO] [stderr]    Compiling typenum v1.17.0
[INFO] [stderr]    Compiling url v2.5.2
[INFO] [stderr]    Compiling bumpalo v3.16.0
[INFO] [stderr]    Compiling io-lifetimes v2.0.3
[INFO] [stderr]    Compiling minimal-lexical v0.2.1
[INFO] [stderr]    Compiling nom v7.1.3
[INFO] [stderr]    Compiling indexmap v1.9.3
[INFO] [stderr]    Compiling generic-array v0.14.7
[INFO] [stderr]    Compiling wast v8.0.0
[INFO] [stderr]    Compiling crc32fast v1.4.2
[INFO] [stderr]    Compiling pkg-config v0.3.31
[INFO] [stderr]    Compiling it-to-bytes v0.1.0
[INFO] [stderr]    Compiling arbitrary v1.3.2
[INFO] [stderr]    Compiling slice-group-by v0.3.1
[INFO] [stderr]    Compiling rustc-hash v1.1.0
[INFO] [stderr]    Compiling zstd-sys v2.0.13+zstd.1.5.6
[INFO] [stderr]    Compiling cranelift-codegen v0.100.1
[INFO] [stderr]    Compiling cranelift-control v0.100.1
[INFO] [stderr]    Compiling getrandom v0.2.15
[INFO] [stderr]    Compiling hashbrown v0.12.3
[INFO] [stderr]    Compiling crossbeam-utils v0.8.20
[INFO] [stderr]    Compiling wasmtime-component-util v13.0.1
[INFO] [stderr]    Compiling io-extras v0.18.3
[INFO] [stderr]    Compiling rand_core v0.6.4
[INFO] [stderr]    Compiling wasm-encoder v0.32.0
[INFO] [stderr]    Compiling ambient-authority v0.0.2
[INFO] [stderr]    Compiling safe-transmute v0.11.3
[INFO] [stderr]    Compiling serde_derive v1.0.214
[INFO] [stderr]    Compiling thiserror-impl v1.0.66
[INFO] [stderr]    Compiling zerocopy-derive v0.7.35
[INFO] [stderr]    Compiling wasmtime-versioned-export-macros v13.0.1
[INFO] [stderr]    Compiling variant_count v1.1.0
[INFO] [stderr]    Compiling pulldown-cmark v0.9.6
[INFO] [stderr]    Compiling cap-primitives v2.0.1
[INFO] [stderr]    Compiling wasmtime-fiber v13.0.1
[INFO] [stderr]    Compiling fs-set-times v0.20.1
[INFO] [stderr]    Compiling zerocopy v0.7.35
[INFO] [stderr]    Compiling ittapi-sys v0.3.5
[INFO] [stderr]    Compiling it-memory-traits v0.4.0
[INFO] [stderr]    Compiling memoffset v0.9.1
[INFO] [stderr]    Compiling maybe-owned v0.3.4
[INFO] [stderr]    Compiling unicase v2.8.0
[INFO] [stderr]    Compiling heck v0.4.1
[INFO] [stderr]    Compiling ipnet v2.10.1
[INFO] [stderr]    Compiling zstd-safe v5.0.2+zstd.1.5.2
[INFO] [stderr]    Compiling ppv-lite86 v0.2.20
[INFO] [stderr]    Compiling hashbrown v0.14.5
[INFO] [stderr]    Compiling hashbrown v0.13.2
[INFO] [stderr]    Compiling rand_chacha v0.3.1
[INFO] [stderr]    Compiling rand v0.8.5
[INFO] [stderr]    Compiling regalloc2 v0.9.3
[INFO] [stderr]    Compiling crossbeam-epoch v0.9.18
[INFO] [stderr]    Compiling wasmtime-runtime v13.0.1
[INFO] [stderr]    Compiling crypto-common v0.1.6
[INFO] [stderr]    Compiling block-buffer v0.10.4
[INFO] [stderr]    Compiling dirs-sys v0.3.7
[INFO] [stderr]    Compiling wasmtime-asm-macros v13.0.1
[INFO] [stderr]    Compiling unicode-xid v0.2.6
[INFO] [stderr]    Compiling rayon-core v1.12.1
[INFO] [stderr]    Compiling cpp_demangle v0.3.5
[INFO] [stderr]    Compiling cap-std v2.0.1
[INFO] [stderr]    Compiling pin-project-lite v0.2.15
[INFO] [stderr]    Compiling dirs v4.0.0
[INFO] [stderr]    Compiling digest v0.10.7
[INFO] [stderr]    Compiling crossbeam-deque v0.8.5
[INFO] [stderr]    Compiling memfd v0.6.4
[INFO] [stderr]    Compiling psm v0.1.23
[INFO] [stderr]    Compiling dirs-sys-next v0.1.2
[INFO] [stderr]    Compiling wast v35.0.2
[INFO] [stderr]    Compiling wasm-encoder v0.219.1
[INFO] [stderr]    Compiling encoding_rs v0.8.35
[INFO] [stderr]    Compiling wasmtime-wmemcheck v13.0.1
[INFO] [stderr]    Compiling unicode-width v0.1.14
[INFO] [stderr]    Compiling cpufeatures v0.2.14
[INFO] [stderr]    Compiling uuid v1.11.0
[INFO] [stderr]    Compiling unicode-segmentation v1.12.0
[INFO] [stderr]    Compiling wasmtime-cache v13.0.1
[INFO] [stderr]    Compiling sptr v0.3.2
[INFO] [stderr]    Compiling iana-time-zone v0.1.61
[INFO] [stderr]    Compiling heck v0.3.3
[INFO] [stderr]    Compiling wast v219.0.1
[INFO] [stderr]    Compiling witx v0.9.1
[INFO] [stderr]    Compiling debugid v0.8.0
[INFO] [stderr]    Compiling sha2 v0.10.8
[INFO] [stderr]    Compiling directories-next v2.0.0
[INFO] [stdout] error[E0080]: evaluation of constant value failed
[INFO] [stdout]     --> /opt/rustwide/cargo-home/registry/src/index.crates.io-6f17d22bba15001f/wast-219.0.1/src/core/expr.rs:1214:5
[INFO] [stdout]      |
[INFO] [stdout] 1214 |     assert!(size <= pointer * 11);
[INFO] [stdout]      |     ^^^^^^^^^^^^^^^^^^^^^^^^^^^^^ the evaluated program panicked at 'assertion failed: size <= pointer * 11', /opt/rustwide/cargo-home/registry/src/index.crates.io-6f17d22bba15001f/wast-219.0.1/src/core/expr.rs:1214:5
[INFO] [stdout]      |
[INFO] [stdout]      = note: this error originates in the macro `assert` (in Nightly builds, run with -Z macro-backtrace for more info)
[INFO] [stdout] 
[INFO] [stdout] 
[INFO] [stderr]    Compiling shellexpand v2.1.2
[INFO] [stderr]    Compiling ittapi v0.3.5
[INFO] [stderr]    Compiling wasmparser v0.101.1
[INFO] [stderr]    Compiling wasmtime-jit-icache-coherence v13.0.1
[INFO] [stderr]    Compiling fxhash v0.2.1
[INFO] [stderr]    Compiling indexmap v2.6.0
[INFO] [stdout] error[E0080]: evaluation of constant value failed
[INFO] [stdout]    --> /opt/rustwide/cargo-home/registry/src/index.crates.io-6f17d22bba15001f/wasmparser-0.101.1/src/validator/types.rs:352:5
[INFO] [stdout]     |
[INFO] [stdout] 352 |     assert!(std::mem::size_of::<TypeId>() <= 16);
[INFO] [stdout]     |     ^^^^^^^^^^^^^^^^^^^^^^^^^^^^^^^^^^^^^^^^^^^^ the evaluated program panicked at 'assertion failed: std::mem::size_of::<TypeId>() <= 16', /opt/rustwide/cargo-home/registry/src/index.crates.io-6f17d22bba15001f/wasmparser-0.101.1/src/validator/types.rs:352:5
[INFO] [stdout]     |
[INFO] [stdout]     = note: this error originates in the macro `assert` (in Nightly builds, run with -Z macro-backtrace for more info)
[INFO] [stdout] 
[INFO] [stdout] 
[INFO] [stderr]    Compiling cranelift-entity v0.100.1
[INFO] [stderr]    Compiling gimli v0.28.1
[INFO] [stderr]    Compiling wasmparser v0.112.0
[INFO] [stderr]    Compiling cranelift-bforest v0.100.1
[INFO] [stderr]    Compiling wasmparser v0.121.2
[INFO] [stderr]    Compiling object v0.32.2
[INFO] [stderr]    Compiling fluence-it-types v0.4.1
[INFO] [stderr]    Compiling it-lilo v0.6.0
[INFO] [stderr]    Compiling wasmer-interface-types-fl v0.27.0
[INFO] [stdout] For more information about this error, try `rustc --explain E0080`.
[INFO] [stdout] 
[INFO] [stderr] error: could not compile `wasmparser` (lib) due to 1 previous error
[INFO] [stderr] warning: build failed, waiting for other jobs to finish...
[INFO] [stdout] For more information about this error, try `rustc --explain E0080`.
[INFO] [stdout] 
[INFO] [stderr] error: could not compile `wast` (lib) due to 1 previous error
[INFO] running `Command { std: "docker" "inspect" "2e48a2bedcbcf28142780798113f619afea64e1bfeb145ff69ff831d5f464cf0", kill_on_drop: false }`
[INFO] running `Command { std: "docker" "rm" "-f" "2e48a2bedcbcf28142780798113f619afea64e1bfeb145ff69ff831d5f464cf0", kill_on_drop: false }`
[INFO] [stdout] 2e48a2bedcbcf28142780798113f619afea64e1bfeb145ff69ff831d5f464cf0
