[INFO] fetching crate lazuli_core 0.1.1-rc.3...
[INFO] testing lazuli_core-0.1.1-rc.3 against nightly-2024-10-28+rustflags=-Zrandomize-layout for randomize-layout
[INFO] extracting crate lazuli_core 0.1.1-rc.3 into /workspace/builds/worker-4-tc2/source
[INFO] validating manifest of crates.io crate lazuli_core 0.1.1-rc.3 on toolchain nightly-2024-10-28
[INFO] running `Command { std: CARGO_HOME="/workspace/cargo-home" RUSTUP_HOME="/workspace/rustup-home" "/workspace/cargo-home/bin/cargo" "+nightly-2024-10-28" "metadata" "--manifest-path" "Cargo.toml" "--no-deps", kill_on_drop: false }`
[INFO] started tweaking crates.io crate lazuli_core 0.1.1-rc.3
[INFO] finished tweaking crates.io crate lazuli_core 0.1.1-rc.3
[INFO] tweaked toml for crates.io crate lazuli_core 0.1.1-rc.3 written to /workspace/builds/worker-4-tc2/source/Cargo.toml
[INFO] running `Command { std: CARGO_HOME="/workspace/cargo-home" RUSTUP_HOME="/workspace/rustup-home" "/workspace/cargo-home/bin/cargo" "+nightly-2024-10-28" "generate-lockfile" "--manifest-path" "Cargo.toml", kill_on_drop: false }`
[INFO] [stderr]     Updating crates.io index
[INFO] [stderr]      Locking 29 packages to latest compatible versions
[INFO] running `Command { std: CARGO_HOME="/workspace/cargo-home" RUSTUP_HOME="/workspace/rustup-home" "/workspace/cargo-home/bin/cargo" "+nightly-2024-10-28" "fetch" "--manifest-path" "Cargo.toml", kill_on_drop: false }`
[INFO] running `Command { std: "docker" "create" "-v" "/var/lib/crater-agent-workspace/builds/worker-4-tc2/target:/opt/rustwide/target:rw,Z" "-v" "/var/lib/crater-agent-workspace/builds/worker-4-tc2/source:/opt/rustwide/workdir:ro,Z" "-v" "/var/lib/crater-agent-workspace/cargo-home:/opt/rustwide/cargo-home:ro,Z" "-v" "/var/lib/crater-agent-workspace/rustup-home:/opt/rustwide/rustup-home:ro,Z" "-e" "SOURCE_DIR=/opt/rustwide/workdir" "-e" "CARGO_TARGET_DIR=/opt/rustwide/target" "-e" "CARGO_HOME=/opt/rustwide/cargo-home" "-e" "RUSTUP_HOME=/opt/rustwide/rustup-home" "-w" "/opt/rustwide/workdir" "-m" "1610612736" "--user" "0:0" "--network" "none" "ghcr.io/rust-lang/crates-build-env/linux@sha256:4a844ea9eb2546a2d2c7022eacef16ef2e8229c7fbb2c7d4d55a9ceca922f72d" "/opt/rustwide/cargo-home/bin/cargo" "+nightly-2024-10-28" "metadata" "--no-deps" "--format-version=1", kill_on_drop: false }`
[INFO] [stdout] 5896762665f37c90e3281635c036746033c8e196ff4e469e18531060cc18b59a
[INFO] running `Command { std: "docker" "start" "-a" "5896762665f37c90e3281635c036746033c8e196ff4e469e18531060cc18b59a", kill_on_drop: false }`
[INFO] running `Command { std: "docker" "inspect" "5896762665f37c90e3281635c036746033c8e196ff4e469e18531060cc18b59a", kill_on_drop: false }`
[INFO] running `Command { std: "docker" "rm" "-f" "5896762665f37c90e3281635c036746033c8e196ff4e469e18531060cc18b59a", kill_on_drop: false }`
[INFO] [stdout] 5896762665f37c90e3281635c036746033c8e196ff4e469e18531060cc18b59a
[INFO] running `Command { std: "docker" "create" "-v" "/var/lib/crater-agent-workspace/builds/worker-4-tc2/target:/opt/rustwide/target:rw,Z" "-v" "/var/lib/crater-agent-workspace/builds/worker-4-tc2/source:/opt/rustwide/workdir:ro,Z" "-v" "/var/lib/crater-agent-workspace/cargo-home:/opt/rustwide/cargo-home:ro,Z" "-v" "/var/lib/crater-agent-workspace/rustup-home:/opt/rustwide/rustup-home:ro,Z" "-e" "SOURCE_DIR=/opt/rustwide/workdir" "-e" "CARGO_TARGET_DIR=/opt/rustwide/target" "-e" "CARGO_INCREMENTAL=0" "-e" "RUST_BACKTRACE=full" "-e" "RUSTFLAGS=--cap-lints=forbid -Zrandomize-layout" "-e" "RUSTDOCFLAGS=--cap-lints=forbid" "-e" "CARGO_HOME=/opt/rustwide/cargo-home" "-e" "RUSTUP_HOME=/opt/rustwide/rustup-home" "-w" "/opt/rustwide/workdir" "-m" "1610612736" "--user" "0:0" "--network" "none" "ghcr.io/rust-lang/crates-build-env/linux@sha256:4a844ea9eb2546a2d2c7022eacef16ef2e8229c7fbb2c7d4d55a9ceca922f72d" "/opt/rustwide/cargo-home/bin/cargo" "+nightly-2024-10-28" "build" "--frozen" "--message-format=json", kill_on_drop: false }`
[INFO] [stdout] 0023c87315d0a1006c73897411c62c9cf5e217092fcee35ac65bcc7f09f70549
[INFO] running `Command { std: "docker" "start" "-a" "0023c87315d0a1006c73897411c62c9cf5e217092fcee35ac65bcc7f09f70549", kill_on_drop: false }`
[INFO] [stderr]    Compiling lazuli_core v0.1.1-rc.3 (/opt/rustwide/workdir)
[INFO] [stdout] warning: unused import: `self`
[INFO] [stdout]  --> src/net/server.rs:8:21
[INFO] [stdout]   |
[INFO] [stdout] 8 | use super::config::{self, SocketConfig};
[INFO] [stdout]   |                     ^^^^
[INFO] [stdout]   |
[INFO] [stdout]   = note: `#[warn(unused_imports)]` on by default
[INFO] [stdout] 
[INFO] [stdout] 
[INFO] [stderr]     Finished `dev` profile [unoptimized + debuginfo] target(s) in 0.40s
[INFO] running `Command { std: "docker" "inspect" "0023c87315d0a1006c73897411c62c9cf5e217092fcee35ac65bcc7f09f70549", kill_on_drop: false }`
[INFO] running `Command { std: "docker" "rm" "-f" "0023c87315d0a1006c73897411c62c9cf5e217092fcee35ac65bcc7f09f70549", kill_on_drop: false }`
[INFO] [stdout] 0023c87315d0a1006c73897411c62c9cf5e217092fcee35ac65bcc7f09f70549
[INFO] running `Command { std: "docker" "create" "-v" "/var/lib/crater-agent-workspace/builds/worker-4-tc2/target:/opt/rustwide/target:rw,Z" "-v" "/var/lib/crater-agent-workspace/builds/worker-4-tc2/source:/opt/rustwide/workdir:ro,Z" "-v" "/var/lib/crater-agent-workspace/cargo-home:/opt/rustwide/cargo-home:ro,Z" "-v" "/var/lib/crater-agent-workspace/rustup-home:/opt/rustwide/rustup-home:ro,Z" "-e" "SOURCE_DIR=/opt/rustwide/workdir" "-e" "CARGO_TARGET_DIR=/opt/rustwide/target" "-e" "CARGO_INCREMENTAL=0" "-e" "RUST_BACKTRACE=full" "-e" "RUSTFLAGS=--cap-lints=forbid -Zrandomize-layout" "-e" "RUSTDOCFLAGS=--cap-lints=forbid" "-e" "CARGO_HOME=/opt/rustwide/cargo-home" "-e" "RUSTUP_HOME=/opt/rustwide/rustup-home" "-w" "/opt/rustwide/workdir" "-m" "1610612736" "--user" "0:0" "--network" "none" "ghcr.io/rust-lang/crates-build-env/linux@sha256:4a844ea9eb2546a2d2c7022eacef16ef2e8229c7fbb2c7d4d55a9ceca922f72d" "/opt/rustwide/cargo-home/bin/cargo" "+nightly-2024-10-28" "test" "--frozen" "--no-run" "--message-format=json", kill_on_drop: false }`
[INFO] [stdout] c0aa4fbba78be9dc667772180909d1ee5cf5c2c11ef8f60535f1ad273fa28224
[INFO] running `Command { std: "docker" "start" "-a" "c0aa4fbba78be9dc667772180909d1ee5cf5c2c11ef8f60535f1ad273fa28224", kill_on_drop: false }`
[INFO] [stderr]    Compiling num-conv v0.1.0
[INFO] [stderr]    Compiling time-core v0.1.2
[INFO] [stderr]    Compiling powerfmt v0.2.0
[INFO] [stderr]    Compiling num_threads v0.1.7
[INFO] [stderr]    Compiling lazuli_core v0.1.1-rc.3 (/opt/rustwide/workdir)
[INFO] [stdout] warning: unused import: `self`
[INFO] [stdout]  --> src/net/server.rs:8:21
[INFO] [stdout]   |
[INFO] [stdout] 8 | use super::config::{self, SocketConfig};
[INFO] [stdout]   |                     ^^^^
[INFO] [stdout]   |
[INFO] [stdout]   = note: `#[warn(unused_imports)]` on by default
[INFO] [stdout] 
[INFO] [stdout] 
[INFO] [stderr]    Compiling time-macros v0.2.18
[INFO] [stderr]    Compiling deranged v0.3.11
[INFO] [stderr]    Compiling time v0.3.36
[INFO] [stderr]    Compiling simplelog v0.12.2
[INFO] [stdout] warning: unused import: `self`
[INFO] [stdout]  --> src/net/server.rs:8:21
[INFO] [stdout]   |
[INFO] [stdout] 8 | use super::config::{self, SocketConfig};
[INFO] [stdout]   |                     ^^^^
[INFO] [stdout]   |
[INFO] [stdout]   = note: `#[warn(unused_imports)]` on by default
[INFO] [stdout] 
[INFO] [stdout] 
[INFO] [stdout] warning: unused imports: `IpAddr`, `SocketAddr`, and `sync::Mutex`
[INFO] [stdout]   --> src/net/mod.rs:17:15
[INFO] [stdout]    |
[INFO] [stdout] 17 |         net::{IpAddr, Ipv4Addr, SocketAddr},
[INFO] [stdout]    |               ^^^^^^            ^^^^^^^^^^
[INFO] [stdout] 18 |         sync::Mutex,
[INFO] [stdout]    |         ^^^^^^^^^^^
[INFO] [stdout] 
[INFO] [stdout] 
[INFO] [stdout] warning: unused import: `log::debug`
[INFO] [stdout]   --> src/net/mod.rs:21:9
[INFO] [stdout]    |
[INFO] [stdout] 21 |     use log::debug;
[INFO] [stdout]    |         ^^^^^^^^^^
[INFO] [stdout] 
[INFO] [stdout] 
[INFO] [stderr]     Finished `test` profile [unoptimized + debuginfo] target(s) in 2.71s
[INFO] running `Command { std: "docker" "inspect" "c0aa4fbba78be9dc667772180909d1ee5cf5c2c11ef8f60535f1ad273fa28224", kill_on_drop: false }`
[INFO] running `Command { std: "docker" "rm" "-f" "c0aa4fbba78be9dc667772180909d1ee5cf5c2c11ef8f60535f1ad273fa28224", kill_on_drop: false }`
[INFO] [stdout] c0aa4fbba78be9dc667772180909d1ee5cf5c2c11ef8f60535f1ad273fa28224
[INFO] running `Command { std: "docker" "create" "-v" "/var/lib/crater-agent-workspace/builds/worker-4-tc2/target:/opt/rustwide/target:rw,Z" "-v" "/var/lib/crater-agent-workspace/builds/worker-4-tc2/source:/opt/rustwide/workdir:ro,Z" "-v" "/var/lib/crater-agent-workspace/cargo-home:/opt/rustwide/cargo-home:ro,Z" "-v" "/var/lib/crater-agent-workspace/rustup-home:/opt/rustwide/rustup-home:ro,Z" "-e" "SOURCE_DIR=/opt/rustwide/workdir" "-e" "CARGO_TARGET_DIR=/opt/rustwide/target" "-e" "CARGO_INCREMENTAL=0" "-e" "RUST_BACKTRACE=full" "-e" "RUSTFLAGS=--cap-lints=forbid -Zrandomize-layout" "-e" "RUSTDOCFLAGS=--cap-lints=forbid" "-e" "CARGO_HOME=/opt/rustwide/cargo-home" "-e" "RUSTUP_HOME=/opt/rustwide/rustup-home" "-w" "/opt/rustwide/workdir" "-m" "1610612736" "--user" "0:0" "--network" "none" "ghcr.io/rust-lang/crates-build-env/linux@sha256:4a844ea9eb2546a2d2c7022eacef16ef2e8229c7fbb2c7d4d55a9ceca922f72d" "/opt/rustwide/cargo-home/bin/cargo" "+nightly-2024-10-28" "test" "--frozen", kill_on_drop: false }`
[INFO] [stdout] a436acc786a5445f2bb42f8f8623342a38db8f00fe6cca7e87e902fad5e4a788
[INFO] running `Command { std: "docker" "start" "-a" "a436acc786a5445f2bb42f8f8623342a38db8f00fe6cca7e87e902fad5e4a788", kill_on_drop: false }`
[INFO] [stderr] warning: unused import: `self`
[INFO] [stderr]  --> src/net/server.rs:8:21
[INFO] [stderr]   |
[INFO] [stderr] 8 | use super::config::{self, SocketConfig};
[INFO] [stderr]   |                     ^^^^
[INFO] [stderr]   |
[INFO] [stderr]   = note: `#[warn(unused_imports)]` on by default
[INFO] [stderr] 
[INFO] [stderr] warning: `lazuli_core` (lib) generated 1 warning (run `cargo fix --lib -p lazuli_core` to apply 1 suggestion)
[INFO] [stderr] warning: unused imports: `IpAddr`, `SocketAddr`, and `sync::Mutex`
[INFO] [stderr]   --> src/net/mod.rs:17:15
[INFO] [stderr]    |
[INFO] [stderr] 17 |         net::{IpAddr, Ipv4Addr, SocketAddr},
[INFO] [stderr]    |               ^^^^^^            ^^^^^^^^^^
[INFO] [stderr] 18 |         sync::Mutex,
[INFO] [stderr]    |         ^^^^^^^^^^^
[INFO] [stderr] 
[INFO] [stderr] warning: unused import: `log::debug`
[INFO] [stderr]   --> src/net/mod.rs:21:9
[INFO] [stderr]    |
[INFO] [stderr] 21 |     use log::debug;
[INFO] [stderr]    |         ^^^^^^^^^^
[INFO] [stderr] 
[INFO] [stderr] warning: `lazuli_core` (lib test) generated 3 warnings (1 duplicate) (run `cargo fix --lib -p lazuli_core --tests` to apply 2 suggestions)
[INFO] [stderr]     Finished `test` profile [unoptimized + debuginfo] target(s) in 0.02s
[INFO] [stderr]      Running unittests src/lib.rs (/opt/rustwide/target/debug/deps/lazuli_core-7f711fb8596a15ff)
[INFO] [stdout] 
[INFO] [stdout] running 56 tests
[INFO] [stdout] test header::tests::test_new_auto ... ok
[INFO] [stdout] test header::tests::test_packet_header ... ok
[INFO] [stdout] test net::client::tests::send_recv_num_tests::test_send_f32 ... ok
[INFO] [stdout] test net::client::tests::send_recv_num_tests::test_send_i128 ... ok
[INFO] [stdout] test net::client::tests::send_recv_num_tests::test_send_f64 ... ok
[INFO] [stdout] test net::client::tests::send_recv_num_tests::test_send_i16 ... ok
[INFO] [stdout] test net::client::tests::send_recv_num_tests::test_send_i32 ... ok
[INFO] [stdout] test net::client::tests::send_recv_num_tests::test_send_i64 ... ok
[INFO] [stdout] test net::client::tests::send_recv_num_tests::test_send_i8 ... ok
[INFO] [stdout] test net::client::tests::send_recv_num_tests::test_send_u128 ... ok
[INFO] [stdout] test net::client::tests::send_recv_num_tests::test_send_u32 ... ok
[INFO] [stdout] test net::client::tests::send_recv_num_tests::test_send_u16 ... ok
[INFO] [stdout] test net::client::tests::send_recv_num_tests::test_send_u8 ... ok
[INFO] [stdout] test net::client::tests::send_recv_num_tests::test_send_u64 ... ok
[INFO] [stdout] test net::connector::tests::test_stream_connector_zst ... ok
[INFO] [stdout] test net::connector::tests::test_string ... ok
[INFO] [stdout] test net::client::tests::test_send_recv_string ... ok
[INFO] [stdout] test net::connector::tests::test_stream_connector ... ok
[INFO] [stdout] test sendable::tests::test_box_send ... ok
[INFO] [stdout] test sendable::tests::test_f32_vec ... ok
[INFO] [stdout] test sendable::tests::test_f32 ... ok
[INFO] [stdout] test sendable::tests::test_f64_vec ... ok
[INFO] [stdout] test sendable::tests::test_i128 ... ok
[INFO] [stdout] test net::server::test::test_server ... ok
[INFO] [stdout] test sendable::tests::test_i16_vec ... ok
[INFO] [stdout] test net::client::tests::test_send_recv_vec ... ok
[INFO] [stdout] test net::server::test::test_nonblocking_server ... ok
[INFO] [stdout] test sendable::tests::test_i32 ... ok
[INFO] [stdout] test sendable::tests::test_i128_vec ... ok
[INFO] [stdout] test sendable::tests::test_i32_vec ... ok
[INFO] [stdout] test sendable::tests::test_i8 ... ok
[INFO] [stdout] test sendable::tests::test_i16 ... ok
[INFO] [stdout] test sendable::tests::test_f64 ... ok
[INFO] [stdout] test sendable::tests::test_option_send_none ... ok
[INFO] [stdout] test sendable::tests::test_option_send_some ... ok
[INFO] [stdout] test net::server::test::test_broadcast ... ok
[INFO] [stdout] test sendable::tests::test_recursive_tuple_send ... ok
[INFO] [stdout] test sendable::tests::test_string_send ... ok
[INFO] [stdout] test sendable::tests::test_u128_vec ... ok
[INFO] [stdout] test sendable::tests::test_u16 ... ok
[INFO] [stdout] test sendable::tests::test_i64 ... ok
[INFO] [stdout] test sendable::tests::test_tuple_send ... ok
[INFO] [stdout] test sendable::tests::test_u16_vec ... ok
[INFO] [stdout] test sendable::tests::test_u32 ... ok
[INFO] [stdout] test sendable::tests::test_u128 ... ok
[INFO] [stdout] test sendable::tests::test_u64 ... ok
[INFO] [stdout] test sendable::tests::test_u64_vec ... ok
[INFO] [stdout] test sendable::tests::test_i64_vec ... ok
[INFO] [stdout] test sendable::tests::test_i8_vec ... ok
[INFO] [stdout] test sendable::tests::test_u8 ... ok
[INFO] [stdout] test sendable::tests::test_u8_vec ... ok
[INFO] [stdout] test sendable::tests::test_vec_variable_size ... ok
[INFO] [stdout] test stream::test::test_new_stream ... ok
[INFO] [stdout] test stream::test::test_pop_stream ... ok
[INFO] [stdout] test sendable::tests::test_u32_vec ... ok
[INFO] [stdout] test net::client::tests::test_stream_data_struct ... FAILED
[INFO] [stdout] 
[INFO] [stdout] failures:
[INFO] [stdout] 
[INFO] [stdout] ---- net::client::tests::test_stream_data_struct stdout ----
[INFO] [stdout] thread 'net::client::tests::test_stream_data_struct' panicked at src/net/client.rs:288:9:
[INFO] [stdout] assertion `left == right` failed
[INFO] [stdout]   left: 40
[INFO] [stdout]  right: 30
[INFO] [stdout] stack backtrace:
[INFO] [stdout]    0:     0x5646b991ad7a - std::backtrace_rs::backtrace::libunwind::trace::h207520d6e9873551
[INFO] [stdout]                                at /rustc/df4ca44d3fbc9301ee17f30f4d474e6ae4b05252/library/std/src/../../backtrace/src/backtrace/libunwind.rs:116:5
[INFO] [stdout]    1:     0x5646b991ad7a - std::backtrace_rs::backtrace::trace_unsynchronized::h2ed7433f370e3eca
[INFO] [stdout]                                at /rustc/df4ca44d3fbc9301ee17f30f4d474e6ae4b05252/library/std/src/../../backtrace/src/backtrace/mod.rs:66:5
[INFO] [stdout]    2:     0x5646b991ad7a - std::sys::backtrace::_print_fmt::h916fac51166b18d7
[INFO] [stdout]                                at /rustc/df4ca44d3fbc9301ee17f30f4d474e6ae4b05252/library/std/src/sys/backtrace.rs:66:9
[INFO] [stdout]    3:     0x5646b991ad7a - <std::sys::backtrace::BacktraceLock::print::DisplayBacktrace as core::fmt::Display>::fmt::ha0a4c9b8ce3802e6
[INFO] [stdout]                                at /rustc/df4ca44d3fbc9301ee17f30f4d474e6ae4b05252/library/std/src/sys/backtrace.rs:39:26
[INFO] [stdout]    4:     0x5646b99441b3 - core::fmt::rt::Argument::fmt::h4cfc8587d52b3eb5
[INFO] [stdout]                                at /rustc/df4ca44d3fbc9301ee17f30f4d474e6ae4b05252/library/core/src/fmt/rt.rs:177:76
[INFO] [stdout]    5:     0x5646b99441b3 - core::fmt::write::h522cc39e5b36ae9f
[INFO] [stdout]                                at /rustc/df4ca44d3fbc9301ee17f30f4d474e6ae4b05252/library/core/src/fmt/mod.rs:1190:21
[INFO] [stdout]    6:     0x5646b99176c3 - std::io::Write::write_fmt::h7d3c26752da97734
[INFO] [stdout]                                at /rustc/df4ca44d3fbc9301ee17f30f4d474e6ae4b05252/library/std/src/io/mod.rs:1839:15
[INFO] [stdout]    7:     0x5646b991abc2 - std::sys::backtrace::BacktraceLock::print::h4b9e00b29e9c0942
[INFO] [stdout]                                at /rustc/df4ca44d3fbc9301ee17f30f4d474e6ae4b05252/library/std/src/sys/backtrace.rs:42:9
[INFO] [stdout]    8:     0x5646b991c20a - std::panicking::default_hook::{{closure}}::hb59b88280d0324d9
[INFO] [stdout]                                at /rustc/df4ca44d3fbc9301ee17f30f4d474e6ae4b05252/library/std/src/panicking.rs:268:22
[INFO] [stdout]    9:     0x5646b991c014 - std::panicking::default_hook::he1dd496665be4a29
[INFO] [stdout]                                at /rustc/df4ca44d3fbc9301ee17f30f4d474e6ae4b05252/library/std/src/panicking.rs:292:9
[INFO] [stdout]   10:     0x5646b98e3da9 - <alloc::boxed::Box<F,A> as core::ops::function::Fn<Args>>::call::h4ff71de18744e1dc
[INFO] [stdout]                                at /rustc/df4ca44d3fbc9301ee17f30f4d474e6ae4b05252/library/alloc/src/boxed.rs:2468:9
[INFO] [stdout]   11:     0x5646b98e3da9 - test::test_main::{{closure}}::hcf7c055ce117aa81
[INFO] [stdout]                                at /rustc/df4ca44d3fbc9301ee17f30f4d474e6ae4b05252/library/test/src/lib.rs:133:21
[INFO] [stdout]   12:     0x5646b991c908 - <alloc::boxed::Box<F,A> as core::ops::function::Fn<Args>>::call::h1d66c6bbd60c9692
[INFO] [stdout]                                at /rustc/df4ca44d3fbc9301ee17f30f4d474e6ae4b05252/library/alloc/src/boxed.rs:2468:9
[INFO] [stdout]   13:     0x5646b991c908 - std::panicking::rust_panic_with_hook::h2ff17fe8f26dfcf8
[INFO] [stdout]                                at /rustc/df4ca44d3fbc9301ee17f30f4d474e6ae4b05252/library/std/src/panicking.rs:809:13
[INFO] [stdout]   14:     0x5646b991c6ca - std::panicking::begin_panic_handler::{{closure}}::h4fad77951c07e101
[INFO] [stdout]                                at /rustc/df4ca44d3fbc9301ee17f30f4d474e6ae4b05252/library/std/src/panicking.rs:674:13
[INFO] [stdout]   15:     0x5646b991b259 - std::sys::backtrace::__rust_end_short_backtrace::hb1a25b3da5d0ea08
[INFO] [stdout]                                at /rustc/df4ca44d3fbc9301ee17f30f4d474e6ae4b05252/library/std/src/sys/backtrace.rs:170:18
[INFO] [stdout]   16:     0x5646b991c35c - rust_begin_unwind
[INFO] [stdout]                                at /rustc/df4ca44d3fbc9301ee17f30f4d474e6ae4b05252/library/std/src/panicking.rs:665:5
[INFO] [stdout]   17:     0x5646b99415d0 - core::panicking::panic_fmt::ha9db07b529f9b256
[INFO] [stdout]                                at /rustc/df4ca44d3fbc9301ee17f30f4d474e6ae4b05252/library/core/src/panicking.rs:75:14
[INFO] [stdout]   18:     0x5646b994199b - core::panicking::assert_failed_inner::h04f38944d74a80a8
[INFO] [stdout]   19:     0x5646b984fcda - core::panicking::assert_failed::h64c7edf56165353c
[INFO] [stdout]                                at /rustc/df4ca44d3fbc9301ee17f30f4d474e6ae4b05252/library/core/src/panicking.rs:377:5
[INFO] [stdout]   20:     0x5646b98738d7 - lazuli_core::net::client::tests::test_stream_data_struct::hc3fcb32d8811f942
[INFO] [stdout]                                at /opt/rustwide/workdir/src/net/client.rs:288:9
[INFO] [stdout]   21:     0x5646b9873657 - lazuli_core::net::client::tests::test_stream_data_struct::{{closure}}::h3fe1e31214e6d785
[INFO] [stdout]                                at /opt/rustwide/workdir/src/net/client.rs:280:33
[INFO] [stdout]   22:     0x5646b986c546 - core::ops::function::FnOnce::call_once::hec187c8a5d7b6ef3
[INFO] [stdout]                                at /rustc/df4ca44d3fbc9301ee17f30f4d474e6ae4b05252/library/core/src/ops/function.rs:250:5
[INFO] [stdout]   23:     0x5646b98e867b - core::ops::function::FnOnce::call_once::h22c3ba5715e93f05
[INFO] [stdout]                                at /rustc/df4ca44d3fbc9301ee17f30f4d474e6ae4b05252/library/core/src/ops/function.rs:250:5
[INFO] [stdout]   24:     0x5646b98e867b - test::__rust_begin_short_backtrace::h8e82d8113d0da17f
[INFO] [stdout]                                at /rustc/df4ca44d3fbc9301ee17f30f4d474e6ae4b05252/library/test/src/lib.rs:621:18
[INFO] [stdout]   25:     0x5646b98e7ff7 - test::run_test_in_process::{{closure}}::h33235f4f20b7b7c7
[INFO] [stdout]                                at /rustc/df4ca44d3fbc9301ee17f30f4d474e6ae4b05252/library/test/src/lib.rs:644:60
[INFO] [stdout]   26:     0x5646b98e7ff7 - <core::panic::unwind_safe::AssertUnwindSafe<F> as core::ops::function::FnOnce<()>>::call_once::hb5043206310c586f
[INFO] [stdout]                                at /rustc/df4ca44d3fbc9301ee17f30f4d474e6ae4b05252/library/core/src/panic/unwind_safe.rs:272:9
[INFO] [stdout]   27:     0x5646b98e7ff7 - std::panicking::try::do_call::h9ad4731a60ab23e2
[INFO] [stdout]                                at /rustc/df4ca44d3fbc9301ee17f30f4d474e6ae4b05252/library/std/src/panicking.rs:557:40
[INFO] [stdout]   28:     0x5646b98e7ff7 - std::panicking::try::h3824d23db772a716
[INFO] [stdout]                                at /rustc/df4ca44d3fbc9301ee17f30f4d474e6ae4b05252/library/std/src/panicking.rs:520:19
[INFO] [stdout]   29:     0x5646b98e7ff7 - std::panic::catch_unwind::h5afd514605fde46b
[INFO] [stdout]                                at /rustc/df4ca44d3fbc9301ee17f30f4d474e6ae4b05252/library/std/src/panic.rs:358:14
[INFO] [stdout]   30:     0x5646b98e7ff7 - test::run_test_in_process::h0d5cbfa7067d1720
[INFO] [stdout]                                at /rustc/df4ca44d3fbc9301ee17f30f4d474e6ae4b05252/library/test/src/lib.rs:644:27
[INFO] [stdout]   31:     0x5646b98e7ff7 - test::run_test::{{closure}}::h708eb8872708115d
[INFO] [stdout]                                at /rustc/df4ca44d3fbc9301ee17f30f4d474e6ae4b05252/library/test/src/lib.rs:565:43
[INFO] [stdout]   32:     0x5646b98ab714 - test::run_test::{{closure}}::h392c51cee94713ab
[INFO] [stdout]                                at /rustc/df4ca44d3fbc9301ee17f30f4d474e6ae4b05252/library/test/src/lib.rs:595:41
[INFO] [stdout]   33:     0x5646b98ab714 - std::sys::backtrace::__rust_begin_short_backtrace::h2f40290710935a8b
[INFO] [stdout]                                at /rustc/df4ca44d3fbc9301ee17f30f4d474e6ae4b05252/library/std/src/sys/backtrace.rs:154:18
[INFO] [stdout]   34:     0x5646b98aeebe - std::thread::Builder::spawn_unchecked_::{{closure}}::{{closure}}::h3fd968d89053a903
[INFO] [stdout]                                at /rustc/df4ca44d3fbc9301ee17f30f4d474e6ae4b05252/library/std/src/thread/mod.rs:541:17
[INFO] [stdout]   35:     0x5646b98aeebe - <core::panic::unwind_safe::AssertUnwindSafe<F> as core::ops::function::FnOnce<()>>::call_once::h743f637ba4229880
[INFO] [stdout]                                at /rustc/df4ca44d3fbc9301ee17f30f4d474e6ae4b05252/library/core/src/panic/unwind_safe.rs:272:9
[INFO] [stdout]   36:     0x5646b98aeebe - std::panicking::try::do_call::h07440897322525a6
[INFO] [stdout]                                at /rustc/df4ca44d3fbc9301ee17f30f4d474e6ae4b05252/library/std/src/panicking.rs:557:40
[INFO] [stdout]   37:     0x5646b98aeebe - std::panicking::try::he5a2e00188156637
[INFO] [stdout]                                at /rustc/df4ca44d3fbc9301ee17f30f4d474e6ae4b05252/library/std/src/panicking.rs:520:19
[INFO] [stdout]   38:     0x5646b98aeebe - std::panic::catch_unwind::hbaf3cae49b3c6433
[INFO] [stdout]                                at /rustc/df4ca44d3fbc9301ee17f30f4d474e6ae4b05252/library/std/src/panic.rs:358:14
[INFO] [stdout]   39:     0x5646b98aeebe - std::thread::Builder::spawn_unchecked_::{{closure}}::h8e141ea224820bce
[INFO] [stdout]                                at /rustc/df4ca44d3fbc9301ee17f30f4d474e6ae4b05252/library/std/src/thread/mod.rs:540:30
[INFO] [stdout]   40:     0x5646b98aeebe - core::ops::function::FnOnce::call_once{{vtable.shim}}::h90d312fedd7b8ea8
[INFO] [stdout]                                at /rustc/df4ca44d3fbc9301ee17f30f4d474e6ae4b05252/library/core/src/ops/function.rs:250:5
[INFO] [stdout]   41:     0x5646b992070b - <alloc::boxed::Box<F,A> as core::ops::function::FnOnce<Args>>::call_once::h69aa08ddb6adb8b6
[INFO] [stdout]                                at /rustc/df4ca44d3fbc9301ee17f30f4d474e6ae4b05252/library/alloc/src/boxed.rs:2454:9
[INFO] [stdout]   42:     0x5646b992070b - <alloc::boxed::Box<F,A> as core::ops::function::FnOnce<Args>>::call_once::h5aa36efdb79c806f
[INFO] [stdout]                                at /rustc/df4ca44d3fbc9301ee17f30f4d474e6ae4b05252/library/alloc/src/boxed.rs:2454:9
[INFO] [stdout]   43:     0x5646b992070b - std::sys::pal::unix::thread::Thread::new::thread_start::h6cd80a1b4be5158d
[INFO] [stdout]                                at /rustc/df4ca44d3fbc9301ee17f30f4d474e6ae4b05252/library/std/src/sys/pal/unix/thread.rs:105:17
[INFO] [stdout]   44:     0x72ecc3478ac3 - <unknown>
[INFO] [stdout]   45:     0x72ecc3509a04 - clone
[INFO] [stdout]   46:                0x0 - <unknown>
[INFO] [stdout] 
[INFO] [stdout] 
[INFO] [stdout] failures:
[INFO] [stdout]     net::client::tests::test_stream_data_struct
[INFO] [stdout] 
[INFO] [stdout] test result: FAILED. 55 passed; 1 failed; 0 ignored; 0 measured; 0 filtered out; finished in 0.02s
[INFO] [stdout] 
[INFO] [stderr] error: test failed, to rerun pass `--lib`
[INFO] running `Command { std: "docker" "inspect" "a436acc786a5445f2bb42f8f8623342a38db8f00fe6cca7e87e902fad5e4a788", kill_on_drop: false }`
[INFO] running `Command { std: "docker" "rm" "-f" "a436acc786a5445f2bb42f8f8623342a38db8f00fe6cca7e87e902fad5e4a788", kill_on_drop: false }`
[INFO] [stdout] a436acc786a5445f2bb42f8f8623342a38db8f00fe6cca7e87e902fad5e4a788
