[INFO] fetching crate knx_rs 0.0.6...
[INFO] testing knx_rs-0.0.6 against nightly-2024-10-28+rustflags=-Zrandomize-layout for randomize-layout
[INFO] extracting crate knx_rs 0.0.6 into /workspace/builds/worker-1-tc2/source
[INFO] validating manifest of crates.io crate knx_rs 0.0.6 on toolchain nightly-2024-10-28
[INFO] running `Command { std: CARGO_HOME="/workspace/cargo-home" RUSTUP_HOME="/workspace/rustup-home" "/workspace/cargo-home/bin/cargo" "+nightly-2024-10-28" "metadata" "--manifest-path" "Cargo.toml" "--no-deps", kill_on_drop: false }`
[INFO] started tweaking crates.io crate knx_rs 0.0.6
[INFO] finished tweaking crates.io crate knx_rs 0.0.6
[INFO] tweaked toml for crates.io crate knx_rs 0.0.6 written to /workspace/builds/worker-1-tc2/source/Cargo.toml
[INFO] running `Command { std: CARGO_HOME="/workspace/cargo-home" RUSTUP_HOME="/workspace/rustup-home" "/workspace/cargo-home/bin/cargo" "+nightly-2024-10-28" "generate-lockfile" "--manifest-path" "Cargo.toml", kill_on_drop: false }`
[INFO] [stderr]     Updating crates.io index
[INFO] [stderr]      Locking 12 packages to latest compatible versions
[INFO] [stderr]       Adding enum-primitive-derive v0.1.2 (available: v0.3.0)
[INFO] [stderr]       Adding nom v5.1.3 (available: v7.1.3)
[INFO] running `Command { std: CARGO_HOME="/workspace/cargo-home" RUSTUP_HOME="/workspace/rustup-home" "/workspace/cargo-home/bin/cargo" "+nightly-2024-10-28" "fetch" "--manifest-path" "Cargo.toml", kill_on_drop: false }`
[INFO] running `Command { std: "docker" "create" "-v" "/var/lib/crater-agent-workspace/builds/worker-1-tc2/target:/opt/rustwide/target:rw,Z" "-v" "/var/lib/crater-agent-workspace/builds/worker-1-tc2/source:/opt/rustwide/workdir:ro,Z" "-v" "/var/lib/crater-agent-workspace/cargo-home:/opt/rustwide/cargo-home:ro,Z" "-v" "/var/lib/crater-agent-workspace/rustup-home:/opt/rustwide/rustup-home:ro,Z" "-e" "SOURCE_DIR=/opt/rustwide/workdir" "-e" "CARGO_TARGET_DIR=/opt/rustwide/target" "-e" "CARGO_HOME=/opt/rustwide/cargo-home" "-e" "RUSTUP_HOME=/opt/rustwide/rustup-home" "-w" "/opt/rustwide/workdir" "-m" "1610612736" "--user" "0:0" "--network" "none" "ghcr.io/rust-lang/crates-build-env/linux@sha256:4a844ea9eb2546a2d2c7022eacef16ef2e8229c7fbb2c7d4d55a9ceca922f72d" "/opt/rustwide/cargo-home/bin/cargo" "+nightly-2024-10-28" "metadata" "--no-deps" "--format-version=1", kill_on_drop: false }`
[INFO] [stdout] 3c872afffe631fe991dc17ea151fad59af3af2940b77865520c98b178ad5a91f
[INFO] running `Command { std: "docker" "start" "-a" "3c872afffe631fe991dc17ea151fad59af3af2940b77865520c98b178ad5a91f", kill_on_drop: false }`
[INFO] running `Command { std: "docker" "inspect" "3c872afffe631fe991dc17ea151fad59af3af2940b77865520c98b178ad5a91f", kill_on_drop: false }`
[INFO] running `Command { std: "docker" "rm" "-f" "3c872afffe631fe991dc17ea151fad59af3af2940b77865520c98b178ad5a91f", kill_on_drop: false }`
[INFO] [stdout] 3c872afffe631fe991dc17ea151fad59af3af2940b77865520c98b178ad5a91f
[INFO] running `Command { std: "docker" "create" "-v" "/var/lib/crater-agent-workspace/builds/worker-1-tc2/target:/opt/rustwide/target:rw,Z" "-v" "/var/lib/crater-agent-workspace/builds/worker-1-tc2/source:/opt/rustwide/workdir:ro,Z" "-v" "/var/lib/crater-agent-workspace/cargo-home:/opt/rustwide/cargo-home:ro,Z" "-v" "/var/lib/crater-agent-workspace/rustup-home:/opt/rustwide/rustup-home:ro,Z" "-e" "SOURCE_DIR=/opt/rustwide/workdir" "-e" "CARGO_TARGET_DIR=/opt/rustwide/target" "-e" "CARGO_INCREMENTAL=0" "-e" "RUST_BACKTRACE=full" "-e" "RUSTFLAGS=--cap-lints=forbid -Zrandomize-layout" "-e" "RUSTDOCFLAGS=--cap-lints=forbid" "-e" "CARGO_HOME=/opt/rustwide/cargo-home" "-e" "RUSTUP_HOME=/opt/rustwide/rustup-home" "-w" "/opt/rustwide/workdir" "-m" "1610612736" "--user" "0:0" "--network" "none" "ghcr.io/rust-lang/crates-build-env/linux@sha256:4a844ea9eb2546a2d2c7022eacef16ef2e8229c7fbb2c7d4d55a9ceca922f72d" "/opt/rustwide/cargo-home/bin/cargo" "+nightly-2024-10-28" "build" "--frozen" "--message-format=json", kill_on_drop: false }`
[INFO] [stdout] 4c0ef0884ef2a417fd2737b8b5c40c559271258a5f4d865cd339cd7a37b07b7d
[INFO] running `Command { std: "docker" "start" "-a" "4c0ef0884ef2a417fd2737b8b5c40c559271258a5f4d865cd339cd7a37b07b7d", kill_on_drop: false }`
[INFO] [stderr]    Compiling unicode-xid v0.0.4
[INFO] [stderr]    Compiling quote v0.3.15
[INFO] [stderr]    Compiling nom v5.1.3
[INFO] [stderr]    Compiling num-traits v0.1.43
[INFO] [stderr]    Compiling synom v0.11.3
[INFO] [stderr]    Compiling syn v0.11.11
[INFO] [stderr]    Compiling enum-primitive-derive v0.1.2
[INFO] [stderr]    Compiling knx_rs v0.0.6 (/opt/rustwide/workdir)
[INFO] [stdout] warning: enum `FrameType` is never used
[INFO] [stdout]   --> src/imi.rs:88:6
[INFO] [stdout]    |
[INFO] [stdout] 88 | enum FrameType {
[INFO] [stdout]    |      ^^^^^^^^^
[INFO] [stdout]    |
[INFO] [stdout]    = note: `#[warn(dead_code)]` on by default
[INFO] [stdout] 
[INFO] [stdout] 
[INFO] [stdout] warning: enum `RepeatFlag` is never used
[INFO] [stdout]   --> src/imi.rs:92:6
[INFO] [stdout]    |
[INFO] [stdout] 92 | enum RepeatFlag {
[INFO] [stdout]    |      ^^^^^^^^^^
[INFO] [stdout] 
[INFO] [stdout] 
[INFO] [stdout] warning: enum `SystemBroadcast` is never used
[INFO] [stdout]   --> src/imi.rs:97:6
[INFO] [stdout]    |
[INFO] [stdout] 97 | enum SystemBroadcast {
[INFO] [stdout]    |      ^^^^^^^^^^^^^^^
[INFO] [stdout] 
[INFO] [stdout] 
[INFO] [stdout] warning: enum `Priority` is never used
[INFO] [stdout]    --> src/imi.rs:102:6
[INFO] [stdout]     |
[INFO] [stdout] 102 | enum Priority {
[INFO] [stdout]     |      ^^^^^^^^
[INFO] [stdout] 
[INFO] [stdout] 
[INFO] [stdout] warning: enum `AcknowledgeRequest` is never used
[INFO] [stdout]    --> src/imi.rs:109:6
[INFO] [stdout]     |
[INFO] [stdout] 109 | enum AcknowledgeRequest {
[INFO] [stdout]     |      ^^^^^^^^^^^^^^^^^^
[INFO] [stdout] 
[INFO] [stdout] 
[INFO] [stdout] warning: enum `Confirm` is never used
[INFO] [stdout]    --> src/imi.rs:114:6
[INFO] [stdout]     |
[INFO] [stdout] 114 | enum Confirm {
[INFO] [stdout]     |      ^^^^^^^
[INFO] [stdout] 
[INFO] [stdout] 
[INFO] [stdout] warning: enum `ExtendedFrameFormat` is never used
[INFO] [stdout]    --> src/imi.rs:119:6
[INFO] [stdout]     |
[INFO] [stdout] 119 | enum ExtendedFrameFormat {
[INFO] [stdout]     |      ^^^^^^^^^^^^^^^^^^^
[INFO] [stdout] 
[INFO] [stdout] 
[INFO] [stderr]     Finished `dev` profile [unoptimized + debuginfo] target(s) in 1.36s
[INFO] running `Command { std: "docker" "inspect" "4c0ef0884ef2a417fd2737b8b5c40c559271258a5f4d865cd339cd7a37b07b7d", kill_on_drop: false }`
[INFO] running `Command { std: "docker" "rm" "-f" "4c0ef0884ef2a417fd2737b8b5c40c559271258a5f4d865cd339cd7a37b07b7d", kill_on_drop: false }`
[INFO] [stdout] 4c0ef0884ef2a417fd2737b8b5c40c559271258a5f4d865cd339cd7a37b07b7d
[INFO] running `Command { std: "docker" "create" "-v" "/var/lib/crater-agent-workspace/builds/worker-1-tc2/target:/opt/rustwide/target:rw,Z" "-v" "/var/lib/crater-agent-workspace/builds/worker-1-tc2/source:/opt/rustwide/workdir:ro,Z" "-v" "/var/lib/crater-agent-workspace/cargo-home:/opt/rustwide/cargo-home:ro,Z" "-v" "/var/lib/crater-agent-workspace/rustup-home:/opt/rustwide/rustup-home:ro,Z" "-e" "SOURCE_DIR=/opt/rustwide/workdir" "-e" "CARGO_TARGET_DIR=/opt/rustwide/target" "-e" "CARGO_INCREMENTAL=0" "-e" "RUST_BACKTRACE=full" "-e" "RUSTFLAGS=--cap-lints=forbid -Zrandomize-layout" "-e" "RUSTDOCFLAGS=--cap-lints=forbid" "-e" "CARGO_HOME=/opt/rustwide/cargo-home" "-e" "RUSTUP_HOME=/opt/rustwide/rustup-home" "-w" "/opt/rustwide/workdir" "-m" "1610612736" "--user" "0:0" "--network" "none" "ghcr.io/rust-lang/crates-build-env/linux@sha256:4a844ea9eb2546a2d2c7022eacef16ef2e8229c7fbb2c7d4d55a9ceca922f72d" "/opt/rustwide/cargo-home/bin/cargo" "+nightly-2024-10-28" "test" "--frozen" "--no-run" "--message-format=json", kill_on_drop: false }`
[INFO] [stdout] 6d6677dad7fe710b08a3d77729ce9e3aaab7e70be81ad73beb82dc3de670436d
[INFO] running `Command { std: "docker" "start" "-a" "6d6677dad7fe710b08a3d77729ce9e3aaab7e70be81ad73beb82dc3de670436d", kill_on_drop: false }`
[INFO] [stdout] warning: enum `FrameType` is never used
[INFO] [stdout]   --> src/imi.rs:88:6
[INFO] [stdout]    |
[INFO] [stdout] 88 | enum FrameType {
[INFO] [stdout]    |      ^^^^^^^^^
[INFO] [stdout]    |
[INFO] [stdout]    = note: `#[warn(dead_code)]` on by default
[INFO] [stdout] 
[INFO] [stdout] 
[INFO] [stdout] warning: enum `RepeatFlag` is never used
[INFO] [stdout]   --> src/imi.rs:92:6
[INFO] [stdout]    |
[INFO] [stdout] 92 | enum RepeatFlag {
[INFO] [stdout]    |      ^^^^^^^^^^
[INFO] [stdout] 
[INFO] [stdout] 
[INFO] [stdout] warning: enum `SystemBroadcast` is never used
[INFO] [stdout]   --> src/imi.rs:97:6
[INFO] [stdout]    |
[INFO] [stdout] 97 | enum SystemBroadcast {
[INFO] [stdout]    |      ^^^^^^^^^^^^^^^
[INFO] [stdout] 
[INFO] [stdout] 
[INFO] [stdout] warning: enum `Priority` is never used
[INFO] [stdout]    --> src/imi.rs:102:6
[INFO] [stdout]     |
[INFO] [stdout] 102 | enum Priority {
[INFO] [stdout]     |      ^^^^^^^^
[INFO] [stdout] 
[INFO] [stdout] 
[INFO] [stdout] warning: enum `AcknowledgeRequest` is never used
[INFO] [stdout]    --> src/imi.rs:109:6
[INFO] [stdout]     |
[INFO] [stdout] 109 | enum AcknowledgeRequest {
[INFO] [stdout]     |      ^^^^^^^^^^^^^^^^^^
[INFO] [stdout] 
[INFO] [stdout] 
[INFO] [stdout] warning: enum `Confirm` is never used
[INFO] [stdout]    --> src/imi.rs:114:6
[INFO] [stdout]     |
[INFO] [stdout] 114 | enum Confirm {
[INFO] [stdout]     |      ^^^^^^^
[INFO] [stdout] 
[INFO] [stdout] 
[INFO] [stderr]    Compiling knx_rs v0.0.6 (/opt/rustwide/workdir)
[INFO] [stdout] warning: enum `ExtendedFrameFormat` is never used
[INFO] [stdout]    --> src/imi.rs:119:6
[INFO] [stdout]     |
[INFO] [stdout] 119 | enum ExtendedFrameFormat {
[INFO] [stdout]     |      ^^^^^^^^^^^^^^^^^^^
[INFO] [stdout] 
[INFO] [stdout] 
[INFO] [stdout] warning: enum `FrameType` is never used
[INFO] [stdout]   --> src/imi.rs:88:6
[INFO] [stdout]    |
[INFO] [stdout] 88 | enum FrameType {
[INFO] [stdout]    |      ^^^^^^^^^
[INFO] [stdout]    |
[INFO] [stdout]    = note: `#[warn(dead_code)]` on by default
[INFO] [stdout] 
[INFO] [stdout] 
[INFO] [stdout] warning: enum `RepeatFlag` is never used
[INFO] [stdout]   --> src/imi.rs:92:6
[INFO] [stdout]    |
[INFO] [stdout] 92 | enum RepeatFlag {
[INFO] [stdout]    |      ^^^^^^^^^^
[INFO] [stdout] 
[INFO] [stdout] 
[INFO] [stdout] warning: enum `SystemBroadcast` is never used
[INFO] [stdout]   --> src/imi.rs:97:6
[INFO] [stdout]    |
[INFO] [stdout] 97 | enum SystemBroadcast {
[INFO] [stdout]    |      ^^^^^^^^^^^^^^^
[INFO] [stdout] 
[INFO] [stdout] 
[INFO] [stdout] warning: enum `Priority` is never used
[INFO] [stdout]    --> src/imi.rs:102:6
[INFO] [stdout]     |
[INFO] [stdout] 102 | enum Priority {
[INFO] [stdout]     |      ^^^^^^^^
[INFO] [stdout] 
[INFO] [stdout] 
[INFO] [stdout] warning: enum `AcknowledgeRequest` is never used
[INFO] [stdout]    --> src/imi.rs:109:6
[INFO] [stdout]     |
[INFO] [stdout] 109 | enum AcknowledgeRequest {
[INFO] [stdout]     |      ^^^^^^^^^^^^^^^^^^
[INFO] [stdout] 
[INFO] [stdout] 
[INFO] [stdout] warning: enum `Confirm` is never used
[INFO] [stdout]    --> src/imi.rs:114:6
[INFO] [stdout]     |
[INFO] [stdout] 114 | enum Confirm {
[INFO] [stdout]     |      ^^^^^^^
[INFO] [stdout] 
[INFO] [stdout] 
[INFO] [stdout] warning: enum `ExtendedFrameFormat` is never used
[INFO] [stdout]    --> src/imi.rs:119:6
[INFO] [stdout]     |
[INFO] [stdout] 119 | enum ExtendedFrameFormat {
[INFO] [stdout]     |      ^^^^^^^^^^^^^^^^^^^
[INFO] [stdout] 
[INFO] [stdout] 
[INFO] [stderr]     Finished `test` profile [unoptimized + debuginfo] target(s) in 0.26s
[INFO] running `Command { std: "docker" "inspect" "6d6677dad7fe710b08a3d77729ce9e3aaab7e70be81ad73beb82dc3de670436d", kill_on_drop: false }`
[INFO] running `Command { std: "docker" "rm" "-f" "6d6677dad7fe710b08a3d77729ce9e3aaab7e70be81ad73beb82dc3de670436d", kill_on_drop: false }`
[INFO] [stdout] 6d6677dad7fe710b08a3d77729ce9e3aaab7e70be81ad73beb82dc3de670436d
[INFO] running `Command { std: "docker" "create" "-v" "/var/lib/crater-agent-workspace/builds/worker-1-tc2/target:/opt/rustwide/target:rw,Z" "-v" "/var/lib/crater-agent-workspace/builds/worker-1-tc2/source:/opt/rustwide/workdir:ro,Z" "-v" "/var/lib/crater-agent-workspace/cargo-home:/opt/rustwide/cargo-home:ro,Z" "-v" "/var/lib/crater-agent-workspace/rustup-home:/opt/rustwide/rustup-home:ro,Z" "-e" "SOURCE_DIR=/opt/rustwide/workdir" "-e" "CARGO_TARGET_DIR=/opt/rustwide/target" "-e" "CARGO_INCREMENTAL=0" "-e" "RUST_BACKTRACE=full" "-e" "RUSTFLAGS=--cap-lints=forbid -Zrandomize-layout" "-e" "RUSTDOCFLAGS=--cap-lints=forbid" "-e" "CARGO_HOME=/opt/rustwide/cargo-home" "-e" "RUSTUP_HOME=/opt/rustwide/rustup-home" "-w" "/opt/rustwide/workdir" "-m" "1610612736" "--user" "0:0" "--network" "none" "ghcr.io/rust-lang/crates-build-env/linux@sha256:4a844ea9eb2546a2d2c7022eacef16ef2e8229c7fbb2c7d4d55a9ceca922f72d" "/opt/rustwide/cargo-home/bin/cargo" "+nightly-2024-10-28" "test" "--frozen", kill_on_drop: false }`
[INFO] [stdout] 188caf20d85118d26788ff80d787aac858cf130bb4e615d03c5b7b8ca6374331
[INFO] running `Command { std: "docker" "start" "-a" "188caf20d85118d26788ff80d787aac858cf130bb4e615d03c5b7b8ca6374331", kill_on_drop: false }`
[INFO] [stderr] warning: enum `FrameType` is never used
[INFO] [stderr]   --> src/imi.rs:88:6
[INFO] [stderr]    |
[INFO] [stderr] 88 | enum FrameType {
[INFO] [stderr]    |      ^^^^^^^^^
[INFO] [stderr]    |
[INFO] [stderr]    = note: `#[warn(dead_code)]` on by default
[INFO] [stderr] 
[INFO] [stderr] warning: enum `RepeatFlag` is never used
[INFO] [stderr]   --> src/imi.rs:92:6
[INFO] [stderr]    |
[INFO] [stderr] 92 | enum RepeatFlag {
[INFO] [stderr]    |      ^^^^^^^^^^
[INFO] [stderr] 
[INFO] [stderr] warning: enum `SystemBroadcast` is never used
[INFO] [stderr]   --> src/imi.rs:97:6
[INFO] [stderr]    |
[INFO] [stderr] 97 | enum SystemBroadcast {
[INFO] [stderr]    |      ^^^^^^^^^^^^^^^
[INFO] [stderr] 
[INFO] [stderr] warning: enum `Priority` is never used
[INFO] [stderr]    --> src/imi.rs:102:6
[INFO] [stderr]     |
[INFO] [stderr] 102 | enum Priority {
[INFO] [stderr]     |      ^^^^^^^^
[INFO] [stderr] 
[INFO] [stderr] warning: enum `AcknowledgeRequest` is never used
[INFO] [stderr]    --> src/imi.rs:109:6
[INFO] [stderr]     |
[INFO] [stderr] 109 | enum AcknowledgeRequest {
[INFO] [stderr]     |      ^^^^^^^^^^^^^^^^^^
[INFO] [stderr] 
[INFO] [stderr] warning: enum `Confirm` is never used
[INFO] [stderr]    --> src/imi.rs:114:6
[INFO] [stderr]     |
[INFO] [stderr] 114 | enum Confirm {
[INFO] [stderr]     |      ^^^^^^^
[INFO] [stderr] 
[INFO] [stderr] warning: enum `ExtendedFrameFormat` is never used
[INFO] [stderr]    --> src/imi.rs:119:6
[INFO] [stderr]     |
[INFO] [stderr] 119 | enum ExtendedFrameFormat {
[INFO] [stderr]     |      ^^^^^^^^^^^^^^^^^^^
[INFO] [stderr] 
[INFO] [stderr] warning: `knx_rs` (lib) generated 7 warnings
[INFO] [stderr] warning: `knx_rs` (lib test) generated 7 warnings (7 duplicates)
[INFO] [stderr]     Finished `test` profile [unoptimized + debuginfo] target(s) in 0.01s
[INFO] [stderr]      Running unittests src/lib.rs (/opt/rustwide/target/debug/deps/knx_rs-71fd568964fc6c98)
[INFO] [stdout] 
[INFO] [stdout] running 7 tests
[INFO] [stdout] test address::tests::t_knx_address ... ok
[INFO] [stdout] test header::tests::t_header_encode ... ok
[INFO] [stdout] test header::tests::t_header_fmt ... ok
[INFO] [stdout] test header::tests::t_header_version ... ok
[INFO] [stdout] test parser::tests::t_parse_imi ... ok
[INFO] [stdout] test parser::tests::t_parse_cemi ... ok
[INFO] [stdout] test header::tests::t_header_length ... FAILED
[INFO] [stdout] 
[INFO] [stdout] failures:
[INFO] [stdout] 
[INFO] [stdout] ---- header::tests::t_header_length stdout ----
[INFO] [stdout] thread 'header::tests::t_header_length' panicked at src/header.rs:99:9:
[INFO] [stdout] assertion `left == right` failed
[INFO] [stdout]   left: 8
[INFO] [stdout]  right: 6
[INFO] [stdout] stack backtrace:
[INFO] [stdout]    0:     0x591e050e81fa - std::backtrace_rs::backtrace::libunwind::trace::h207520d6e9873551
[INFO] [stdout]                                at /rustc/df4ca44d3fbc9301ee17f30f4d474e6ae4b05252/library/std/src/../../backtrace/src/backtrace/libunwind.rs:116:5
[INFO] [stdout]    1:     0x591e050e81fa - std::backtrace_rs::backtrace::trace_unsynchronized::h2ed7433f370e3eca
[INFO] [stdout]                                at /rustc/df4ca44d3fbc9301ee17f30f4d474e6ae4b05252/library/std/src/../../backtrace/src/backtrace/mod.rs:66:5
[INFO] [stdout]    2:     0x591e050e81fa - std::sys::backtrace::_print_fmt::h916fac51166b18d7
[INFO] [stdout]                                at /rustc/df4ca44d3fbc9301ee17f30f4d474e6ae4b05252/library/std/src/sys/backtrace.rs:66:9
[INFO] [stdout]    3:     0x591e050e81fa - <std::sys::backtrace::BacktraceLock::print::DisplayBacktrace as core::fmt::Display>::fmt::ha0a4c9b8ce3802e6
[INFO] [stdout]                                at /rustc/df4ca44d3fbc9301ee17f30f4d474e6ae4b05252/library/std/src/sys/backtrace.rs:39:26
[INFO] [stdout]    4:     0x591e0510e593 - core::fmt::rt::Argument::fmt::h4cfc8587d52b3eb5
[INFO] [stdout]                                at /rustc/df4ca44d3fbc9301ee17f30f4d474e6ae4b05252/library/core/src/fmt/rt.rs:177:76
[INFO] [stdout]    5:     0x591e0510e593 - core::fmt::write::h522cc39e5b36ae9f
[INFO] [stdout]                                at /rustc/df4ca44d3fbc9301ee17f30f4d474e6ae4b05252/library/core/src/fmt/mod.rs:1190:21
[INFO] [stdout]    6:     0x591e050e4e63 - std::io::Write::write_fmt::h7d3c26752da97734
[INFO] [stdout]                                at /rustc/df4ca44d3fbc9301ee17f30f4d474e6ae4b05252/library/std/src/io/mod.rs:1839:15
[INFO] [stdout]    7:     0x591e050e8042 - std::sys::backtrace::BacktraceLock::print::h4b9e00b29e9c0942
[INFO] [stdout]                                at /rustc/df4ca44d3fbc9301ee17f30f4d474e6ae4b05252/library/std/src/sys/backtrace.rs:42:9
[INFO] [stdout]    8:     0x591e050e968a - std::panicking::default_hook::{{closure}}::hb59b88280d0324d9
[INFO] [stdout]                                at /rustc/df4ca44d3fbc9301ee17f30f4d474e6ae4b05252/library/std/src/panicking.rs:268:22
[INFO] [stdout]    9:     0x591e050e9494 - std::panicking::default_hook::he1dd496665be4a29
[INFO] [stdout]                                at /rustc/df4ca44d3fbc9301ee17f30f4d474e6ae4b05252/library/std/src/panicking.rs:292:9
[INFO] [stdout]   10:     0x591e050b0b09 - <alloc::boxed::Box<F,A> as core::ops::function::Fn<Args>>::call::h4ff71de18744e1dc
[INFO] [stdout]                                at /rustc/df4ca44d3fbc9301ee17f30f4d474e6ae4b05252/library/alloc/src/boxed.rs:2468:9
[INFO] [stdout]   11:     0x591e050b0b09 - test::test_main::{{closure}}::hcf7c055ce117aa81
[INFO] [stdout]                                at /rustc/df4ca44d3fbc9301ee17f30f4d474e6ae4b05252/library/test/src/lib.rs:133:21
[INFO] [stdout]   12:     0x591e050e9d88 - <alloc::boxed::Box<F,A> as core::ops::function::Fn<Args>>::call::h1d66c6bbd60c9692
[INFO] [stdout]                                at /rustc/df4ca44d3fbc9301ee17f30f4d474e6ae4b05252/library/alloc/src/boxed.rs:2468:9
[INFO] [stdout]   13:     0x591e050e9d88 - std::panicking::rust_panic_with_hook::h2ff17fe8f26dfcf8
[INFO] [stdout]                                at /rustc/df4ca44d3fbc9301ee17f30f4d474e6ae4b05252/library/std/src/panicking.rs:809:13
[INFO] [stdout]   14:     0x591e050e9b4a - std::panicking::begin_panic_handler::{{closure}}::h4fad77951c07e101
[INFO] [stdout]                                at /rustc/df4ca44d3fbc9301ee17f30f4d474e6ae4b05252/library/std/src/panicking.rs:674:13
[INFO] [stdout]   15:     0x591e050e86d9 - std::sys::backtrace::__rust_end_short_backtrace::hb1a25b3da5d0ea08
[INFO] [stdout]                                at /rustc/df4ca44d3fbc9301ee17f30f4d474e6ae4b05252/library/std/src/sys/backtrace.rs:170:18
[INFO] [stdout]   16:     0x591e050e97dc - rust_begin_unwind
[INFO] [stdout]                                at /rustc/df4ca44d3fbc9301ee17f30f4d474e6ae4b05252/library/std/src/panicking.rs:665:5
[INFO] [stdout]   17:     0x591e0510d030 - core::panicking::panic_fmt::ha9db07b529f9b256
[INFO] [stdout]                                at /rustc/df4ca44d3fbc9301ee17f30f4d474e6ae4b05252/library/core/src/panicking.rs:75:14
[INFO] [stdout]   18:     0x591e0510d35b - core::panicking::assert_failed_inner::h04f38944d74a80a8
[INFO] [stdout]   19:     0x591e050bd6ce - core::panicking::assert_failed::h673c4c08aabe2138
[INFO] [stdout]                                at /rustc/df4ca44d3fbc9301ee17f30f4d474e6ae4b05252/library/core/src/panicking.rs:377:5
[INFO] [stdout]   20:     0x591e05070d68 - knx_rs::header::tests::t_header_length::h80fe9edce3dea74f
[INFO] [stdout]                                at /opt/rustwide/workdir/src/header.rs:99:9
[INFO] [stdout]   21:     0x591e05070ce7 - knx_rs::header::tests::t_header_length::{{closure}}::h0f06e45a3c90b9fd
[INFO] [stdout]                                at /opt/rustwide/workdir/src/header.rs:98:25
[INFO] [stdout]   22:     0x591e05072776 - core::ops::function::FnOnce::call_once::h0798cfc49fd1b0f5
[INFO] [stdout]                                at /rustc/df4ca44d3fbc9301ee17f30f4d474e6ae4b05252/library/core/src/ops/function.rs:250:5
[INFO] [stdout]   23:     0x591e050b53db - core::ops::function::FnOnce::call_once::h22c3ba5715e93f05
[INFO] [stdout]                                at /rustc/df4ca44d3fbc9301ee17f30f4d474e6ae4b05252/library/core/src/ops/function.rs:250:5
[INFO] [stdout]   24:     0x591e050b53db - test::__rust_begin_short_backtrace::h8e82d8113d0da17f
[INFO] [stdout]                                at /rustc/df4ca44d3fbc9301ee17f30f4d474e6ae4b05252/library/test/src/lib.rs:621:18
[INFO] [stdout]   25:     0x591e050b4d57 - test::run_test_in_process::{{closure}}::h33235f4f20b7b7c7
[INFO] [stdout]                                at /rustc/df4ca44d3fbc9301ee17f30f4d474e6ae4b05252/library/test/src/lib.rs:644:60
[INFO] [stdout]   26:     0x591e050b4d57 - <core::panic::unwind_safe::AssertUnwindSafe<F> as core::ops::function::FnOnce<()>>::call_once::hb5043206310c586f
[INFO] [stdout]                                at /rustc/df4ca44d3fbc9301ee17f30f4d474e6ae4b05252/library/core/src/panic/unwind_safe.rs:272:9
[INFO] [stdout]   27:     0x591e050b4d57 - std::panicking::try::do_call::h9ad4731a60ab23e2
[INFO] [stdout]                                at /rustc/df4ca44d3fbc9301ee17f30f4d474e6ae4b05252/library/std/src/panicking.rs:557:40
[INFO] [stdout]   28:     0x591e050b4d57 - std::panicking::try::h3824d23db772a716
[INFO] [stdout]                                at /rustc/df4ca44d3fbc9301ee17f30f4d474e6ae4b05252/library/std/src/panicking.rs:520:19
[INFO] [stdout]   29:     0x591e050b4d57 - std::panic::catch_unwind::h5afd514605fde46b
[INFO] [stdout]                                at /rustc/df4ca44d3fbc9301ee17f30f4d474e6ae4b05252/library/std/src/panic.rs:358:14
[INFO] [stdout]   30:     0x591e050b4d57 - test::run_test_in_process::h0d5cbfa7067d1720
[INFO] [stdout]                                at /rustc/df4ca44d3fbc9301ee17f30f4d474e6ae4b05252/library/test/src/lib.rs:644:27
[INFO] [stdout]   31:     0x591e050b4d57 - test::run_test::{{closure}}::h708eb8872708115d
[INFO] [stdout]                                at /rustc/df4ca44d3fbc9301ee17f30f4d474e6ae4b05252/library/test/src/lib.rs:565:43
[INFO] [stdout]   32:     0x591e05078474 - test::run_test::{{closure}}::h392c51cee94713ab
[INFO] [stdout]                                at /rustc/df4ca44d3fbc9301ee17f30f4d474e6ae4b05252/library/test/src/lib.rs:595:41
[INFO] [stdout]   33:     0x591e05078474 - std::sys::backtrace::__rust_begin_short_backtrace::h2f40290710935a8b
[INFO] [stdout]                                at /rustc/df4ca44d3fbc9301ee17f30f4d474e6ae4b05252/library/std/src/sys/backtrace.rs:154:18
[INFO] [stdout]   34:     0x591e0507bc1e - std::thread::Builder::spawn_unchecked_::{{closure}}::{{closure}}::h3fd968d89053a903
[INFO] [stdout]                                at /rustc/df4ca44d3fbc9301ee17f30f4d474e6ae4b05252/library/std/src/thread/mod.rs:541:17
[INFO] [stdout]   35:     0x591e0507bc1e - <core::panic::unwind_safe::AssertUnwindSafe<F> as core::ops::function::FnOnce<()>>::call_once::h743f637ba4229880
[INFO] [stdout]                                at /rustc/df4ca44d3fbc9301ee17f30f4d474e6ae4b05252/library/core/src/panic/unwind_safe.rs:272:9
[INFO] [stdout]   36:     0x591e0507bc1e - std::panicking::try::do_call::h07440897322525a6
[INFO] [stdout]                                at /rustc/df4ca44d3fbc9301ee17f30f4d474e6ae4b05252/library/std/src/panicking.rs:557:40
[INFO] [stdout]   37:     0x591e0507bc1e - std::panicking::try::he5a2e00188156637
[INFO] [stdout]                                at /rustc/df4ca44d3fbc9301ee17f30f4d474e6ae4b05252/library/std/src/panicking.rs:520:19
[INFO] [stdout]   38:     0x591e0507bc1e - std::panic::catch_unwind::hbaf3cae49b3c6433
[INFO] [stdout]                                at /rustc/df4ca44d3fbc9301ee17f30f4d474e6ae4b05252/library/std/src/panic.rs:358:14
[INFO] [stdout]   39:     0x591e0507bc1e - std::thread::Builder::spawn_unchecked_::{{closure}}::h8e141ea224820bce
[INFO] [stdout]                                at /rustc/df4ca44d3fbc9301ee17f30f4d474e6ae4b05252/library/std/src/thread/mod.rs:540:30
[INFO] [stdout]   40:     0x591e0507bc1e - core::ops::function::FnOnce::call_once{{vtable.shim}}::h90d312fedd7b8ea8
[INFO] [stdout]                                at /rustc/df4ca44d3fbc9301ee17f30f4d474e6ae4b05252/library/core/src/ops/function.rs:250:5
[INFO] [stdout]   41:     0x591e050edb7b - <alloc::boxed::Box<F,A> as core::ops::function::FnOnce<Args>>::call_once::h69aa08ddb6adb8b6
[INFO] [stdout]                                at /rustc/df4ca44d3fbc9301ee17f30f4d474e6ae4b05252/library/alloc/src/boxed.rs:2454:9
[INFO] [stdout]   42:     0x591e050edb7b - <alloc::boxed::Box<F,A> as core::ops::function::FnOnce<Args>>::call_once::h5aa36efdb79c806f
[INFO] [stdout]                                at /rustc/df4ca44d3fbc9301ee17f30f4d474e6ae4b05252/library/alloc/src/boxed.rs:2454:9
[INFO] [stdout]   43:     0x591e050edb7b - std::sys::pal::unix::thread::Thread::new::thread_start::h6cd80a1b4be5158d
[INFO] [stdout]                                at /rustc/df4ca44d3fbc9301ee17f30f4d474e6ae4b05252/library/std/src/sys/pal/unix/thread.rs:105:17
[INFO] [stdout]   44:     0x7bb1f22e9ac3 - <unknown>
[INFO] [stdout]   45:     0x7bb1f237aa04 - clone
[INFO] [stdout]   46:                0x0 - <unknown>
[INFO] [stdout] 
[INFO] [stdout] 
[INFO] [stdout] failures:
[INFO] [stdout]     header::tests::t_header_length
[INFO] [stdout] 
[INFO] [stdout] test result: FAILED. 6 passed; 1 failed; 0 ignored; 0 measured; 0 filtered out; finished in 0.01s
[INFO] [stdout] 
[INFO] [stderr] error: test failed, to rerun pass `--lib`
[INFO] running `Command { std: "docker" "inspect" "188caf20d85118d26788ff80d787aac858cf130bb4e615d03c5b7b8ca6374331", kill_on_drop: false }`
[INFO] running `Command { std: "docker" "rm" "-f" "188caf20d85118d26788ff80d787aac858cf130bb4e615d03c5b7b8ca6374331", kill_on_drop: false }`
[INFO] [stdout] 188caf20d85118d26788ff80d787aac858cf130bb4e615d03c5b7b8ca6374331
