[INFO] fetching crate ironfish-frost 0.1.0...
[INFO] testing ironfish-frost-0.1.0 against nightly-2024-10-28+rustflags=-Zrandomize-layout for randomize-layout
[INFO] extracting crate ironfish-frost 0.1.0 into /workspace/builds/worker-2-tc2/source
[INFO] validating manifest of crates.io crate ironfish-frost 0.1.0 on toolchain nightly-2024-10-28
[INFO] running `Command { std: CARGO_HOME="/workspace/cargo-home" RUSTUP_HOME="/workspace/rustup-home" "/workspace/cargo-home/bin/cargo" "+nightly-2024-10-28" "metadata" "--manifest-path" "Cargo.toml" "--no-deps", kill_on_drop: false }`
[INFO] removed /workspace/builds/worker-2-tc2/source/rust-toolchain.toml
[INFO] started tweaking crates.io crate ironfish-frost 0.1.0
[INFO] finished tweaking crates.io crate ironfish-frost 0.1.0
[INFO] tweaked toml for crates.io crate ironfish-frost 0.1.0 written to /workspace/builds/worker-2-tc2/source/Cargo.toml
[INFO] running `Command { std: CARGO_HOME="/workspace/cargo-home" RUSTUP_HOME="/workspace/rustup-home" "/workspace/cargo-home/bin/cargo" "+nightly-2024-10-28" "generate-lockfile" "--manifest-path" "Cargo.toml", kill_on_drop: false }`
[INFO] [stderr]     Updating crates.io index
[INFO] [stderr]      Locking 101 packages to latest compatible versions
[INFO] running `Command { std: CARGO_HOME="/workspace/cargo-home" RUSTUP_HOME="/workspace/rustup-home" "/workspace/cargo-home/bin/cargo" "+nightly-2024-10-28" "fetch" "--manifest-path" "Cargo.toml", kill_on_drop: false }`
[INFO] running `Command { std: "docker" "create" "-v" "/var/lib/crater-agent-workspace/builds/worker-2-tc2/target:/opt/rustwide/target:rw,Z" "-v" "/var/lib/crater-agent-workspace/builds/worker-2-tc2/source:/opt/rustwide/workdir:ro,Z" "-v" "/var/lib/crater-agent-workspace/cargo-home:/opt/rustwide/cargo-home:ro,Z" "-v" "/var/lib/crater-agent-workspace/rustup-home:/opt/rustwide/rustup-home:ro,Z" "-e" "SOURCE_DIR=/opt/rustwide/workdir" "-e" "CARGO_TARGET_DIR=/opt/rustwide/target" "-e" "CARGO_HOME=/opt/rustwide/cargo-home" "-e" "RUSTUP_HOME=/opt/rustwide/rustup-home" "-w" "/opt/rustwide/workdir" "-m" "1610612736" "--user" "0:0" "--network" "none" "ghcr.io/rust-lang/crates-build-env/linux@sha256:4a844ea9eb2546a2d2c7022eacef16ef2e8229c7fbb2c7d4d55a9ceca922f72d" "/opt/rustwide/cargo-home/bin/cargo" "+nightly-2024-10-28" "metadata" "--no-deps" "--format-version=1", kill_on_drop: false }`
[INFO] [stdout] a592cb61d96906c5cd8b954c96b12797f862b1df40c3192b0db88f213d6389a1
[INFO] running `Command { std: "docker" "start" "-a" "a592cb61d96906c5cd8b954c96b12797f862b1df40c3192b0db88f213d6389a1", kill_on_drop: false }`
[INFO] running `Command { std: "docker" "inspect" "a592cb61d96906c5cd8b954c96b12797f862b1df40c3192b0db88f213d6389a1", kill_on_drop: false }`
[INFO] running `Command { std: "docker" "rm" "-f" "a592cb61d96906c5cd8b954c96b12797f862b1df40c3192b0db88f213d6389a1", kill_on_drop: false }`
[INFO] [stdout] a592cb61d96906c5cd8b954c96b12797f862b1df40c3192b0db88f213d6389a1
[INFO] running `Command { std: "docker" "create" "-v" "/var/lib/crater-agent-workspace/builds/worker-2-tc2/target:/opt/rustwide/target:rw,Z" "-v" "/var/lib/crater-agent-workspace/builds/worker-2-tc2/source:/opt/rustwide/workdir:ro,Z" "-v" "/var/lib/crater-agent-workspace/cargo-home:/opt/rustwide/cargo-home:ro,Z" "-v" "/var/lib/crater-agent-workspace/rustup-home:/opt/rustwide/rustup-home:ro,Z" "-e" "SOURCE_DIR=/opt/rustwide/workdir" "-e" "CARGO_TARGET_DIR=/opt/rustwide/target" "-e" "CARGO_INCREMENTAL=0" "-e" "RUST_BACKTRACE=full" "-e" "RUSTFLAGS=--cap-lints=forbid -Zrandomize-layout" "-e" "RUSTDOCFLAGS=--cap-lints=forbid" "-e" "CARGO_HOME=/opt/rustwide/cargo-home" "-e" "RUSTUP_HOME=/opt/rustwide/rustup-home" "-w" "/opt/rustwide/workdir" "-m" "1610612736" "--user" "0:0" "--network" "none" "ghcr.io/rust-lang/crates-build-env/linux@sha256:4a844ea9eb2546a2d2c7022eacef16ef2e8229c7fbb2c7d4d55a9ceca922f72d" "/opt/rustwide/cargo-home/bin/cargo" "+nightly-2024-10-28" "build" "--frozen" "--message-format=json", kill_on_drop: false }`
[INFO] [stdout] 03ef44d63c50a2fe35912a63efffdb6864962d62781202d77d8cc2eeffebe54d
[INFO] running `Command { std: "docker" "start" "-a" "03ef44d63c50a2fe35912a63efffdb6864962d62781202d77d8cc2eeffebe54d", kill_on_drop: false }`
[INFO] [stderr]    Compiling subtle v2.6.1
[INFO] [stderr]    Compiling semver v1.0.23
[INFO] [stderr]    Compiling syn v2.0.86
[INFO] [stderr]    Compiling rand_core v0.6.4
[INFO] [stderr]    Compiling block-buffer v0.10.4
[INFO] [stderr]    Compiling hash32 v0.2.1
[INFO] [stderr]    Compiling spin v0.9.8
[INFO] [stderr]    Compiling stable_deref_trait v1.2.0
[INFO] [stderr]    Compiling thiserror-nostd-notrait v1.0.57
[INFO] [stderr]    Compiling radium v0.7.0
[INFO] [stderr]    Compiling crypto-common v0.1.6
[INFO] [stderr]    Compiling ff v0.13.0
[INFO] [stderr]    Compiling base16ct v0.2.0
[INFO] [stderr]    Compiling either v1.13.0
[INFO] [stderr]    Compiling digest v0.10.7
[INFO] [stderr]    Compiling rustc_version v0.4.1
[INFO] [stderr]    Compiling cobs v0.2.3
[INFO] [stderr]    Compiling tap v1.0.1
[INFO] [stderr]    Compiling litrs v0.4.1
[INFO] [stderr]    Compiling itertools v0.13.0
[INFO] [stderr]    Compiling group v0.13.0
[INFO] [stderr]    Compiling wyz v0.5.1
[INFO] [stderr]    Compiling debugless-unwrap v0.0.4
[INFO] [stderr]    Compiling funty v2.0.0
[INFO] [stderr]    Compiling hex v0.4.3
[INFO] [stderr]    Compiling heapless v0.7.17
[INFO] [stderr]    Compiling curve25519-dalek v4.1.3
[INFO] [stderr]    Compiling const-crc32-nostd v1.3.1
[INFO] [stderr]    Compiling arrayref v0.3.9
[INFO] [stderr]    Compiling constant_time_eq v0.3.1
[INFO] [stderr]    Compiling blake3 v1.5.4
[INFO] [stderr]    Compiling bls12_381 v0.8.0
[INFO] [stderr]    Compiling universal-hash v0.5.1
[INFO] [stderr]    Compiling rand v0.8.5
[INFO] [stderr]    Compiling signature v2.2.0
[INFO] [stderr]    Compiling document-features v0.2.10
[INFO] [stderr]    Compiling ed25519 v2.2.3
[INFO] [stderr]    Compiling bitvec v1.0.1
[INFO] [stderr]    Compiling poly1305 v0.8.0
[INFO] [stderr]    Compiling blake2b_simd v1.0.2
[INFO] [stderr]    Compiling pasta_curves v0.5.1
[INFO] [stderr]    Compiling sha2 v0.10.8
[INFO] [stderr]    Compiling aead v0.5.2
[INFO] [stderr]    Compiling siphasher v1.0.1
[INFO] [stderr]    Compiling jubjub v0.10.0
[INFO] [stderr]    Compiling zeroize_derive v1.4.2
[INFO] [stderr]    Compiling serde_derive v1.0.214
[INFO] [stderr]    Compiling thiserror-nostd-notrait-impl v1.0.57
[INFO] [stderr]    Compiling thiserror-impl v1.0.66
[INFO] [stderr]    Compiling derive-getters v0.5.0
[INFO] [stderr]    Compiling curve25519-dalek-derive v0.1.1
[INFO] [stderr]    Compiling zerocopy-derive v0.7.35
[INFO] [stderr]    Compiling visibility v0.1.1
[INFO] [stderr]    Compiling zeroize v1.8.1
[INFO] [stderr]    Compiling cipher v0.4.4
[INFO] [stderr]    Compiling zerocopy v0.7.35
[INFO] [stderr]    Compiling chacha20 v0.9.1
[INFO] [stderr]    Compiling thiserror v1.0.66
[INFO] [stderr]    Compiling chacha20poly1305 v0.10.1
[INFO] [stderr]    Compiling ppv-lite86 v0.2.20
[INFO] [stderr]    Compiling x25519-dalek v2.0.1
[INFO] [stderr]    Compiling ed25519-dalek v2.1.1
[INFO] [stderr]    Compiling rand_chacha v0.3.1
[INFO] [stderr]    Compiling serde v1.0.214
[INFO] [stderr]    Compiling serdect v0.2.0
[INFO] [stderr]    Compiling postcard v1.0.10
[INFO] [stderr]    Compiling frost-core v2.0.0
[INFO] [stderr]    Compiling frost-rerandomized v2.0.0
[INFO] [stderr]    Compiling ironfish-reddsa v0.1.0
[INFO] [stderr]    Compiling ironfish-frost v0.1.0 (/opt/rustwide/workdir)
[INFO] [stdout] warning: lint `pointer_structural_match` has been removed: converted into hard error, see RFC #3535 <https://rust-lang.github.io/rfcs/3535-constants-in-patterns.html> for more information
[INFO] [stdout]  --> src/lib.rs:7:9
[INFO] [stdout]   |
[INFO] [stdout] 7 | #![warn(pointer_structural_match)]
[INFO] [stdout]   |         ^^^^^^^^^^^^^^^^^^^^^^^^
[INFO] [stdout]   |
[INFO] [stdout]   = note: `#[warn(renamed_and_removed_lints)]` on by default
[INFO] [stdout] 
[INFO] [stdout] 
[INFO] [stdout] warning: unexpected `cfg` condition name: `debug`
[INFO] [stdout]    --> src/participant.rs:193:17
[INFO] [stdout]     |
[INFO] [stdout] 193 |         if cfg!(debug) {
[INFO] [stdout]     |                 ^^^^^
[INFO] [stdout]     |
[INFO] [stdout]     = help: expected names are: `clippy`, `debug_assertions`, `doc`, `docsrs`, `doctest`, `feature`, `fmt_debug`, `miri`, `overflow_checks`, `panic`, `proc_macro`, `relocation_model`, `rustfmt`, `sanitize`, `sanitizer_cfi_generalize_pointers`, `sanitizer_cfi_normalize_integers`, `target_abi`, `target_arch`, `target_endian`, `target_env`, `target_family`, `target_feature`, `target_has_atomic`, `target_has_atomic_equal_alignment`, `target_has_atomic_load_store`, `target_os`, `target_pointer_width`, `target_thread_local`, `target_vendor`, `test`, `ub_checks`, `unix`, and `windows`
[INFO] [stdout]     = help: consider using a Cargo feature instead
[INFO] [stdout]     = help: or consider adding in `Cargo.toml` the `check-cfg` lint config for the lint:
[INFO] [stdout]              [lints.rust]
[INFO] [stdout]              unexpected_cfgs = { level = "warn", check-cfg = ['cfg(debug)'] }
[INFO] [stdout]     = help: or consider adding `println!("cargo::rustc-check-cfg=cfg(debug)");` to the top of the `build.rs`
[INFO] [stdout]     = note: see <https://doc.rust-lang.org/nightly/rustc/check-cfg/cargo-specifics.html> for more information about checking conditional configuration
[INFO] [stdout]     = note: `#[warn(unexpected_cfgs)]` on by default
[INFO] [stdout] 
[INFO] [stdout] 
[INFO] [stdout] warning: elided lifetime has a name
[INFO] [stdout]    --> src/dkg/round2.rs:323:82
[INFO] [stdout]     |
[INFO] [stdout] 323 |     pub fn package_for<'a>(&'a self, recipient_identity: &'a Identity) -> Option<&PublicPackage> {
[INFO] [stdout]     |                        -- lifetime `'a` declared here                            ^ this elided lifetime gets resolved as `'a`
[INFO] [stdout]     |
[INFO] [stdout]     = note: `#[warn(elided_named_lifetimes)]` on by default
[INFO] [stdout] 
[INFO] [stdout] 
[INFO] [stdout] error[E0512]: cannot transmute between types of different sizes, or dependently-sized types
[INFO] [stdout]   --> src/dkg/round1.rs:60:18
[INFO] [stdout]    |
[INFO] [stdout] 60 |         unsafe { mem::transmute(pkg) }
[INFO] [stdout]    |                  ^^^^^^^^^^^^^^
[INFO] [stdout]    |
[INFO] [stdout]    = note: source type: `ironfish_reddsa::frost::redjubjub::frost_core::keys::dkg::round1::SecretPackage<JubjubBlake2b512>` (768 bits)
[INFO] [stdout]    = note: target type: `dkg::round1::SerializableSecretPackage` (704 bits)
[INFO] [stdout] 
[INFO] [stdout] 
[INFO] [stdout] error[E0512]: cannot transmute between types of different sizes, or dependently-sized types
[INFO] [stdout]   --> src/dkg/round1.rs:69:18
[INFO] [stdout]    |
[INFO] [stdout] 69 |         unsafe { mem::transmute(pkg) }
[INFO] [stdout]    |                  ^^^^^^^^^^^^^^
[INFO] [stdout]    |
[INFO] [stdout]    = note: source type: `dkg::round1::SerializableSecretPackage` (704 bits)
[INFO] [stdout]    = note: target type: `ironfish_reddsa::frost::redjubjub::frost_core::keys::dkg::round1::SecretPackage<JubjubBlake2b512>` (768 bits)
[INFO] [stdout] 
[INFO] [stdout] 
[INFO] [stdout] error[E0512]: cannot transmute between types of different sizes, or dependently-sized types
[INFO] [stdout]   --> src/dkg/round2.rs:64:18
[INFO] [stdout]    |
[INFO] [stdout] 64 |         unsafe { mem::transmute(pkg) }
[INFO] [stdout]    |                  ^^^^^^^^^^^^^^
[INFO] [stdout]    |
[INFO] [stdout]    = note: source type: `ironfish_reddsa::frost::redjubjub::frost_core::keys::dkg::round2::SecretPackage<JubjubBlake2b512>` (832 bits)
[INFO] [stdout]    = note: target type: `dkg::round2::SerializableSecretPackage` (768 bits)
[INFO] [stdout] 
[INFO] [stdout] 
[INFO] [stdout] error[E0512]: cannot transmute between types of different sizes, or dependently-sized types
[INFO] [stdout]   --> src/dkg/round2.rs:73:18
[INFO] [stdout]    |
[INFO] [stdout] 73 |         unsafe { mem::transmute(pkg) }
[INFO] [stdout]    |                  ^^^^^^^^^^^^^^
[INFO] [stdout]    |
[INFO] [stdout]    = note: source type: `dkg::round2::SerializableSecretPackage` (768 bits)
[INFO] [stdout]    = note: target type: `ironfish_reddsa::frost::redjubjub::frost_core::keys::dkg::round2::SecretPackage<JubjubBlake2b512>` (832 bits)
[INFO] [stdout] 
[INFO] [stdout] 
[INFO] [stdout] For more information about this error, try `rustc --explain E0512`.
[INFO] [stdout] 
[INFO] [stderr] error: could not compile `ironfish-frost` (lib) due to 4 previous errors; 3 warnings emitted
[INFO] [stderr] warning: build failed, waiting for other jobs to finish...
[INFO] running `Command { std: "docker" "inspect" "03ef44d63c50a2fe35912a63efffdb6864962d62781202d77d8cc2eeffebe54d", kill_on_drop: false }`
[INFO] running `Command { std: "docker" "rm" "-f" "03ef44d63c50a2fe35912a63efffdb6864962d62781202d77d8cc2eeffebe54d", kill_on_drop: false }`
[INFO] [stdout] 03ef44d63c50a2fe35912a63efffdb6864962d62781202d77d8cc2eeffebe54d
