[INFO] fetching crate iceoryx2-bb-container 0.4.1...
[INFO] testing iceoryx2-bb-container-0.4.1 against nightly-2024-10-28+rustflags=-Zrandomize-layout for randomize-layout
[INFO] extracting crate iceoryx2-bb-container 0.4.1 into /workspace/builds/worker-2-tc2/source
[INFO] validating manifest of crates.io crate iceoryx2-bb-container 0.4.1 on toolchain nightly-2024-10-28
[INFO] running `Command { std: CARGO_HOME="/workspace/cargo-home" RUSTUP_HOME="/workspace/rustup-home" "/workspace/cargo-home/bin/cargo" "+nightly-2024-10-28" "metadata" "--manifest-path" "Cargo.toml" "--no-deps", kill_on_drop: false }`
[INFO] started tweaking crates.io crate iceoryx2-bb-container 0.4.1
[INFO] removed 0 missing tests
[INFO] finished tweaking crates.io crate iceoryx2-bb-container 0.4.1
[INFO] tweaked toml for crates.io crate iceoryx2-bb-container 0.4.1 written to /workspace/builds/worker-2-tc2/source/Cargo.toml
[INFO] running `Command { std: CARGO_HOME="/workspace/cargo-home" RUSTUP_HOME="/workspace/rustup-home" "/workspace/cargo-home/bin/cargo" "+nightly-2024-10-28" "generate-lockfile" "--manifest-path" "Cargo.toml", kill_on_drop: false }`
[INFO] [stderr]     Updating crates.io index
[INFO] [stderr]      Locking 20 packages to latest compatible versions
[INFO] running `Command { std: CARGO_HOME="/workspace/cargo-home" RUSTUP_HOME="/workspace/rustup-home" "/workspace/cargo-home/bin/cargo" "+nightly-2024-10-28" "fetch" "--manifest-path" "Cargo.toml", kill_on_drop: false }`
[INFO] running `Command { std: "docker" "create" "-v" "/var/lib/crater-agent-workspace/builds/worker-2-tc2/target:/opt/rustwide/target:rw,Z" "-v" "/var/lib/crater-agent-workspace/builds/worker-2-tc2/source:/opt/rustwide/workdir:ro,Z" "-v" "/var/lib/crater-agent-workspace/cargo-home:/opt/rustwide/cargo-home:ro,Z" "-v" "/var/lib/crater-agent-workspace/rustup-home:/opt/rustwide/rustup-home:ro,Z" "-e" "SOURCE_DIR=/opt/rustwide/workdir" "-e" "CARGO_TARGET_DIR=/opt/rustwide/target" "-e" "CARGO_HOME=/opt/rustwide/cargo-home" "-e" "RUSTUP_HOME=/opt/rustwide/rustup-home" "-w" "/opt/rustwide/workdir" "-m" "1610612736" "--user" "0:0" "--network" "none" "ghcr.io/rust-lang/crates-build-env/linux@sha256:4a844ea9eb2546a2d2c7022eacef16ef2e8229c7fbb2c7d4d55a9ceca922f72d" "/opt/rustwide/cargo-home/bin/cargo" "+nightly-2024-10-28" "metadata" "--no-deps" "--format-version=1", kill_on_drop: false }`
[INFO] [stdout] 09be8ee82a4e173a6c8a5a792146d73af75721754ab27fa5247da3be66a14662
[INFO] running `Command { std: "docker" "start" "-a" "09be8ee82a4e173a6c8a5a792146d73af75721754ab27fa5247da3be66a14662", kill_on_drop: false }`
[INFO] running `Command { std: "docker" "inspect" "09be8ee82a4e173a6c8a5a792146d73af75721754ab27fa5247da3be66a14662", kill_on_drop: false }`
[INFO] running `Command { std: "docker" "rm" "-f" "09be8ee82a4e173a6c8a5a792146d73af75721754ab27fa5247da3be66a14662", kill_on_drop: false }`
[INFO] [stdout] 09be8ee82a4e173a6c8a5a792146d73af75721754ab27fa5247da3be66a14662
[INFO] running `Command { std: "docker" "create" "-v" "/var/lib/crater-agent-workspace/builds/worker-2-tc2/target:/opt/rustwide/target:rw,Z" "-v" "/var/lib/crater-agent-workspace/builds/worker-2-tc2/source:/opt/rustwide/workdir:ro,Z" "-v" "/var/lib/crater-agent-workspace/cargo-home:/opt/rustwide/cargo-home:ro,Z" "-v" "/var/lib/crater-agent-workspace/rustup-home:/opt/rustwide/rustup-home:ro,Z" "-e" "SOURCE_DIR=/opt/rustwide/workdir" "-e" "CARGO_TARGET_DIR=/opt/rustwide/target" "-e" "CARGO_INCREMENTAL=0" "-e" "RUST_BACKTRACE=full" "-e" "RUSTFLAGS=--cap-lints=forbid -Zrandomize-layout" "-e" "RUSTDOCFLAGS=--cap-lints=forbid" "-e" "CARGO_HOME=/opt/rustwide/cargo-home" "-e" "RUSTUP_HOME=/opt/rustwide/rustup-home" "-w" "/opt/rustwide/workdir" "-m" "1610612736" "--user" "0:0" "--network" "none" "ghcr.io/rust-lang/crates-build-env/linux@sha256:4a844ea9eb2546a2d2c7022eacef16ef2e8229c7fbb2c7d4d55a9ceca922f72d" "/opt/rustwide/cargo-home/bin/cargo" "+nightly-2024-10-28" "build" "--frozen" "--message-format=json", kill_on_drop: false }`
[INFO] [stdout] b0006820b0955be257a7c0f9c471517f85d19d90921ffc1dd85a5a29d0a1360f
[INFO] running `Command { std: "docker" "start" "-a" "b0006820b0955be257a7c0f9c471517f85d19d90921ffc1dd85a5a29d0a1360f", kill_on_drop: false }`
[INFO] [stderr]    Compiling iceoryx2-pal-concurrency-sync v0.4.1
[INFO] [stderr]    Compiling serde v1.0.214
[INFO] [stderr]    Compiling termsize v0.1.9
[INFO] [stderr]    Compiling iceoryx2-bb-elementary v0.4.1
[INFO] [stderr]    Compiling iceoryx2-bb-log v0.4.1
[INFO] [stderr]    Compiling iceoryx2-bb-derive-macros v0.4.1
[INFO] [stderr]    Compiling iceoryx2-bb-container v0.4.1 (/opt/rustwide/workdir)
[INFO] [stderr]     Finished `dev` profile [unoptimized + debuginfo] target(s) in 3.67s
[INFO] running `Command { std: "docker" "inspect" "b0006820b0955be257a7c0f9c471517f85d19d90921ffc1dd85a5a29d0a1360f", kill_on_drop: false }`
[INFO] running `Command { std: "docker" "rm" "-f" "b0006820b0955be257a7c0f9c471517f85d19d90921ffc1dd85a5a29d0a1360f", kill_on_drop: false }`
[INFO] [stdout] b0006820b0955be257a7c0f9c471517f85d19d90921ffc1dd85a5a29d0a1360f
[INFO] running `Command { std: "docker" "create" "-v" "/var/lib/crater-agent-workspace/builds/worker-2-tc2/target:/opt/rustwide/target:rw,Z" "-v" "/var/lib/crater-agent-workspace/builds/worker-2-tc2/source:/opt/rustwide/workdir:ro,Z" "-v" "/var/lib/crater-agent-workspace/cargo-home:/opt/rustwide/cargo-home:ro,Z" "-v" "/var/lib/crater-agent-workspace/rustup-home:/opt/rustwide/rustup-home:ro,Z" "-e" "SOURCE_DIR=/opt/rustwide/workdir" "-e" "CARGO_TARGET_DIR=/opt/rustwide/target" "-e" "CARGO_INCREMENTAL=0" "-e" "RUST_BACKTRACE=full" "-e" "RUSTFLAGS=--cap-lints=forbid -Zrandomize-layout" "-e" "RUSTDOCFLAGS=--cap-lints=forbid" "-e" "CARGO_HOME=/opt/rustwide/cargo-home" "-e" "RUSTUP_HOME=/opt/rustwide/rustup-home" "-w" "/opt/rustwide/workdir" "-m" "1610612736" "--user" "0:0" "--network" "none" "ghcr.io/rust-lang/crates-build-env/linux@sha256:4a844ea9eb2546a2d2c7022eacef16ef2e8229c7fbb2c7d4d55a9ceca922f72d" "/opt/rustwide/cargo-home/bin/cargo" "+nightly-2024-10-28" "test" "--frozen" "--no-run" "--message-format=json", kill_on_drop: false }`
[INFO] [stdout] e92e3cf0456a8529f717c89b95707447af99628d9afb438ebda30ee5520e9811
[INFO] running `Command { std: "docker" "start" "-a" "e92e3cf0456a8529f717c89b95707447af99628d9afb438ebda30ee5520e9811", kill_on_drop: false }`
[INFO] [stderr]    Compiling syn v1.0.109
[INFO] [stderr]    Compiling iceoryx2-pal-configuration v0.4.1
[INFO] [stderr]    Compiling serde_test v1.0.177
[INFO] [stderr]    Compiling iceoryx2-bb-testing v0.4.1
[INFO] [stderr]    Compiling generic-tests v0.1.2
[INFO] [stderr]    Compiling iceoryx2-bb-container v0.4.1 (/opt/rustwide/workdir)
[INFO] [stderr]     Finished `test` profile [unoptimized + debuginfo] target(s) in 7.44s
[INFO] running `Command { std: "docker" "inspect" "e92e3cf0456a8529f717c89b95707447af99628d9afb438ebda30ee5520e9811", kill_on_drop: false }`
[INFO] running `Command { std: "docker" "rm" "-f" "e92e3cf0456a8529f717c89b95707447af99628d9afb438ebda30ee5520e9811", kill_on_drop: false }`
[INFO] [stdout] e92e3cf0456a8529f717c89b95707447af99628d9afb438ebda30ee5520e9811
[INFO] running `Command { std: "docker" "create" "-v" "/var/lib/crater-agent-workspace/builds/worker-2-tc2/target:/opt/rustwide/target:rw,Z" "-v" "/var/lib/crater-agent-workspace/builds/worker-2-tc2/source:/opt/rustwide/workdir:ro,Z" "-v" "/var/lib/crater-agent-workspace/cargo-home:/opt/rustwide/cargo-home:ro,Z" "-v" "/var/lib/crater-agent-workspace/rustup-home:/opt/rustwide/rustup-home:ro,Z" "-e" "SOURCE_DIR=/opt/rustwide/workdir" "-e" "CARGO_TARGET_DIR=/opt/rustwide/target" "-e" "CARGO_INCREMENTAL=0" "-e" "RUST_BACKTRACE=full" "-e" "RUSTFLAGS=--cap-lints=forbid -Zrandomize-layout" "-e" "RUSTDOCFLAGS=--cap-lints=forbid" "-e" "CARGO_HOME=/opt/rustwide/cargo-home" "-e" "RUSTUP_HOME=/opt/rustwide/rustup-home" "-w" "/opt/rustwide/workdir" "-m" "1610612736" "--user" "0:0" "--network" "none" "ghcr.io/rust-lang/crates-build-env/linux@sha256:4a844ea9eb2546a2d2c7022eacef16ef2e8229c7fbb2c7d4d55a9ceca922f72d" "/opt/rustwide/cargo-home/bin/cargo" "+nightly-2024-10-28" "test" "--frozen", kill_on_drop: false }`
[INFO] [stdout] 9980d764fbc09350dc65ee006643848fb6c97c6b30125a3b7723be64703c3c3b
[INFO] running `Command { std: "docker" "start" "-a" "9980d764fbc09350dc65ee006643848fb6c97c6b30125a3b7723be64703c3c3b", kill_on_drop: false }`
[INFO] [stderr]     Finished `test` profile [unoptimized + debuginfo] target(s) in 0.05s
[INFO] [stderr]      Running unittests src/lib.rs (/opt/rustwide/target/debug/deps/iceoryx2_bb_container-a2d3ad582f9595e8)
[INFO] [stdout] 
[INFO] [stdout] running 0 tests
[INFO] [stdout] 
[INFO] [stdout] test result: ok. 0 passed; 0 failed; 0 ignored; 0 measured; 0 filtered out; finished in 0.00s
[INFO] [stdout] 
[INFO] [stderr]      Running tests/byte_string_tests.rs (/opt/rustwide/target/debug/deps/byte_string_tests-d097268a8cef9b5c)
[INFO] [stdout] 
[INFO] [stdout] running 41 tests
[INFO] [stdout] test fixed_size_byte_string::clear_works ... ok
[INFO] [stdout] test fixed_size_byte_string::capacity_is_correct ... ok
[INFO] [stdout] test fixed_size_byte_string::as_escaped_string_works ... ok
[INFO] [stdout] test fixed_size_byte_string::find_works ... ok
[INFO] [stdout] test fixed_size_byte_string::from_byte_slice_works ... ok
[INFO] [stdout] test fixed_size_byte_string::default_string_is_empty ... ok
[INFO] [stdout] test fixed_size_byte_string::deref_mut_works ... ok
[INFO] [stdout] test fixed_size_byte_string::from_bytes_fails_when_capacity_is_exceeded ... ok
[INFO] [stdout] test fixed_size_byte_string::error_display_works ... ok
[INFO] [stdout] test fixed_size_byte_string::from_bytes_works ... ok
[INFO] [stdout] test fixed_size_byte_string::from_c_str_fails_when_capacity_is_exceeded ... ok
[INFO] [stdout] test fixed_size_byte_string::from_bytes_truncated_works ... ok
[INFO] [stdout] test fixed_size_byte_string::hash_works ... ok
[INFO] [stdout] test fixed_size_byte_string::from_c_str_works ... ok
[INFO] [stdout] test fixed_size_byte_string::insert_value_exceeding_capacity_fails ... ok
[INFO] [stdout] test fixed_size_byte_string::is_full_works ... ok
[INFO] [stdout] test fixed_size_byte_string::new_string_is_empty ... ok
[INFO] [stdout] test fixed_size_byte_string::new_unchecked_works ... ok
[INFO] [stdout] test fixed_size_byte_string::placement_default_works ... ok
[INFO] [stdout] test fixed_size_byte_string::pop_works ... ok
[INFO] [stdout] test fixed_size_byte_string::push_bytes_works ... ok
[INFO] [stdout] test fixed_size_byte_string::ordering_works ... ok
[INFO] [stdout] test fixed_size_byte_string::partial_ordering_works ... ok
[INFO] [stdout] test fixed_size_byte_string::push_works ... ok
[INFO] [stdout] test fixed_size_byte_string::remove_range_works ... ok
[INFO] [stdout] test fixed_size_byte_string::insert_at_out_of_bounds_index_panics - should panic ... ok
[INFO] [stdout] test fixed_size_byte_string::remove_works ... ok
[INFO] [stdout] test fixed_size_byte_string::new_unchecked_panics_when_capacity_is_exceeded - should panic ... ok
[INFO] [stdout] test fixed_size_byte_string::from_panics_when_capacity_is_exceeded - should panic ... ok
[INFO] [stdout] test fixed_size_byte_string::insert_bytes_works - should panic ... ok
[INFO] [stdout] test fixed_size_byte_string::remove_range_out_of_bounds_index_panics - should panic ... ok
[INFO] [stdout] test fixed_size_byte_string::insert_works - should panic ... ok
[INFO] [stdout] test fixed_size_byte_string::retain_works ... ok
[INFO] [stdout] test fixed_size_byte_string::rfind_works ... ok
[INFO] [stdout] test fixed_size_byte_string::serialization_works ... ok
[INFO] [stdout] test fixed_size_byte_string::str_slice_equality_works ... ok
[INFO] [stdout] test fixed_size_byte_string::strip_prefix_works ... ok
[INFO] [stdout] test fixed_size_byte_string::strip_suffix_works ... ok
[INFO] [stdout] test fixed_size_byte_string::strnlen_returns_max_without_null_terminator ... ok
[INFO] [stdout] test fixed_size_byte_string::truncate_works ... ok
[INFO] [stderr]      Running tests/queue_tests.rs (/opt/rustwide/target/debug/deps/queue_tests-14a66ac945329f4a)
[INFO] [stdout] test fixed_size_byte_string::remove_out_of_bounds_index_panics - should panic ... ok
[INFO] [stdout] 
[INFO] [stdout] test result: ok. 41 passed; 0 failed; 0 ignored; 0 measured; 0 filtered out; finished in 0.03s
[INFO] [stdout] 
[INFO] [stdout] 
[INFO] [stdout] running 19 tests
[INFO] [stdout] test queue::capacity_is_correct ... ok
[INFO] [stdout] test queue::clear_works ... ok
[INFO] [stdout] test queue::drops_all_objects_when_out_of_scope ... ok
[INFO] [stdout] test queue::fixed_size_queue_clear_drops_all_objects ... ok
[INFO] [stdout] test queue::iterate_with_get ... ok
[INFO] [stdout] test queue::overflow_works ... ok
[INFO] [stdout] test queue::placement_default_works ... ok
[INFO] [stdout] test queue::get_unchecked_works ... ok
[INFO] [stdout] test queue::push_pop_works ... ok
[INFO] [stdout] test queue::newly_created_buffer_is_empty ... ok
[INFO] [stdout] test queue::peek_works ... ok
[INFO] [stdout] test queue::pop_releases_object ... ok
[INFO] [stdout] test queue::push_pop_alteration_works ... ok
[INFO] [stdout] test queue::drops_all_objects_with_clear ... ok
[INFO] [stdout] test queue::relocatable_clear_empties_queue ... ok
[INFO] [stdout] test queue::relocatable_push_pop_works_with_uninitialized_memory ... ok
[INFO] [stdout] test queue::valid_after_move ... ok
[INFO] [stdout] test queue::queue_clear_drops_all_objects ... ok
[INFO] [stdout] test queue::get_invalid_index_panics - should panic ... ok
[INFO] [stdout] 
[INFO] [stdout] test result: ok. 19 passed; 0 failed; 0 ignored; 0 measured; 0 filtered out; finished in 0.05s
[INFO] [stdout] 
[INFO] [stderr]      Running tests/vec_tests.rs (/opt/rustwide/target/debug/deps/vec_tests-2794162666f3e48e)
[INFO] [stdout] 
[INFO] [stdout] running 16 tests
[INFO] [stdout] test fixed_size_vec::clear_works ... ok
[INFO] [stdout] test fixed_size_vec::as_slice_works ... ok
[INFO] [stdout] test fixed_size_vec::capacity_is_correct ... ok
[INFO] [stdout] test fixed_size_vec::as_mut_slice_works ... ok
[INFO] [stdout] test fixed_size_vec::clone_works ... ok
[INFO] [stdout] test fixed_size_vec::placement_default_works ... ok
[INFO] [stdout] test fixed_size_vec::eq_works ... ok
[INFO] [stdout] test fixed_size_vec::new_vector_is_empty ... ok
[INFO] [stdout] test fixed_size_vec::valid_after_move ... ok
[INFO] [stdout] test fixed_size_vec::pop_releases_ownership ... ok
[INFO] [stdout] test fixed_size_vec::push_pop_alteration_works ... ok
[INFO] [stdout] test fixed_size_vec::serialization_works ... ok
[INFO] [stdout] test fixed_size_vec::vec_push_pop_works_with_uninitialized_memory ... ok
[INFO] [stdout] test fixed_size_vec::push_pop_works ... ok
[INFO] [stdout] test fixed_size_vec::drops_all_objects_when_out_of_scope ... FAILED
[INFO] [stdout] test fixed_size_vec::drops_all_objects_with_clear ... FAILED
[INFO] [stdout] 
[INFO] [stdout] failures:
[INFO] [stdout] 
[INFO] [stdout] ---- fixed_size_vec::drops_all_objects_when_out_of_scope stdout ----
[INFO] [stdout] thread 'fixed_size_vec::drops_all_objects_when_out_of_scope' panicked at tests/vec_tests.rs:215:9:
[INFO] [stdout] assertion failed: expr: LifetimeTracker::number_of_living_instances() == SUT_CAPACITY;  value: 7 == 128
[INFO] [stdout] stack backtrace:
[INFO] [stdout]    0:     0x603111cb527a - std::backtrace_rs::backtrace::libunwind::trace::h207520d6e9873551
[INFO] [stdout]                                at /rustc/df4ca44d3fbc9301ee17f30f4d474e6ae4b05252/library/std/src/../../backtrace/src/backtrace/libunwind.rs:116:5
[INFO] [stdout]    1:     0x603111cb527a - std::backtrace_rs::backtrace::trace_unsynchronized::h2ed7433f370e3eca
[INFO] [stdout]                                at /rustc/df4ca44d3fbc9301ee17f30f4d474e6ae4b05252/library/std/src/../../backtrace/src/backtrace/mod.rs:66:5
[INFO] [stdout]    2:     0x603111cb527a - std::sys::backtrace::_print_fmt::h916fac51166b18d7
[INFO] [stdout]                                at /rustc/df4ca44d3fbc9301ee17f30f4d474e6ae4b05252/library/std/src/sys/backtrace.rs:66:9
[INFO] [stdout]    3:     0x603111cb527a - <std::sys::backtrace::BacktraceLock::print::DisplayBacktrace as core::fmt::Display>::fmt::ha0a4c9b8ce3802e6
[INFO] [stdout]                                at /rustc/df4ca44d3fbc9301ee17f30f4d474e6ae4b05252/library/std/src/sys/backtrace.rs:39:26
[INFO] [stdout]    4:     0x603111cdc583 - core::fmt::rt::Argument::fmt::h4cfc8587d52b3eb5
[INFO] [stdout]                                at /rustc/df4ca44d3fbc9301ee17f30f4d474e6ae4b05252/library/core/src/fmt/rt.rs:177:76
[INFO] [stdout]    5:     0x603111cdc583 - core::fmt::write::h522cc39e5b36ae9f
[INFO] [stdout]                                at /rustc/df4ca44d3fbc9301ee17f30f4d474e6ae4b05252/library/core/src/fmt/mod.rs:1190:21
[INFO] [stdout]    6:     0x603111cb1ee3 - std::io::Write::write_fmt::h7d3c26752da97734
[INFO] [stdout]                                at /rustc/df4ca44d3fbc9301ee17f30f4d474e6ae4b05252/library/std/src/io/mod.rs:1839:15
[INFO] [stdout]    7:     0x603111cb50c2 - std::sys::backtrace::BacktraceLock::print::h4b9e00b29e9c0942
[INFO] [stdout]                                at /rustc/df4ca44d3fbc9301ee17f30f4d474e6ae4b05252/library/std/src/sys/backtrace.rs:42:9
[INFO] [stdout]    8:     0x603111cb670a - std::panicking::default_hook::{{closure}}::hb59b88280d0324d9
[INFO] [stdout]                                at /rustc/df4ca44d3fbc9301ee17f30f4d474e6ae4b05252/library/std/src/panicking.rs:268:22
[INFO] [stdout]    9:     0x603111cb6514 - std::panicking::default_hook::he1dd496665be4a29
[INFO] [stdout]                                at /rustc/df4ca44d3fbc9301ee17f30f4d474e6ae4b05252/library/std/src/panicking.rs:292:9
[INFO] [stdout]   10:     0x603111c6e809 - <alloc::boxed::Box<F,A> as core::ops::function::Fn<Args>>::call::h4ff71de18744e1dc
[INFO] [stdout]                                at /rustc/df4ca44d3fbc9301ee17f30f4d474e6ae4b05252/library/alloc/src/boxed.rs:2468:9
[INFO] [stdout]   11:     0x603111c6e809 - test::test_main::{{closure}}::hcf7c055ce117aa81
[INFO] [stdout]                                at /rustc/df4ca44d3fbc9301ee17f30f4d474e6ae4b05252/library/test/src/lib.rs:133:21
[INFO] [stdout]   12:     0x603111cb6e08 - <alloc::boxed::Box<F,A> as core::ops::function::Fn<Args>>::call::h1d66c6bbd60c9692
[INFO] [stdout]                                at /rustc/df4ca44d3fbc9301ee17f30f4d474e6ae4b05252/library/alloc/src/boxed.rs:2468:9
[INFO] [stdout]   13:     0x603111cb6e08 - std::panicking::rust_panic_with_hook::h2ff17fe8f26dfcf8
[INFO] [stdout]                                at /rustc/df4ca44d3fbc9301ee17f30f4d474e6ae4b05252/library/std/src/panicking.rs:809:13
[INFO] [stdout]   14:     0x603111cb6bca - std::panicking::begin_panic_handler::{{closure}}::h4fad77951c07e101
[INFO] [stdout]                                at /rustc/df4ca44d3fbc9301ee17f30f4d474e6ae4b05252/library/std/src/panicking.rs:674:13
[INFO] [stdout]   15:     0x603111cb5759 - std::sys::backtrace::__rust_end_short_backtrace::hb1a25b3da5d0ea08
[INFO] [stdout]                                at /rustc/df4ca44d3fbc9301ee17f30f4d474e6ae4b05252/library/std/src/sys/backtrace.rs:170:18
[INFO] [stdout]   16:     0x603111cb685c - rust_begin_unwind
[INFO] [stdout]                                at /rustc/df4ca44d3fbc9301ee17f30f4d474e6ae4b05252/library/std/src/panicking.rs:665:5
[INFO] [stdout]   17:     0x603111cda3b0 - core::panicking::panic_fmt::ha9db07b529f9b256
[INFO] [stdout]                                at /rustc/df4ca44d3fbc9301ee17f30f4d474e6ae4b05252/library/core/src/panicking.rs:75:14
[INFO] [stdout]   18:     0x603111c2ada9 - vec_tests::fixed_size_vec::drops_all_objects_when_out_of_scope::h9117b38256da5679
[INFO] [stdout]                                at /opt/rustwide/workdir/tests/vec_tests.rs:215:9
[INFO] [stdout]   19:     0x603111c2a8e7 - vec_tests::fixed_size_vec::drops_all_objects_when_out_of_scope::{{closure}}::h2cefa440d8b304ac
[INFO] [stdout]                                at /opt/rustwide/workdir/tests/vec_tests.rs:207:45
[INFO] [stdout]   20:     0x603111c15646 - core::ops::function::FnOnce::call_once::h905e9343879399a1
[INFO] [stdout]                                at /rustc/df4ca44d3fbc9301ee17f30f4d474e6ae4b05252/library/core/src/ops/function.rs:250:5
[INFO] [stdout]   21:     0x603111c730db - core::ops::function::FnOnce::call_once::h22c3ba5715e93f05
[INFO] [stdout]                                at /rustc/df4ca44d3fbc9301ee17f30f4d474e6ae4b05252/library/core/src/ops/function.rs:250:5
[INFO] [stdout]   22:     0x603111c730db - test::__rust_begin_short_backtrace::h8e82d8113d0da17f
[INFO] [stdout]                                at /rustc/df4ca44d3fbc9301ee17f30f4d474e6ae4b05252/library/test/src/lib.rs:621:18
[INFO] [stdout]   23:     0x603111c72a57 - test::run_test_in_process::{{closure}}::h33235f4f20b7b7c7
[INFO] [stdout]                                at /rustc/df4ca44d3fbc9301ee17f30f4d474e6ae4b05252/library/test/src/lib.rs:644:60
[INFO] [stdout]   24:     0x603111c72a57 - <core::panic::unwind_safe::AssertUnwindSafe<F> as core::ops::function::FnOnce<()>>::call_once::hb5043206310c586f
[INFO] [stdout]                                at /rustc/df4ca44d3fbc9301ee17f30f4d474e6ae4b05252/library/core/src/panic/unwind_safe.rs:272:9
[INFO] [stdout]   25:     0x603111c72a57 - std::panicking::try::do_call::h9ad4731a60ab23e2
[INFO] [stdout]                                at /rustc/df4ca44d3fbc9301ee17f30f4d474e6ae4b05252/library/std/src/panicking.rs:557:40
[INFO] [stdout]   26:     0x603111c72a57 - std::panicking::try::h3824d23db772a716
[INFO] [stdout]                                at /rustc/df4ca44d3fbc9301ee17f30f4d474e6ae4b05252/library/std/src/panicking.rs:520:19
[INFO] [stdout]   27:     0x603111c72a57 - std::panic::catch_unwind::h5afd514605fde46b
[INFO] [stdout]                                at /rustc/df4ca44d3fbc9301ee17f30f4d474e6ae4b05252/library/std/src/panic.rs:358:14
[INFO] [stdout]   28:     0x603111c72a57 - test::run_test_in_process::h0d5cbfa7067d1720
[INFO] [stdout]                                at /rustc/df4ca44d3fbc9301ee17f30f4d474e6ae4b05252/library/test/src/lib.rs:644:27
[INFO] [stdout]   29:     0x603111c72a57 - test::run_test::{{closure}}::h708eb8872708115d
[INFO] [stdout]                                at /rustc/df4ca44d3fbc9301ee17f30f4d474e6ae4b05252/library/test/src/lib.rs:565:43
[INFO] [stdout]   30:     0x603111c36174 - test::run_test::{{closure}}::h392c51cee94713ab
[INFO] [stdout]                                at /rustc/df4ca44d3fbc9301ee17f30f4d474e6ae4b05252/library/test/src/lib.rs:595:41
[INFO] [stdout]   31:     0x603111c36174 - std::sys::backtrace::__rust_begin_short_backtrace::h2f40290710935a8b
[INFO] [stdout]                                at /rustc/df4ca44d3fbc9301ee17f30f4d474e6ae4b05252/library/std/src/sys/backtrace.rs:154:18
[INFO] [stdout]   32:     0x603111c3991e - std::thread::Builder::spawn_unchecked_::{{closure}}::{{closure}}::h3fd968d89053a903
[INFO] [stdout]                                at /rustc/df4ca44d3fbc9301ee17f30f4d474e6ae4b05252/library/std/src/thread/mod.rs:541:17
[INFO] [stdout]   33:     0x603111c3991e - <core::panic::unwind_safe::AssertUnwindSafe<F> as core::ops::function::FnOnce<()>>::call_once::h743f637ba4229880
[INFO] [stdout]                                at /rustc/df4ca44d3fbc9301ee17f30f4d474e6ae4b05252/library/core/src/panic/unwind_safe.rs:272:9
[INFO] [stdout]   34:     0x603111c3991e - std::panicking::try::do_call::h07440897322525a6
[INFO] [stdout]                                at /rustc/df4ca44d3fbc9301ee17f30f4d474e6ae4b05252/library/std/src/panicking.rs:557:40
[INFO] [stdout]   35:     0x603111c3991e - std::panicking::try::he5a2e00188156637
[INFO] [stdout]                                at /rustc/df4ca44d3fbc9301ee17f30f4d474e6ae4b05252/library/std/src/panicking.rs:520:19
[INFO] [stdout]   36:     0x603111c3991e - std::panic::catch_unwind::hbaf3cae49b3c6433
[INFO] [stdout]                                at /rustc/df4ca44d3fbc9301ee17f30f4d474e6ae4b05252/library/std/src/panic.rs:358:14
[INFO] [stdout]   37:     0x603111c3991e - std::thread::Builder::spawn_unchecked_::{{closure}}::h8e141ea224820bce
[INFO] [stdout]                                at /rustc/df4ca44d3fbc9301ee17f30f4d474e6ae4b05252/library/std/src/thread/mod.rs:540:30
[INFO] [stdout]   38:     0x603111c3991e - core::ops::function::FnOnce::call_once{{vtable.shim}}::h90d312fedd7b8ea8
[INFO] [stdout]                                at /rustc/df4ca44d3fbc9301ee17f30f4d474e6ae4b05252/library/core/src/ops/function.rs:250:5
[INFO] [stdout]   39:     0x603111cbabfb - <alloc::boxed::Box<F,A> as core::ops::function::FnOnce<Args>>::call_once::h69aa08ddb6adb8b6
[INFO] [stdout]                                at /rustc/df4ca44d3fbc9301ee17f30f4d474e6ae4b05252/library/alloc/src/boxed.rs:2454:9
[INFO] [stdout]   40:     0x603111cbabfb - <alloc::boxed::Box<F,A> as core::ops::function::FnOnce<Args>>::call_once::h5aa36efdb79c806f
[INFO] [stdout]                                at /rustc/df4ca44d3fbc9301ee17f30f4d474e6ae4b05252/library/alloc/src/boxed.rs:2454:9
[INFO] [stdout]   41:     0x603111cbabfb - std::sys::pal::unix::thread::Thread::new::thread_start::h6cd80a1b4be5158d
[INFO] [stdout]                                at /rustc/df4ca44d3fbc9301ee17f30f4d474e6ae4b05252/library/std/src/sys/pal/unix/thread.rs:105:17
[INFO] [stdout]   42:     0x71e501b11ac3 - <unknown>
[INFO] [stdout]   43:     0x71e501ba2a04 - clone
[INFO] [stdout]   44:                0x0 - <unknown>
[INFO] [stdout] 
[INFO] [stdout] ---- fixed_size_vec::drops_all_objects_with_clear stdout ----
[INFO] [stdout] thread 'fixed_size_vec::drops_all_objects_with_clear' panicked at tests/vec_tests.rs:229:9:
[INFO] [stdout] assertion failed: expr: LifetimeTracker::number_of_living_instances() == SUT_CAPACITY;  value: 135 == 128
[INFO] [stdout] stack backtrace:
[INFO] [stdout]    0:     0x603111cb527a - std::backtrace_rs::backtrace::libunwind::trace::h207520d6e9873551
[INFO] [stdout]                                at /rustc/df4ca44d3fbc9301ee17f30f4d474e6ae4b05252/library/std/src/../../backtrace/src/backtrace/libunwind.rs:116:5
[INFO] [stdout]    1:     0x603111cb527a - std::backtrace_rs::backtrace::trace_unsynchronized::h2ed7433f370e3eca
[INFO] [stdout]                                at /rustc/df4ca44d3fbc9301ee17f30f4d474e6ae4b05252/library/std/src/../../backtrace/src/backtrace/mod.rs:66:5
[INFO] [stdout]    2:     0x603111cb527a - std::sys::backtrace::_print_fmt::h916fac51166b18d7
[INFO] [stdout]                                at /rustc/df4ca44d3fbc9301ee17f30f4d474e6ae4b05252/library/std/src/sys/backtrace.rs:66:9
[INFO] [stdout]    3:     0x603111cb527a - <std::sys::backtrace::BacktraceLock::print::DisplayBacktrace as core::fmt::Display>::fmt::ha0a4c9b8ce3802e6
[INFO] [stdout]                                at /rustc/df4ca44d3fbc9301ee17f30f4d474e6ae4b05252/library/std/src/sys/backtrace.rs:39:26
[INFO] [stdout]    4:     0x603111cdc583 - core::fmt::rt::Argument::fmt::h4cfc8587d52b3eb5
[INFO] [stdout]                                at /rustc/df4ca44d3fbc9301ee17f30f4d474e6ae4b05252/library/core/src/fmt/rt.rs:177:76
[INFO] [stdout]    5:     0x603111cdc583 - core::fmt::write::h522cc39e5b36ae9f
[INFO] [stdout]                                at /rustc/df4ca44d3fbc9301ee17f30f4d474e6ae4b05252/library/core/src/fmt/mod.rs:1190:21
[INFO] [stdout]    6:     0x603111cb1ee3 - std::io::Write::write_fmt::h7d3c26752da97734
[INFO] [stdout]                                at /rustc/df4ca44d3fbc9301ee17f30f4d474e6ae4b05252/library/std/src/io/mod.rs:1839:15
[INFO] [stdout]    7:     0x603111cb50c2 - std::sys::backtrace::BacktraceLock::print::h4b9e00b29e9c0942
[INFO] [stdout]                                at /rustc/df4ca44d3fbc9301ee17f30f4d474e6ae4b05252/library/std/src/sys/backtrace.rs:42:9
[INFO] [stdout]    8:     0x603111cb670a - std::panicking::default_hook::{{closure}}::hb59b88280d0324d9
[INFO] [stdout]                                at /rustc/df4ca44d3fbc9301ee17f30f4d474e6ae4b05252/library/std/src/panicking.rs:268:22
[INFO] [stdout]    9:     0x603111cb6514 - std::panicking::default_hook::he1dd496665be4a29
[INFO] [stdout]                                at /rustc/df4ca44d3fbc9301ee17f30f4d474e6ae4b05252/library/std/src/panicking.rs:292:9
[INFO] [stdout]   10:     0x603111c6e809 - <alloc::boxed::Box<F,A> as core::ops::function::Fn<Args>>::call::h4ff71de18744e1dc
[INFO] [stdout]                                at /rustc/df4ca44d3fbc9301ee17f30f4d474e6ae4b05252/library/alloc/src/boxed.rs:2468:9
[INFO] [stdout]   11:     0x603111c6e809 - test::test_main::{{closure}}::hcf7c055ce117aa81
[INFO] [stdout]                                at /rustc/df4ca44d3fbc9301ee17f30f4d474e6ae4b05252/library/test/src/lib.rs:133:21
[INFO] [stdout]   12:     0x603111cb6e08 - <alloc::boxed::Box<F,A> as core::ops::function::Fn<Args>>::call::h1d66c6bbd60c9692
[INFO] [stdout]                                at /rustc/df4ca44d3fbc9301ee17f30f4d474e6ae4b05252/library/alloc/src/boxed.rs:2468:9
[INFO] [stdout]   13:     0x603111cb6e08 - std::panicking::rust_panic_with_hook::h2ff17fe8f26dfcf8
[INFO] [stdout]                                at /rustc/df4ca44d3fbc9301ee17f30f4d474e6ae4b05252/library/std/src/panicking.rs:809:13
[INFO] [stdout]   14:     0x603111cb6bca - std::panicking::begin_panic_handler::{{closure}}::h4fad77951c07e101
[INFO] [stdout]                                at /rustc/df4ca44d3fbc9301ee17f30f4d474e6ae4b05252/library/std/src/panicking.rs:674:13
[INFO] [stdout]   15:     0x603111cb5759 - std::sys::backtrace::__rust_end_short_backtrace::hb1a25b3da5d0ea08
[INFO] [stdout]                                at /rustc/df4ca44d3fbc9301ee17f30f4d474e6ae4b05252/library/std/src/sys/backtrace.rs:170:18
[INFO] [stdout]   16:     0x603111cb685c - rust_begin_unwind
[INFO] [stdout]                                at /rustc/df4ca44d3fbc9301ee17f30f4d474e6ae4b05252/library/std/src/panicking.rs:665:5
[INFO] [stdout]   17:     0x603111cda3b0 - core::panicking::panic_fmt::ha9db07b529f9b256
[INFO] [stdout]                                at /rustc/df4ca44d3fbc9301ee17f30f4d474e6ae4b05252/library/core/src/panicking.rs:75:14
[INFO] [stdout]   18:     0x603111c2b980 - vec_tests::fixed_size_vec::drops_all_objects_with_clear::hff9925587ee893c7
[INFO] [stdout]                                at /opt/rustwide/workdir/tests/vec_tests.rs:229:9
[INFO] [stdout]   19:     0x603111c2b4f7 - vec_tests::fixed_size_vec::drops_all_objects_with_clear::{{closure}}::h4fc263a8ff479684
[INFO] [stdout]                                at /opt/rustwide/workdir/tests/vec_tests.rs:221:38
[INFO] [stdout]   20:     0x603111c157a6 - core::ops::function::FnOnce::call_once::hc0d3799c2347dfe4
[INFO] [stdout]                                at /rustc/df4ca44d3fbc9301ee17f30f4d474e6ae4b05252/library/core/src/ops/function.rs:250:5
[INFO] [stdout]   21:     0x603111c730db - core::ops::function::FnOnce::call_once::h22c3ba5715e93f05
[INFO] [stdout]                                at /rustc/df4ca44d3fbc9301ee17f30f4d474e6ae4b05252/library/core/src/ops/function.rs:250:5
[INFO] [stdout]   22:     0x603111c730db - test::__rust_begin_short_backtrace::h8e82d8113d0da17f
[INFO] [stdout]                                at /rustc/df4ca44d3fbc9301ee17f30f4d474e6ae4b05252/library/test/src/lib.rs:621:18
[INFO] [stdout]   23:     0x603111c72a57 - test::run_test_in_process::{{closure}}::h33235f4f20b7b7c7
[INFO] [stdout]                                at /rustc/df4ca44d3fbc9301ee17f30f4d474e6ae4b05252/library/test/src/lib.rs:644:60
[INFO] [stdout]   24:     0x603111c72a57 - <core::panic::unwind_safe::AssertUnwindSafe<F> as core::ops::function::FnOnce<()>>::call_once::hb5043206310c586f
[INFO] [stdout]                                at /rustc/df4ca44d3fbc9301ee17f30f4d474e6ae4b05252/library/core/src/panic/unwind_safe.rs:272:9
[INFO] [stdout]   25:     0x603111c72a57 - std::panicking::try::do_call::h9ad4731a60ab23e2
[INFO] [stdout]                                at /rustc/df4ca44d3fbc9301ee17f30f4d474e6ae4b05252/library/std/src/panicking.rs:557:40
[INFO] [stdout]   26:     0x603111c72a57 - std::panicking::try::h3824d23db772a716
[INFO] [stdout]                                at /rustc/df4ca44d3fbc9301ee17f30f4d474e6ae4b05252/library/std/src/panicking.rs:520:19
[INFO] [stdout]   27:     0x603111c72a57 - std::panic::catch_unwind::h5afd514605fde46b
[INFO] [stdout]                                at /rustc/df4ca44d3fbc9301ee17f30f4d474e6ae4b05252/library/std/src/panic.rs:358:14
[INFO] [stdout]   28:     0x603111c72a57 - test::run_test_in_process::h0d5cbfa7067d1720
[INFO] [stdout]                                at /rustc/df4ca44d3fbc9301ee17f30f4d474e6ae4b05252/library/test/src/lib.rs:644:27
[INFO] [stdout]   29:     0x603111c72a57 - test::run_test::{{closure}}::h708eb8872708115d
[INFO] [stdout]                                at /rustc/df4ca44d3fbc9301ee17f30f4d474e6ae4b05252/library/test/src/lib.rs:565:43
[INFO] [stdout]   30:     0x603111c36174 - test::run_test::{{closure}}::h392c51cee94713ab
[INFO] [stdout]                                at /rustc/df4ca44d3fbc9301ee17f30f4d474e6ae4b05252/library/test/src/lib.rs:595:41
[INFO] [stdout]   31:     0x603111c36174 - std::sys::backtrace::__rust_begin_short_backtrace::h2f40290710935a8b
[INFO] [stdout]                                at /rustc/df4ca44d3fbc9301ee17f30f4d474e6ae4b05252/library/std/src/sys/backtrace.rs:154:18
[INFO] [stdout]   32:     0x603111c3991e - std::thread::Builder::spawn_unchecked_::{{closure}}::{{closure}}::h3fd968d89053a903
[INFO] [stdout]                                at /rustc/df4ca44d3fbc9301ee17f30f4d474e6ae4b05252/library/std/src/thread/mod.rs:541:17
[INFO] [stdout]   33:     0x603111c3991e - <core::panic::unwind_safe::AssertUnwindSafe<F> as core::ops::function::FnOnce<()>>::call_once::h743f637ba4229880
[INFO] [stdout]                                at /rustc/df4ca44d3fbc9301ee17f30f4d474e6ae4b05252/library/core/src/panic/unwind_safe.rs:272:9
[INFO] [stdout]   34:     0x603111c3991e - std::panicking::try::do_call::h07440897322525a6
[INFO] [stdout]                                at /rustc/df4ca44d3fbc9301ee17f30f4d474e6ae4b05252/library/std/src/panicking.rs:557:40
[INFO] [stdout]   35:     0x603111c3991e - std::panicking::try::he5a2e00188156637
[INFO] [stdout]                                at /rustc/df4ca44d3fbc9301ee17f30f4d474e6ae4b05252/library/std/src/panicking.rs:520:19
[INFO] [stdout]   36:     0x603111c3991e - std::panic::catch_unwind::hbaf3cae49b3c6433
[INFO] [stdout]                                at /rustc/df4ca44d3fbc9301ee17f30f4d474e6ae4b05252/library/std/src/panic.rs:358:14
[INFO] [stdout]   37:     0x603111c3991e - std::thread::Builder::spawn_unchecked_::{{closure}}::h8e141ea224820bce
[INFO] [stdout]                                at /rustc/df4ca44d3fbc9301ee17f30f4d474e6ae4b05252/library/std/src/thread/mod.rs:540:30
[INFO] [stdout]   38:     0x603111c3991e - core::ops::function::FnOnce::call_once{{vtable.shim}}::h90d312fedd7b8ea8
[INFO] [stdout]                                at /rustc/df4ca44d3fbc9301ee17f30f4d474e6ae4b05252/library/core/src/ops/function.rs:250:5
[INFO] [stdout]   39:     0x603111cbabfb - <alloc::boxed::Box<F,A> as core::ops::function::FnOnce<Args>>::call_once::h69aa08ddb6adb8b6
[INFO] [stdout]                                at /rustc/df4ca44d3fbc9301ee17f30f4d474e6ae4b05252/library/alloc/src/boxed.rs:2454:9
[INFO] [stdout]   40:     0x603111cbabfb - <alloc::boxed::Box<F,A> as core::ops::function::FnOnce<Args>>::call_once::h5aa36efdb79c806f
[INFO] [stdout]                                at /rustc/df4ca44d3fbc9301ee17f30f4d474e6ae4b05252/library/alloc/src/boxed.rs:2454:9
[INFO] [stdout]   41:     0x603111cbabfb - std::sys::pal::unix::thread::Thread::new::thread_start::h6cd80a1b4be5158d
[INFO] [stdout]                                at /rustc/df4ca44d3fbc9301ee17f30f4d474e6ae4b05252/library/std/src/sys/pal/unix/thread.rs:105:17
[INFO] [stdout]   42:     0x71e501b11ac3 - <unknown>
[INFO] [stdout]   43:     0x71e501ba2a04 - clone
[INFO] [stdout]   44:                0x0 - <unknown>
[INFO] [stdout] 
[INFO] [stdout] 
[INFO] [stdout] failures:
[INFO] [stdout]     fixed_size_vec::drops_all_objects_when_out_of_scope
[INFO] [stdout]     fixed_size_vec::drops_all_objects_with_clear
[INFO] [stdout] 
[INFO] [stdout] test result: FAILED. 14 passed; 2 failed; 0 ignored; 0 measured; 0 filtered out; finished in 0.05s
[INFO] [stdout] 
[INFO] [stderr] error: test failed, to rerun pass `--test vec_tests`
[INFO] running `Command { std: "docker" "inspect" "9980d764fbc09350dc65ee006643848fb6c97c6b30125a3b7723be64703c3c3b", kill_on_drop: false }`
[INFO] running `Command { std: "docker" "rm" "-f" "9980d764fbc09350dc65ee006643848fb6c97c6b30125a3b7723be64703c3c3b", kill_on_drop: false }`
[INFO] [stdout] 9980d764fbc09350dc65ee006643848fb6c97c6b30125a3b7723be64703c3c3b
