[INFO] fetching crate glim-tui 0.1.0...
[INFO] testing glim-tui-0.1.0 against nightly-2024-10-28+rustflags=-Zrandomize-layout for randomize-layout
[INFO] extracting crate glim-tui 0.1.0 into /workspace/builds/worker-2-tc2/source
[INFO] validating manifest of crates.io crate glim-tui 0.1.0 on toolchain nightly-2024-10-28
[INFO] running `Command { std: CARGO_HOME="/workspace/cargo-home" RUSTUP_HOME="/workspace/rustup-home" "/workspace/cargo-home/bin/cargo" "+nightly-2024-10-28" "metadata" "--manifest-path" "Cargo.toml" "--no-deps", kill_on_drop: false }`
[INFO] started tweaking crates.io crate glim-tui 0.1.0
[INFO] finished tweaking crates.io crate glim-tui 0.1.0
[INFO] tweaked toml for crates.io crate glim-tui 0.1.0 written to /workspace/builds/worker-2-tc2/source/Cargo.toml
[INFO] crate crates.io crate glim-tui 0.1.0 already has a lockfile, it will not be regenerated
[INFO] running `Command { std: CARGO_HOME="/workspace/cargo-home" RUSTUP_HOME="/workspace/rustup-home" "/workspace/cargo-home/bin/cargo" "+nightly-2024-10-28" "fetch" "--manifest-path" "Cargo.toml", kill_on_drop: false }`
[INFO] running `Command { std: "docker" "create" "-v" "/var/lib/crater-agent-workspace/builds/worker-2-tc2/target:/opt/rustwide/target:rw,Z" "-v" "/var/lib/crater-agent-workspace/builds/worker-2-tc2/source:/opt/rustwide/workdir:ro,Z" "-v" "/var/lib/crater-agent-workspace/cargo-home:/opt/rustwide/cargo-home:ro,Z" "-v" "/var/lib/crater-agent-workspace/rustup-home:/opt/rustwide/rustup-home:ro,Z" "-e" "SOURCE_DIR=/opt/rustwide/workdir" "-e" "CARGO_TARGET_DIR=/opt/rustwide/target" "-e" "CARGO_HOME=/opt/rustwide/cargo-home" "-e" "RUSTUP_HOME=/opt/rustwide/rustup-home" "-w" "/opt/rustwide/workdir" "-m" "1610612736" "--user" "0:0" "--network" "none" "ghcr.io/rust-lang/crates-build-env/linux@sha256:4a844ea9eb2546a2d2c7022eacef16ef2e8229c7fbb2c7d4d55a9ceca922f72d" "/opt/rustwide/cargo-home/bin/cargo" "+nightly-2024-10-28" "metadata" "--no-deps" "--format-version=1", kill_on_drop: false }`
[INFO] [stdout] ff76694f231512fca47e4517361c9b6d5570fd7dfb314733f63779ea4dcc82fd
[INFO] running `Command { std: "docker" "start" "-a" "ff76694f231512fca47e4517361c9b6d5570fd7dfb314733f63779ea4dcc82fd", kill_on_drop: false }`
[INFO] running `Command { std: "docker" "inspect" "ff76694f231512fca47e4517361c9b6d5570fd7dfb314733f63779ea4dcc82fd", kill_on_drop: false }`
[INFO] running `Command { std: "docker" "rm" "-f" "ff76694f231512fca47e4517361c9b6d5570fd7dfb314733f63779ea4dcc82fd", kill_on_drop: false }`
[INFO] [stdout] ff76694f231512fca47e4517361c9b6d5570fd7dfb314733f63779ea4dcc82fd
[INFO] running `Command { std: "docker" "create" "-v" "/var/lib/crater-agent-workspace/builds/worker-2-tc2/target:/opt/rustwide/target:rw,Z" "-v" "/var/lib/crater-agent-workspace/builds/worker-2-tc2/source:/opt/rustwide/workdir:ro,Z" "-v" "/var/lib/crater-agent-workspace/cargo-home:/opt/rustwide/cargo-home:ro,Z" "-v" "/var/lib/crater-agent-workspace/rustup-home:/opt/rustwide/rustup-home:ro,Z" "-e" "SOURCE_DIR=/opt/rustwide/workdir" "-e" "CARGO_TARGET_DIR=/opt/rustwide/target" "-e" "CARGO_INCREMENTAL=0" "-e" "RUST_BACKTRACE=full" "-e" "RUSTFLAGS=--cap-lints=forbid -Zrandomize-layout" "-e" "RUSTDOCFLAGS=--cap-lints=forbid" "-e" "CARGO_HOME=/opt/rustwide/cargo-home" "-e" "RUSTUP_HOME=/opt/rustwide/rustup-home" "-w" "/opt/rustwide/workdir" "-m" "1610612736" "--user" "0:0" "--network" "none" "ghcr.io/rust-lang/crates-build-env/linux@sha256:4a844ea9eb2546a2d2c7022eacef16ef2e8229c7fbb2c7d4d55a9ceca922f72d" "/opt/rustwide/cargo-home/bin/cargo" "+nightly-2024-10-28" "build" "--frozen" "--message-format=json", kill_on_drop: false }`
[INFO] [stdout] d8e0178d5f4bf20e9ca652bb6bb6a35a35ef4982773943656b9a4b15efb3944a
[INFO] running `Command { std: "docker" "start" "-a" "d8e0178d5f4bf20e9ca652bb6bb6a35a35ef4982773943656b9a4b15efb3944a", kill_on_drop: false }`
[INFO] [stderr]    Compiling proc-macro2 v1.0.86
[INFO] [stderr]    Compiling libc v0.2.159
[INFO] [stderr]    Compiling pkg-config v0.3.31
[INFO] [stderr]    Compiling bitflags v2.6.0
[INFO] [stderr]    Compiling smallvec v1.13.2
[INFO] [stderr]    Compiling rustix v0.38.37
[INFO] [stderr]    Compiling cc v1.1.25
[INFO] [stderr]    Compiling linux-raw-sys v0.4.14
[INFO] [stderr]    Compiling hashbrown v0.15.0
[INFO] [stderr]    Compiling pin-project-lite v0.2.14
[INFO] [stderr]    Compiling bytes v1.7.2
[INFO] [stderr]    Compiling serde v1.0.210
[INFO] [stderr]    Compiling rustversion v1.0.17
[INFO] [stderr]    Compiling futures-core v0.3.31
[INFO] [stderr]    Compiling quote v1.0.37
[INFO] [stderr]    Compiling indexmap v2.6.0
[INFO] [stderr]    Compiling syn v2.0.79
[INFO] [stderr]    Compiling wayland-sys v0.31.5
[INFO] [stderr]    Compiling libloading v0.8.5
[INFO] [stderr]    Compiling dlib v0.5.2
[INFO] [stderr]    Compiling http v1.1.0
[INFO] [stderr]    Compiling ryu v1.0.18
[INFO] [stderr]    Compiling openssl-sys v0.9.103
[INFO] [stderr]    Compiling wayland-backend v0.3.7
[INFO] [stderr]    Compiling signal-hook v0.3.17
[INFO] [stderr]    Compiling quick-xml v0.36.2
[INFO] [stderr]    Compiling futures-task v0.3.31
[INFO] [stderr]    Compiling scoped-tls v1.0.1
[INFO] [stderr]    Compiling mio v1.0.2
[INFO] [stderr]    Compiling socket2 v0.5.7
[INFO] [stderr]    Compiling signal-hook-registry v1.4.2
[INFO] [stderr]    Compiling parking_lot_core v0.9.10
[INFO] [stderr]    Compiling zerocopy v0.7.35
[INFO] [stderr]    Compiling httparse v1.9.5
[INFO] [stderr]    Compiling openssl v0.10.66
[INFO] [stderr]    Compiling wayland-client v0.31.6
[INFO] [stderr]    Compiling downcast-rs v1.2.1
[INFO] [stderr]    Compiling futures-util v0.3.31
[INFO] [stderr]    Compiling wayland-scanner v0.31.5
[INFO] [stderr]    Compiling ahash v0.8.11
[INFO] [stderr]    Compiling parking_lot v0.12.3
[INFO] [stderr]    Compiling http-body v1.0.1
[INFO] [stderr]    Compiling tracing v0.1.40
[INFO] [stderr]    Compiling native-tls v0.2.12
[INFO] [stderr]    Compiling either v1.13.0
[INFO] [stderr]    Compiling cfg_aliases v0.1.1
[INFO] [stderr]    Compiling try-lock v0.2.5
[INFO] [stderr]    Compiling thiserror v1.0.64
[INFO] [stderr]    Compiling want v0.3.1
[INFO] [stderr]    Compiling itertools v0.13.0
[INFO] [stderr]    Compiling hashbrown v0.14.5
[INFO] [stderr]    Compiling nix v0.28.0
[INFO] [stderr]    Compiling signal-hook-mio v0.2.4
[INFO] [stderr]    Compiling castaway v0.2.3
[INFO] [stderr]    Compiling futures-channel v0.3.31
[INFO] [stderr]    Compiling openssl-probe v0.1.5
[INFO] [stderr]    Compiling unicode-segmentation v1.12.0
[INFO] [stderr]    Compiling utf8parse v0.2.2
[INFO] [stderr]    Compiling minimal-lexical v0.2.1
[INFO] [stderr]    Compiling darling_core v0.20.10
[INFO] [stderr]    Compiling fixedbitset v0.4.2
[INFO] [stderr]    Compiling nom v7.1.3
[INFO] [stderr]    Compiling petgraph v0.6.5
[INFO] [stderr]    Compiling anstyle-parse v0.2.5
[INFO] [stderr]    Compiling compact_str v0.8.0
[INFO] [stderr]    Compiling lru v0.12.4
[INFO] [stderr]    Compiling unicode-truncate v1.1.0
[INFO] [stderr]    Compiling num-traits v0.2.19
[INFO] [stderr]    Compiling winnow v0.6.20
[INFO] [stderr]    Compiling crossterm v0.28.1
[INFO] [stderr]    Compiling tower-service v0.3.3
[INFO] [stderr]    Compiling option-ext v0.2.0
[INFO] [stderr]    Compiling cassowary v0.3.0
[INFO] [stderr]    Compiling anstyle v1.0.8
[INFO] [stderr]    Compiling serde_derive v1.0.210
[INFO] [stderr]    Compiling tokio-macros v2.4.0
[INFO] [stderr]    Compiling openssl-macros v0.1.1
[INFO] [stderr]    Compiling strum_macros v0.26.4
[INFO] [stderr]    Compiling thiserror-impl v1.0.64
[INFO] [stderr]    Compiling instability v0.3.2
[INFO] [stderr]    Compiling darling_macro v0.20.10
[INFO] [stderr]    Compiling tokio v1.40.0
[INFO] [stderr]    Compiling darling v0.20.10
[INFO] [stderr]    Compiling anstyle-query v1.1.1
[INFO] [stderr]    Compiling colorchoice v1.0.2
[INFO] [stderr]    Compiling is_terminal_polyfill v1.70.1
[INFO] [stderr]    Compiling wayland-protocols v0.31.2
[INFO] [stderr]    Compiling home v0.5.9
[INFO] [stderr]    Compiling tree_magic_mini v3.1.5
[INFO] [stderr]    Compiling anstream v0.6.15
[INFO] [stderr]    Compiling wayland-protocols-wlr v0.2.0
[INFO] [stderr]    Compiling tempfile v3.13.0
[INFO] [stderr]    Compiling bon-macros v2.3.0
[INFO] [stderr]    Compiling derive_builder_core v0.20.1
[INFO] [stderr]    Compiling strum v0.26.3
[INFO] [stderr]    Compiling ratatui v0.28.1
[INFO] [stderr]    Compiling derive-new v0.6.0
[INFO] [stderr]    Compiling dirs-sys v0.4.1
[INFO] [stderr]    Compiling http-body-util v0.1.2
[INFO] [stderr]    Compiling os_pipe v1.2.1
[INFO] [stderr]    Compiling is-docker v0.2.0
[INFO] [stderr]    Compiling serde_json v1.0.128
[INFO] [stderr]    Compiling x11rb-protocol v0.13.1
[INFO] [stderr]    Compiling clap_lex v0.7.2
[INFO] [stderr]    Compiling rustls-pki-types v1.9.0
[INFO] [stderr]    Compiling tokio-util v0.7.12
[INFO] [stderr]    Compiling tokio-native-tls v0.3.1
[INFO] [stderr]    Compiling rustls-pemfile v2.2.0
[INFO] [stderr]    Compiling wl-clipboard-rs v0.8.1
[INFO] [stderr]    Compiling clap_builder v4.5.19
[INFO] [stderr]    Compiling bon v2.3.0
[INFO] [stderr]    Compiling h2 v0.4.6
[INFO] [stderr]    Compiling is-wsl v0.4.0
[INFO] [stderr]    Compiling serde_spanned v0.6.8
[INFO] [stderr]    Compiling toml_datetime v0.6.8
[INFO] [stderr]    Compiling serde_urlencoded v0.7.1
[INFO] [stderr]    Compiling toml_edit v0.22.22
[INFO] [stderr]    Compiling derive_builder_macro v0.20.1
[INFO] [stderr]    Compiling directories v5.0.1
[INFO] [stderr]    Compiling clap_derive v4.5.18
[INFO] [stderr]    Compiling sync_wrapper v1.0.1
[INFO] [stderr]    Compiling encoding_rs v0.8.34
[INFO] [stderr]    Compiling pathdiff v0.2.1
[INFO] [stderr]    Compiling iana-time-zone v0.1.61
[INFO] [stderr]    Compiling base64 v0.22.1
[INFO] [stderr]    Compiling x11rb v0.13.1
[INFO] [stderr]    Compiling colorsys v0.6.7
[INFO] [stderr]    Compiling hyper v1.4.1
[INFO] [stderr]    Compiling toml v0.8.19
[INFO] [stderr]    Compiling simple-easing v1.0.1
[INFO] [stderr]    Compiling mime v0.3.17
[INFO] [stderr]    Compiling tachyonfx v0.7.0
[INFO] [stderr]    Compiling clap v4.5.19
[INFO] [stderr]    Compiling arboard v3.4.1
[INFO] [stdout] error[E0080]: evaluation of constant value failed
[INFO] [stdout]    --> /opt/rustwide/cargo-home/registry/src/index.crates.io-6f17d22bba15001f/tachyonfx-0.7.0/src/fx/mod.rs:901:17
[INFO] [stdout]     |
[INFO] [stdout] 901 |                 assert!(size_of::<$a>() == $b);
[INFO] [stdout]     |                 ^^^^^^^^^^^^^^^^^^^^^^^^^^^^^^ the evaluated program panicked at 'assertion failed: size_of::<EffectTimer>() == 12', /opt/rustwide/cargo-home/registry/src/index.crates.io-6f17d22bba15001f/tachyonfx-0.7.0/src/fx/mod.rs:906:5
[INFO] [stdout] ...
[INFO] [stdout] 906 |     verify_size!(EffectTimer,      12);
[INFO] [stdout]     |     ---------------------------------- in this macro invocation
[INFO] [stdout]     |
[INFO] [stdout]     = note: this error originates in the macro `assert` which comes from the expansion of the macro `verify_size` (in Nightly builds, run with -Z macro-backtrace for more info)
[INFO] [stdout] 
[INFO] [stdout] 
[INFO] [stdout] error[E0080]: evaluation of constant value failed
[INFO] [stdout]    --> /opt/rustwide/cargo-home/registry/src/index.crates.io-6f17d22bba15001f/tachyonfx-0.7.0/src/fx/mod.rs:901:17
[INFO] [stdout]     |
[INFO] [stdout] 901 |                 assert!(size_of::<$a>() == $b);
[INFO] [stdout]     |                 ^^^^^^^^^^^^^^^^^^^^^^^^^^^^^^ the evaluated program panicked at 'assertion failed: size_of::<Dissolve>() == 72', /opt/rustwide/cargo-home/registry/src/index.crates.io-6f17d22bba15001f/tachyonfx-0.7.0/src/fx/mod.rs:909:5
[INFO] [stdout] ...
[INFO] [stdout] 909 |     verify_size!(Dissolve,         72);
[INFO] [stdout]     |     ---------------------------------- in this macro invocation
[INFO] [stdout]     |
[INFO] [stdout]     = note: this error originates in the macro `assert` which comes from the expansion of the macro `verify_size` (in Nightly builds, run with -Z macro-backtrace for more info)
[INFO] [stdout] 
[INFO] [stdout] 
[INFO] [stdout] error[E0080]: evaluation of constant value failed
[INFO] [stdout]    --> /opt/rustwide/cargo-home/registry/src/index.crates.io-6f17d22bba15001f/tachyonfx-0.7.0/src/fx/mod.rs:901:17
[INFO] [stdout]     |
[INFO] [stdout] 901 |                 assert!(size_of::<$a>() == $b);
[INFO] [stdout]     |                 ^^^^^^^^^^^^^^^^^^^^^^^^^^^^^^ the evaluated program panicked at 'assertion failed: size_of::<FadeColors>() == 72', /opt/rustwide/cargo-home/registry/src/index.crates.io-6f17d22bba15001f/tachyonfx-0.7.0/src/fx/mod.rs:910:5
[INFO] [stdout] ...
[INFO] [stdout] 910 |     verify_size!(FadeColors,       72);
[INFO] [stdout]     |     ---------------------------------- in this macro invocation
[INFO] [stdout]     |
[INFO] [stdout]     = note: this error originates in the macro `assert` which comes from the expansion of the macro `verify_size` (in Nightly builds, run with -Z macro-backtrace for more info)
[INFO] [stdout] 
[INFO] [stdout] 
[INFO] [stdout] error[E0080]: evaluation of constant value failed
[INFO] [stdout]    --> /opt/rustwide/cargo-home/registry/src/index.crates.io-6f17d22bba15001f/tachyonfx-0.7.0/src/fx/mod.rs:901:17
[INFO] [stdout]     |
[INFO] [stdout] 901 |                 assert!(size_of::<$a>() == $b);
[INFO] [stdout]     |                 ^^^^^^^^^^^^^^^^^^^^^^^^^^^^^^ the evaluated program panicked at 'assertion failed: size_of::<Glitch>() == 104', /opt/rustwide/cargo-home/registry/src/index.crates.io-6f17d22bba15001f/tachyonfx-0.7.0/src/fx/mod.rs:911:5
[INFO] [stdout] ...
[INFO] [stdout] 911 |     verify_size!(Glitch,          104);
[INFO] [stdout]     |     ---------------------------------- in this macro invocation
[INFO] [stdout]     |
[INFO] [stdout]     = note: this error originates in the macro `assert` which comes from the expansion of the macro `verify_size` (in Nightly builds, run with -Z macro-backtrace for more info)
[INFO] [stdout] 
[INFO] [stdout] 
[INFO] [stdout] error[E0080]: evaluation of constant value failed
[INFO] [stdout]    --> /opt/rustwide/cargo-home/registry/src/index.crates.io-6f17d22bba15001f/tachyonfx-0.7.0/src/fx/mod.rs:901:17
[INFO] [stdout]     |
[INFO] [stdout] 901 |                 assert!(size_of::<$a>() == $b);
[INFO] [stdout]     |                 ^^^^^^^^^^^^^^^^^^^^^^^^^^^^^^ the evaluated program panicked at 'assertion failed: size_of::<HslShift>() == 96', /opt/rustwide/cargo-home/registry/src/index.crates.io-6f17d22bba15001f/tachyonfx-0.7.0/src/fx/mod.rs:912:5
[INFO] [stdout] ...
[INFO] [stdout] 912 |     verify_size!(HslShift,         96);
[INFO] [stdout]     |     ---------------------------------- in this macro invocation
[INFO] [stdout]     |
[INFO] [stdout]     = note: this error originates in the macro `assert` which comes from the expansion of the macro `verify_size` (in Nightly builds, run with -Z macro-backtrace for more info)
[INFO] [stdout] 
[INFO] [stdout] 
[INFO] [stdout] error[E0080]: evaluation of constant value failed
[INFO] [stdout]    --> /opt/rustwide/cargo-home/registry/src/index.crates.io-6f17d22bba15001f/tachyonfx-0.7.0/src/fx/mod.rs:901:17
[INFO] [stdout]     |
[INFO] [stdout] 901 |                 assert!(size_of::<$a>() == $b);
[INFO] [stdout]     |                 ^^^^^^^^^^^^^^^^^^^^^^^^^^^^^^ the evaluated program panicked at 'assertion failed: size_of::<PingPong>() == 64', /opt/rustwide/cargo-home/registry/src/index.crates.io-6f17d22bba15001f/tachyonfx-0.7.0/src/fx/mod.rs:916:5
[INFO] [stdout] ...
[INFO] [stdout] 916 |     verify_size!(PingPong,         64);
[INFO] [stdout]     |     ---------------------------------- in this macro invocation
[INFO] [stdout]     |
[INFO] [stdout]     = note: this error originates in the macro `assert` which comes from the expansion of the macro `verify_size` (in Nightly builds, run with -Z macro-backtrace for more info)
[INFO] [stdout] 
[INFO] [stdout] 
[INFO] [stdout] error[E0080]: evaluation of constant value failed
[INFO] [stdout]    --> /opt/rustwide/cargo-home/registry/src/index.crates.io-6f17d22bba15001f/tachyonfx-0.7.0/src/fx/mod.rs:901:17
[INFO] [stdout]     |
[INFO] [stdout] 901 |                 assert!(size_of::<$a>() == $b);
[INFO] [stdout]     |                 ^^^^^^^^^^^^^^^^^^^^^^^^^^^^^^ the evaluated program panicked at 'assertion failed: size_of::<Prolong>() == 32', /opt/rustwide/cargo-home/registry/src/index.crates.io-6f17d22bba15001f/tachyonfx-0.7.0/src/fx/mod.rs:917:5
[INFO] [stdout] ...
[INFO] [stdout] 917 |     verify_size!(Prolong,          32);
[INFO] [stdout]     |     ---------------------------------- in this macro invocation
[INFO] [stdout]     |
[INFO] [stdout]     = note: this error originates in the macro `assert` which comes from the expansion of the macro `verify_size` (in Nightly builds, run with -Z macro-backtrace for more info)
[INFO] [stdout] 
[INFO] [stdout] 
[INFO] [stdout] error[E0080]: evaluation of constant value failed
[INFO] [stdout]    --> /opt/rustwide/cargo-home/registry/src/index.crates.io-6f17d22bba15001f/tachyonfx-0.7.0/src/fx/mod.rs:901:17
[INFO] [stdout]     |
[INFO] [stdout] 901 |                 assert!(size_of::<$a>() == $b);
[INFO] [stdout]     |                 ^^^^^^^^^^^^^^^^^^^^^^^^^^^^^^ the evaluated program panicked at 'assertion failed: size_of::<ResizeArea>() == 56', /opt/rustwide/cargo-home/registry/src/index.crates.io-6f17d22bba15001f/tachyonfx-0.7.0/src/fx/mod.rs:919:5
[INFO] [stdout] ...
[INFO] [stdout] 919 |     verify_size!(ResizeArea,       56);
[INFO] [stdout]     |     ---------------------------------- in this macro invocation
[INFO] [stdout]     |
[INFO] [stdout]     = note: this error originates in the macro `assert` which comes from the expansion of the macro `verify_size` (in Nightly builds, run with -Z macro-backtrace for more info)
[INFO] [stdout] 
[INFO] [stdout] 
[INFO] [stdout] error[E0080]: evaluation of constant value failed
[INFO] [stdout]    --> /opt/rustwide/cargo-home/registry/src/index.crates.io-6f17d22bba15001f/tachyonfx-0.7.0/src/fx/mod.rs:901:17
[INFO] [stdout]     |
[INFO] [stdout] 901 |                 assert!(size_of::<$a>() == $b);
[INFO] [stdout]     |                 ^^^^^^^^^^^^^^^^^^^^^^^^^^^^^^ the evaluated program panicked at 'assertion failed: size_of::<ShaderFn<()>>() == 104', /opt/rustwide/cargo-home/registry/src/index.crates.io-6f17d22bba15001f/tachyonfx-0.7.0/src/fx/mod.rs:921:5
[INFO] [stdout] ...
[INFO] [stdout] 921 |     verify_size!(ShaderFn<()>,    104);
[INFO] [stdout]     |     ---------------------------------- in this macro invocation
[INFO] [stdout]     |
[INFO] [stdout]     = note: this error originates in the macro `assert` which comes from the expansion of the macro `verify_size` (in Nightly builds, run with -Z macro-backtrace for more info)
[INFO] [stdout] 
[INFO] [stdout] 
[INFO] [stdout] error[E0080]: evaluation of constant value failed
[INFO] [stdout]    --> /opt/rustwide/cargo-home/registry/src/index.crates.io-6f17d22bba15001f/tachyonfx-0.7.0/src/fx/mod.rs:901:17
[INFO] [stdout]     |
[INFO] [stdout] 901 |                 assert!(size_of::<$a>() == $b);
[INFO] [stdout]     |                 ^^^^^^^^^^^^^^^^^^^^^^^^^^^^^^ the evaluated program panicked at 'assertion failed: size_of::<Sleep>() == 12', /opt/rustwide/cargo-home/registry/src/index.crates.io-6f17d22bba15001f/tachyonfx-0.7.0/src/fx/mod.rs:922:5
[INFO] [stdout] ...
[INFO] [stdout] 922 |     verify_size!(Sleep,            12);
[INFO] [stdout]     |     ---------------------------------- in this macro invocation
[INFO] [stdout]     |
[INFO] [stdout]     = note: this error originates in the macro `assert` which comes from the expansion of the macro `verify_size` (in Nightly builds, run with -Z macro-backtrace for more info)
[INFO] [stdout] 
[INFO] [stdout] 
[INFO] [stdout] error[E0080]: evaluation of constant value failed
[INFO] [stdout]    --> /opt/rustwide/cargo-home/registry/src/index.crates.io-6f17d22bba15001f/tachyonfx-0.7.0/src/fx/mod.rs:901:17
[INFO] [stdout]     |
[INFO] [stdout] 901 |                 assert!(size_of::<$a>() == $b);
[INFO] [stdout]     |                 ^^^^^^^^^^^^^^^^^^^^^^^^^^^^^^ the evaluated program panicked at 'assertion failed: size_of::<SlideCell>() == 72', /opt/rustwide/cargo-home/registry/src/index.crates.io-6f17d22bba15001f/tachyonfx-0.7.0/src/fx/mod.rs:923:5
[INFO] [stdout] ...
[INFO] [stdout] 923 |     verify_size!(SlideCell,        72);
[INFO] [stdout]     |     ---------------------------------- in this macro invocation
[INFO] [stdout]     |
[INFO] [stdout]     = note: this error originates in the macro `assert` which comes from the expansion of the macro `verify_size` (in Nightly builds, run with -Z macro-backtrace for more info)
[INFO] [stdout] 
[INFO] [stdout] 
[INFO] [stdout] error[E0080]: evaluation of constant value failed
[INFO] [stdout]    --> /opt/rustwide/cargo-home/registry/src/index.crates.io-6f17d22bba15001f/tachyonfx-0.7.0/src/fx/mod.rs:901:17
[INFO] [stdout]     |
[INFO] [stdout] 901 |                 assert!(size_of::<$a>() == $b);
[INFO] [stdout]     |                 ^^^^^^^^^^^^^^^^^^^^^^^^^^^^^^ the evaluated program panicked at 'assertion failed: size_of::<SweepIn>() == 72', /opt/rustwide/cargo-home/registry/src/index.crates.io-6f17d22bba15001f/tachyonfx-0.7.0/src/fx/mod.rs:924:5
[INFO] [stdout] ...
[INFO] [stdout] 924 |     verify_size!(SweepIn,          72);
[INFO] [stdout]     |     ---------------------------------- in this macro invocation
[INFO] [stdout]     |
[INFO] [stdout]     = note: this error originates in the macro `assert` which comes from the expansion of the macro `verify_size` (in Nightly builds, run with -Z macro-backtrace for more info)
[INFO] [stdout] 
[INFO] [stdout] 
[INFO] [stderr]    Compiling hyper-util v0.1.9
[INFO] [stderr]    Compiling confy v0.6.1
[INFO] [stderr]    Compiling chrono v0.4.38
[INFO] [stdout] For more information about this error, try `rustc --explain E0080`.
[INFO] [stdout] 
[INFO] [stderr] error: could not compile `tachyonfx` (lib) due to 12 previous errors
[INFO] [stderr] warning: build failed, waiting for other jobs to finish...
[INFO] running `Command { std: "docker" "inspect" "d8e0178d5f4bf20e9ca652bb6bb6a35a35ef4982773943656b9a4b15efb3944a", kill_on_drop: false }`
[INFO] running `Command { std: "docker" "rm" "-f" "d8e0178d5f4bf20e9ca652bb6bb6a35a35ef4982773943656b9a4b15efb3944a", kill_on_drop: false }`
[INFO] [stdout] d8e0178d5f4bf20e9ca652bb6bb6a35a35ef4982773943656b9a4b15efb3944a
