[INFO] fetching crate flax 0.7.1...
[INFO] testing flax-0.7.1 against nightly-2024-10-28+rustflags=-Zrandomize-layout for randomize-layout
[INFO] extracting crate flax 0.7.1 into /workspace/builds/worker-3-tc2/source
[INFO] validating manifest of crates.io crate flax 0.7.1 on toolchain nightly-2024-10-28
[INFO] running `Command { std: CARGO_HOME="/workspace/cargo-home" RUSTUP_HOME="/workspace/rustup-home" "/workspace/cargo-home/bin/cargo" "+nightly-2024-10-28" "metadata" "--manifest-path" "Cargo.toml" "--no-deps", kill_on_drop: false }`
[INFO] started tweaking crates.io crate flax 0.7.1
[INFO] removed 0 missing examples
[INFO] finished tweaking crates.io crate flax 0.7.1
[INFO] tweaked toml for crates.io crate flax 0.7.1 written to /workspace/builds/worker-3-tc2/source/Cargo.toml
[INFO] crate crates.io crate flax 0.7.1 already has a lockfile, it will not be regenerated
[INFO] running `Command { std: CARGO_HOME="/workspace/cargo-home" RUSTUP_HOME="/workspace/rustup-home" "/workspace/cargo-home/bin/cargo" "+nightly-2024-10-28" "fetch" "--manifest-path" "Cargo.toml", kill_on_drop: false }`
[INFO] running `Command { std: "docker" "create" "-v" "/var/lib/crater-agent-workspace/builds/worker-3-tc2/target:/opt/rustwide/target:rw,Z" "-v" "/var/lib/crater-agent-workspace/builds/worker-3-tc2/source:/opt/rustwide/workdir:ro,Z" "-v" "/var/lib/crater-agent-workspace/cargo-home:/opt/rustwide/cargo-home:ro,Z" "-v" "/var/lib/crater-agent-workspace/rustup-home:/opt/rustwide/rustup-home:ro,Z" "-e" "SOURCE_DIR=/opt/rustwide/workdir" "-e" "CARGO_TARGET_DIR=/opt/rustwide/target" "-e" "CARGO_HOME=/opt/rustwide/cargo-home" "-e" "RUSTUP_HOME=/opt/rustwide/rustup-home" "-w" "/opt/rustwide/workdir" "-m" "1610612736" "--user" "0:0" "--network" "none" "ghcr.io/rust-lang/crates-build-env/linux@sha256:4a844ea9eb2546a2d2c7022eacef16ef2e8229c7fbb2c7d4d55a9ceca922f72d" "/opt/rustwide/cargo-home/bin/cargo" "+nightly-2024-10-28" "metadata" "--no-deps" "--format-version=1", kill_on_drop: false }`
[INFO] [stdout] 459d644e297e0ac84a0ad47f03e2247874b0f332a84b388997929614adf52ffd
[INFO] running `Command { std: "docker" "start" "-a" "459d644e297e0ac84a0ad47f03e2247874b0f332a84b388997929614adf52ffd", kill_on_drop: false }`
[INFO] running `Command { std: "docker" "inspect" "459d644e297e0ac84a0ad47f03e2247874b0f332a84b388997929614adf52ffd", kill_on_drop: false }`
[INFO] running `Command { std: "docker" "rm" "-f" "459d644e297e0ac84a0ad47f03e2247874b0f332a84b388997929614adf52ffd", kill_on_drop: false }`
[INFO] [stdout] 459d644e297e0ac84a0ad47f03e2247874b0f332a84b388997929614adf52ffd
[INFO] running `Command { std: "docker" "create" "-v" "/var/lib/crater-agent-workspace/builds/worker-3-tc2/target:/opt/rustwide/target:rw,Z" "-v" "/var/lib/crater-agent-workspace/builds/worker-3-tc2/source:/opt/rustwide/workdir:ro,Z" "-v" "/var/lib/crater-agent-workspace/cargo-home:/opt/rustwide/cargo-home:ro,Z" "-v" "/var/lib/crater-agent-workspace/rustup-home:/opt/rustwide/rustup-home:ro,Z" "-e" "SOURCE_DIR=/opt/rustwide/workdir" "-e" "CARGO_TARGET_DIR=/opt/rustwide/target" "-e" "CARGO_INCREMENTAL=0" "-e" "RUST_BACKTRACE=full" "-e" "RUSTFLAGS=--cap-lints=forbid -Zrandomize-layout" "-e" "RUSTDOCFLAGS=--cap-lints=forbid" "-e" "CARGO_HOME=/opt/rustwide/cargo-home" "-e" "RUSTUP_HOME=/opt/rustwide/rustup-home" "-w" "/opt/rustwide/workdir" "-m" "1610612736" "--user" "0:0" "--network" "none" "ghcr.io/rust-lang/crates-build-env/linux@sha256:4a844ea9eb2546a2d2c7022eacef16ef2e8229c7fbb2c7d4d55a9ceca922f72d" "/opt/rustwide/cargo-home/bin/cargo" "+nightly-2024-10-28" "build" "--frozen" "--message-format=json", kill_on_drop: false }`
[INFO] [stdout] 2c667c44ed67df009677296081be84911598ca11a0c8743e285112b7e87b99b0
[INFO] running `Command { std: "docker" "start" "-a" "2c667c44ed67df009677296081be84911598ca11a0c8743e285112b7e87b99b0", kill_on_drop: false }`
[INFO] [stderr]    Compiling autocfg v1.1.0
[INFO] [stderr]    Compiling scopeguard v1.2.0
[INFO] [stderr]    Compiling crossbeam-utils v0.8.16
[INFO] [stderr]    Compiling cfg-if v1.0.0
[INFO] [stderr]    Compiling rayon-core v1.12.0
[INFO] [stderr]    Compiling minimal-lexical v0.2.1
[INFO] [stderr]    Compiling anyhow v1.0.75
[INFO] [stderr]    Compiling either v1.9.0
[INFO] [stderr]    Compiling memchr v2.6.4
[INFO] [stderr]    Compiling smallvec v1.11.1
[INFO] [stderr]    Compiling itertools v0.12.1
[INFO] [stderr]    Compiling atomic_refcell v0.1.13
[INFO] [stderr]    Compiling bitflags v2.4.1
[INFO] [stderr]    Compiling once_cell v1.18.0
[INFO] [stderr]    Compiling memoffset v0.9.0
[INFO] [stderr]    Compiling crossbeam-epoch v0.9.15
[INFO] [stderr]    Compiling lock_api v0.4.11
[INFO] [stderr]    Compiling nom v7.1.3
[INFO] [stderr]    Compiling spin v0.9.8
[INFO] [stderr]    Compiling crossbeam-deque v0.8.3
[INFO] [stderr]    Compiling flume v0.11.0
[INFO] [stderr]    Compiling rayon v1.8.0
[INFO] [stderr]    Compiling tynm v0.1.9
[INFO] [stderr]    Compiling flax v0.7.1 (/opt/rustwide/workdir)
[INFO] [stdout] warning: elided lifetime has a name
[INFO] [stdout]   --> src/query/walk.rs:67:69
[INFO] [stdout]    |
[INFO] [stdout] 67 |     pub fn borrow<'w>(&'w mut self, world: &'w World) -> GraphBorrow<Q, F> {
[INFO] [stdout]    |                   -- lifetime `'w` declared here                    ^ this elided lifetime gets resolved as `'w`
[INFO] [stdout]    |
[INFO] [stdout]    = note: `#[warn(elided_named_lifetimes)]` on by default
[INFO] [stdout] 
[INFO] [stdout] 
[INFO] [stdout] warning: struct `FormatWith` is never constructed
[INFO] [stdout]    --> src/system/mod.rs:305:8
[INFO] [stdout]     |
[INFO] [stdout] 305 | struct FormatWith<F> {
[INFO] [stdout]     |        ^^^^^^^^^^
[INFO] [stdout]     |
[INFO] [stdout]     = note: `#[warn(dead_code)]` on by default
[INFO] [stdout] 
[INFO] [stdout] 
[INFO] [stdout] warning: struct `ComponentName` is never constructed
[INFO] [stdout]    --> src/format.rs:127:8
[INFO] [stdout]     |
[INFO] [stdout] 127 | struct ComponentName {
[INFO] [stdout]     |        ^^^^^^^^^^^^^
[INFO] [stdout] 
[INFO] [stdout] 
[INFO] [stdout] warning: struct `BatchesWithId` is never constructed
[INFO] [stdout]   --> src/query/borrow.rs:82:8
[INFO] [stdout]    |
[INFO] [stdout] 82 | struct BatchesWithId<'q, Q: PreparedFetch<'q>, F> {
[INFO] [stdout]    |        ^^^^^^^^^^^^^
[INFO] [stdout] 
[INFO] [stdout] 
[INFO] [stdout] warning: trait `MigrateEntity` is never used
[INFO] [stdout]    --> src/writer.rs:179:25
[INFO] [stdout]     |
[INFO] [stdout] 179 | pub(crate) unsafe trait MigrateEntity {
[INFO] [stdout]     |                         ^^^^^^^^^^^^^
[INFO] [stdout] 
[INFO] [stdout] 
[INFO] [stderr]     Finished `dev` profile [unoptimized + debuginfo] target(s) in 6.80s
[INFO] running `Command { std: "docker" "inspect" "2c667c44ed67df009677296081be84911598ca11a0c8743e285112b7e87b99b0", kill_on_drop: false }`
[INFO] running `Command { std: "docker" "rm" "-f" "2c667c44ed67df009677296081be84911598ca11a0c8743e285112b7e87b99b0", kill_on_drop: false }`
[INFO] [stdout] 2c667c44ed67df009677296081be84911598ca11a0c8743e285112b7e87b99b0
[INFO] running `Command { std: "docker" "create" "-v" "/var/lib/crater-agent-workspace/builds/worker-3-tc2/target:/opt/rustwide/target:rw,Z" "-v" "/var/lib/crater-agent-workspace/builds/worker-3-tc2/source:/opt/rustwide/workdir:ro,Z" "-v" "/var/lib/crater-agent-workspace/cargo-home:/opt/rustwide/cargo-home:ro,Z" "-v" "/var/lib/crater-agent-workspace/rustup-home:/opt/rustwide/rustup-home:ro,Z" "-e" "SOURCE_DIR=/opt/rustwide/workdir" "-e" "CARGO_TARGET_DIR=/opt/rustwide/target" "-e" "CARGO_INCREMENTAL=0" "-e" "RUST_BACKTRACE=full" "-e" "RUSTFLAGS=--cap-lints=forbid -Zrandomize-layout" "-e" "RUSTDOCFLAGS=--cap-lints=forbid" "-e" "CARGO_HOME=/opt/rustwide/cargo-home" "-e" "RUSTUP_HOME=/opt/rustwide/rustup-home" "-w" "/opt/rustwide/workdir" "-m" "1610612736" "--user" "0:0" "--network" "none" "ghcr.io/rust-lang/crates-build-env/linux@sha256:4a844ea9eb2546a2d2c7022eacef16ef2e8229c7fbb2c7d4d55a9ceca922f72d" "/opt/rustwide/cargo-home/bin/cargo" "+nightly-2024-10-28" "test" "--frozen" "--no-run" "--message-format=json", kill_on_drop: false }`
[INFO] [stdout] 2d931756ef8cf16dc2e8b7a19dc6b1aea36959e7257bc4fc1e4a63b136255cd2
[INFO] running `Command { std: "docker" "start" "-a" "2d931756ef8cf16dc2e8b7a19dc6b1aea36959e7257bc4fc1e4a63b136255cd2", kill_on_drop: false }`
[INFO] [stderr]    Compiling proc-macro2 v1.0.69
[INFO] [stderr]    Compiling unicode-ident v1.0.12
[INFO] [stderr]    Compiling serde v1.0.190
[INFO] [stderr]    Compiling libc v0.2.149
[INFO] [stderr]    Compiling pin-project-lite v0.2.13
[INFO] [stderr]    Compiling futures-core v0.3.29
[INFO] [stderr]    Compiling memchr v2.6.4
[INFO] [stderr]    Compiling tracing-core v0.1.32
[INFO] [stderr]    Compiling slab v0.4.9
[INFO] [stderr]    Compiling futures-task v0.3.29
[INFO] [stderr]    Compiling regex-syntax v0.8.2
[INFO] [stderr]    Compiling futures-channel v0.3.29
[INFO] [stderr]    Compiling num-traits v0.2.17
[INFO] [stderr]    Compiling log v0.4.20
[INFO] [stderr]    Compiling serde_json v1.0.107
[INFO] [stderr]    Compiling futures-util v0.3.29
[INFO] [stderr]    Compiling futures-sink v0.3.29
[INFO] [stderr]    Compiling regex-syntax v0.6.29
[INFO] [stderr]    Compiling quote v1.0.33
[INFO] [stderr]    Compiling half v1.8.2
[INFO] [stderr]    Compiling lazy_static v1.4.0
[INFO] [stderr]    Compiling plotters-backend v0.3.5
[INFO] [stderr]    Compiling anstyle v1.0.6
[INFO] [stderr]    Compiling syn v2.0.38
[INFO] [stderr]    Compiling getrandom v0.2.10
[INFO] [stderr]    Compiling ciborium-io v0.2.1
[INFO] [stderr]    Compiling itoa v1.0.9
[INFO] [stderr]    Compiling pin-utils v0.1.0
[INFO] [stderr]    Compiling overload v0.1.1
[INFO] [stderr]    Compiling futures-io v0.3.29
[INFO] [stderr]    Compiling clap_lex v0.7.0
[INFO] [stderr]    Compiling rand_core v0.6.4
[INFO] [stderr]    Compiling ppv-lite86 v0.2.17
[INFO] [stderr]    Compiling ryu v1.0.15
[INFO] [stderr]    Compiling nu-ansi-term v0.46.0
[INFO] [stderr]    Compiling clap_builder v4.5.2
[INFO] [stderr]    Compiling plotters-svg v0.3.5
[INFO] [stderr]    Compiling ciborium-ll v0.2.1
[INFO] [stderr]    Compiling regex-automata v0.4.3
[INFO] [stderr]    Compiling rand_chacha v0.3.1
[INFO] [stderr]    Compiling nom v7.1.3
[INFO] [stderr]    Compiling sharded-slab v0.1.7
[INFO] [stderr]    Compiling regex-automata v0.1.10
[INFO] [stderr]    Compiling tracing-log v0.1.4
[INFO] [stderr]    Compiling itertools v0.10.5
[INFO] [stderr]    Compiling thread_local v1.1.7
[INFO] [stderr]    Compiling same-file v1.0.6
[INFO] [stderr]    Compiling cast v0.3.0
[INFO] [stderr]    Compiling regex v1.10.2
[INFO] [stderr]    Compiling matchers v0.1.0
[INFO] [stderr]    Compiling walkdir v2.4.0
[INFO] [stderr]    Compiling clap v4.5.3
[INFO] [stderr]    Compiling tynm v0.1.9
[INFO] [stderr]    Compiling plotters v0.3.5
[INFO] [stderr]    Compiling rand v0.8.5
[INFO] [stderr]    Compiling criterion-plot v0.5.0
[INFO] [stderr]    Compiling is-terminal v0.4.12
[INFO] [stderr]    Compiling tracing-log v0.2.0
[INFO] [stderr]    Compiling oorandom v11.1.3
[INFO] [stderr]    Compiling yansi v0.5.1
[INFO] [stderr]    Compiling anes v0.1.6
[INFO] [stderr]    Compiling nu-ansi-term v0.49.0
[INFO] [stderr]    Compiling diff v0.1.13
[INFO] [stderr]    Compiling base64 v0.21.5
[INFO] [stderr]    Compiling pretty_assertions v1.4.0
[INFO] [stderr]    Compiling serde_derive v1.0.190
[INFO] [stderr]    Compiling tracing-attributes v0.1.27
[INFO] [stderr]    Compiling futures-macro v0.3.29
[INFO] [stderr]    Compiling tokio-macros v2.1.0
[INFO] [stderr]    Compiling tokio v1.33.0
[INFO] [stderr]    Compiling tracing v0.1.40
[INFO] [stderr]    Compiling tracing-subscriber v0.3.17
[INFO] [stderr]    Compiling tracing-tree v0.3.0
[INFO] [stderr]    Compiling futures-executor v0.3.29
[INFO] [stderr]    Compiling futures v0.3.29
[INFO] [stderr]    Compiling bitflags v2.4.1
[INFO] [stderr]    Compiling ciborium v0.2.1
[INFO] [stderr]    Compiling bincode v1.3.3
[INFO] [stderr]    Compiling glam v0.27.0
[INFO] [stderr]    Compiling ron v0.8.1
[INFO] [stderr]    Compiling flax v0.7.1 (/opt/rustwide/workdir)
[INFO] [stdout] warning: elided lifetime has a name
[INFO] [stdout]   --> src/query/walk.rs:67:69
[INFO] [stdout]    |
[INFO] [stdout] 67 |     pub fn borrow<'w>(&'w mut self, world: &'w World) -> GraphBorrow<Q, F> {
[INFO] [stdout]    |                   -- lifetime `'w` declared here                    ^ this elided lifetime gets resolved as `'w`
[INFO] [stdout]    |
[INFO] [stdout]    = note: `#[warn(elided_named_lifetimes)]` on by default
[INFO] [stdout] 
[INFO] [stdout] 
[INFO] [stderr]    Compiling tinytemplate v1.2.1
[INFO] [stderr]    Compiling criterion v0.5.1
[INFO] [stdout] warning: struct `FormatWith` is never constructed
[INFO] [stdout]    --> src/system/mod.rs:305:8
[INFO] [stdout]     |
[INFO] [stdout] 305 | struct FormatWith<F> {
[INFO] [stdout]     |        ^^^^^^^^^^
[INFO] [stdout]     |
[INFO] [stdout]     = note: `#[warn(dead_code)]` on by default
[INFO] [stdout] 
[INFO] [stdout] 
[INFO] [stdout] warning: struct `ComponentName` is never constructed
[INFO] [stdout]    --> src/format.rs:127:8
[INFO] [stdout]     |
[INFO] [stdout] 127 | struct ComponentName {
[INFO] [stdout]     |        ^^^^^^^^^^^^^
[INFO] [stdout] 
[INFO] [stdout] 
[INFO] [stdout] warning: struct `BatchesWithId` is never constructed
[INFO] [stdout]   --> src/query/borrow.rs:82:8
[INFO] [stdout]    |
[INFO] [stdout] 82 | struct BatchesWithId<'q, Q: PreparedFetch<'q>, F> {
[INFO] [stdout]    |        ^^^^^^^^^^^^^
[INFO] [stdout] 
[INFO] [stdout] 
[INFO] [stdout] warning: trait `MigrateEntity` is never used
[INFO] [stdout]    --> src/writer.rs:179:25
[INFO] [stdout]     |
[INFO] [stdout] 179 | pub(crate) unsafe trait MigrateEntity {
[INFO] [stdout]     |                         ^^^^^^^^^^^^^
[INFO] [stdout] 
[INFO] [stdout] 
[INFO] [stdout] warning: elided lifetime has a name
[INFO] [stdout]   --> src/query/walk.rs:67:69
[INFO] [stdout]    |
[INFO] [stdout] 67 |     pub fn borrow<'w>(&'w mut self, world: &'w World) -> GraphBorrow<Q, F> {
[INFO] [stdout]    |                   -- lifetime `'w` declared here                    ^ this elided lifetime gets resolved as `'w`
[INFO] [stdout]    |
[INFO] [stdout]    = note: `#[warn(elided_named_lifetimes)]` on by default
[INFO] [stdout] 
[INFO] [stdout] 
[INFO] [stdout] warning: struct `FormatWith` is never constructed
[INFO] [stdout]    --> src/system/mod.rs:305:8
[INFO] [stdout]     |
[INFO] [stdout] 305 | struct FormatWith<F> {
[INFO] [stdout]     |        ^^^^^^^^^^
[INFO] [stdout]     |
[INFO] [stdout]     = note: `#[warn(dead_code)]` on by default
[INFO] [stdout] 
[INFO] [stdout] 
[INFO] [stdout] warning: struct `ComponentName` is never constructed
[INFO] [stdout]    --> src/format.rs:127:8
[INFO] [stdout]     |
[INFO] [stdout] 127 | struct ComponentName {
[INFO] [stdout]     |        ^^^^^^^^^^^^^
[INFO] [stdout] 
[INFO] [stdout] 
[INFO] [stdout] warning: struct `BatchesWithId` is never constructed
[INFO] [stdout]   --> src/query/borrow.rs:82:8
[INFO] [stdout]    |
[INFO] [stdout] 82 | struct BatchesWithId<'q, Q: PreparedFetch<'q>, F> {
[INFO] [stdout]    |        ^^^^^^^^^^^^^
[INFO] [stdout] 
[INFO] [stdout] 
[INFO] [stdout] warning: trait `MigrateEntity` is never used
[INFO] [stdout]    --> src/writer.rs:179:25
[INFO] [stdout]     |
[INFO] [stdout] 179 | pub(crate) unsafe trait MigrateEntity {
[INFO] [stdout]     |                         ^^^^^^^^^^^^^
[INFO] [stdout] 
[INFO] [stdout] 
[INFO] [stderr]     Finished `test` profile [unoptimized + debuginfo] target(s) in 29.67s
[INFO] running `Command { std: "docker" "inspect" "2d931756ef8cf16dc2e8b7a19dc6b1aea36959e7257bc4fc1e4a63b136255cd2", kill_on_drop: false }`
[INFO] running `Command { std: "docker" "rm" "-f" "2d931756ef8cf16dc2e8b7a19dc6b1aea36959e7257bc4fc1e4a63b136255cd2", kill_on_drop: false }`
[INFO] [stdout] 2d931756ef8cf16dc2e8b7a19dc6b1aea36959e7257bc4fc1e4a63b136255cd2
[INFO] running `Command { std: "docker" "create" "-v" "/var/lib/crater-agent-workspace/builds/worker-3-tc2/target:/opt/rustwide/target:rw,Z" "-v" "/var/lib/crater-agent-workspace/builds/worker-3-tc2/source:/opt/rustwide/workdir:ro,Z" "-v" "/var/lib/crater-agent-workspace/cargo-home:/opt/rustwide/cargo-home:ro,Z" "-v" "/var/lib/crater-agent-workspace/rustup-home:/opt/rustwide/rustup-home:ro,Z" "-e" "SOURCE_DIR=/opt/rustwide/workdir" "-e" "CARGO_TARGET_DIR=/opt/rustwide/target" "-e" "CARGO_INCREMENTAL=0" "-e" "RUST_BACKTRACE=full" "-e" "RUSTFLAGS=--cap-lints=forbid -Zrandomize-layout" "-e" "RUSTDOCFLAGS=--cap-lints=forbid" "-e" "CARGO_HOME=/opt/rustwide/cargo-home" "-e" "RUSTUP_HOME=/opt/rustwide/rustup-home" "-w" "/opt/rustwide/workdir" "-m" "1610612736" "--user" "0:0" "--network" "none" "ghcr.io/rust-lang/crates-build-env/linux@sha256:4a844ea9eb2546a2d2c7022eacef16ef2e8229c7fbb2c7d4d55a9ceca922f72d" "/opt/rustwide/cargo-home/bin/cargo" "+nightly-2024-10-28" "test" "--frozen", kill_on_drop: false }`
[INFO] [stdout] 7f73e16eeffe926450fe94386a096b58c13ab1a1acedd374b0b06c0bc9a07843
[INFO] running `Command { std: "docker" "start" "-a" "7f73e16eeffe926450fe94386a096b58c13ab1a1acedd374b0b06c0bc9a07843", kill_on_drop: false }`
[INFO] [stderr] warning: elided lifetime has a name
[INFO] [stderr]   --> src/query/walk.rs:67:69
[INFO] [stderr]    |
[INFO] [stderr] 67 |     pub fn borrow<'w>(&'w mut self, world: &'w World) -> GraphBorrow<Q, F> {
[INFO] [stderr]    |                   -- lifetime `'w` declared here                    ^ this elided lifetime gets resolved as `'w`
[INFO] [stderr]    |
[INFO] [stderr]    = note: `#[warn(elided_named_lifetimes)]` on by default
[INFO] [stderr] 
[INFO] [stderr] warning: struct `FormatWith` is never constructed
[INFO] [stderr]    --> src/system/mod.rs:305:8
[INFO] [stderr]     |
[INFO] [stderr] 305 | struct FormatWith<F> {
[INFO] [stderr]     |        ^^^^^^^^^^
[INFO] [stderr]     |
[INFO] [stderr]     = note: `#[warn(dead_code)]` on by default
[INFO] [stderr] 
[INFO] [stderr] warning: struct `ComponentName` is never constructed
[INFO] [stderr]    --> src/format.rs:127:8
[INFO] [stderr]     |
[INFO] [stderr] 127 | struct ComponentName {
[INFO] [stderr]     |        ^^^^^^^^^^^^^
[INFO] [stderr] 
[INFO] [stderr] warning: struct `BatchesWithId` is never constructed
[INFO] [stderr]   --> src/query/borrow.rs:82:8
[INFO] [stderr]    |
[INFO] [stderr] 82 | struct BatchesWithId<'q, Q: PreparedFetch<'q>, F> {
[INFO] [stderr]    |        ^^^^^^^^^^^^^
[INFO] [stderr] 
[INFO] [stderr] warning: trait `MigrateEntity` is never used
[INFO] [stderr]    --> src/writer.rs:179:25
[INFO] [stderr]     |
[INFO] [stderr] 179 | pub(crate) unsafe trait MigrateEntity {
[INFO] [stderr]     |                         ^^^^^^^^^^^^^
[INFO] [stderr] 
[INFO] [stderr] warning: `flax` (lib) generated 5 warnings
[INFO] [stderr] warning: `flax` (lib test) generated 5 warnings (5 duplicates)
[INFO] [stderr]     Finished `test` profile [unoptimized + debuginfo] target(s) in 0.48s
[INFO] [stderr]      Running unittests src/lib.rs (/opt/rustwide/target/debug/deps/flax-19f98882d1d490a5)
[INFO] [stdout] 
[INFO] [stdout] running 85 tests
[INFO] [stdout] test archetype::batch::test::component_batch ... ok
[INFO] [stdout] test archetype::changes::tests::adjacent ... ok
[INFO] [stdout] test archetype::changes::tests::changes ... ok
[INFO] [stdout] test archetype::changes::tests::insert ... ok
[INFO] [stdout] test archetype::changes::tests::insert2 ... ok
[INFO] [stdout] test archetype::changes::tests::swap_remove ... ok
[INFO] [stdout] test archetype::changes::tests::swap_remove_to ... ok
[INFO] [stdout] test archetype::slice::tests::slice_intersect ... ok
[INFO] [stdout] test archetype::slice::tests::union ... ok
[INFO] [stdout] test archetype::storage::test::drop ... ok
[INFO] [stdout] test archetype::storage::test::push ... ok
[INFO] [stdout] test archetype::tests::test_archetype ... ok
[INFO] [stdout] test buffer::tests::component_buffer_reinsert ... ok
[INFO] [stdout] test buffer::tests::component_buffer ... ok
[INFO] [stdout] test archetype::slice::tests::slice_overlaps ... ok
[INFO] [stdout] test archetype::slice::tests::slices ... ok
[INFO] [stdout] test buffer::tests::multi_component_buffer ... ok
[INFO] [stdout] test buffer::tests::component_buffer_reinsert_dyn ... ok
[INFO] [stdout] test commands::tests::set_missing ... ok
[INFO] [stdout] test commands::tests::set_dedup ... ok
[INFO] [stdout] test entity::store::test::reserve_many ... ok
[INFO] [stdout] test entity::builder::test::builder ... ok
[INFO] [stdout] test entity::store::test::reserve_one ... ok
[INFO] [stdout] test archetype::batch::test::batch_spawn ... ok
[INFO] [stdout] test entity::store::test::spawn_at ... ok
[INFO] [stdout] test entity::tests::entity_store ... ok
[INFO] [stdout] test entity_ref::test::display_borrowed ... ok
[INFO] [stdout] test component::tests::component_ids ... ok
[INFO] [stdout] test entity_ref::test::display_borrowed_mut ... ok
[INFO] [stdout] test entity_ref::test::entity_ref ... ok
[INFO] [stdout] test entity_ref::test::spawn_ref ... ok
[INFO] [stdout] test entity_ref::test::set_dedup ... ok
[INFO] [stdout] test entity_ref::test::set_missing ... ok
[INFO] [stdout] test entity_ref::test::update_dedup ... ok
[INFO] [stdout] test fetch::entity_ref::test::entity_refs_chunks ... ok
[INFO] [stdout] test entity_ref::test::update ... ok
[INFO] [stdout] test fetch::satisfied::test::satisfied ... ok
[INFO] [stdout] test entity_ref::test::update_mut ... ok
[INFO] [stdout] test archetype::changes::tests::changes_small ... ok
[INFO] [stdout] test fetch::entity_ref::test::entity_refs ... ok
[INFO] [stdout] test fetch::satisfied::test::satisfied_modified ... ok
[INFO] [stdout] test filter::change::test::filter_slices_consume ... ok
[INFO] [stdout] test fetch::source::test::multi_parent_fetch ... ok
[INFO] [stdout] test filter::change::test::filter_slices ... ok
[INFO] [stdout] test filter::change::test::filter_slices_partial ... ok
[INFO] [stdout] test fetch::source::test::traverse ... ok
[INFO] [stdout] test fetch::transform::tests::query_modified ... ok
[INFO] [stdout] test filter::cmp::test::cmp_nested ... ok
[INFO] [stdout] test filter::tests::filter ... ok
[INFO] [stdout] test fetch::source::test::id_source ... ok
[INFO] [stdout] test fetch::source::test::parent_fetch ... ok
[INFO] [stdout] test metadata::relation::test::exclusive_set ... ok
[INFO] [stdout] test filter::tests::archetypes ... ok
[INFO] [stdout] test format::tests::tree_formatter ... ok
[INFO] [stdout] test filter::set::tests::union ... ok
[INFO] [stdout] test metadata::test::metadata_attach ... ok
[INFO] [stdout] test query::difference::test::difference_iter ... ok
[INFO] [stdout] test query::dfs::test::dfs_cycle ... ok
[INFO] [stdout] test filter::tests::combinators ... ok
[INFO] [stdout] test query::entity::test::changes ... ok
[INFO] [stdout] test query::entity::test::entity_query ... ok
[INFO] [stdout] test query::entity::test::entity_query3 ... ok
[INFO] [stdout] test query::dfs::test::traverse_dfs ... ok
[INFO] [stdout] test query::test::changes ... ok
[INFO] [stdout] test query::dfs::test::dfs ... ok
[INFO] [stdout] test query::walk::test::traverse_tree ... ok
[INFO] [stdout] test query::topo::test::topological_sort ... ok
[INFO] [stdout] test filter::cmp::test::cmp_mut ... ok
[INFO] [stdout] test query::test::test_planar ... ok
[INFO] [stdout] test query::test::get_disjoint ... ok
[INFO] [stdout] test query::topo::test::topo_query ... ok
[INFO] [stdout] test system::input::tests::extract_2 ... ok
[INFO] [stdout] test schedule::test::test_topo_sort ... ok
[INFO] [stdout] test util::test::tuples_push ... ok
[INFO] [stdout] test system::traits::test::system_fn ... ok
[INFO] [stdout] test world::tests::concurrent_borrow ... ok
[INFO] [stdout] test world::tests::reserve ... ok
[INFO] [stdout] test world::tests::reserve_set ... ok
[INFO] [stdout] test system::test::system_builder_empty ... ok
[INFO] [stdout] test query::entity::test::entity_query2 ... ok
[INFO] [stdout] test world::tests::insert ... ok
[INFO] [stdout] test world::tests::remove ... ok
[INFO] [stdout] test world::tests::world_archetype_graph ... ok
[INFO] [stdout] test entity::tests::entity_size ... FAILED
[INFO] [stdout] test system::test::system_builder ... ok
[INFO] [stdout] 
[INFO] [stdout] failures:
[INFO] [stdout] 
[INFO] [stdout] ---- entity::tests::entity_size stdout ----
[INFO] [stdout] thread 'entity::tests::entity_size' panicked at src/entity/mod.rs:299:9:
[INFO] [stdout] assertion `left == right` failed
[INFO] [stdout]   left: 12
[INFO] [stdout]  right: 8
[INFO] [stdout] stack backtrace:
[INFO] [stdout]    0:     0x623731134d9a - std::backtrace_rs::backtrace::libunwind::trace::h207520d6e9873551
[INFO] [stdout]                                at /rustc/df4ca44d3fbc9301ee17f30f4d474e6ae4b05252/library/std/src/../../backtrace/src/backtrace/libunwind.rs:116:5
[INFO] [stdout]    1:     0x623731134d9a - std::backtrace_rs::backtrace::trace_unsynchronized::h2ed7433f370e3eca
[INFO] [stdout]                                at /rustc/df4ca44d3fbc9301ee17f30f4d474e6ae4b05252/library/std/src/../../backtrace/src/backtrace/mod.rs:66:5
[INFO] [stdout]    2:     0x623731134d9a - std::sys::backtrace::_print_fmt::h916fac51166b18d7
[INFO] [stdout]                                at /rustc/df4ca44d3fbc9301ee17f30f4d474e6ae4b05252/library/std/src/sys/backtrace.rs:66:9
[INFO] [stdout]    3:     0x623731134d9a - <std::sys::backtrace::BacktraceLock::print::DisplayBacktrace as core::fmt::Display>::fmt::ha0a4c9b8ce3802e6
[INFO] [stdout]                                at /rustc/df4ca44d3fbc9301ee17f30f4d474e6ae4b05252/library/std/src/sys/backtrace.rs:39:26
[INFO] [stdout]    4:     0x62373115c653 - core::fmt::rt::Argument::fmt::h4cfc8587d52b3eb5
[INFO] [stdout]                                at /rustc/df4ca44d3fbc9301ee17f30f4d474e6ae4b05252/library/core/src/fmt/rt.rs:177:76
[INFO] [stdout]    5:     0x62373115c653 - core::fmt::write::h522cc39e5b36ae9f
[INFO] [stdout]                                at /rustc/df4ca44d3fbc9301ee17f30f4d474e6ae4b05252/library/core/src/fmt/mod.rs:1190:21
[INFO] [stdout]    6:     0x6237311317f3 - std::io::Write::write_fmt::h7d3c26752da97734
[INFO] [stdout]                                at /rustc/df4ca44d3fbc9301ee17f30f4d474e6ae4b05252/library/std/src/io/mod.rs:1839:15
[INFO] [stdout]    7:     0x623731134be2 - std::sys::backtrace::BacktraceLock::print::h4b9e00b29e9c0942
[INFO] [stdout]                                at /rustc/df4ca44d3fbc9301ee17f30f4d474e6ae4b05252/library/std/src/sys/backtrace.rs:42:9
[INFO] [stdout]    8:     0x62373113622a - std::panicking::default_hook::{{closure}}::hb59b88280d0324d9
[INFO] [stdout]                                at /rustc/df4ca44d3fbc9301ee17f30f4d474e6ae4b05252/library/std/src/panicking.rs:268:22
[INFO] [stdout]    9:     0x623731136034 - std::panicking::default_hook::he1dd496665be4a29
[INFO] [stdout]                                at /rustc/df4ca44d3fbc9301ee17f30f4d474e6ae4b05252/library/std/src/panicking.rs:292:9
[INFO] [stdout]   10:     0x6237310d9e79 - <alloc::boxed::Box<F,A> as core::ops::function::Fn<Args>>::call::h4ff71de18744e1dc
[INFO] [stdout]                                at /rustc/df4ca44d3fbc9301ee17f30f4d474e6ae4b05252/library/alloc/src/boxed.rs:2468:9
[INFO] [stdout]   11:     0x6237310d9e79 - test::test_main::{{closure}}::hcf7c055ce117aa81
[INFO] [stdout]                                at /rustc/df4ca44d3fbc9301ee17f30f4d474e6ae4b05252/library/test/src/lib.rs:133:21
[INFO] [stdout]   12:     0x623731136928 - <alloc::boxed::Box<F,A> as core::ops::function::Fn<Args>>::call::h1d66c6bbd60c9692
[INFO] [stdout]                                at /rustc/df4ca44d3fbc9301ee17f30f4d474e6ae4b05252/library/alloc/src/boxed.rs:2468:9
[INFO] [stdout]   13:     0x623731136928 - std::panicking::rust_panic_with_hook::h2ff17fe8f26dfcf8
[INFO] [stdout]                                at /rustc/df4ca44d3fbc9301ee17f30f4d474e6ae4b05252/library/std/src/panicking.rs:809:13
[INFO] [stdout]   14:     0x6237311366ea - std::panicking::begin_panic_handler::{{closure}}::h4fad77951c07e101
[INFO] [stdout]                                at /rustc/df4ca44d3fbc9301ee17f30f4d474e6ae4b05252/library/std/src/panicking.rs:674:13
[INFO] [stdout]   15:     0x623731135279 - std::sys::backtrace::__rust_end_short_backtrace::hb1a25b3da5d0ea08
[INFO] [stdout]                                at /rustc/df4ca44d3fbc9301ee17f30f4d474e6ae4b05252/library/std/src/sys/backtrace.rs:170:18
[INFO] [stdout]   16:     0x62373113637c - rust_begin_unwind
[INFO] [stdout]                                at /rustc/df4ca44d3fbc9301ee17f30f4d474e6ae4b05252/library/std/src/panicking.rs:665:5
[INFO] [stdout]   17:     0x62373115a090 - core::panicking::panic_fmt::ha9db07b529f9b256
[INFO] [stdout]                                at /rustc/df4ca44d3fbc9301ee17f30f4d474e6ae4b05252/library/core/src/panicking.rs:75:14
[INFO] [stdout]   18:     0x62373115a45b - core::panicking::assert_failed_inner::h04f38944d74a80a8
[INFO] [stdout]   19:     0x623731108bdb - core::panicking::assert_failed::hc5d004d29daea34f
[INFO] [stdout]                                at /rustc/df4ca44d3fbc9301ee17f30f4d474e6ae4b05252/library/core/src/panicking.rs:377:5
[INFO] [stdout]   20:     0x62373102abeb - flax::entity::tests::entity_size::hd39cbd4f1253105f
[INFO] [stdout]                                at /opt/rustwide/workdir/src/entity/mod.rs:299:9
[INFO] [stdout]   21:     0x62373102ab67 - flax::entity::tests::entity_size::{{closure}}::hab6b4e240efe47c2
[INFO] [stdout]                                at /opt/rustwide/workdir/src/entity/mod.rs:298:21
[INFO] [stdout]   22:     0x623730e87626 - core::ops::function::FnOnce::call_once::h572e1a2ebc260b5e
[INFO] [stdout]                                at /rustc/df4ca44d3fbc9301ee17f30f4d474e6ae4b05252/library/core/src/ops/function.rs:250:5
[INFO] [stdout]   23:     0x6237310de74b - core::ops::function::FnOnce::call_once::h22c3ba5715e93f05
[INFO] [stdout]                                at /rustc/df4ca44d3fbc9301ee17f30f4d474e6ae4b05252/library/core/src/ops/function.rs:250:5
[INFO] [stdout]   24:     0x6237310de74b - test::__rust_begin_short_backtrace::h8e82d8113d0da17f
[INFO] [stdout]                                at /rustc/df4ca44d3fbc9301ee17f30f4d474e6ae4b05252/library/test/src/lib.rs:621:18
[INFO] [stdout]   25:     0x6237310de0c7 - test::run_test_in_process::{{closure}}::h33235f4f20b7b7c7
[INFO] [stdout]                                at /rustc/df4ca44d3fbc9301ee17f30f4d474e6ae4b05252/library/test/src/lib.rs:644:60
[INFO] [stdout]   26:     0x6237310de0c7 - <core::panic::unwind_safe::AssertUnwindSafe<F> as core::ops::function::FnOnce<()>>::call_once::hb5043206310c586f
[INFO] [stdout]                                at /rustc/df4ca44d3fbc9301ee17f30f4d474e6ae4b05252/library/core/src/panic/unwind_safe.rs:272:9
[INFO] [stdout]   27:     0x6237310de0c7 - std::panicking::try::do_call::h9ad4731a60ab23e2
[INFO] [stdout]                                at /rustc/df4ca44d3fbc9301ee17f30f4d474e6ae4b05252/library/std/src/panicking.rs:557:40
[INFO] [stdout]   28:     0x6237310de0c7 - std::panicking::try::h3824d23db772a716
[INFO] [stdout]                                at /rustc/df4ca44d3fbc9301ee17f30f4d474e6ae4b05252/library/std/src/panicking.rs:520:19
[INFO] [stdout]   29:     0x6237310de0c7 - std::panic::catch_unwind::h5afd514605fde46b
[INFO] [stdout]                                at /rustc/df4ca44d3fbc9301ee17f30f4d474e6ae4b05252/library/std/src/panic.rs:358:14
[INFO] [stdout]   30:     0x6237310de0c7 - test::run_test_in_process::h0d5cbfa7067d1720
[INFO] [stdout]                                at /rustc/df4ca44d3fbc9301ee17f30f4d474e6ae4b05252/library/test/src/lib.rs:644:27
[INFO] [stdout]   31:     0x6237310de0c7 - test::run_test::{{closure}}::h708eb8872708115d
[INFO] [stdout]                                at /rustc/df4ca44d3fbc9301ee17f30f4d474e6ae4b05252/library/test/src/lib.rs:565:43
[INFO] [stdout]   32:     0x6237310a17e4 - test::run_test::{{closure}}::h392c51cee94713ab
[INFO] [stdout]                                at /rustc/df4ca44d3fbc9301ee17f30f4d474e6ae4b05252/library/test/src/lib.rs:595:41
[INFO] [stdout]   33:     0x6237310a17e4 - std::sys::backtrace::__rust_begin_short_backtrace::h2f40290710935a8b
[INFO] [stdout]                                at /rustc/df4ca44d3fbc9301ee17f30f4d474e6ae4b05252/library/std/src/sys/backtrace.rs:154:18
[INFO] [stdout]   34:     0x6237310a4f8e - std::thread::Builder::spawn_unchecked_::{{closure}}::{{closure}}::h3fd968d89053a903
[INFO] [stdout]                                at /rustc/df4ca44d3fbc9301ee17f30f4d474e6ae4b05252/library/std/src/thread/mod.rs:541:17
[INFO] [stdout]   35:     0x6237310a4f8e - <core::panic::unwind_safe::AssertUnwindSafe<F> as core::ops::function::FnOnce<()>>::call_once::h743f637ba4229880
[INFO] [stdout]                                at /rustc/df4ca44d3fbc9301ee17f30f4d474e6ae4b05252/library/core/src/panic/unwind_safe.rs:272:9
[INFO] [stdout]   36:     0x6237310a4f8e - std::panicking::try::do_call::h07440897322525a6
[INFO] [stdout]                                at /rustc/df4ca44d3fbc9301ee17f30f4d474e6ae4b05252/library/std/src/panicking.rs:557:40
[INFO] [stdout]   37:     0x6237310a4f8e - std::panicking::try::he5a2e00188156637
[INFO] [stdout]                                at /rustc/df4ca44d3fbc9301ee17f30f4d474e6ae4b05252/library/std/src/panicking.rs:520:19
[INFO] [stdout]   38:     0x6237310a4f8e - std::panic::catch_unwind::hbaf3cae49b3c6433
[INFO] [stdout]                                at /rustc/df4ca44d3fbc9301ee17f30f4d474e6ae4b05252/library/std/src/panic.rs:358:14
[INFO] [stdout]   39:     0x6237310a4f8e - std::thread::Builder::spawn_unchecked_::{{closure}}::h8e141ea224820bce
[INFO] [stdout]                                at /rustc/df4ca44d3fbc9301ee17f30f4d474e6ae4b05252/library/std/src/thread/mod.rs:540:30
[INFO] [stdout]   40:     0x6237310a4f8e - core::ops::function::FnOnce::call_once{{vtable.shim}}::h90d312fedd7b8ea8
[INFO] [stdout]                                at /rustc/df4ca44d3fbc9301ee17f30f4d474e6ae4b05252/library/core/src/ops/function.rs:250:5
[INFO] [stdout]   41:     0x62373113a71b - <alloc::boxed::Box<F,A> as core::ops::function::FnOnce<Args>>::call_once::h69aa08ddb6adb8b6
[INFO] [stdout]                                at /rustc/df4ca44d3fbc9301ee17f30f4d474e6ae4b05252/library/alloc/src/boxed.rs:2454:9
[INFO] [stdout]   42:     0x62373113a71b - <alloc::boxed::Box<F,A> as core::ops::function::FnOnce<Args>>::call_once::h5aa36efdb79c806f
[INFO] [stdout]                                at /rustc/df4ca44d3fbc9301ee17f30f4d474e6ae4b05252/library/alloc/src/boxed.rs:2454:9
[INFO] [stdout]   43:     0x62373113a71b - std::sys::pal::unix::thread::Thread::new::thread_start::h6cd80a1b4be5158d
[INFO] [stdout]                                at /rustc/df4ca44d3fbc9301ee17f30f4d474e6ae4b05252/library/std/src/sys/pal/unix/thread.rs:105:17
[INFO] [stdout]   44:     0x7ba696aa6ac3 - <unknown>
[INFO] [stdout]   45:     0x7ba696b37a04 - clone
[INFO] [stdout]   46:                0x0 - <unknown>
[INFO] [stdout] 
[INFO] [stdout] 
[INFO] [stdout] failures:
[INFO] [stdout]     entity::tests::entity_size
[INFO] [stdout] 
[INFO] [stdout] test result: FAILED. 84 passed; 1 failed; 0 ignored; 0 measured; 0 filtered out; finished in 0.07s
[INFO] [stdout] 
[INFO] [stderr] error: test failed, to rerun pass `--lib`
[INFO] running `Command { std: "docker" "inspect" "7f73e16eeffe926450fe94386a096b58c13ab1a1acedd374b0b06c0bc9a07843", kill_on_drop: false }`
[INFO] running `Command { std: "docker" "rm" "-f" "7f73e16eeffe926450fe94386a096b58c13ab1a1acedd374b0b06c0bc9a07843", kill_on_drop: false }`
[INFO] [stdout] 7f73e16eeffe926450fe94386a096b58c13ab1a1acedd374b0b06c0bc9a07843
