[INFO] fetching crate datafusion-physical-plan 42.1.0...
[INFO] testing datafusion-physical-plan-42.1.0 against nightly-2024-10-28+rustflags=-Zrandomize-layout for randomize-layout
[INFO] extracting crate datafusion-physical-plan 42.1.0 into /workspace/builds/worker-7-tc2/source
[INFO] validating manifest of crates.io crate datafusion-physical-plan 42.1.0 on toolchain nightly-2024-10-28
[INFO] running `Command { std: CARGO_HOME="/workspace/cargo-home" RUSTUP_HOME="/workspace/rustup-home" "/workspace/cargo-home/bin/cargo" "+nightly-2024-10-28" "metadata" "--manifest-path" "Cargo.toml" "--no-deps", kill_on_drop: false }`
[INFO] started tweaking crates.io crate datafusion-physical-plan 42.1.0
[INFO] finished tweaking crates.io crate datafusion-physical-plan 42.1.0
[INFO] tweaked toml for crates.io crate datafusion-physical-plan 42.1.0 written to /workspace/builds/worker-7-tc2/source/Cargo.toml
[INFO] running `Command { std: CARGO_HOME="/workspace/cargo-home" RUSTUP_HOME="/workspace/rustup-home" "/workspace/cargo-home/bin/cargo" "+nightly-2024-10-28" "generate-lockfile" "--manifest-path" "Cargo.toml", kill_on_drop: false }`
[INFO] [stderr]     Updating crates.io index
[INFO] [stderr]      Locking 205 packages to latest compatible versions
[INFO] [stderr]       Adding hashbrown v0.14.5 (available: v0.15.0)
[INFO] [stderr]       Adding rstest v0.22.0 (available: v0.23.0)
[INFO] running `Command { std: CARGO_HOME="/workspace/cargo-home" RUSTUP_HOME="/workspace/rustup-home" "/workspace/cargo-home/bin/cargo" "+nightly-2024-10-28" "fetch" "--manifest-path" "Cargo.toml", kill_on_drop: false }`
[INFO] running `Command { std: "docker" "create" "-v" "/var/lib/crater-agent-workspace/builds/worker-7-tc2/target:/opt/rustwide/target:rw,Z" "-v" "/var/lib/crater-agent-workspace/builds/worker-7-tc2/source:/opt/rustwide/workdir:ro,Z" "-v" "/var/lib/crater-agent-workspace/cargo-home:/opt/rustwide/cargo-home:ro,Z" "-v" "/var/lib/crater-agent-workspace/rustup-home:/opt/rustwide/rustup-home:ro,Z" "-e" "SOURCE_DIR=/opt/rustwide/workdir" "-e" "CARGO_TARGET_DIR=/opt/rustwide/target" "-e" "CARGO_HOME=/opt/rustwide/cargo-home" "-e" "RUSTUP_HOME=/opt/rustwide/rustup-home" "-w" "/opt/rustwide/workdir" "-m" "1610612736" "--user" "0:0" "--network" "none" "ghcr.io/rust-lang/crates-build-env/linux@sha256:4a844ea9eb2546a2d2c7022eacef16ef2e8229c7fbb2c7d4d55a9ceca922f72d" "/opt/rustwide/cargo-home/bin/cargo" "+nightly-2024-10-28" "metadata" "--no-deps" "--format-version=1", kill_on_drop: false }`
[INFO] [stdout] 8cba5ad61ec6ec8716e42c8786053bcdcf3bbfc7f25af5ebf0baa1f5b2fe417f
[INFO] running `Command { std: "docker" "start" "-a" "8cba5ad61ec6ec8716e42c8786053bcdcf3bbfc7f25af5ebf0baa1f5b2fe417f", kill_on_drop: false }`
[INFO] running `Command { std: "docker" "inspect" "8cba5ad61ec6ec8716e42c8786053bcdcf3bbfc7f25af5ebf0baa1f5b2fe417f", kill_on_drop: false }`
[INFO] running `Command { std: "docker" "rm" "-f" "8cba5ad61ec6ec8716e42c8786053bcdcf3bbfc7f25af5ebf0baa1f5b2fe417f", kill_on_drop: false }`
[INFO] [stdout] 8cba5ad61ec6ec8716e42c8786053bcdcf3bbfc7f25af5ebf0baa1f5b2fe417f
[INFO] running `Command { std: "docker" "create" "-v" "/var/lib/crater-agent-workspace/builds/worker-7-tc2/target:/opt/rustwide/target:rw,Z" "-v" "/var/lib/crater-agent-workspace/builds/worker-7-tc2/source:/opt/rustwide/workdir:ro,Z" "-v" "/var/lib/crater-agent-workspace/cargo-home:/opt/rustwide/cargo-home:ro,Z" "-v" "/var/lib/crater-agent-workspace/rustup-home:/opt/rustwide/rustup-home:ro,Z" "-e" "SOURCE_DIR=/opt/rustwide/workdir" "-e" "CARGO_TARGET_DIR=/opt/rustwide/target" "-e" "CARGO_INCREMENTAL=0" "-e" "RUST_BACKTRACE=full" "-e" "RUSTFLAGS=--cap-lints=forbid -Zrandomize-layout" "-e" "RUSTDOCFLAGS=--cap-lints=forbid" "-e" "CARGO_HOME=/opt/rustwide/cargo-home" "-e" "RUSTUP_HOME=/opt/rustwide/rustup-home" "-w" "/opt/rustwide/workdir" "-m" "1610612736" "--user" "0:0" "--network" "none" "ghcr.io/rust-lang/crates-build-env/linux@sha256:4a844ea9eb2546a2d2c7022eacef16ef2e8229c7fbb2c7d4d55a9ceca922f72d" "/opt/rustwide/cargo-home/bin/cargo" "+nightly-2024-10-28" "build" "--frozen" "--message-format=json", kill_on_drop: false }`
[INFO] [stdout] d8b4f00689943ca3e9fd3682595d9283b07dbf4447c5ce718e344a2ff518b727
[INFO] running `Command { std: "docker" "start" "-a" "d8b4f00689943ca3e9fd3682595d9283b07dbf4447c5ce718e344a2ff518b727", kill_on_drop: false }`
[INFO] [stderr]    Compiling rand_core v0.6.4
[INFO] [stderr]    Compiling num-traits v0.2.19
[INFO] [stderr]    Compiling regex-syntax v0.8.5
[INFO] [stderr]    Compiling phf_shared v0.11.2
[INFO] [stderr]    Compiling syn v2.0.86
[INFO] [stderr]    Compiling ahash v0.8.11
[INFO] [stderr]    Compiling iana-time-zone v0.1.61
[INFO] [stderr]    Compiling rand v0.8.5
[INFO] [stderr]    Compiling allocator-api2 v0.2.18
[INFO] [stderr]    Compiling phf v0.11.2
[INFO] [stderr]    Compiling arrow-schema v53.2.0
[INFO] [stderr]    Compiling lexical-util v1.0.3
[INFO] [stderr]    Compiling rustversion v1.0.18
[INFO] [stderr]    Compiling serde v1.0.214
[INFO] [stderr]    Compiling phf_generator v0.11.2
[INFO] [stderr]    Compiling phf_codegen v0.11.2
[INFO] [stderr]    Compiling lexical-parse-integer v1.0.2
[INFO] [stderr]    Compiling lexical-write-integer v1.0.2
[INFO] [stderr]    Compiling num-integer v0.1.46
[INFO] [stderr]    Compiling num-complex v0.4.6
[INFO] [stderr]    Compiling half v2.4.1
[INFO] [stderr]    Compiling regex-automata v0.4.8
[INFO] [stderr]    Compiling num-bigint v0.4.6
[INFO] [stderr]    Compiling num-iter v0.1.45
[INFO] [stderr]    Compiling chrono v0.4.38
[INFO] [stderr]    Compiling lexical-write-float v1.0.2
[INFO] [stderr]    Compiling lexical-parse-float v1.0.2
[INFO] [stderr]    Compiling atoi v2.0.0
[INFO] [stderr]    Compiling flatbuffers v24.3.25
[INFO] [stderr]    Compiling lexical-core v1.0.2
[INFO] [stderr]    Compiling hashbrown v0.15.0
[INFO] [stderr]    Compiling csv-core v0.1.11
[INFO] [stderr]    Compiling regex v1.11.1
[INFO] [stderr]    Compiling log v0.4.22
[INFO] [stderr]    Compiling indexmap v2.6.0
[INFO] [stderr]    Compiling parse-zoneinfo v0.3.1
[INFO] [stderr]    Compiling num-rational v0.4.2
[INFO] [stderr]    Compiling chrono-tz-build v0.4.0
[INFO] [stderr]    Compiling csv v1.3.0
[INFO] [stderr]    Compiling num v0.4.3
[INFO] [stderr]    Compiling arrow-buffer v53.2.0
[INFO] [stderr]    Compiling serde_json v1.0.132
[INFO] [stderr]    Compiling num_cpus v1.16.0
[INFO] [stderr]    Compiling futures-sink v0.3.31
[INFO] [stderr]    Compiling futures-core v0.3.31
[INFO] [stderr]    Compiling chrono-tz v0.10.0
[INFO] [stderr]    Compiling futures-channel v0.3.31
[INFO] [stderr]    Compiling unicode-normalization v0.1.24
[INFO] [stderr]    Compiling unicode-bidi v0.3.17
[INFO] [stderr]    Compiling itertools v0.13.0
[INFO] [stderr]    Compiling tempfile v3.13.0
[INFO] [stderr]    Compiling arrow-data v53.2.0
[INFO] [stderr]    Compiling idna v0.5.0
[INFO] [stderr]    Compiling fixedbitset v0.4.2
[INFO] [stderr]    Compiling url v2.5.2
[INFO] [stderr]    Compiling petgraph v0.6.5
[INFO] [stderr]    Compiling zerocopy-derive v0.7.35
[INFO] [stderr]    Compiling strum_macros v0.26.4
[INFO] [stderr]    Compiling tokio-macros v2.4.0
[INFO] [stderr]    Compiling sqlparser_derive v0.2.2
[INFO] [stderr]    Compiling sqlparser v0.50.0
[INFO] [stderr]    Compiling futures-macro v0.3.31
[INFO] [stderr]    Compiling zerocopy v0.7.35
[INFO] [stderr]    Compiling tokio v1.41.0
[INFO] [stderr]    Compiling tracing-attributes v0.1.27
[INFO] [stderr]    Compiling ppv-lite86 v0.2.20
[INFO] [stderr]    Compiling futures-util v0.3.31
[INFO] [stderr]    Compiling hashbrown v0.14.5
[INFO] [stderr]    Compiling rand_chacha v0.3.1
[INFO] [stderr]    Compiling strum v0.26.3
[INFO] [stderr]    Compiling comfy-table v7.1.1
[INFO] [stderr]    Compiling snafu-derive v0.8.5
[INFO] [stderr]    Compiling tracing v0.1.40
[INFO] [stderr]    Compiling async-trait v0.1.83
[INFO] [stderr]    Compiling dashmap v6.1.0
[INFO] [stderr]    Compiling datafusion-common-runtime v42.1.0
[INFO] [stderr]    Compiling futures-executor v0.3.31
[INFO] [stderr]    Compiling snafu v0.8.5
[INFO] [stderr]    Compiling futures v0.3.31
[INFO] [stderr]    Compiling object_store v0.11.1
[INFO] [stderr]    Compiling arrow-array v53.2.0
[INFO] [stderr]    Compiling arrow-select v53.2.0
[INFO] [stderr]    Compiling arrow-row v53.2.0
[INFO] [stderr]    Compiling arrow-arith v53.2.0
[INFO] [stderr]    Compiling arrow-cast v53.2.0
[INFO] [stderr]    Compiling arrow-ord v53.2.0
[INFO] [stderr]    Compiling arrow-string v53.2.0
[INFO] [stderr]    Compiling arrow-json v53.2.0
[INFO] [stderr]    Compiling arrow-ipc v53.2.0
[INFO] [stderr]    Compiling arrow-csv v53.2.0
[INFO] [stderr]    Compiling arrow v53.2.0
[INFO] [stderr]    Compiling datafusion-common v42.1.0
[INFO] [stderr]    Compiling datafusion-expr-common v42.1.0
[INFO] [stderr]    Compiling datafusion-physical-expr-common v42.1.0
[INFO] [stderr]    Compiling datafusion-functions-aggregate-common v42.1.0
[INFO] [stderr]    Compiling datafusion-expr v42.1.0
[INFO] [stderr]    Compiling datafusion-execution v42.1.0
[INFO] [stderr]    Compiling datafusion-physical-expr v42.1.0
[INFO] [stderr]    Compiling datafusion-functions-aggregate v42.1.0
[INFO] [stderr]    Compiling datafusion-physical-plan v42.1.0 (/opt/rustwide/workdir)
[INFO] [stderr]     Finished `dev` profile [unoptimized + debuginfo] target(s) in 1m 13s
[INFO] running `Command { std: "docker" "inspect" "d8b4f00689943ca3e9fd3682595d9283b07dbf4447c5ce718e344a2ff518b727", kill_on_drop: false }`
[INFO] running `Command { std: "docker" "rm" "-f" "d8b4f00689943ca3e9fd3682595d9283b07dbf4447c5ce718e344a2ff518b727", kill_on_drop: false }`
[INFO] [stdout] d8b4f00689943ca3e9fd3682595d9283b07dbf4447c5ce718e344a2ff518b727
[INFO] running `Command { std: "docker" "create" "-v" "/var/lib/crater-agent-workspace/builds/worker-7-tc2/target:/opt/rustwide/target:rw,Z" "-v" "/var/lib/crater-agent-workspace/builds/worker-7-tc2/source:/opt/rustwide/workdir:ro,Z" "-v" "/var/lib/crater-agent-workspace/cargo-home:/opt/rustwide/cargo-home:ro,Z" "-v" "/var/lib/crater-agent-workspace/rustup-home:/opt/rustwide/rustup-home:ro,Z" "-e" "SOURCE_DIR=/opt/rustwide/workdir" "-e" "CARGO_TARGET_DIR=/opt/rustwide/target" "-e" "CARGO_INCREMENTAL=0" "-e" "RUST_BACKTRACE=full" "-e" "RUSTFLAGS=--cap-lints=forbid -Zrandomize-layout" "-e" "RUSTDOCFLAGS=--cap-lints=forbid" "-e" "CARGO_HOME=/opt/rustwide/cargo-home" "-e" "RUSTUP_HOME=/opt/rustwide/rustup-home" "-w" "/opt/rustwide/workdir" "-m" "1610612736" "--user" "0:0" "--network" "none" "ghcr.io/rust-lang/crates-build-env/linux@sha256:4a844ea9eb2546a2d2c7022eacef16ef2e8229c7fbb2c7d4d55a9ceca922f72d" "/opt/rustwide/cargo-home/bin/cargo" "+nightly-2024-10-28" "test" "--frozen" "--no-run" "--message-format=json", kill_on_drop: false }`
[INFO] [stdout] cbbb8589c365f6f6c68dd16f3477fe622a5741be9466c842f22437901fddf7d2
[INFO] running `Command { std: "docker" "start" "-a" "cbbb8589c365f6f6c68dd16f3477fe622a5741be9466c842f22437901fddf7d2", kill_on_drop: false }`
[INFO] [stderr]    Compiling aho-corasick v1.1.3
[INFO] [stderr]    Compiling syn v2.0.86
[INFO] [stderr]    Compiling getrandom v0.2.15
[INFO] [stderr]    Compiling winnow v0.6.20
[INFO] [stderr]    Compiling toml_datetime v0.6.8
[INFO] [stderr]    Compiling rstest_macros v0.22.0
[INFO] [stderr]    Compiling relative-path v1.9.3
[INFO] [stderr]    Compiling futures-timer v3.0.3
[INFO] [stderr]    Compiling rand_core v0.6.4
[INFO] [stderr]    Compiling regex-automata v0.4.8
[INFO] [stderr]    Compiling toml_edit v0.22.22
[INFO] [stderr]    Compiling regex v1.11.1
[INFO] [stderr]    Compiling proc-macro-crate v3.2.0
[INFO] [stderr]    Compiling parse-zoneinfo v0.3.1
[INFO] [stderr]    Compiling zerocopy-derive v0.7.35
[INFO] [stderr]    Compiling strum_macros v0.26.4
[INFO] [stderr]    Compiling tokio-macros v2.4.0
[INFO] [stderr]    Compiling sqlparser_derive v0.2.2
[INFO] [stderr]    Compiling futures-macro v0.3.31
[INFO] [stderr]    Compiling snafu-derive v0.8.5
[INFO] [stderr]    Compiling tracing-attributes v0.1.27
[INFO] [stderr]    Compiling async-trait v0.1.83
[INFO] [stderr]    Compiling sqlparser v0.50.0
[INFO] [stderr]    Compiling tokio v1.41.0
[INFO] [stderr]    Compiling futures-util v0.3.31
[INFO] [stderr]    Compiling zerocopy v0.7.35
[INFO] [stderr]    Compiling strum v0.26.3
[INFO] [stderr]    Compiling comfy-table v7.1.1
[INFO] [stderr]    Compiling tracing v0.1.40
[INFO] [stderr]    Compiling ppv-lite86 v0.2.20
[INFO] [stderr]    Compiling ahash v0.8.11
[INFO] [stderr]    Compiling rand_chacha v0.3.1
[INFO] [stderr]    Compiling hashbrown v0.14.5
[INFO] [stderr]    Compiling rand v0.8.5
[INFO] [stderr]    Compiling snafu v0.8.5
[INFO] [stderr]    Compiling dashmap v6.1.0
[INFO] [stderr]    Compiling phf_generator v0.11.2
[INFO] [stderr]    Compiling phf_codegen v0.11.2
[INFO] [stderr]    Compiling rstest_reuse v0.7.0
[INFO] [stderr]    Compiling chrono-tz-build v0.4.0
[INFO] [stderr]    Compiling futures-executor v0.3.31
[INFO] [stderr]    Compiling chrono-tz v0.10.0
[INFO] [stderr]    Compiling datafusion-common-runtime v42.1.0
[INFO] [stderr]    Compiling futures v0.3.31
[INFO] [stderr]    Compiling object_store v0.11.1
[INFO] [stderr]    Compiling rstest v0.22.0
[INFO] [stderr]    Compiling arrow-array v53.2.0
[INFO] [stderr]    Compiling arrow-select v53.2.0
[INFO] [stderr]    Compiling arrow-row v53.2.0
[INFO] [stderr]    Compiling arrow-arith v53.2.0
[INFO] [stderr]    Compiling arrow-cast v53.2.0
[INFO] [stderr]    Compiling arrow-string v53.2.0
[INFO] [stderr]    Compiling arrow-ord v53.2.0
[INFO] [stderr]    Compiling arrow-json v53.2.0
[INFO] [stderr]    Compiling arrow-ipc v53.2.0
[INFO] [stderr]    Compiling arrow-csv v53.2.0
[INFO] [stderr]    Compiling arrow v53.2.0
[INFO] [stderr]    Compiling datafusion-common v42.1.0
[INFO] [stderr]    Compiling datafusion-expr-common v42.1.0
[INFO] [stderr]    Compiling datafusion-physical-expr-common v42.1.0
[INFO] [stderr]    Compiling datafusion-functions-aggregate-common v42.1.0
[INFO] [stderr]    Compiling datafusion-expr v42.1.0
[INFO] [stderr]    Compiling datafusion-execution v42.1.0
[INFO] [stderr]    Compiling datafusion-physical-expr v42.1.0
[INFO] [stderr]    Compiling datafusion-functions-aggregate v42.1.0
[INFO] [stderr]    Compiling datafusion-physical-plan v42.1.0 (/opt/rustwide/workdir)
[INFO] [stderr]     Finished `test` profile [unoptimized + debuginfo] target(s) in 1m 35s
[INFO] running `Command { std: "docker" "inspect" "cbbb8589c365f6f6c68dd16f3477fe622a5741be9466c842f22437901fddf7d2", kill_on_drop: false }`
[INFO] running `Command { std: "docker" "rm" "-f" "cbbb8589c365f6f6c68dd16f3477fe622a5741be9466c842f22437901fddf7d2", kill_on_drop: false }`
[INFO] [stdout] cbbb8589c365f6f6c68dd16f3477fe622a5741be9466c842f22437901fddf7d2
[INFO] running `Command { std: "docker" "create" "-v" "/var/lib/crater-agent-workspace/builds/worker-7-tc2/target:/opt/rustwide/target:rw,Z" "-v" "/var/lib/crater-agent-workspace/builds/worker-7-tc2/source:/opt/rustwide/workdir:ro,Z" "-v" "/var/lib/crater-agent-workspace/cargo-home:/opt/rustwide/cargo-home:ro,Z" "-v" "/var/lib/crater-agent-workspace/rustup-home:/opt/rustwide/rustup-home:ro,Z" "-e" "SOURCE_DIR=/opt/rustwide/workdir" "-e" "CARGO_TARGET_DIR=/opt/rustwide/target" "-e" "CARGO_INCREMENTAL=0" "-e" "RUST_BACKTRACE=full" "-e" "RUSTFLAGS=--cap-lints=forbid -Zrandomize-layout" "-e" "RUSTDOCFLAGS=--cap-lints=forbid" "-e" "CARGO_HOME=/opt/rustwide/cargo-home" "-e" "RUSTUP_HOME=/opt/rustwide/rustup-home" "-w" "/opt/rustwide/workdir" "-m" "1610612736" "--user" "0:0" "--network" "none" "ghcr.io/rust-lang/crates-build-env/linux@sha256:4a844ea9eb2546a2d2c7022eacef16ef2e8229c7fbb2c7d4d55a9ceca922f72d" "/opt/rustwide/cargo-home/bin/cargo" "+nightly-2024-10-28" "test" "--frozen", kill_on_drop: false }`
[INFO] [stdout] adbdbf6140addf3db0e44645226abdab6910d3e02f1a885487bf05a663fb6214
[INFO] running `Command { std: "docker" "start" "-a" "adbdbf6140addf3db0e44645226abdab6910d3e02f1a885487bf05a663fb6214", kill_on_drop: false }`
[INFO] [stderr]     Finished `test` profile [unoptimized + debuginfo] target(s) in 0.25s
[INFO] [stderr]      Running unittests src/lib.rs (/opt/rustwide/target/debug/deps/datafusion_physical_plan-51b7bbd7fb16088b)
[INFO] [stdout] 
[INFO] [stdout] running 744 tests
[INFO] [stdout] test aggregates::tests::aggregate_source_not_yielding ... ok
[INFO] [stdout] test aggregates::tests::aggregate_source_with_yielding ... ok
[INFO] [stdout] test aggregates::tests::group_exprs_nullable ... ok
[INFO] [stdout] test aggregates::tests::aggregate_grouping_sets_with_yielding ... ok
[INFO] [stdout] test aggregates::tests::aggregate_grouping_sets_source_not_yielding ... ok
[INFO] [stdout] test aggregates::tests::test_agg_exec_same_schema ... ok
[INFO] [stdout] test aggregates::tests::aggregate_grouping_sets_with_yielding_with_spill ... ok
[INFO] [stdout] test aggregates::tests::aggregate_grouping_sets_source_not_yielding_with_spill ... ok
[INFO] [stdout] test aggregates::tests::test_drop_cancel_without_groups ... ok
[INFO] [stdout] test aggregates::tests::test_drop_cancel_with_groups ... ok
[INFO] [stdout] test aggregates::tests::aggregate_source_not_yielding_with_spill ... FAILED
[INFO] [stdout] test aggregates::tests::aggregate_source_with_yielding_with_spill ... FAILED
[INFO] [stdout] test aggregates::tests::test_get_finest_requirements ... ok
[INFO] [stdout] test aggregates::tests::test_agg_exec_struct_of_dicts ... ok
[INFO] [stdout] test aggregates::tests::test_skip_aggregation_after_first_batch ... ok
[INFO] [stdout] test aggregates::tests::test_oom ... ok
[INFO] [stdout] test aggregates::tests::test_skip_aggregation_after_threshold ... ok
[INFO] [stdout] test aggregates::topk::heap::tests::should_append ... ok
[INFO] [stdout] test aggregates::topk::hash_table::tests::should_resize_properly ... ok
[INFO] [stdout] test aggregates::topk::heap::tests::should_drain ... ok
[INFO] [stdout] test aggregates::topk::heap::tests::should_replace ... ok
[INFO] [stdout] test aggregates::topk::heap::tests::should_heapify_up ... ok
[INFO] [stdout] test aggregates::topk::heap::tests::should_find_worst ... ok
[INFO] [stdout] test aggregates::topk::heap::tests::should_heapify_down ... ok
[INFO] [stdout] test aggregates::topk::heap::tests::should_renumber ... ok
[INFO] [stdout] test aggregates::topk::priority_map::tests::should_accept_higher_for_group ... ok
[INFO] [stdout] test aggregates::topk::priority_map::tests::should_append ... ok
[INFO] [stdout] test aggregates::topk::priority_map::tests::should_accept_lower_group ... ok
[INFO] [stdout] test aggregates::topk::priority_map::tests::should_ignore_higher_group ... ok
[INFO] [stdout] test aggregates::topk::priority_map::tests::should_accept_higher_group ... ok
[INFO] [stdout] test aggregates::topk::priority_map::tests::should_handle_null_ids ... ok
[INFO] [stdout] test aggregates::topk::priority_map::tests::should_accept_lower_for_group ... ok
[INFO] [stdout] test aggregates::topk::priority_map::tests::should_ignore_higher_same_group ... ok
[INFO] [stdout] test aggregates::topk::priority_map::tests::should_ignore_lower_same_group ... ok
[INFO] [stdout] test aggregates::topk::priority_map::tests::should_ignore_lower_group ... ok
[INFO] [stdout] test coalesce::tests::test_coalesce_single_large_batch_over_fetch ... ok
[INFO] [stdout] test coalesce::tests::test_coalesce_with_fetch_less_target_batch_size ... ok
[INFO] [stdout] test coalesce::tests::test_coalesce_with_fetch_less_than_target_and_no_remaining_rows ... ok
[INFO] [stdout] test coalesce::tests::test_gc_string_view_batch_large_no_compact ... ok
[INFO] [stdout] test coalesce::tests::test_coalesce_with_fetch_larger_than_input_size ... ok
[INFO] [stdout] test coalesce::tests::test_coalesce ... ok
[INFO] [stdout] test coalesce::tests::test_gc_string_view_test_batch_empty ... ok
[INFO] [stdout] test coalesce::tests::test_gc_string_view_batch_large_slice_compact ... ok
[INFO] [stdout] test coalesce::tests::test_gc_string_view_batch_small_no_compact ... ok
[INFO] [stdout] test coalesce::tests::test_coalesce_with_fetch_less_than_input_size ... ok
[INFO] [stdout] test coalesce_partitions::tests::merge ... ok
[INFO] [stdout] test common::tests::test_compute_record_batch_statistics_empty ... ok
[INFO] [stdout] test common::tests::test_compute_record_batch_statistics ... ok
[INFO] [stdout] test common::tests::test_compute_record_batch_statistics_null ... ok
[INFO] [stdout] test display::tests::test_display_when_stats_error_with_no_show_stats ... ok
[INFO] [stdout] test display::tests::test_display_when_stats_ok_with_no_show_stats ... ok
[INFO] [stdout] test display::tests::test_display_when_stats_ok_with_show_stats ... ok
[INFO] [stdout] test display::tests::test_display_when_stats_panic_with_no_show_stats ... ok
[INFO] [stdout] test empty::tests::empty ... ok
[INFO] [stdout] test empty::tests::invalid_execute ... ok
[INFO] [stdout] test empty::tests::with_new_children ... ok
[INFO] [stdout] test execution_plan::tests::test_execution_plan_name ... ok
[INFO] [stdout] test filter::tests::collect_columns_predicates ... ok
[INFO] [stdout] test filter::tests::test_custom_filter_selectivity ... ok
[INFO] [stdout] test filter::tests::test_empty_input_statistics ... ok
[INFO] [stdout] test filter::tests::test_equivalence_properties_union_type ... ok
[INFO] [stdout] test filter::tests::test_filter_statistics_basic_expr ... ok
[INFO] [stdout] test filter::tests::test_filter_statistics_column_level_nested ... ok
[INFO] [stdout] test filter::tests::test_filter_statistics_column_level_nested_multiple ... ok
[INFO] [stdout] test filter::tests::test_filter_statistics_full_selective ... ok
[INFO] [stdout] test filter::tests::test_filter_statistics_more_inputs ... ok
[INFO] [stdout] test filter::tests::test_filter_statistics_multiple_columns ... ok
[INFO] [stdout] test filter::tests::test_filter_statistics_when_input_stats_missing ... ok
[INFO] [stdout] test filter::tests::test_filter_statistics_zero_selective ... ok
[INFO] [stdout] test filter::tests::test_statistics_with_constant_column ... ok
[INFO] [stdout] test analyze::tests::test_drop_cancel ... ok
[INFO] [stdout] test filter::tests::test_validation_filter_selectivity ... ok
[INFO] [stdout] test joins::cross_join::tests::test_join ... ok
[INFO] [stdout] test joins::cross_join::tests::test_stats_cartesian_product ... ok
[INFO] [stdout] test joins::cross_join::tests::test_overallocation ... ok
[INFO] [stdout] test joins::cross_join::tests::test_stats_cartesian_product_with_unknown_size ... ok
[INFO] [stdout] test joins::hash_join::tests::join_date32 ... ok
[INFO] [stdout] test joins::hash_join::tests::join_full_empty_right::batch_size_1_8192 ... ok
[INFO] [stdout] test coalesce_partitions::tests::test_drop_cancel ... ok
[INFO] [stdout] test joins::hash_join::tests::join_full_empty_right::batch_size_2_10 ... ok
[INFO] [stdout] test joins::hash_join::tests::join_full_empty_right::batch_size_3_5 ... ok
[INFO] [stdout] test joins::hash_join::tests::join_full_empty_right::batch_size_4_2 ... ok
[INFO] [stdout] test joins::hash_join::tests::join_full_empty_right::batch_size_5_1 ... ok
[INFO] [stdout] test joins::hash_join::tests::join_full_multi_batch::batch_size_1_8192 ... ok
[INFO] [stdout] test joins::hash_join::tests::join_full_multi_batch::batch_size_2_10 ... ok
[INFO] [stdout] test joins::hash_join::tests::join_full_multi_batch::batch_size_3_5 ... ok
[INFO] [stdout] test joins::hash_join::tests::join_full_multi_batch::batch_size_4_2 ... ok
[INFO] [stdout] test joins::hash_join::tests::join_full_one::batch_size_1_8192 ... ok
[INFO] [stdout] test joins::hash_join::tests::join_full_multi_batch::batch_size_5_1 ... ok
[INFO] [stdout] test joins::hash_join::tests::join_full_one::batch_size_2_10 ... ok
[INFO] [stdout] test joins::hash_join::tests::join_full_one::batch_size_3_5 ... ok
[INFO] [stdout] test aggregates::tests::run_first_last_multi_partitions ... ok
[INFO] [stdout] test joins::hash_join::tests::join_full_one::batch_size_4_2 ... ok
[INFO] [stdout] test joins::hash_join::tests::join_full_one::batch_size_5_1 ... ok
[INFO] [stdout] test joins::hash_join::tests::join_full_with_filter::batch_size_2_10 ... ok
[INFO] [stdout] test joins::hash_join::tests::join_full_with_filter::batch_size_1_8192 ... ok
[INFO] [stdout] test joins::hash_join::tests::join_full_with_filter::batch_size_3_5 ... ok
[INFO] [stdout] test joins::hash_join::tests::join_full_with_filter::batch_size_4_2 ... ok
[INFO] [stdout] test joins::hash_join::tests::join_inner_one::batch_size_2_10 ... ok
[INFO] [stdout] test joins::hash_join::tests::join_inner_one::batch_size_1_8192 ... ok
[INFO] [stdout] test joins::hash_join::tests::join_inner_one::batch_size_4_2 ... ok
[INFO] [stdout] test joins::hash_join::tests::join_full_with_filter::batch_size_5_1 ... ok
[INFO] [stdout] test joins::hash_join::tests::join_inner_one::batch_size_3_5 ... ok
[INFO] [stdout] test joins::hash_join::tests::join_inner_one_no_shared_column_names ... ok
[INFO] [stdout] test joins::hash_join::tests::join_inner_one_randomly_ordered ... ok
[INFO] [stdout] test joins::hash_join::tests::join_inner_one::batch_size_5_1 ... ok
[INFO] [stdout] test joins::hash_join::tests::join_inner_one_two_parts_left::batch_size_1_8192 ... ok
[INFO] [stdout] test joins::hash_join::tests::join_inner_one_two_parts_left::batch_size_2_10 ... ok
[INFO] [stdout] test joins::hash_join::tests::join_inner_one_two_parts_left::batch_size_3_5 ... ok
[INFO] [stdout] test joins::hash_join::tests::join_inner_one_two_parts_left::batch_size_4_2 ... ok
[INFO] [stdout] test joins::hash_join::tests::join_inner_one_two_parts_left_randomly_ordered ... ok
[INFO] [stdout] test joins::hash_join::tests::join_inner_one_two_parts_left::batch_size_5_1 ... ok
[INFO] [stdout] test joins::hash_join::tests::join_inner_one_two_parts_right::batch_size_1_8192 ... ok
[INFO] [stdout] test joins::hash_join::tests::join_inner_one_two_parts_right::batch_size_2_10 ... ok
[INFO] [stdout] test joins::hash_join::tests::join_inner_one_two_parts_right::batch_size_3_5 ... ok
[INFO] [stdout] test joins::hash_join::tests::join_inner_two::batch_size_1_8192 ... ok
[INFO] [stdout] test joins::hash_join::tests::join_inner_two::batch_size_2_10 ... ok
[INFO] [stdout] test joins::hash_join::tests::join_inner_one_two_parts_right::batch_size_4_2 ... ok
[INFO] [stdout] test joins::hash_join::tests::join_inner_one_two_parts_right::batch_size_5_1 ... ok
[INFO] [stdout] test joins::hash_join::tests::join_inner_two::batch_size_4_2 ... ok
[INFO] [stdout] test joins::hash_join::tests::join_inner_with_filter::batch_size_1_8192 ... ok
[INFO] [stdout] test joins::hash_join::tests::join_inner_two::batch_size_5_1 ... ok
[INFO] [stdout] test joins::hash_join::tests::join_inner_two::batch_size_3_5 ... ok
[INFO] [stdout] test joins::hash_join::tests::join_inner_with_filter::batch_size_2_10 ... ok
[INFO] [stdout] test joins::hash_join::tests::join_inner_with_filter::batch_size_3_5 ... ok
[INFO] [stdout] test joins::hash_join::tests::join_inner_with_filter::batch_size_5_1 ... ok
[INFO] [stdout] test joins::hash_join::tests::join_inner_with_filter::batch_size_4_2 ... ok
[INFO] [stdout] test joins::hash_join::tests::join_left_anti::batch_size_1_8192 ... ok
[INFO] [stdout] test joins::hash_join::tests::join_left_anti::batch_size_2_10 ... ok
[INFO] [stdout] test joins::hash_join::tests::join_left_anti::batch_size_3_5 ... ok
[INFO] [stdout] test joins::hash_join::tests::join_left_anti::batch_size_4_2 ... ok
[INFO] [stdout] test joins::hash_join::tests::join_left_anti::batch_size_5_1 ... ok
[INFO] [stdout] test joins::hash_join::tests::join_left_anti_with_filter::batch_size_1_8192 ... ok
[INFO] [stdout] test joins::hash_join::tests::join_left_anti_with_filter::batch_size_3_5 ... ok
[INFO] [stdout] test joins::hash_join::tests::join_left_anti_with_filter::batch_size_2_10 ... ok
[INFO] [stdout] test joins::hash_join::tests::join_left_anti_with_filter::batch_size_4_2 ... ok
[INFO] [stdout] test joins::hash_join::tests::join_left_empty_right::batch_size_2_10 ... ok
[INFO] [stdout] test joins::hash_join::tests::join_left_empty_right::batch_size_1_8192 ... ok
[INFO] [stdout] test joins::hash_join::tests::join_left_anti_with_filter::batch_size_5_1 ... ok
[INFO] [stdout] test joins::hash_join::tests::join_left_empty_right::batch_size_3_5 ... ok
[INFO] [stdout] test joins::hash_join::tests::join_left_empty_right::batch_size_4_2 ... ok
[INFO] [stdout] test joins::hash_join::tests::join_left_empty_right::batch_size_5_1 ... ok
[INFO] [stdout] test joins::hash_join::tests::join_left_multi_batch::batch_size_2_10 ... ok
[INFO] [stdout] test joins::hash_join::tests::join_left_multi_batch::batch_size_1_8192 ... ok
[INFO] [stdout] test joins::hash_join::tests::join_left_multi_batch::batch_size_4_2 ... ok
[INFO] [stdout] test joins::hash_join::tests::join_left_multi_batch::batch_size_3_5 ... ok
[INFO] [stdout] test joins::hash_join::tests::join_left_one::batch_size_1_8192 ... ok
[INFO] [stdout] test joins::hash_join::tests::join_left_multi_batch::batch_size_5_1 ... ok
[INFO] [stdout] test joins::hash_join::tests::join_left_one::batch_size_3_5 ... ok
[INFO] [stdout] test joins::hash_join::tests::join_left_one::batch_size_2_10 ... ok
[INFO] [stdout] test joins::hash_join::tests::join_left_one::batch_size_4_2 ... ok
[INFO] [stdout] test joins::hash_join::tests::join_left_one::batch_size_5_1 ... ok
[INFO] [stdout] test joins::hash_join::tests::join_left_semi::batch_size_2_10 ... ok
[INFO] [stdout] test joins::hash_join::tests::join_left_semi::batch_size_1_8192 ... ok
[INFO] [stdout] test joins::hash_join::tests::join_left_semi::batch_size_4_2 ... ok
[INFO] [stdout] test joins::hash_join::tests::join_left_semi::batch_size_3_5 ... ok
[INFO] [stdout] test joins::hash_join::tests::join_left_semi::batch_size_5_1 ... ok
[INFO] [stdout] test joins::hash_join::tests::join_left_semi_with_filter::batch_size_1_8192 ... ok
[INFO] [stdout] test joins::hash_join::tests::join_left_semi_with_filter::batch_size_3_5 ... ok
[INFO] [stdout] test joins::hash_join::tests::join_left_semi_with_filter::batch_size_2_10 ... ok
[INFO] [stdout] test joins::hash_join::tests::join_left_semi_with_filter::batch_size_4_2 ... ok
[INFO] [stdout] test joins::hash_join::tests::join_left_semi_with_filter::batch_size_5_1 ... ok
[INFO] [stdout] test joins::hash_join::tests::join_left_with_filter::batch_size_1_8192 ... ok
[INFO] [stdout] test joins::hash_join::tests::join_left_with_filter::batch_size_3_5 ... ok
[INFO] [stdout] test joins::hash_join::tests::join_left_with_filter::batch_size_2_10 ... ok
[INFO] [stdout] test joins::hash_join::tests::join_left_with_filter::batch_size_4_2 ... ok
[INFO] [stdout] test joins::hash_join::tests::join_left_with_filter::batch_size_5_1 ... ok
[INFO] [stdout] test joins::hash_join::tests::join_on_struct ... ok
[INFO] [stdout] test joins::hash_join::tests::join_right_anti::batch_size_3_5 ... ok
[INFO] [stdout] test joins::hash_join::tests::join_right_anti::batch_size_1_8192 ... ok
[INFO] [stdout] test joins::hash_join::tests::join_right_anti::batch_size_2_10 ... ok
[INFO] [stdout] test joins::hash_join::tests::join_on_struct_with_nulls ... ok
[INFO] [stdout] test joins::hash_join::tests::join_right_anti::batch_size_5_1 ... ok
[INFO] [stdout] test joins::hash_join::tests::join_right_anti::batch_size_4_2 ... ok
[INFO] [stdout] test joins::hash_join::tests::join_right_anti_with_filter::batch_size_1_8192 ... ok
[INFO] [stdout] test joins::hash_join::tests::join_right_anti_with_filter::batch_size_2_10 ... ok
[INFO] [stdout] test joins::hash_join::tests::join_right_anti_with_filter::batch_size_3_5 ... ok
[INFO] [stdout] test joins::hash_join::tests::join_right_anti_with_filter::batch_size_4_2 ... ok
[INFO] [stdout] test joins::hash_join::tests::join_right_anti_with_filter::batch_size_5_1 ... ok
[INFO] [stdout] test joins::hash_join::tests::join_right_one::batch_size_1_8192 ... ok
[INFO] [stdout] test joins::hash_join::tests::join_right_one::batch_size_2_10 ... ok
[INFO] [stdout] test joins::hash_join::tests::join_right_one::batch_size_3_5 ... ok
[INFO] [stdout] test joins::hash_join::tests::join_right_one::batch_size_4_2 ... ok
[INFO] [stdout] test joins::hash_join::tests::join_right_semi::batch_size_1_8192 ... ok
[INFO] [stdout] test joins::hash_join::tests::join_right_one::batch_size_5_1 ... ok
[INFO] [stdout] test joins::hash_join::tests::join_right_semi::batch_size_2_10 ... ok
[INFO] [stdout] test joins::hash_join::tests::join_right_semi::batch_size_3_5 ... ok
[INFO] [stdout] test joins::hash_join::tests::join_right_semi::batch_size_4_2 ... ok
[INFO] [stdout] test joins::hash_join::tests::join_right_semi::batch_size_5_1 ... ok
[INFO] [stdout] test joins::hash_join::tests::join_right_semi_with_filter::batch_size_1_8192 ... ok
[INFO] [stdout] test joins::hash_join::tests::join_right_semi_with_filter::batch_size_2_10 ... ok
[INFO] [stdout] test joins::hash_join::tests::join_right_semi_with_filter::batch_size_3_5 ... ok
[INFO] [stdout] test joins::hash_join::tests::join_right_semi_with_filter::batch_size_4_2 ... ok
[INFO] [stdout] test joins::hash_join::tests::join_right_with_filter::batch_size_1_8192 ... ok
[INFO] [stdout] test joins::hash_join::tests::join_right_with_filter::batch_size_2_10 ... ok
[INFO] [stdout] test joins::hash_join::tests::join_right_semi_with_filter::batch_size_5_1 ... ok
[INFO] [stdout] test joins::hash_join::tests::join_right_with_filter::batch_size_3_5 ... ok
[INFO] [stdout] test joins::hash_join::tests::join_right_with_filter::batch_size_4_2 ... ok
[INFO] [stdout] test joins::hash_join::tests::join_right_with_filter::batch_size_5_1 ... ok
[INFO] [stdout] test joins::hash_join::tests::join_with_duplicated_column_names ... ok
[INFO] [stdout] test joins::hash_join::tests::join_with_hash_collision ... ok
[INFO] [stdout] test joins::hash_join::tests::join_with_error_right ... ok
[INFO] [stdout] test joins::hash_join::tests::partitioned_join_inner_one::batch_size_1_8192 ... ok
[INFO] [stdout] test joins::hash_join::tests::partitioned_join_inner_one::batch_size_2_10 ... ok
[INFO] [stdout] test joins::hash_join::tests::partitioned_join_inner_one::batch_size_3_5 ... ok
[INFO] [stdout] test joins::hash_join::tests::partitioned_join_inner_one::batch_size_5_1 ... ok
[INFO] [stdout] test joins::hash_join::tests::partitioned_join_inner_one::batch_size_4_2 ... ok
[INFO] [stdout] test joins::hash_join::tests::partitioned_join_left_one::batch_size_1_8192 ... ok
[INFO] [stdout] test joins::hash_join::tests::partitioned_join_left_one::batch_size_3_5 ... ok
[INFO] [stdout] test joins::hash_join::tests::partitioned_join_left_one::batch_size_2_10 ... ok
[INFO] [stdout] test joins::hash_join::tests::partitioned_join_left_one::batch_size_4_2 ... ok
[INFO] [stdout] test joins::hash_join::tests::partitioned_join_left_one::batch_size_5_1 ... ok
[INFO] [stdout] test joins::hash_join::tests::partitioned_join_right_one::batch_size_1_8192 ... ok
[INFO] [stdout] test joins::hash_join::tests::partitioned_join_right_one::batch_size_2_10 ... ok
[INFO] [stdout] test joins::hash_join::tests::partitioned_join_overallocation ... ok
[INFO] [stdout] test joins::hash_join::tests::partitioned_join_right_one::batch_size_3_5 ... ok
[INFO] [stdout] test joins::hash_join::tests::partitioned_join_right_one::batch_size_4_2 ... ok
[INFO] [stdout] test joins::hash_join::tests::partitioned_join_right_one::batch_size_5_1 ... ok
[INFO] [stdout] test joins::nested_loop_join::tests::join_full_with_filter ... ok
[INFO] [stdout] test joins::hash_join::tests::single_partition_join_overallocation ... ok
[INFO] [stdout] test joins::nested_loop_join::tests::join_inner_with_filter ... ok
[INFO] [stdout] test joins::nested_loop_join::tests::join_left_anti_with_filter ... ok
[INFO] [stdout] test joins::nested_loop_join::tests::join_left_semi_with_filter ... ok
[INFO] [stdout] test joins::nested_loop_join::tests::join_left_with_filter ... ok
[INFO] [stdout] test joins::nested_loop_join::tests::join_right_anti_with_filter ... ok
[INFO] [stdout] test joins::nested_loop_join::tests::join_right_semi_with_filter ... ok
[INFO] [stdout] test joins::nested_loop_join::tests::join_right_with_filter ... ok
[INFO] [stdout] test joins::sort_merge_join::tests::join_anti ... ok
[INFO] [stdout] test joins::hash_join::tests::test_collect_left_multiple_partitions_join ... ok
[INFO] [stdout] test joins::nested_loop_join::tests::test_overallocation ... ok
[INFO] [stdout] test joins::sort_merge_join::tests::join_date64 ... ok
[INFO] [stdout] test joins::sort_merge_join::tests::join_date32 ... ok
[INFO] [stdout] test joins::sort_merge_join::tests::join_full_one ... ok
[INFO] [stdout] test joins::sort_merge_join::tests::join_full_multiple_batches ... ok
[INFO] [stdout] test joins::sort_merge_join::tests::join_inner_one ... ok
[INFO] [stdout] test joins::sort_merge_join::tests::join_inner_two ... ok
[INFO] [stdout] test joins::sort_merge_join::tests::join_inner_output_two_batches ... ok
[INFO] [stdout] test joins::sort_merge_join::tests::join_inner_two_two ... ok
[INFO] [stdout] test joins::sort_merge_join::tests::join_inner_with_nulls ... ok
[INFO] [stdout] test joins::sort_merge_join::tests::join_inner_with_nulls_with_options ... ok
[INFO] [stdout] test joins::sort_merge_join::tests::join_left_one ... ok
[INFO] [stdout] test joins::sort_merge_join::tests::join_left_multiple_batches ... ok
[INFO] [stdout] test joins::sort_merge_join::tests::join_left_sort_order ... ok
[INFO] [stdout] test joins::sort_merge_join::tests::join_right_multiple_batches ... ok
[INFO] [stdout] test joins::sort_merge_join::tests::join_right_one ... ok
[INFO] [stdout] test joins::sort_merge_join::tests::join_right_sort_order ... ok
[INFO] [stdout] test joins::sort_merge_join::tests::join_semi ... ok
[INFO] [stdout] test joins::sort_merge_join::tests::left_anti_join_filtered_mask ... ok
[INFO] [stdout] test joins::sort_merge_join::tests::left_semi_join_filtered_mask ... ok
[INFO] [stdout] test joins::sort_merge_join::tests::join_with_duplicated_column_names ... ok
[INFO] [stdout] test joins::sort_merge_join::tests::overallocation_multi_batch_no_spill ... ok
[INFO] [stdout] test joins::sort_merge_join::tests::overallocation_single_batch_no_spill ... ok
[INFO] [stdout] test joins::stream_join_utils::tests::build_sorted_expr ... ok
[INFO] [stdout] test joins::stream_join_utils::tests::find_expr_inside_expr ... ok
[INFO] [stdout] test joins::stream_join_utils::tests::sorted_filter_expr_build ... ok
[INFO] [stdout] test joins::stream_join_utils::tests::test_column_collector ... ok
[INFO] [stdout] test joins::stream_join_utils::tests::test_column_exchange ... ok
[INFO] [stdout] test joins::stream_join_utils::tests::test_shrink_if_necessary ... ok
[INFO] [stdout] test aggregates::tests::test_agg_exec_group_by_const ... ok
[INFO] [stdout] test joins::sort_merge_join::tests::overallocation_single_batch_spill ... ok
[INFO] [stdout] test joins::sort_merge_join::tests::overallocation_multi_batch_spill ... ok
[INFO] [stdout] test joins::symmetric_hash_join::tests::build_null_columns_first ... ok
[INFO] [stdout] test display::tests::test_display_when_stats_error_with_show_stats - should panic ... ok
[INFO] [stdout] test display::tests::test_display_when_stats_panic_with_show_stats - should panic ... ok
[INFO] [stdout] test coalesce_partitions::tests::test_panic - should panic ... ok
[INFO] [stdout] test joins::symmetric_hash_join::tests::build_null_columns_first_descending ... ok
[INFO] [stdout] test joins::symmetric_hash_join::tests::build_null_columns_last ... ok
[INFO] [stdout] test joins::symmetric_hash_join::tests::complex_join_all_one_ascending_numeric::join_type_1_JoinType__Inner::cardinality_2__12_17_ ... ok
[INFO] [stdout] test joins::symmetric_hash_join::tests::complex_join_all_one_ascending_numeric::join_type_1_JoinType__Inner::cardinality_1__4_5_ ... ok
[INFO] [stdout] test joins::symmetric_hash_join::tests::complex_join_all_one_ascending_equivalence ... ok
[INFO] [stdout] test joins::symmetric_hash_join::tests::complex_join_all_one_ascending_numeric::join_type_2_JoinType__Left::cardinality_2__12_17_ ... ok
[INFO] [stdout] test joins::hash_join::tests::join_splitted_batch ... ok
[INFO] [stdout] test joins::symmetric_hash_join::tests::complex_join_all_one_ascending_numeric::join_type_3_JoinType__Right::cardinality_2__12_17_ ... ok
[INFO] [stdout] test joins::symmetric_hash_join::tests::complex_join_all_one_ascending_numeric::join_type_2_JoinType__Left::cardinality_1__4_5_ ... ok
[INFO] [stdout] test joins::symmetric_hash_join::tests::complex_join_all_one_ascending_numeric::join_type_3_JoinType__Right::cardinality_1__4_5_ ... ok
[INFO] [stdout] test joins::symmetric_hash_join::tests::complex_join_all_one_ascending_numeric::join_type_5_JoinType__LeftSemi::cardinality_1__4_5_ ... ok
[INFO] [stdout] test joins::symmetric_hash_join::tests::complex_join_all_one_ascending_numeric::join_type_4_JoinType__RightSemi::cardinality_1__4_5_ ... ok
[INFO] [stdout] test joins::symmetric_hash_join::tests::complex_join_all_one_ascending_numeric::join_type_4_JoinType__RightSemi::cardinality_2__12_17_ ... ok
[INFO] [stdout] test joins::symmetric_hash_join::tests::complex_join_all_one_ascending_numeric::join_type_6_JoinType__LeftAnti::cardinality_1__4_5_ ... ok
[INFO] [stdout] test joins::symmetric_hash_join::tests::complex_join_all_one_ascending_numeric::join_type_6_JoinType__LeftAnti::cardinality_2__12_17_ ... ok
[INFO] [stdout] test joins::symmetric_hash_join::tests::complex_join_all_one_ascending_numeric::join_type_5_JoinType__LeftSemi::cardinality_2__12_17_ ... ok
[INFO] [stdout] test joins::symmetric_hash_join::tests::complex_join_all_one_ascending_numeric::join_type_7_JoinType__RightAnti::cardinality_1__4_5_ ... ok
[INFO] [stdout] test joins::symmetric_hash_join::tests::complex_join_all_one_ascending_numeric::join_type_7_JoinType__RightAnti::cardinality_2__12_17_ ... ok
[INFO] [stdout] test joins::symmetric_hash_join::tests::join_all_one_ascending_numeric::join_type_1_JoinType__Inner::case_expr_2_1 ... ok
[INFO] [stdout] test joins::symmetric_hash_join::tests::join_all_one_ascending_numeric::join_type_1_JoinType__Inner::case_expr_1_0 ... ok
[INFO] [stdout] test joins::symmetric_hash_join::tests::complex_join_all_one_ascending_numeric::join_type_8_JoinType__Full::cardinality_2__12_17_ ... ok
[INFO] [stdout] test joins::symmetric_hash_join::tests::join_all_one_ascending_numeric::join_type_1_JoinType__Inner::case_expr_3_2 ... ok
[INFO] [stdout] test joins::symmetric_hash_join::tests::complex_join_all_one_ascending_numeric::join_type_8_JoinType__Full::cardinality_1__4_5_ ... ok
[INFO] [stdout] test joins::symmetric_hash_join::tests::join_all_one_ascending_numeric::join_type_1_JoinType__Inner::case_expr_4_3 ... ok
[INFO] [stdout] test joins::symmetric_hash_join::tests::complex_join_all_one_ascending_numeric_missing_stat ... ok
[INFO] [stdout] test joins::symmetric_hash_join::tests::join_all_one_ascending_numeric::join_type_1_JoinType__Inner::case_expr_6_5 ... ok
[INFO] [stdout] test joins::symmetric_hash_join::tests::join_all_one_ascending_numeric::join_type_1_JoinType__Inner::case_expr_5_4 ... ok
[INFO] [stdout] test joins::symmetric_hash_join::tests::join_all_one_ascending_numeric::join_type_2_JoinType__Left::case_expr_2_1 ... ok
[INFO] [stdout] test joins::symmetric_hash_join::tests::join_all_one_ascending_numeric::join_type_2_JoinType__Left::case_expr_1_0 ... ok
[INFO] [stdout] test joins::symmetric_hash_join::tests::join_all_one_ascending_numeric::join_type_2_JoinType__Left::case_expr_3_2 ... ok
[INFO] [stdout] test joins::symmetric_hash_join::tests::join_all_one_ascending_numeric::join_type_2_JoinType__Left::case_expr_4_3 ... ok
[INFO] [stdout] test joins::symmetric_hash_join::tests::join_all_one_ascending_numeric::join_type_2_JoinType__Left::case_expr_6_5 ... ok
[INFO] [stdout] test joins::symmetric_hash_join::tests::join_all_one_ascending_numeric::join_type_2_JoinType__Left::case_expr_5_4 ... ok
[INFO] [stdout] test joins::symmetric_hash_join::tests::join_all_one_ascending_numeric::join_type_3_JoinType__Right::case_expr_1_0 ... ok
[INFO] [stdout] test joins::symmetric_hash_join::tests::join_all_one_ascending_numeric::join_type_3_JoinType__Right::case_expr_2_1 ... ok
[INFO] [stdout] test joins::symmetric_hash_join::tests::join_all_one_ascending_numeric::join_type_3_JoinType__Right::case_expr_3_2 ... ok
[INFO] [stdout] test joins::symmetric_hash_join::tests::join_all_one_ascending_numeric::join_type_4_JoinType__RightSemi::case_expr_1_0 ... ok
[INFO] [stdout] test joins::symmetric_hash_join::tests::join_all_one_ascending_numeric::join_type_4_JoinType__RightSemi::case_expr_2_1 ... ok
[INFO] [stdout] test joins::symmetric_hash_join::tests::join_all_one_ascending_numeric::join_type_3_JoinType__Right::case_expr_4_3 ... ok
[INFO] [stdout] test joins::symmetric_hash_join::tests::join_all_one_ascending_numeric::join_type_3_JoinType__Right::case_expr_6_5 ... ok
[INFO] [stdout] test joins::symmetric_hash_join::tests::join_all_one_ascending_numeric::join_type_4_JoinType__RightSemi::case_expr_3_2 ... ok
[INFO] [stdout] test joins::symmetric_hash_join::tests::join_all_one_ascending_numeric::join_type_4_JoinType__RightSemi::case_expr_4_3 ... ok
[INFO] [stdout] test joins::symmetric_hash_join::tests::join_all_one_ascending_numeric::join_type_3_JoinType__Right::case_expr_5_4 ... ok
[INFO] [stdout] test joins::symmetric_hash_join::tests::join_all_one_ascending_numeric::join_type_4_JoinType__RightSemi::case_expr_5_4 ... ok
[INFO] [stdout] test joins::symmetric_hash_join::tests::join_all_one_ascending_numeric::join_type_5_JoinType__LeftSemi::case_expr_2_1 ... ok
[INFO] [stdout] test joins::symmetric_hash_join::tests::join_all_one_ascending_numeric::join_type_4_JoinType__RightSemi::case_expr_6_5 ... ok
[INFO] [stdout] test joins::symmetric_hash_join::tests::join_all_one_ascending_numeric::join_type_5_JoinType__LeftSemi::case_expr_1_0 ... ok
[INFO] [stdout] test joins::symmetric_hash_join::tests::join_all_one_ascending_numeric::join_type_5_JoinType__LeftSemi::case_expr_3_2 ... ok
[INFO] [stdout] test joins::symmetric_hash_join::tests::join_all_one_ascending_numeric::join_type_5_JoinType__LeftSemi::case_expr_4_3 ... ok
[INFO] [stdout] test joins::symmetric_hash_join::tests::join_all_one_ascending_numeric::join_type_5_JoinType__LeftSemi::case_expr_6_5 ... ok
[INFO] [stdout] test joins::symmetric_hash_join::tests::join_all_one_ascending_numeric::join_type_5_JoinType__LeftSemi::case_expr_5_4 ... ok
[INFO] [stdout] test joins::symmetric_hash_join::tests::join_all_one_ascending_numeric::join_type_6_JoinType__LeftAnti::case_expr_3_2 ... ok
[INFO] [stdout] test joins::symmetric_hash_join::tests::join_all_one_ascending_numeric::join_type_6_JoinType__LeftAnti::case_expr_1_0 ... ok
[INFO] [stdout] test joins::symmetric_hash_join::tests::join_all_one_ascending_numeric::join_type_6_JoinType__LeftAnti::case_expr_2_1 ... ok
[INFO] [stdout] test joins::symmetric_hash_join::tests::join_all_one_ascending_numeric::join_type_6_JoinType__LeftAnti::case_expr_4_3 ... ok
[INFO] [stdout] test joins::symmetric_hash_join::tests::join_all_one_ascending_numeric::join_type_6_JoinType__LeftAnti::case_expr_5_4 ... ok
[INFO] [stdout] test joins::symmetric_hash_join::tests::join_all_one_ascending_numeric::join_type_6_JoinType__LeftAnti::case_expr_6_5 ... ok
[INFO] [stdout] test joins::symmetric_hash_join::tests::join_all_one_ascending_numeric::join_type_7_JoinType__RightAnti::case_expr_1_0 ... ok
[INFO] [stdout] test joins::symmetric_hash_join::tests::join_all_one_ascending_numeric::join_type_7_JoinType__RightAnti::case_expr_3_2 ... ok
[INFO] [stdout] test joins::symmetric_hash_join::tests::join_all_one_ascending_numeric::join_type_7_JoinType__RightAnti::case_expr_4_3 ... ok
[INFO] [stdout] test joins::symmetric_hash_join::tests::join_all_one_ascending_numeric::join_type_7_JoinType__RightAnti::case_expr_2_1 ... ok
[INFO] [stdout] test joins::symmetric_hash_join::tests::join_all_one_ascending_numeric::join_type_7_JoinType__RightAnti::case_expr_5_4 ... ok
[INFO] [stdout] test joins::symmetric_hash_join::tests::join_all_one_ascending_numeric::join_type_7_JoinType__RightAnti::case_expr_6_5 ... ok
[INFO] [stdout] test joins::symmetric_hash_join::tests::join_all_one_descending_numeric_particular::join_type_1_JoinType__Inner::case_expr_1_0 ... ok
[INFO] [stdout] test joins::symmetric_hash_join::tests::join_all_one_ascending_numeric::join_type_8_JoinType__Full::case_expr_1_0 ... ok
[INFO] [stdout] test joins::symmetric_hash_join::tests::join_all_one_ascending_numeric::join_type_8_JoinType__Full::case_expr_2_1 ... ok
[INFO] [stdout] test joins::symmetric_hash_join::tests::join_all_one_descending_numeric_particular::join_type_1_JoinType__Inner::case_expr_2_1 ... ok
[INFO] [stdout] test joins::symmetric_hash_join::tests::join_all_one_ascending_numeric::join_type_8_JoinType__Full::case_expr_3_2 ... ok
[INFO] [stdout] test joins::symmetric_hash_join::tests::join_all_one_ascending_numeric::join_type_8_JoinType__Full::case_expr_6_5 ... ok
[INFO] [stdout] test joins::symmetric_hash_join::tests::join_all_one_ascending_numeric::join_type_8_JoinType__Full::case_expr_4_3 ... ok
[INFO] [stdout] test joins::symmetric_hash_join::tests::join_all_one_ascending_numeric::join_type_8_JoinType__Full::case_expr_5_4 ... ok
[INFO] [stdout] test joins::symmetric_hash_join::tests::join_all_one_descending_numeric_particular::join_type_1_JoinType__Inner::case_expr_3_2 ... ok
[INFO] [stdout] test joins::symmetric_hash_join::tests::join_all_one_descending_numeric_particular::join_type_1_JoinType__Inner::case_expr_4_3 ... ok
[INFO] [stdout] test joins::symmetric_hash_join::tests::join_all_one_descending_numeric_particular::join_type_1_JoinType__Inner::case_expr_6_5 ... ok
[INFO] [stdout] test joins::symmetric_hash_join::tests::join_all_one_descending_numeric_particular::join_type_1_JoinType__Inner::case_expr_5_4 ... ok
[INFO] [stdout] test joins::symmetric_hash_join::tests::join_all_one_descending_numeric_particular::join_type_2_JoinType__Left::case_expr_1_0 ... ok
[INFO] [stdout] test joins::symmetric_hash_join::tests::join_all_one_descending_numeric_particular::join_type_2_JoinType__Left::case_expr_2_1 ... ok
[INFO] [stdout] test joins::symmetric_hash_join::tests::join_all_one_descending_numeric_particular::join_type_2_JoinType__Left::case_expr_3_2 ... ok
[INFO] [stdout] test joins::symmetric_hash_join::tests::join_all_one_descending_numeric_particular::join_type_3_JoinType__Right::case_expr_1_0 ... ok
[INFO] [stdout] test joins::symmetric_hash_join::tests::join_all_one_descending_numeric_particular::join_type_2_JoinType__Left::case_expr_5_4 ... ok
[INFO] [stdout] test joins::symmetric_hash_join::tests::join_all_one_descending_numeric_particular::join_type_2_JoinType__Left::case_expr_4_3 ... ok
[INFO] [stdout] test joins::symmetric_hash_join::tests::join_all_one_descending_numeric_particular::join_type_2_JoinType__Left::case_expr_6_5 ... ok
[INFO] [stdout] test joins::symmetric_hash_join::tests::join_all_one_descending_numeric_particular::join_type_3_JoinType__Right::case_expr_2_1 ... ok
[INFO] [stdout] test joins::symmetric_hash_join::tests::join_all_one_descending_numeric_particular::join_type_3_JoinType__Right::case_expr_4_3 ... ok
[INFO] [stdout] test joins::symmetric_hash_join::tests::join_all_one_descending_numeric_particular::join_type_3_JoinType__Right::case_expr_3_2 ... ok
[INFO] [stdout] test joins::symmetric_hash_join::tests::join_all_one_descending_numeric_particular::join_type_4_JoinType__RightSemi::case_expr_2_1 ... ok
[INFO] [stdout] test joins::symmetric_hash_join::tests::join_all_one_descending_numeric_particular::join_type_4_JoinType__RightSemi::case_expr_1_0 ... ok
[INFO] [stdout] test joins::symmetric_hash_join::tests::join_all_one_descending_numeric_particular::join_type_3_JoinType__Right::case_expr_5_4 ... ok
[INFO] [stdout] test joins::symmetric_hash_join::tests::join_all_one_descending_numeric_particular::join_type_4_JoinType__RightSemi::case_expr_3_2 ... ok
[INFO] [stdout] test joins::symmetric_hash_join::tests::join_all_one_descending_numeric_particular::join_type_4_JoinType__RightSemi::case_expr_4_3 ... ok
[INFO] [stdout] test joins::symmetric_hash_join::tests::join_all_one_descending_numeric_particular::join_type_3_JoinType__Right::case_expr_6_5 ... ok
[INFO] [stdout] test joins::symmetric_hash_join::tests::join_all_one_descending_numeric_particular::join_type_4_JoinType__RightSemi::case_expr_5_4 ... ok
[INFO] [stdout] test joins::symmetric_hash_join::tests::join_all_one_descending_numeric_particular::join_type_4_JoinType__RightSemi::case_expr_6_5 ... ok
[INFO] [stdout] test joins::symmetric_hash_join::tests::join_all_one_descending_numeric_particular::join_type_5_JoinType__LeftSemi::case_expr_1_0 ... ok
[INFO] [stdout] test joins::symmetric_hash_join::tests::join_all_one_descending_numeric_particular::join_type_5_JoinType__LeftSemi::case_expr_2_1 ... ok
[INFO] [stdout] test joins::symmetric_hash_join::tests::join_all_one_descending_numeric_particular::join_type_5_JoinType__LeftSemi::case_expr_4_3 ... ok
[INFO] [stdout] test joins::symmetric_hash_join::tests::join_all_one_descending_numeric_particular::join_type_5_JoinType__LeftSemi::case_expr_3_2 ... ok
[INFO] [stdout] test joins::symmetric_hash_join::tests::join_all_one_descending_numeric_particular::join_type_5_JoinType__LeftSemi::case_expr_6_5 ... ok
[INFO] [stdout] test joins::symmetric_hash_join::tests::join_all_one_descending_numeric_particular::join_type_5_JoinType__LeftSemi::case_expr_5_4 ... ok
[INFO] [stdout] test joins::symmetric_hash_join::tests::join_all_one_descending_numeric_particular::join_type_6_JoinType__LeftAnti::case_expr_1_0 ... ok
[INFO] [stdout] test joins::symmetric_hash_join::tests::join_all_one_descending_numeric_particular::join_type_6_JoinType__LeftAnti::case_expr_2_1 ... ok
[INFO] [stdout] test joins::symmetric_hash_join::tests::join_all_one_descending_numeric_particular::join_type_6_JoinType__LeftAnti::case_expr_4_3 ... ok
[INFO] [stdout] test joins::symmetric_hash_join::tests::join_all_one_descending_numeric_particular::join_type_6_JoinType__LeftAnti::case_expr_3_2 ... ok
[INFO] [stdout] test joins::symmetric_hash_join::tests::join_all_one_descending_numeric_particular::join_type_6_JoinType__LeftAnti::case_expr_5_4 ... ok
[INFO] [stdout] test joins::symmetric_hash_join::tests::join_all_one_descending_numeric_particular::join_type_6_JoinType__LeftAnti::case_expr_6_5 ... ok
[INFO] [stdout] test joins::symmetric_hash_join::tests::join_all_one_descending_numeric_particular::join_type_7_JoinType__RightAnti::case_expr_1_0 ... ok
[INFO] [stdout] test joins::symmetric_hash_join::tests::join_all_one_descending_numeric_particular::join_type_7_JoinType__RightAnti::case_expr_2_1 ... ok
[INFO] [stdout] test joins::symmetric_hash_join::tests::join_all_one_descending_numeric_particular::join_type_7_JoinType__RightAnti::case_expr_3_2 ... ok
[INFO] [stdout] test joins::symmetric_hash_join::tests::join_all_one_descending_numeric_particular::join_type_7_JoinType__RightAnti::case_expr_4_3 ... ok
[INFO] [stdout] test joins::symmetric_hash_join::tests::join_all_one_descending_numeric_particular::join_type_7_JoinType__RightAnti::case_expr_5_4 ... ok
[INFO] [stdout] test joins::symmetric_hash_join::tests::join_all_one_descending_numeric_particular::join_type_7_JoinType__RightAnti::case_expr_6_5 ... ok
[INFO] [stdout] test joins::symmetric_hash_join::tests::join_all_one_descending_numeric_particular::join_type_8_JoinType__Full::case_expr_1_0 ... ok
[INFO] [stdout] test joins::symmetric_hash_join::tests::join_all_one_descending_numeric_particular::join_type_8_JoinType__Full::case_expr_2_1 ... ok
[INFO] [stdout] test joins::symmetric_hash_join::tests::join_all_one_descending_numeric_particular::join_type_8_JoinType__Full::case_expr_4_3 ... ok
[INFO] [stdout] test joins::symmetric_hash_join::tests::join_without_filter::join_type_1_JoinType__Inner ... ok
[INFO] [stdout] test joins::symmetric_hash_join::tests::join_all_one_descending_numeric_particular::join_type_8_JoinType__Full::case_expr_3_2 ... ok
[INFO] [stdout] test joins::symmetric_hash_join::tests::join_all_one_descending_numeric_particular::join_type_8_JoinType__Full::case_expr_5_4 ... ok
[INFO] [stdout] test joins::symmetric_hash_join::tests::join_without_filter::join_type_2_JoinType__Left ... ok
[INFO] [stdout] test joins::symmetric_hash_join::tests::join_without_filter::join_type_4_JoinType__RightSemi ... ok
[INFO] [stdout] test joins::symmetric_hash_join::tests::join_all_one_descending_numeric_particular::join_type_8_JoinType__Full::case_expr_6_5 ... ok
[INFO] [stdout] test joins::symmetric_hash_join::tests::join_without_filter::join_type_7_JoinType__RightAnti ... ok
[INFO] [stdout] test joins::symmetric_hash_join::tests::join_without_filter::join_type_6_JoinType__LeftAnti ... ok
[INFO] [stdout] test joins::symmetric_hash_join::tests::join_without_filter::join_type_3_JoinType__Right ... ok
[INFO] [stdout] test joins::symmetric_hash_join::tests::join_without_filter::join_type_5_JoinType__LeftSemi ... ok
[INFO] [stdout] test joins::symmetric_hash_join::tests::join_without_sort_information::join_type_1_JoinType__Inner::case_expr_2_1 ... ok
[INFO] [stdout] test joins::symmetric_hash_join::tests::join_without_sort_information::join_type_1_JoinType__Inner::case_expr_1_0 ... ok
[INFO] [stdout] test joins::symmetric_hash_join::tests::join_without_sort_information::join_type_1_JoinType__Inner::case_expr_6_5 ... ok
[INFO] [stdout] test joins::symmetric_hash_join::tests::join_without_sort_information::join_type_1_JoinType__Inner::case_expr_3_2 ... ok
[INFO] [stdout] test joins::symmetric_hash_join::tests::join_without_sort_information::join_type_1_JoinType__Inner::case_expr_4_3 ... ok
[INFO] [stdout] test joins::symmetric_hash_join::tests::join_without_filter::join_type_8_JoinType__Full ... ok
[INFO] [stdout] test joins::symmetric_hash_join::tests::join_without_sort_information::join_type_1_JoinType__Inner::case_expr_5_4 ... ok
[INFO] [stdout] test joins::symmetric_hash_join::tests::join_without_sort_information::join_type_2_JoinType__Left::case_expr_1_0 ... ok
[INFO] [stdout] test joins::symmetric_hash_join::tests::join_without_sort_information::join_type_2_JoinType__Left::case_expr_2_1 ... ok
[INFO] [stdout] test joins::symmetric_hash_join::tests::join_without_sort_information::join_type_2_JoinType__Left::case_expr_3_2 ... ok
[INFO] [stdout] test joins::symmetric_hash_join::tests::join_without_sort_information::join_type_2_JoinType__Left::case_expr_6_5 ... ok
[INFO] [stdout] test joins::symmetric_hash_join::tests::join_without_sort_information::join_type_2_JoinType__Left::case_expr_4_3 ... ok
[INFO] [stdout] test joins::symmetric_hash_join::tests::join_without_sort_information::join_type_3_JoinType__Right::case_expr_2_1 ... ok
[INFO] [stdout] test joins::symmetric_hash_join::tests::join_without_sort_information::join_type_3_JoinType__Right::case_expr_1_0 ... ok
[INFO] [stdout] test joins::symmetric_hash_join::tests::join_without_sort_information::join_type_3_JoinType__Right::case_expr_3_2 ... ok
[INFO] [stdout] test joins::symmetric_hash_join::tests::join_without_sort_information::join_type_2_JoinType__Left::case_expr_5_4 ... ok
[INFO] [stdout] test joins::symmetric_hash_join::tests::join_without_sort_information::join_type_3_JoinType__Right::case_expr_4_3 ... ok
[INFO] [stdout] test joins::symmetric_hash_join::tests::join_without_sort_information::join_type_4_JoinType__RightSemi::case_expr_2_1 ... ok
[INFO] [stdout] test joins::symmetric_hash_join::tests::join_without_sort_information::join_type_3_JoinType__Right::case_expr_6_5 ... ok
[INFO] [stdout] test joins::symmetric_hash_join::tests::join_without_sort_information::join_type_4_JoinType__RightSemi::case_expr_1_0 ... ok
[INFO] [stdout] test joins::symmetric_hash_join::tests::join_without_sort_information::join_type_4_JoinType__RightSemi::case_expr_3_2 ... ok
[INFO] [stdout] test joins::symmetric_hash_join::tests::join_without_sort_information::join_type_4_JoinType__RightSemi::case_expr_4_3 ... ok
[INFO] [stdout] test joins::symmetric_hash_join::tests::join_without_sort_information::join_type_3_JoinType__Right::case_expr_5_4 ... ok
[INFO] [stdout] test joins::symmetric_hash_join::tests::join_without_sort_information::join_type_4_JoinType__RightSemi::case_expr_6_5 ... ok
[INFO] [stdout] test joins::symmetric_hash_join::tests::join_without_sort_information::join_type_5_JoinType__LeftSemi::case_expr_2_1 ... ok
[INFO] [stdout] test joins::symmetric_hash_join::tests::join_without_sort_information::join_type_4_JoinType__RightSemi::case_expr_5_4 ... ok
[INFO] [stdout] test joins::symmetric_hash_join::tests::join_without_sort_information::join_type_5_JoinType__LeftSemi::case_expr_1_0 ... ok
[INFO] [stdout] test joins::symmetric_hash_join::tests::join_without_sort_information::join_type_5_JoinType__LeftSemi::case_expr_3_2 ... ok
[INFO] [stdout] test joins::symmetric_hash_join::tests::join_without_sort_information::join_type_5_JoinType__LeftSemi::case_expr_4_3 ... ok
[INFO] [stdout] test joins::symmetric_hash_join::tests::join_without_sort_information::join_type_5_JoinType__LeftSemi::case_expr_6_5 ... ok
[INFO] [stdout] test joins::symmetric_hash_join::tests::join_without_sort_information::join_type_5_JoinType__LeftSemi::case_expr_5_4 ... ok
[INFO] [stdout] test joins::symmetric_hash_join::tests::join_without_sort_information::join_type_6_JoinType__LeftAnti::case_expr_1_0 ... ok
[INFO] [stdout] test joins::symmetric_hash_join::tests::join_without_sort_information::join_type_6_JoinType__LeftAnti::case_expr_4_3 ... ok
[INFO] [stdout] test joins::symmetric_hash_join::tests::join_without_sort_information::join_type_6_JoinType__LeftAnti::case_expr_2_1 ... ok
[INFO] [stdout] test joins::symmetric_hash_join::tests::join_without_sort_information::join_type_6_JoinType__LeftAnti::case_expr_3_2 ... ok
[INFO] [stdout] test joins::symmetric_hash_join::tests::join_without_sort_information::join_type_6_JoinType__LeftAnti::case_expr_5_4 ... ok
[INFO] [stdout] test joins::symmetric_hash_join::tests::join_without_sort_information::join_type_7_JoinType__RightAnti::case_expr_1_0 ... ok
[INFO] [stdout] test joins::symmetric_hash_join::tests::join_without_sort_information::join_type_6_JoinType__LeftAnti::case_expr_6_5 ... ok
[INFO] [stdout] test joins::symmetric_hash_join::tests::join_without_sort_information::join_type_7_JoinType__RightAnti::case_expr_2_1 ... ok
[INFO] [stdout] test joins::symmetric_hash_join::tests::join_without_sort_information::join_type_7_JoinType__RightAnti::case_expr_3_2 ... ok
[INFO] [stdout] test joins::symmetric_hash_join::tests::join_without_sort_information::join_type_7_JoinType__RightAnti::case_expr_5_4 ... ok
[INFO] [stdout] test joins::symmetric_hash_join::tests::join_without_sort_information::join_type_7_JoinType__RightAnti::case_expr_4_3 ... ok
[INFO] [stdout] test joins::symmetric_hash_join::tests::join_without_sort_information::join_type_7_JoinType__RightAnti::case_expr_6_5 ... ok
[INFO] [stdout] test joins::symmetric_hash_join::tests::join_without_sort_information::join_type_8_JoinType__Full::case_expr_1_0 ... ok
[INFO] [stdout] test joins::symmetric_hash_join::tests::join_without_sort_information::join_type_8_JoinType__Full::case_expr_2_1 ... ok
[INFO] [stdout] test joins::symmetric_hash_join::tests::join_without_sort_information::join_type_8_JoinType__Full::case_expr_3_2 ... ok
[INFO] [stdout] test joins::symmetric_hash_join::tests::join_without_sort_information::join_type_8_JoinType__Full::case_expr_4_3 ... ok
[INFO] [stdout] test joins::symmetric_hash_join::tests::test_with_interval_columns::join_type_1_JoinType__Inner::cardinality_1__4_5_ ... ok
[INFO] [stdout] test joins::symmetric_hash_join::tests::join_without_sort_information::join_type_8_JoinType__Full::case_expr_6_5 ... ok
[INFO] [stdout] test joins::symmetric_hash_join::tests::join_without_sort_information::join_type_8_JoinType__Full::case_expr_5_4 ... ok
[INFO] [stdout] test joins::symmetric_hash_join::tests::test_with_interval_columns::join_type_1_JoinType__Inner::cardinality_2__12_17_ ... ok
[INFO] [stdout] test joins::symmetric_hash_join::tests::test_with_interval_columns::join_type_2_JoinType__Left::cardinality_1__4_5_ ... ok
[INFO] [stdout] test joins::symmetric_hash_join::tests::test_with_interval_columns::join_type_2_JoinType__Left::cardinality_2__12_17_ ... ok
[INFO] [stdout] test joins::symmetric_hash_join::tests::test_with_interval_columns::join_type_3_JoinType__Right::cardinality_1__4_5_ ... ok
[INFO] [stdout] test joins::symmetric_hash_join::tests::test_with_interval_columns::join_type_4_JoinType__RightSemi::cardinality_1__4_5_ ... ok
[INFO] [stdout] test joins::symmetric_hash_join::tests::test_with_interval_columns::join_type_4_JoinType__RightSemi::cardinality_2__12_17_ ... ok
[INFO] [stdout] test joins::symmetric_hash_join::tests::test_with_interval_columns::join_type_5_JoinType__LeftSemi::cardinality_1__4_5_ ... ok
[INFO] [stdout] test joins::symmetric_hash_join::tests::test_with_interval_columns::join_type_3_JoinType__Right::cardinality_2__12_17_ ... ok
[INFO] [stdout] test joins::symmetric_hash_join::tests::test_with_interval_columns::join_type_5_JoinType__LeftSemi::cardinality_2__12_17_ ... ok
[INFO] [stdout] test joins::symmetric_hash_join::tests::test_with_interval_columns::join_type_6_JoinType__LeftAnti::cardinality_1__4_5_ ... ok
[INFO] [stdout] test joins::symmetric_hash_join::tests::test_with_interval_columns::join_type_7_JoinType__RightAnti::cardinality_1__4_5_ ... ok
[INFO] [stdout] test joins::symmetric_hash_join::tests::test_with_interval_columns::join_type_6_JoinType__LeftAnti::cardinality_2__12_17_ ... ok
[INFO] [stdout] test joins::symmetric_hash_join::tests::test_with_interval_columns::join_type_7_JoinType__RightAnti::cardinality_2__12_17_ ... ok
[INFO] [stdout] test joins::symmetric_hash_join::tests::testing_ascending_float_pruning::join_type_1_JoinType__Inner::cardinality_1__4_5_::case_expr_1_0 ... ok
[INFO] [stdout] test joins::symmetric_hash_join::tests::testing_ascending_float_pruning::join_type_1_JoinType__Inner::cardinality_1__4_5_::case_expr_2_1 ... ok
[INFO] [stdout] test joins::symmetric_hash_join::tests::test_with_interval_columns::join_type_8_JoinType__Full::cardinality_2__12_17_ ... ok
[INFO] [stdout] test joins::symmetric_hash_join::tests::testing_ascending_float_pruning::join_type_1_JoinType__Inner::cardinality_1__4_5_::case_expr_3_2 ... ok
[INFO] [stdout] test joins::symmetric_hash_join::tests::test_with_interval_columns::join_type_8_JoinType__Full::cardinality_1__4_5_ ... ok
[INFO] [stdout] test joins::symmetric_hash_join::tests::testing_ascending_float_pruning::join_type_1_JoinType__Inner::cardinality_1__4_5_::case_expr_4_3 ... ok
[INFO] [stdout] test joins::symmetric_hash_join::tests::testing_ascending_float_pruning::join_type_1_JoinType__Inner::cardinality_1__4_5_::case_expr_5_4 ... ok
[INFO] [stdout] test joins::symmetric_hash_join::tests::testing_ascending_float_pruning::join_type_1_JoinType__Inner::cardinality_1__4_5_::case_expr_6_5 ... ok
[INFO] [stdout] test joins::symmetric_hash_join::tests::testing_ascending_float_pruning::join_type_1_JoinType__Inner::cardinality_2__12_17_::case_expr_1_0 ... ok
[INFO] [stdout] test joins::symmetric_hash_join::tests::testing_ascending_float_pruning::join_type_1_JoinType__Inner::cardinality_2__12_17_::case_expr_2_1 ... ok
[INFO] [stdout] test joins::symmetric_hash_join::tests::testing_ascending_float_pruning::join_type_1_JoinType__Inner::cardinality_2__12_17_::case_expr_4_3 ... ok
[INFO] [stdout] test joins::symmetric_hash_join::tests::testing_ascending_float_pruning::join_type_1_JoinType__Inner::cardinality_2__12_17_::case_expr_3_2 ... ok
[INFO] [stdout] test joins::symmetric_hash_join::tests::testing_ascending_float_pruning::join_type_1_JoinType__Inner::cardinality_2__12_17_::case_expr_5_4 ... ok
[INFO] [stdout] test joins::symmetric_hash_join::tests::testing_ascending_float_pruning::join_type_1_JoinType__Inner::cardinality_2__12_17_::case_expr_6_5 ... ok
[INFO] [stdout] test joins::symmetric_hash_join::tests::testing_ascending_float_pruning::join_type_2_JoinType__Left::cardinality_1__4_5_::case_expr_1_0 ... ok
[INFO] [stdout] test joins::symmetric_hash_join::tests::testing_ascending_float_pruning::join_type_2_JoinType__Left::cardinality_1__4_5_::case_expr_2_1 ... ok
[INFO] [stdout] test joins::symmetric_hash_join::tests::testing_ascending_float_pruning::join_type_2_JoinType__Left::cardinality_1__4_5_::case_expr_3_2 ... ok
[INFO] [stdout] test joins::symmetric_hash_join::tests::testing_ascending_float_pruning::join_type_2_JoinType__Left::cardinality_1__4_5_::case_expr_4_3 ... ok
[INFO] [stdout] test joins::symmetric_hash_join::tests::testing_ascending_float_pruning::join_type_2_JoinType__Left::cardinality_1__4_5_::case_expr_5_4 ... ok
[INFO] [stdout] test joins::symmetric_hash_join::tests::testing_ascending_float_pruning::join_type_2_JoinType__Left::cardinality_1__4_5_::case_expr_6_5 ... ok
[INFO] [stdout] test joins::symmetric_hash_join::tests::testing_ascending_float_pruning::join_type_2_JoinType__Left::cardinality_2__12_17_::case_expr_1_0 ... ok
[INFO] [stdout] test joins::symmetric_hash_join::tests::testing_ascending_float_pruning::join_type_2_JoinType__Left::cardinality_2__12_17_::case_expr_2_1 ... ok
[INFO] [stdout] test joins::symmetric_hash_join::tests::testing_ascending_float_pruning::join_type_2_JoinType__Left::cardinality_2__12_17_::case_expr_3_2 ... ok
[INFO] [stdout] test joins::symmetric_hash_join::tests::testing_ascending_float_pruning::join_type_2_JoinType__Left::cardinality_2__12_17_::case_expr_5_4 ... ok
[INFO] [stdout] test joins::symmetric_hash_join::tests::testing_ascending_float_pruning::join_type_2_JoinType__Left::cardinality_2__12_17_::case_expr_4_3 ... ok
[INFO] [stdout] test joins::symmetric_hash_join::tests::testing_ascending_float_pruning::join_type_2_JoinType__Left::cardinality_2__12_17_::case_expr_6_5 ... ok
[INFO] [stdout] test joins::symmetric_hash_join::tests::testing_ascending_float_pruning::join_type_3_JoinType__Right::cardinality_1__4_5_::case_expr_1_0 ... ok
[INFO] [stdout] test joins::symmetric_hash_join::tests::testing_ascending_float_pruning::join_type_3_JoinType__Right::cardinality_1__4_5_::case_expr_2_1 ... ok
[INFO] [stdout] test joins::symmetric_hash_join::tests::testing_ascending_float_pruning::join_type_3_JoinType__Right::cardinality_1__4_5_::case_expr_3_2 ... ok
[INFO] [stdout] test joins::symmetric_hash_join::tests::testing_ascending_float_pruning::join_type_3_JoinType__Right::cardinality_1__4_5_::case_expr_4_3 ... ok
[INFO] [stdout] test joins::symmetric_hash_join::tests::testing_ascending_float_pruning::join_type_3_JoinType__Right::cardinality_1__4_5_::case_expr_5_4 ... ok
[INFO] [stdout] test joins::symmetric_hash_join::tests::testing_ascending_float_pruning::join_type_3_JoinType__Right::cardinality_1__4_5_::case_expr_6_5 ... ok
[INFO] [stdout] test joins::symmetric_hash_join::tests::testing_ascending_float_pruning::join_type_3_JoinType__Right::cardinality_2__12_17_::case_expr_1_0 ... ok
[INFO] [stdout] test joins::symmetric_hash_join::tests::testing_ascending_float_pruning::join_type_3_JoinType__Right::cardinality_2__12_17_::case_expr_2_1 ... ok
[INFO] [stdout] test joins::symmetric_hash_join::tests::testing_ascending_float_pruning::join_type_3_JoinType__Right::cardinality_2__12_17_::case_expr_4_3 ... ok
[INFO] [stdout] test joins::symmetric_hash_join::tests::testing_ascending_float_pruning::join_type_3_JoinType__Right::cardinality_2__12_17_::case_expr_3_2 ... ok
[INFO] [stdout] test joins::symmetric_hash_join::tests::testing_ascending_float_pruning::join_type_3_JoinType__Right::cardinality_2__12_17_::case_expr_5_4 ... ok
[INFO] [stdout] test joins::symmetric_hash_join::tests::testing_ascending_float_pruning::join_type_4_JoinType__RightSemi::cardinality_1__4_5_::case_expr_1_0 ... ok
[INFO] [stdout] test joins::symmetric_hash_join::tests::testing_ascending_float_pruning::join_type_4_JoinType__RightSemi::cardinality_1__4_5_::case_expr_2_1 ... ok
[INFO] [stdout] test joins::symmetric_hash_join::tests::testing_ascending_float_pruning::join_type_4_JoinType__RightSemi::cardinality_1__4_5_::case_expr_3_2 ... ok
[INFO] [stdout] test joins::symmetric_hash_join::tests::testing_ascending_float_pruning::join_type_3_JoinType__Right::cardinality_2__12_17_::case_expr_6_5 ... ok
[INFO] [stdout] test joins::symmetric_hash_join::tests::testing_ascending_float_pruning::join_type_4_JoinType__RightSemi::cardinality_1__4_5_::case_expr_4_3 ... ok
[INFO] [stdout] test joins::symmetric_hash_join::tests::testing_ascending_float_pruning::join_type_4_JoinType__RightSemi::cardinality_1__4_5_::case_expr_6_5 ... ok
[INFO] [stdout] test joins::symmetric_hash_join::tests::testing_ascending_float_pruning::join_type_4_JoinType__RightSemi::cardinality_1__4_5_::case_expr_5_4 ... ok
[INFO] [stdout] test joins::symmetric_hash_join::tests::testing_ascending_float_pruning::join_type_4_JoinType__RightSemi::cardinality_2__12_17_::case_expr_2_1 ... ok
[INFO] [stdout] test joins::symmetric_hash_join::tests::testing_ascending_float_pruning::join_type_4_JoinType__RightSemi::cardinality_2__12_17_::case_expr_1_0 ... ok
[INFO] [stdout] test joins::symmetric_hash_join::tests::testing_ascending_float_pruning::join_type_4_JoinType__RightSemi::cardinality_2__12_17_::case_expr_3_2 ... ok
[INFO] [stdout] test joins::symmetric_hash_join::tests::testing_ascending_float_pruning::join_type_4_JoinType__RightSemi::cardinality_2__12_17_::case_expr_5_4 ... ok
[INFO] [stdout] test joins::symmetric_hash_join::tests::testing_ascending_float_pruning::join_type_4_JoinType__RightSemi::cardinality_2__12_17_::case_expr_4_3 ... ok
[INFO] [stdout] test joins::symmetric_hash_join::tests::testing_ascending_float_pruning::join_type_4_JoinType__RightSemi::cardinality_2__12_17_::case_expr_6_5 ... ok
[INFO] [stdout] test joins::symmetric_hash_join::tests::testing_ascending_float_pruning::join_type_5_JoinType__LeftSemi::cardinality_1__4_5_::case_expr_2_1 ... ok
[INFO] [stdout] test joins::symmetric_hash_join::tests::testing_ascending_float_pruning::join_type_5_JoinType__LeftSemi::cardinality_1__4_5_::case_expr_1_0 ... ok
[INFO] [stdout] test joins::symmetric_hash_join::tests::testing_ascending_float_pruning::join_type_5_JoinType__LeftSemi::cardinality_1__4_5_::case_expr_3_2 ... ok
[INFO] [stdout] test joins::symmetric_hash_join::tests::testing_ascending_float_pruning::join_type_5_JoinType__LeftSemi::cardinality_1__4_5_::case_expr_4_3 ... ok
[INFO] [stdout] test joins::symmetric_hash_join::tests::testing_ascending_float_pruning::join_type_5_JoinType__LeftSemi::cardinality_1__4_5_::case_expr_6_5 ... ok
[INFO] [stdout] test joins::symmetric_hash_join::tests::testing_ascending_float_pruning::join_type_5_JoinType__LeftSemi::cardinality_1__4_5_::case_expr_5_4 ... ok
[INFO] [stdout] test joins::symmetric_hash_join::tests::testing_ascending_float_pruning::join_type_5_JoinType__LeftSemi::cardinality_2__12_17_::case_expr_1_0 ... ok
[INFO] [stdout] test joins::symmetric_hash_join::tests::testing_ascending_float_pruning::join_type_5_JoinType__LeftSemi::cardinality_2__12_17_::case_expr_2_1 ... ok
[INFO] [stdout] test joins::symmetric_hash_join::tests::testing_ascending_float_pruning::join_type_5_JoinType__LeftSemi::cardinality_2__12_17_::case_expr_3_2 ... ok
[INFO] [stdout] test joins::symmetric_hash_join::tests::testing_ascending_float_pruning::join_type_5_JoinType__LeftSemi::cardinality_2__12_17_::case_expr_4_3 ... ok
[INFO] [stdout] test joins::symmetric_hash_join::tests::testing_ascending_float_pruning::join_type_5_JoinType__LeftSemi::cardinality_2__12_17_::case_expr_5_4 ... ok
[INFO] [stdout] test joins::symmetric_hash_join::tests::testing_ascending_float_pruning::join_type_5_JoinType__LeftSemi::cardinality_2__12_17_::case_expr_6_5 ... ok
[INFO] [stdout] test joins::symmetric_hash_join::tests::testing_ascending_float_pruning::join_type_6_JoinType__LeftAnti::cardinality_1__4_5_::case_expr_1_0 ... ok
[INFO] [stdout] test joins::symmetric_hash_join::tests::testing_ascending_float_pruning::join_type_6_JoinType__LeftAnti::cardinality_1__4_5_::case_expr_2_1 ... ok
[INFO] [stdout] test joins::symmetric_hash_join::tests::testing_ascending_float_pruning::join_type_6_JoinType__LeftAnti::cardinality_1__4_5_::case_expr_3_2 ... ok
[INFO] [stdout] test joins::symmetric_hash_join::tests::testing_ascending_float_pruning::join_type_6_JoinType__LeftAnti::cardinality_1__4_5_::case_expr_5_4 ... ok
[INFO] [stdout] test joins::symmetric_hash_join::tests::testing_ascending_float_pruning::join_type_6_JoinType__LeftAnti::cardinality_1__4_5_::case_expr_6_5 ... ok
[INFO] [stdout] test joins::symmetric_hash_join::tests::testing_ascending_float_pruning::join_type_6_JoinType__LeftAnti::cardinality_1__4_5_::case_expr_4_3 ... ok
[INFO] [stdout] test joins::symmetric_hash_join::tests::testing_ascending_float_pruning::join_type_6_JoinType__LeftAnti::cardinality_2__12_17_::case_expr_1_0 ... ok
[INFO] [stdout] test joins::symmetric_hash_join::tests::testing_ascending_float_pruning::join_type_6_JoinType__LeftAnti::cardinality_2__12_17_::case_expr_2_1 ... ok
[INFO] [stdout] test joins::symmetric_hash_join::tests::testing_ascending_float_pruning::join_type_6_JoinType__LeftAnti::cardinality_2__12_17_::case_expr_3_2 ... ok
[INFO] [stdout] test joins::symmetric_hash_join::tests::testing_ascending_float_pruning::join_type_6_JoinType__LeftAnti::cardinality_2__12_17_::case_expr_4_3 ... ok
[INFO] [stdout] test joins::symmetric_hash_join::tests::testing_ascending_float_pruning::join_type_6_JoinType__LeftAnti::cardinality_2__12_17_::case_expr_5_4 ... ok
[INFO] [stdout] test joins::symmetric_hash_join::tests::testing_ascending_float_pruning::join_type_6_JoinType__LeftAnti::cardinality_2__12_17_::case_expr_6_5 ... ok
[INFO] [stdout] test joins::symmetric_hash_join::tests::testing_ascending_float_pruning::join_type_7_JoinType__RightAnti::cardinality_1__4_5_::case_expr_1_0 ... ok
[INFO] [stdout] test joins::symmetric_hash_join::tests::testing_ascending_float_pruning::join_type_7_JoinType__RightAnti::cardinality_1__4_5_::case_expr_2_1 ... ok
[INFO] [stdout] test joins::symmetric_hash_join::tests::testing_ascending_float_pruning::join_type_7_JoinType__RightAnti::cardinality_1__4_5_::case_expr_4_3 ... ok
[INFO] [stdout] test joins::symmetric_hash_join::tests::testing_ascending_float_pruning::join_type_7_JoinType__RightAnti::cardinality_1__4_5_::case_expr_3_2 ... ok
[INFO] [stdout] test joins::symmetric_hash_join::tests::testing_ascending_float_pruning::join_type_7_JoinType__RightAnti::cardinality_1__4_5_::case_expr_5_4 ... ok
[INFO] [stdout] test joins::symmetric_hash_join::tests::testing_ascending_float_pruning::join_type_7_JoinType__RightAnti::cardinality_1__4_5_::case_expr_6_5 ... ok
[INFO] [stdout] test joins::symmetric_hash_join::tests::testing_ascending_float_pruning::join_type_7_JoinType__RightAnti::cardinality_2__12_17_::case_expr_1_0 ... ok
[INFO] [stdout] test joins::symmetric_hash_join::tests::testing_ascending_float_pruning::join_type_7_JoinType__RightAnti::cardinality_2__12_17_::case_expr_2_1 ... ok
[INFO] [stdout] test joins::symmetric_hash_join::tests::testing_ascending_float_pruning::join_type_7_JoinType__RightAnti::cardinality_2__12_17_::case_expr_3_2 ... ok
[INFO] [stdout] test joins::symmetric_hash_join::tests::testing_ascending_float_pruning::join_type_7_JoinType__RightAnti::cardinality_2__12_17_::case_expr_4_3 ... ok
[INFO] [stdout] test joins::symmetric_hash_join::tests::testing_ascending_float_pruning::join_type_7_JoinType__RightAnti::cardinality_2__12_17_::case_expr_5_4 ... ok
[INFO] [stdout] test joins::symmetric_hash_join::tests::testing_ascending_float_pruning::join_type_7_JoinType__RightAnti::cardinality_2__12_17_::case_expr_6_5 ... ok
[INFO] [stdout] test joins::symmetric_hash_join::tests::testing_ascending_float_pruning::join_type_8_JoinType__Full::cardinality_1__4_5_::case_expr_1_0 ... ok
[INFO] [stdout] test joins::symmetric_hash_join::tests::testing_ascending_float_pruning::join_type_8_JoinType__Full::cardinality_1__4_5_::case_expr_2_1 ... ok
[INFO] [stdout] test joins::symmetric_hash_join::tests::testing_ascending_float_pruning::join_type_8_JoinType__Full::cardinality_1__4_5_::case_expr_3_2 ... ok
[INFO] [stdout] test joins::symmetric_hash_join::tests::testing_ascending_float_pruning::join_type_8_JoinType__Full::cardinality_1__4_5_::case_expr_4_3 ... ok
[INFO] [stdout] test joins::symmetric_hash_join::tests::testing_ascending_float_pruning::join_type_8_JoinType__Full::cardinality_1__4_5_::case_expr_5_4 ... ok
[INFO] [stdout] test joins::symmetric_hash_join::tests::testing_ascending_float_pruning::join_type_8_JoinType__Full::cardinality_2__12_17_::case_expr_1_0 ... ok
[INFO] [stdout] test joins::symmetric_hash_join::tests::testing_ascending_float_pruning::join_type_8_JoinType__Full::cardinality_1__4_5_::case_expr_6_5 ... ok
[INFO] [stdout] test joins::symmetric_hash_join::tests::testing_ascending_float_pruning::join_type_8_JoinType__Full::cardinality_2__12_17_::case_expr_2_1 ... ok
[INFO] [stdout] test joins::symmetric_hash_join::tests::testing_ascending_float_pruning::join_type_8_JoinType__Full::cardinality_2__12_17_::case_expr_3_2 ... ok
[INFO] [stdout] test joins::symmetric_hash_join::tests::testing_ascending_float_pruning::join_type_8_JoinType__Full::cardinality_2__12_17_::case_expr_4_3 ... ok
[INFO] [stdout] test joins::symmetric_hash_join::tests::testing_ascending_float_pruning::join_type_8_JoinType__Full::cardinality_2__12_17_::case_expr_5_4 ... ok
[INFO] [stdout] test joins::symmetric_hash_join::tests::testing_with_temporal_columns::join_type_1_JoinType__Inner::cardinality_1__4_5_::case_expr_3_2 ... ok
[INFO] [stdout] test joins::symmetric_hash_join::tests::testing_with_temporal_columns::join_type_1_JoinType__Inner::cardinality_1__4_5_::case_expr_2_1 ... ok
[INFO] [stdout] test joins::symmetric_hash_join::tests::testing_ascending_float_pruning::join_type_8_JoinType__Full::cardinality_2__12_17_::case_expr_6_5 ... ok
[INFO] [stdout] test joins::symmetric_hash_join::tests::testing_with_temporal_columns::join_type_1_JoinType__Inner::cardinality_2__12_17_::case_expr_2_1 ... ok
[INFO] [stdout] test joins::symmetric_hash_join::tests::testing_with_temporal_columns::join_type_1_JoinType__Inner::cardinality_2__12_17_::case_expr_1_0 ... ok
[INFO] [stdout] test joins::symmetric_hash_join::tests::testing_with_temporal_columns::join_type_1_JoinType__Inner::cardinality_2__12_17_::case_expr_3_2 ... ok
[INFO] [stdout] test joins::symmetric_hash_join::tests::testing_with_temporal_columns::join_type_2_JoinType__Left::cardinality_1__4_5_::case_expr_2_1 ... ok
[INFO] [stdout] test joins::symmetric_hash_join::tests::testing_with_temporal_columns::join_type_1_JoinType__Inner::cardinality_1__4_5_::case_expr_1_0 ... ok
[INFO] [stdout] test joins::symmetric_hash_join::tests::testing_with_temporal_columns::join_type_2_JoinType__Left::cardinality_1__4_5_::case_expr_3_2 ... ok
[INFO] [stdout] test joins::symmetric_hash_join::tests::testing_with_temporal_columns::join_type_2_JoinType__Left::cardinality_2__12_17_::case_expr_1_0 ... ok
[INFO] [stdout] test joins::symmetric_hash_join::tests::testing_with_temporal_columns::join_type_2_JoinType__Left::cardinality_2__12_17_::case_expr_2_1 ... ok
[INFO] [stdout] test joins::symmetric_hash_join::tests::testing_with_temporal_columns::join_type_2_JoinType__Left::cardinality_2__12_17_::case_expr_3_2 ... ok
[INFO] [stdout] test joins::symmetric_hash_join::tests::testing_with_temporal_columns::join_type_3_JoinType__Right::cardinality_1__4_5_::case_expr_3_2 ... ok
[INFO] [stdout] test joins::symmetric_hash_join::tests::testing_with_temporal_columns::join_type_3_JoinType__Right::cardinality_1__4_5_::case_expr_2_1 ... ok
[INFO] [stdout] test joins::symmetric_hash_join::tests::testing_with_temporal_columns::join_type_2_JoinType__Left::cardinality_1__4_5_::case_expr_1_0 ... ok
[INFO] [stdout] test joins::symmetric_hash_join::tests::testing_with_temporal_columns::join_type_3_JoinType__Right::cardinality_2__12_17_::case_expr_1_0 ... ok
[INFO] [stdout] test joins::symmetric_hash_join::tests::testing_with_temporal_columns::join_type_3_JoinType__Right::cardinality_2__12_17_::case_expr_2_1 ... ok
[INFO] [stdout] test joins::symmetric_hash_join::tests::testing_with_temporal_columns::join_type_3_JoinType__Right::cardinality_2__12_17_::case_expr_3_2 ... ok
[INFO] [stdout] test joins::symmetric_hash_join::tests::testing_with_temporal_columns::join_type_4_JoinType__RightSemi::cardinality_1__4_5_::case_expr_1_0 ... ok
[INFO] [stdout] test joins::symmetric_hash_join::tests::testing_with_temporal_columns::join_type_4_JoinType__RightSemi::cardinality_1__4_5_::case_expr_2_1 ... ok
[INFO] [stdout] test joins::symmetric_hash_join::tests::testing_with_temporal_columns::join_type_4_JoinType__RightSemi::cardinality_1__4_5_::case_expr_3_2 ... ok
[INFO] [stdout] test joins::symmetric_hash_join::tests::testing_with_temporal_columns::join_type_3_JoinType__Right::cardinality_1__4_5_::case_expr_1_0 ... ok
[INFO] [stdout] test joins::symmetric_hash_join::tests::testing_with_temporal_columns::join_type_4_JoinType__RightSemi::cardinality_2__12_17_::case_expr_3_2 ... ok
[INFO] [stdout] test joins::symmetric_hash_join::tests::testing_with_temporal_columns::join_type_4_JoinType__RightSemi::cardinality_2__12_17_::case_expr_2_1 ... ok
[INFO] [stdout] test joins::symmetric_hash_join::tests::testing_with_temporal_columns::join_type_4_JoinType__RightSemi::cardinality_2__12_17_::case_expr_1_0 ... ok
[INFO] [stdout] test joins::symmetric_hash_join::tests::testing_with_temporal_columns::join_type_5_JoinType__LeftSemi::cardinality_1__4_5_::case_expr_3_2 ... ok
[INFO] [stdout] test joins::symmetric_hash_join::tests::testing_with_temporal_columns::join_type_5_JoinType__LeftSemi::cardinality_1__4_5_::case_expr_1_0 ... ok
[INFO] [stdout] test joins::symmetric_hash_join::tests::testing_with_temporal_columns::join_type_5_JoinType__LeftSemi::cardinality_2__12_17_::case_expr_2_1 ... ok
[INFO] [stdout] test joins::symmetric_hash_join::tests::testing_with_temporal_columns::join_type_5_JoinType__LeftSemi::cardinality_1__4_5_::case_expr_2_1 ... ok
[INFO] [stdout] test joins::symmetric_hash_join::tests::testing_with_temporal_columns::join_type_5_JoinType__LeftSemi::cardinality_2__12_17_::case_expr_3_2 ... ok
[INFO] [stdout] test joins::symmetric_hash_join::tests::testing_with_temporal_columns::join_type_6_JoinType__LeftAnti::cardinality_1__4_5_::case_expr_1_0 ... ok
[INFO] [stdout] test joins::symmetric_hash_join::tests::testing_with_temporal_columns::join_type_5_JoinType__LeftSemi::cardinality_2__12_17_::case_expr_1_0 ... ok
[INFO] [stdout] test joins::symmetric_hash_join::tests::testing_with_temporal_columns::join_type_6_JoinType__LeftAnti::cardinality_1__4_5_::case_expr_2_1 ... ok
[INFO] [stdout] test joins::symmetric_hash_join::tests::testing_with_temporal_columns::join_type_6_JoinType__LeftAnti::cardinality_2__12_17_::case_expr_1_0 ... ok
[INFO] [stdout] test joins::symmetric_hash_join::tests::testing_with_temporal_columns::join_type_6_JoinType__LeftAnti::cardinality_1__4_5_::case_expr_3_2 ... ok
[INFO] [stdout] test joins::symmetric_hash_join::tests::testing_with_temporal_columns::join_type_7_JoinType__RightAnti::cardinality_1__4_5_::case_expr_1_0 ... ok
[INFO] [stdout] test joins::symmetric_hash_join::tests::testing_with_temporal_columns::join_type_6_JoinType__LeftAnti::cardinality_2__12_17_::case_expr_3_2 ... ok
[INFO] [stdout] test joins::symmetric_hash_join::tests::testing_with_temporal_columns::join_type_7_JoinType__RightAnti::cardinality_1__4_5_::case_expr_3_2 ... ok
[INFO] [stdout] test joins::symmetric_hash_join::tests::testing_with_temporal_columns::join_type_6_JoinType__LeftAnti::cardinality_2__12_17_::case_expr_2_1 ... ok
[INFO] [stdout] test joins::symmetric_hash_join::tests::testing_with_temporal_columns::join_type_7_JoinType__RightAnti::cardinality_1__4_5_::case_expr_2_1 ... ok
[INFO] [stdout] test joins::symmetric_hash_join::tests::testing_with_temporal_columns::join_type_7_JoinType__RightAnti::cardinality_2__12_17_::case_expr_1_0 ... ok
[INFO] [stdout] test joins::symmetric_hash_join::tests::testing_with_temporal_columns::join_type_7_JoinType__RightAnti::cardinality_2__12_17_::case_expr_2_1 ... ok
[INFO] [stdout] test joins::utils::tests::check_collision ... ok
[INFO] [stdout] test joins::utils::tests::check_error_nesting ... ok
[INFO] [stdout] test joins::utils::tests::check_in_right ... ok
[INFO] [stdout] test joins::utils::tests::check_not_in_left ... ok
[INFO] [stdout] test joins::utils::tests::check_not_in_right ... ok
[INFO] [stdout] test joins::utils::tests::check_valid ... ok
[INFO] [stdout] test joins::utils::tests::test_anti_semi_join_cardinality ... ok
[INFO] [stdout] test joins::symmetric_hash_join::tests::testing_with_temporal_columns::join_type_7_JoinType__RightAnti::cardinality_2__12_17_::case_expr_3_2 ... ok
[INFO] [stdout] test joins::utils::tests::test_inner_join_cardinality_decimal_range ... ok
[INFO] [stdout] test joins::utils::tests::test_calculate_join_output_ordering ... ok
[INFO] [stdout] test joins::utils::tests::test_inner_join_cardinality_multiple_column ... ok
[INFO] [stdout] test joins::utils::tests::test_inner_join_cardinality_single_column ... ok
[INFO] [stdout] test joins::utils::tests::test_join_cardinality ... ok
[INFO] [stdout] test joins::utils::tests::test_join_cardinality_when_one_column_is_disjoint ... ok
[INFO] [stdout] test joins::utils::tests::test_semi_join_cardinality_absent_rows ... ok
[INFO] [stdout] test joins::utils::tests::test_join_schema ... ok
[INFO] [stdout] test limit::tests::limit ... ok
[INFO] [stdout] test limit::tests::limit_equals_batch_size ... ok
[INFO] [stdout] test limit::tests::limit_no_column ... ok
[INFO] [stdout] test limit::tests::limit_early_shutdown ... ok
[INFO] [stdout] test limit::tests::skip_3_fetch_10_stats ... ok
[INFO] [stdout] test limit::tests::skip_3_fetch_none ... ok
[INFO] [stdout] test limit::tests::skip_400_fetch_none ... ok
[INFO] [stdout] test limit::tests::skip_400_fetch_1 ... ok
[INFO] [stdout] test limit::tests::skip_401_fetch_none ... ok
[INFO] [stdout] test limit::tests::skip_none_fetch_50 ... ok
[INFO] [stdout] test limit::tests::skip_none_fetch_none ... ok
[INFO] [stdout] test limit::tests::test_row_number_statistics_for_local_limit ... ok
[INFO] [stdout] test memory::tests::test_memory_order_eq ... ok
[INFO] [stdout] test metrics::tests::test_aggregate_by_name ... ok
[INFO] [stdout] test limit::tests::test_row_number_statistics_for_global_limit ... ok
[INFO] [stdout] test metrics::tests::test_aggregate_partition_timestamps ... ok
[INFO] [stdout] test metrics::tests::test_aggregate_partition_bad_sum - should panic ... ok
[INFO] [stdout] test metrics::tests::test_display_labels_and_partition ... ok
[INFO] [stdout] test metrics::tests::test_display_labels_no_partition ... ok
[INFO] [stdout] test metrics::tests::test_display_no_labels_no_partition ... ok
[INFO] [stdout] test metrics::tests::test_display_no_labels_with_partition ... ok
[INFO] [stdout] test metrics::tests::test_elapsed_compute ... ok
[INFO] [stdout] test metrics::tests::test_output_rows ... ok
[INFO] [stdout] test metrics::tests::test_sorted_for_display ... ok
[INFO] [stdout] test metrics::tests::test_sum ... ok
[INFO] [stdout] test metrics::value::tests::test_display_output_rows ... ok
[INFO] [stdout] test metrics::value::tests::test_display_time ... ok
[INFO] [stdout] test metrics::value::tests::test_display_timestamp ... ok
[INFO] [stdout] test placeholder_row::tests::invalid_execute ... ok
[INFO] [stdout] test placeholder_row::tests::produce_one_row ... ok
[INFO] [stdout] test placeholder_row::tests::produce_one_row_multiple_partition ... ok
[INFO] [stdout] test placeholder_row::tests::with_new_children ... ok
[INFO] [stdout] test projection::tests::project_no_column ... ok
[INFO] [stdout] test projection::tests::test_stats_projection_column_with_primitive_width_only ... ok
[INFO] [stdout] test joins::symmetric_hash_join::tests::testing_with_temporal_columns::join_type_8_JoinType__Full::cardinality_1__4_5_::case_expr_2_1 ... ok
[INFO] [stdout] test joins::symmetric_hash_join::tests::testing_with_temporal_columns::join_type_8_JoinType__Full::cardinality_1__4_5_::case_expr_3_2 ... ok
[INFO] [stdout] test repartition::distributor_channels::tests::test_close_channel_by_dropping_rx_clears_data ... ok
[INFO] [stdout] test projection::tests::test_stats_projection_columns_only ... ok
[INFO] [stdout] test repartition::distributor_channels::tests::test_close_channel_by_dropping_rx_on_closed_gate ... ok
[INFO] [stdout] test repartition::distributor_channels::tests::test_close_channel_by_dropping_rx_on_open_gate ... ok
[INFO] [stdout] test repartition::distributor_channels::tests::test_close_channel_by_dropping_tx ... ok
[INFO] [stdout] test repartition::distributor_channels::tests::test_drop_rx_three_channels ... ok
[INFO] [stdout] test repartition::distributor_channels::tests::test_gate ... ok
[INFO] [stdout] test repartition::distributor_channels::tests::test_meta_poll_pending_waker ... ok
[INFO] [stdout] test repartition::distributor_channels::tests::test_multi_sender ... ok
[INFO] [stdout] test metrics::tests::test_bad_sum - should panic ... ok
[INFO] [stdout] test repartition::distributor_channels::tests::test_meta_poll_pending_wrong_state - should panic ... ok
[INFO] [stdout] test repartition::distributor_channels::tests::test_meta_poll_ready_wrong_state - should panic ... ok
[INFO] [stdout] test repartition::distributor_channels::tests::test_panic_poll_recv_future_after_ready_none - should panic ... ok
[INFO] [stdout] test repartition::distributor_channels::tests::test_poll_empty_channel_twice ... ok
[INFO] [stdout] test repartition::distributor_channels::tests::test_single_channel_no_gate ... ok
[INFO] [stdout] test repartition::distributor_channels::tests::test_panic_poll_recv_future_after_ready_some - should panic ... ok
[INFO] [stdout] test repartition::distributor_channels::tests::test_panic_poll_send_future_after_ready_err - should panic ... ok
[INFO] [stdout] test repartition::test::test_preserve_order ... ok
[INFO] [stdout] test repartition::test::test_preserve_order_input_not_sorted ... ok
[INFO] [stdout] test repartition::distributor_channels::tests::test_panic_poll_send_future_after_ready_ok - should panic ... ok
[INFO] [stdout] test repartition::test::test_preserve_order_one_partition ... ok
[INFO] [stdout] test repartition::tests::hash_repartition_avoid_empty_batch ... ok
[INFO] [stdout] test repartition::tests::error_for_input_exec ... ok
[INFO] [stdout] test joins::symmetric_hash_join::tests::testing_with_temporal_columns::join_type_8_JoinType__Full::cardinality_2__12_17_::case_expr_1_0 ... ok
[INFO] [stdout] test repartition::tests::hash_repartition_with_dropping_output_stream ... ok
[INFO] [stdout] test joins::symmetric_hash_join::tests::testing_with_temporal_columns::join_type_8_JoinType__Full::cardinality_2__12_17_::case_expr_2_1 ... ok
[INFO] [stdout] test repartition::tests::many_to_many_round_robin_within_tokio_task ... ok
[INFO] [stdout] test repartition::tests::many_to_many_round_robin ... ok
[INFO] [stdout] test repartition::tests::oom ... ok
[INFO] [stdout] test repartition::tests::repartition_with_delayed_stream ... ok
[INFO] [stdout] test repartition::tests::one_to_many_round_robin ... ok
[INFO] [stdout] test repartition::tests::unsupported_partitioning ... ok
[INFO] [stdout] test repartition::tests::repartition_with_error_in_stream ... ok
[INFO] [stdout] test sorts::cursor::tests::test_primitive_nulls_first ... ok
[INFO] [stdout] test repartition::tests::robin_repartition_with_dropping_output_stream ... ok
[INFO] [stdout] test sorts::partial_sort::tests::test_drop_cancel ... ok
[INFO] [stdout] test sorts::partial_sort::tests::test_lex_sort_by_float ... ok
[INFO] [stdout] test sorts::partial_sort::tests::test_partial_sort ... ok
[INFO] [stdout] test sorts::partial_sort::tests::test_partial_sort2 ... ok
[INFO] [stdout] test sorts::partial_sort::tests::test_partial_sort_with_fetch ... ok
[INFO] [stdout] test sorts::partial_sort::tests::test_sort_metadata ... ok
[INFO] [stdout] test repartition::tests::many_to_one_round_robin ... ok
[INFO] [stdout] test sorts::sort::tests::test_empty_sort_batch ... ok
[INFO] [stdout] test sorts::sort::tests::test_drop_cancel ... ok
[INFO] [stdout] test sorts::partial_sort::tests::test_partitioned_input_partial_sort ... ok
[INFO] [stdout] test sorts::sort::tests::test_in_mem_sort ... ok
[INFO] [stdout] test sorts::sort::tests::test_lex_sort_by_float ... ok
[INFO] [stdout] test sorts::sort::tests::test_lex_sort_by_mixed_types ... ok
[INFO] [stdout] test repartition::tests::many_to_many_hash_partition ... ok
[INFO] [stdout] test sorts::sort::tests::test_sort_metadata ... ok
[INFO] [stdout] test sorts::sort::tests::topk_unbounded_source ... ok
[INFO] [stdout] test sorts::sort_preserving_merge::tests::test_drop_cancel ... ok
[INFO] [stdout] test sorts::sort_preserving_merge::tests::test_merge_interleave ... ok
[INFO] [stdout] test joins::symmetric_hash_join::tests::testing_with_temporal_columns::join_type_8_JoinType__Full::cardinality_2__12_17_::case_expr_3_2 ... ok
[INFO] [stdout] test sorts::sort_preserving_merge::tests::test_merge_no_exprs ... ok
[INFO] [stdout] test sorts::sort_preserving_merge::tests::test_merge_metrics ... ok
[INFO] [stdout] test sorts::sort::tests::test_sort_fetch_memory_calculation ... ok
[INFO] [stdout] test sorts::sort_preserving_merge::tests::test_merge_no_overlap ... ok
[INFO] [stdout] test sorts::sort_preserving_merge::tests::test_merge_some_overlap ... ok
[INFO] [stdout] test sorts::partial_sort::tests::test_partitioned_input_partial_sort_with_fetch ... ok
[INFO] [stdout] test sorts::sort_preserving_merge::tests::test_nulls ... ok
[INFO] [stdout] test sorts::sort_preserving_merge::tests::test_merge_three_partitions ... ok
[INFO] [stdout] test sorts::sort_preserving_merge::tests::test_sort_merge_single_partition_with_fetch ... ok
[INFO] [stdout] test sorts::sort_preserving_merge::tests::test_sort_merge_single_partition_without_fetch ... ok
[INFO] [stdout] test sorts::sort_preserving_merge::tests::test_spm_congestion ... ok
[INFO] [stdout] test repartition::tests::test_drop_cancel ... ok
[INFO] [stdout] test sorts::sort_preserving_merge::tests::test_stable_sort ... ok
[INFO] [stdout] test spill::tests::test_batch_spill_and_read ... ok
[INFO] [stdout] test spill::tests::test_batch_spill_by_size ... ok
[INFO] [stdout] test stream::test::record_batch_receiver_stream_error_does_not_drive_completion ... ok
[INFO] [stdout] test joins::symmetric_hash_join::tests::testing_with_temporal_columns::join_type_8_JoinType__Full::cardinality_1__4_5_::case_expr_1_0 ... ok
[INFO] [stdout] test stream::test::record_batch_receiver_stream_propagates_panics_early_shutdown - should panic ... ok
[INFO] [stdout] test streaming::test::test_limit ... ok
[INFO] [stdout] test stream::test::record_batch_receiver_stream_propagates_panics - should panic ... ok
[INFO] [stdout] test streaming::test::test_no_limit ... ok
[INFO] [stdout] test sorts::sort_preserving_merge::tests::test_partition_sort ... ok
[INFO] [stdout] test union::tests::test_stats_union ... ok
[INFO] [stdout] test unnest::tests::test_create_take_indicies ... ok
[INFO] [stdout] test union::tests::test_union_partitions ... ok
[INFO] [stdout] test unnest::tests::test_longest_list_length ... ok
[INFO] [stdout] test unnest::tests::test_unnest_list_array ... ok
[INFO] [stdout] test values::tests::new_exec_with_batches ... ok
[INFO] [stdout] test values::tests::new_exec_with_batches_empty ... ok
[INFO] [stdout] test union::tests::test_union_equivalence_properties ... ok
[INFO] [stdout] test values::tests::new_exec_with_batches_invalid_schema ... ok
[INFO] [stdout] test values::tests::new_exec_with_non_nullable_schema ... ok
[INFO] [stdout] test values::tests::values_empty_case ... ok
[INFO] [stdout] test windows::tests::test_calc_requirements ... ok
[INFO] [stdout] test windows::tests::test_drop_cancel ... ok
[INFO] [stdout] test windows::bounded_window_agg_exec::tests::test_window_nth_value_bounded_memoize ... ok
[INFO] [stdout] test windows::tests::test_get_window_mode ... ok
[INFO] [stdout] test windows::tests::test_satisfy_non_nullable ... ok
[INFO] [stdout] test windows::tests::test_satisfy_nullable ... ok
[INFO] [stdout] test stream::test::record_batch_receiver_stream_drop_cancel ... ok
[INFO] [stdout] test work_table::tests::test_work_table ... ok
[INFO] [stdout] test sorts::sort::tests::test_sort_spill ... FAILED
[INFO] [stdout] test windows::tests::test_get_window_mode_exhaustive ... ok
[INFO] [stdout] test sorts::sort_preserving_merge::tests::test_partition_sort_streaming_input_output ... ok
[INFO] [stdout] test sorts::sort_preserving_merge::tests::test_partition_sort_streaming_input ... ok
[INFO] [stdout] test sorts::sort_preserving_merge::tests::test_async ... ok
[INFO] [stdout] test windows::bounded_window_agg_exec::tests::bounded_window_exec_linear_mode_range_information ... ok
[INFO] [stdout] 
[INFO] [stdout] failures:
[INFO] [stdout] 
[INFO] [stdout] ---- aggregates::tests::aggregate_source_not_yielding_with_spill stdout ----
[INFO] [stdout] Error: ResourcesExhausted("Failed to allocate additional 2232 bytes for GroupedHashAggregateStream[0] with 372 bytes already allocated for this reservation - 2600 bytes remain available for the total pool")
[INFO] [stdout] 
[INFO] [stdout] ---- aggregates::tests::aggregate_source_with_yielding_with_spill stdout ----
[INFO] [stdout] Error: ResourcesExhausted("Failed to allocate additional 2232 bytes for GroupedHashAggregateStream[0] with 372 bytes already allocated for this reservation - 2600 bytes remain available for the total pool")
[INFO] [stdout] 
[INFO] [stdout] ---- sorts::sort::tests::test_sort_spill stdout ----
[INFO] [stdout] thread 'sorts::sort::tests::test_sort_spill' panicked at src/sorts/sort.rs:1186:9:
[INFO] [stdout] assertion `left == right` failed
[INFO] [stdout]   left: 38816
[INFO] [stdout]  right: 38784
[INFO] [stdout] stack backtrace:
[INFO] [stdout]    0:     0x5a5605f2673a - std::backtrace_rs::backtrace::libunwind::trace::h207520d6e9873551
[INFO] [stdout]                                at /rustc/df4ca44d3fbc9301ee17f30f4d474e6ae4b05252/library/std/src/../../backtrace/src/backtrace/libunwind.rs:116:5
[INFO] [stdout]    1:     0x5a5605f2673a - std::backtrace_rs::backtrace::trace_unsynchronized::h2ed7433f370e3eca
[INFO] [stdout]                                at /rustc/df4ca44d3fbc9301ee17f30f4d474e6ae4b05252/library/std/src/../../backtrace/src/backtrace/mod.rs:66:5
[INFO] [stdout]    2:     0x5a5605f2673a - std::sys::backtrace::_print_fmt::h916fac51166b18d7
[INFO] [stdout]                                at /rustc/df4ca44d3fbc9301ee17f30f4d474e6ae4b05252/library/std/src/sys/backtrace.rs:66:9
[INFO] [stdout]    3:     0x5a5605f2673a - <std::sys::backtrace::BacktraceLock::print::DisplayBacktrace as core::fmt::Display>::fmt::ha0a4c9b8ce3802e6
[INFO] [stdout]                                at /rustc/df4ca44d3fbc9301ee17f30f4d474e6ae4b05252/library/std/src/sys/backtrace.rs:39:26
[INFO] [stdout]    4:     0x5a5605f533e3 - core::fmt::rt::Argument::fmt::h4cfc8587d52b3eb5
[INFO] [stdout]                                at /rustc/df4ca44d3fbc9301ee17f30f4d474e6ae4b05252/library/core/src/fmt/rt.rs:177:76
[INFO] [stdout]    5:     0x5a5605f533e3 - core::fmt::write::h522cc39e5b36ae9f
[INFO] [stdout]                                at /rustc/df4ca44d3fbc9301ee17f30f4d474e6ae4b05252/library/core/src/fmt/mod.rs:1190:21
[INFO] [stdout]    6:     0x5a5605f22ec3 - std::io::Write::write_fmt::h7d3c26752da97734
[INFO] [stdout]                                at /rustc/df4ca44d3fbc9301ee17f30f4d474e6ae4b05252/library/std/src/io/mod.rs:1839:15
[INFO] [stdout]    7:     0x5a5605f26582 - std::sys::backtrace::BacktraceLock::print::h4b9e00b29e9c0942
[INFO] [stdout]                                at /rustc/df4ca44d3fbc9301ee17f30f4d474e6ae4b05252/library/std/src/sys/backtrace.rs:42:9
[INFO] [stdout]    8:     0x5a5605f27bca - std::panicking::default_hook::{{closure}}::hb59b88280d0324d9
[INFO] [stdout]                                at /rustc/df4ca44d3fbc9301ee17f30f4d474e6ae4b05252/library/std/src/panicking.rs:268:22
[INFO] [stdout]    9:     0x5a5605f279d4 - std::panicking::default_hook::he1dd496665be4a29
[INFO] [stdout]                                at /rustc/df4ca44d3fbc9301ee17f30f4d474e6ae4b05252/library/std/src/panicking.rs:292:9
[INFO] [stdout]   10:     0x5a56043f85d9 - <alloc::boxed::Box<F,A> as core::ops::function::Fn<Args>>::call::h4ff71de18744e1dc
[INFO] [stdout]                                at /rustc/df4ca44d3fbc9301ee17f30f4d474e6ae4b05252/library/alloc/src/boxed.rs:2468:9
[INFO] [stdout]   11:     0x5a56043f85d9 - test::test_main::{{closure}}::hcf7c055ce117aa81
[INFO] [stdout]                                at /rustc/df4ca44d3fbc9301ee17f30f4d474e6ae4b05252/library/test/src/lib.rs:133:21
[INFO] [stdout]   12:     0x5a5605f282c8 - <alloc::boxed::Box<F,A> as core::ops::function::Fn<Args>>::call::h1d66c6bbd60c9692
[INFO] [stdout]                                at /rustc/df4ca44d3fbc9301ee17f30f4d474e6ae4b05252/library/alloc/src/boxed.rs:2468:9
[INFO] [stdout]   13:     0x5a5605f282c8 - std::panicking::rust_panic_with_hook::h2ff17fe8f26dfcf8
[INFO] [stdout]                                at /rustc/df4ca44d3fbc9301ee17f30f4d474e6ae4b05252/library/std/src/panicking.rs:809:13
[INFO] [stdout]   14:     0x5a5605f2808a - std::panicking::begin_panic_handler::{{closure}}::h4fad77951c07e101
[INFO] [stdout]                                at /rustc/df4ca44d3fbc9301ee17f30f4d474e6ae4b05252/library/std/src/panicking.rs:674:13
[INFO] [stdout]   15:     0x5a5605f26c19 - std::sys::backtrace::__rust_end_short_backtrace::hb1a25b3da5d0ea08
[INFO] [stdout]                                at /rustc/df4ca44d3fbc9301ee17f30f4d474e6ae4b05252/library/std/src/sys/backtrace.rs:170:18
[INFO] [stdout]   16:     0x5a5605f27d1c - rust_begin_unwind
[INFO] [stdout]                                at /rustc/df4ca44d3fbc9301ee17f30f4d474e6ae4b05252/library/std/src/panicking.rs:665:5
[INFO] [stdout]   17:     0x5a5605f505f0 - core::panicking::panic_fmt::ha9db07b529f9b256
[INFO] [stdout]                                at /rustc/df4ca44d3fbc9301ee17f30f4d474e6ae4b05252/library/core/src/panicking.rs:75:14
[INFO] [stdout]   18:     0x5a5605f50a55 - core::panicking::assert_failed_inner::h04f38944d74a80a8
[INFO] [stdout]   19:     0x5a5604c4444b - core::panicking::assert_failed::h684366b9e517083a
[INFO] [stdout]                                at /rustc/df4ca44d3fbc9301ee17f30f4d474e6ae4b05252/library/core/src/panicking.rs:377:5
[INFO] [stdout]   20:     0x5a5603ee8297 - datafusion_physical_plan::sorts::sort::tests::test_sort_spill::{{closure}}::h5105575b3bd792eb
[INFO] [stdout]                                at /opt/rustwide/workdir/src/sorts/sort.rs:1186:9
[INFO] [stdout]   21:     0x5a5603eb32df - <core::pin::Pin<P> as core::future::future::Future>::poll::hce4bfa413ed6d2f8
[INFO] [stdout]                                at /rustc/df4ca44d3fbc9301ee17f30f4d474e6ae4b05252/library/core/src/future/future.rs:123:9
[INFO] [stdout]   22:     0x5a5603eb2f1b - <core::pin::Pin<P> as core::future::future::Future>::poll::h6b427aa8a21b0738
[INFO] [stdout]                                at /rustc/df4ca44d3fbc9301ee17f30f4d474e6ae4b05252/library/core/src/future/future.rs:123:9
[INFO] [stdout]   23:     0x5a5603eb1f7e - tokio::runtime::scheduler::current_thread::CoreGuard::block_on::{{closure}}::{{closure}}::{{closure}}::hb04dcb74a98374b1
[INFO] [stdout]                                at /opt/rustwide/cargo-home/registry/src/index.crates.io-6f17d22bba15001f/tokio-1.41.0/src/runtime/scheduler/current_thread/mod.rs:729:57
[INFO] [stdout]   24:     0x5a5603eb1c55 - tokio::runtime::coop::with_budget::hf8b2af82216af735
[INFO] [stdout]                                at /opt/rustwide/cargo-home/registry/src/index.crates.io-6f17d22bba15001f/tokio-1.41.0/src/runtime/coop.rs:107:5
[INFO] [stdout]   25:     0x5a5603eb1c55 - tokio::runtime::coop::budget::h8a40e163471f775c
[INFO] [stdout]                                at /opt/rustwide/cargo-home/registry/src/index.crates.io-6f17d22bba15001f/tokio-1.41.0/src/runtime/coop.rs:73:5
[INFO] [stdout]   26:     0x5a5603eb1c55 - tokio::runtime::scheduler::current_thread::CoreGuard::block_on::{{closure}}::{{closure}}::h285876a0772dc133
[INFO] [stdout]                                at /opt/rustwide/cargo-home/registry/src/index.crates.io-6f17d22bba15001f/tokio-1.41.0/src/runtime/scheduler/current_thread/mod.rs:729:25
[INFO] [stdout]   27:     0x5a5603eacbad - tokio::runtime::scheduler::current_thread::Context::enter::hb1bd1045516d779c
[INFO] [stdout]                                at /opt/rustwide/cargo-home/registry/src/index.crates.io-6f17d22bba15001f/tokio-1.41.0/src/runtime/scheduler/current_thread/mod.rs:428:19
[INFO] [stdout]   28:     0x5a5603eb10aa - tokio::runtime::scheduler::current_thread::CoreGuard::block_on::{{closure}}::hdf1c3659ad8de06e
[INFO] [stdout]                                at /opt/rustwide/cargo-home/registry/src/index.crates.io-6f17d22bba15001f/tokio-1.41.0/src/runtime/scheduler/current_thread/mod.rs:728:36
[INFO] [stdout]   29:     0x5a5603eaf1fb - tokio::runtime::scheduler::current_thread::CoreGuard::enter::{{closure}}::h501d53b02d4a4a92
[INFO] [stdout]                                at /opt/rustwide/cargo-home/registry/src/index.crates.io-6f17d22bba15001f/tokio-1.41.0/src/runtime/scheduler/current_thread/mod.rs:807:68
[INFO] [stdout]   30:     0x5a560436c63a - tokio::runtime::context::scoped::Scoped<T>::set::h573056d5d3095e80
[INFO] [stdout]                                at /opt/rustwide/cargo-home/registry/src/index.crates.io-6f17d22bba15001f/tokio-1.41.0/src/runtime/context/scoped.rs:40:9
[INFO] [stdout]   31:     0x5a5603f20cf6 - tokio::runtime::context::set_scheduler::{{closure}}::h75ed980c295ef4b9
[INFO] [stdout]                                at /opt/rustwide/cargo-home/registry/src/index.crates.io-6f17d22bba15001f/tokio-1.41.0/src/runtime/context.rs:180:26
[INFO] [stdout]   32:     0x5a5603d9e5c6 - std::thread::local::LocalKey<T>::try_with::h39849074776c990c
[INFO] [stdout]                                at /rustc/df4ca44d3fbc9301ee17f30f4d474e6ae4b05252/library/std/src/thread/local.rs:283:12
[INFO] [stdout]   33:     0x5a5603d9d58c - std::thread::local::LocalKey<T>::with::ha3b6a07633d6622e
[INFO] [stdout]                                at /rustc/df4ca44d3fbc9301ee17f30f4d474e6ae4b05252/library/std/src/thread/local.rs:260:9
[INFO] [stdout]   34:     0x5a5603f20b51 - tokio::runtime::context::set_scheduler::h19c0e2e7353a198b
[INFO] [stdout]                                at /opt/rustwide/cargo-home/registry/src/index.crates.io-6f17d22bba15001f/tokio-1.41.0/src/runtime/context.rs:180:9
[INFO] [stdout]   35:     0x5a5603eaef0e - tokio::runtime::scheduler::current_thread::CoreGuard::enter::hf892b2d307964be4
[INFO] [stdout]                                at /opt/rustwide/cargo-home/registry/src/index.crates.io-6f17d22bba15001f/tokio-1.41.0/src/runtime/scheduler/current_thread/mod.rs:807:27
[INFO] [stdout]   36:     0x5a5603eaf3d8 - tokio::runtime::scheduler::current_thread::CoreGuard::block_on::hc0541d9edb6e6730
[INFO] [stdout]                                at /opt/rustwide/cargo-home/registry/src/index.crates.io-6f17d22bba15001f/tokio-1.41.0/src/runtime/scheduler/current_thread/mod.rs:716:19
[INFO] [stdout]   37:     0x5a5603ea6a65 - tokio::runtime::scheduler::current_thread::CurrentThread::block_on::{{closure}}::hd7783bf7447a69c3
[INFO] [stdout]                                at /opt/rustwide/cargo-home/registry/src/index.crates.io-6f17d22bba15001f/tokio-1.41.0/src/runtime/scheduler/current_thread/mod.rs:196:28
[INFO] [stdout]   38:     0x5a5603f21347 - tokio::runtime::context::runtime::enter_runtime::h5fe9aa831808ddf7
[INFO] [stdout]                                at /opt/rustwide/cargo-home/registry/src/index.crates.io-6f17d22bba15001f/tokio-1.41.0/src/runtime/context/runtime.rs:65:16
[INFO] [stdout]   39:     0x5a5603ea5786 - tokio::runtime::scheduler::current_thread::CurrentThread::block_on::h8950e2c71e49165e
[INFO] [stdout]                                at /opt/rustwide/cargo-home/registry/src/index.crates.io-6f17d22bba15001f/tokio-1.41.0/src/runtime/scheduler/current_thread/mod.rs:184:9
[INFO] [stdout]   40:     0x5a5604236c8f - tokio::runtime::runtime::Runtime::block_on_inner::h1d16ee56872a91bd
[INFO] [stdout]                                at /opt/rustwide/cargo-home/registry/src/index.crates.io-6f17d22bba15001f/tokio-1.41.0/src/runtime/runtime.rs:368:47
[INFO] [stdout]   41:     0x5a560423724f - tokio::runtime::runtime::Runtime::block_on::hd5390d97946927ed
[INFO] [stdout]                                at /opt/rustwide/cargo-home/registry/src/index.crates.io-6f17d22bba15001f/tokio-1.41.0/src/runtime/runtime.rs:342:13
[INFO] [stdout]   42:     0x5a5603ee6e70 - datafusion_physical_plan::sorts::sort::tests::test_sort_spill::h45e1e10a419c0ceb
[INFO] [stdout]                                at /opt/rustwide/workdir/src/sorts/sort.rs:1201:9
[INFO] [stdout]   43:     0x5a5603ee6cfd - datafusion_physical_plan::sorts::sort::tests::test_sort_spill::{{closure}}::h86506b61c922c6fa
[INFO] [stdout]                                at /opt/rustwide/workdir/src/sorts/sort.rs:1144:35
[INFO] [stdout]   44:     0x5a5603c4f836 - core::ops::function::FnOnce::call_once::h72ab6f1b4d968f3b
[INFO] [stdout]                                at /rustc/df4ca44d3fbc9301ee17f30f4d474e6ae4b05252/library/core/src/ops/function.rs:250:5
[INFO] [stdout]   45:     0x5a56043fceab - core::ops::function::FnOnce::call_once::h22c3ba5715e93f05
[INFO] [stdout]                                at /rustc/df4ca44d3fbc9301ee17f30f4d474e6ae4b05252/library/core/src/ops/function.rs:250:5
[INFO] [stdout]   46:     0x5a56043fceab - test::__rust_begin_short_backtrace::h8e82d8113d0da17f
[INFO] [stdout]                                at /rustc/df4ca44d3fbc9301ee17f30f4d474e6ae4b05252/library/test/src/lib.rs:621:18
[INFO] [stdout]   47:     0x5a56043fc827 - test::run_test_in_process::{{closure}}::h33235f4f20b7b7c7
[INFO] [stdout]                                at /rustc/df4ca44d3fbc9301ee17f30f4d474e6ae4b05252/library/test/src/lib.rs:644:60
[INFO] [stdout]   48:     0x5a56043fc827 - <core::panic::unwind_safe::AssertUnwindSafe<F> as core::ops::function::FnOnce<()>>::call_once::hb5043206310c586f
[INFO] [stdout]                                at /rustc/df4ca44d3fbc9301ee17f30f4d474e6ae4b05252/library/core/src/panic/unwind_safe.rs:272:9
[INFO] [stdout]   49:     0x5a56043fc827 - std::panicking::try::do_call::h9ad4731a60ab23e2
[INFO] [stdout]                                at /rustc/df4ca44d3fbc9301ee17f30f4d474e6ae4b05252/library/std/src/panicking.rs:557:40
[INFO] [stdout]   50:     0x5a56043fc827 - std::panicking::try::h3824d23db772a716
[INFO] [stdout]                                at /rustc/df4ca44d3fbc9301ee17f30f4d474e6ae4b05252/library/std/src/panicking.rs:520:19
[INFO] [stdout]   51:     0x5a56043fc827 - std::panic::catch_unwind::h5afd514605fde46b
[INFO] [stdout]                                at /rustc/df4ca44d3fbc9301ee17f30f4d474e6ae4b05252/library/std/src/panic.rs:358:14
[INFO] [stdout]   52:     0x5a56043fc827 - test::run_test_in_process::h0d5cbfa7067d1720
[INFO] [stdout]                                at /rustc/df4ca44d3fbc9301ee17f30f4d474e6ae4b05252/library/test/src/lib.rs:644:27
[INFO] [stdout]   53:     0x5a56043fc827 - test::run_test::{{closure}}::h708eb8872708115d
[INFO] [stdout]                                at /rustc/df4ca44d3fbc9301ee17f30f4d474e6ae4b05252/library/test/src/lib.rs:565:43
[INFO] [stdout]   54:     0x5a56043bff44 - test::run_test::{{closure}}::h392c51cee94713ab
[INFO] [stdout]                                at /rustc/df4ca44d3fbc9301ee17f30f4d474e6ae4b05252/library/test/src/lib.rs:595:41
[INFO] [stdout]   55:     0x5a56043bff44 - std::sys::backtrace::__rust_begin_short_backtrace::h2f40290710935a8b
[INFO] [stdout]                                at /rustc/df4ca44d3fbc9301ee17f30f4d474e6ae4b05252/library/std/src/sys/backtrace.rs:154:18
[INFO] [stdout]   56:     0x5a56043c36ee - std::thread::Builder::spawn_unchecked_::{{closure}}::{{closure}}::h3fd968d89053a903
[INFO] [stdout]                                at /rustc/df4ca44d3fbc9301ee17f30f4d474e6ae4b05252/library/std/src/thread/mod.rs:541:17
[INFO] [stdout]   57:     0x5a56043c36ee - <core::panic::unwind_safe::AssertUnwindSafe<F> as core::ops::function::FnOnce<()>>::call_once::h743f637ba4229880
[INFO] [stdout]                                at /rustc/df4ca44d3fbc9301ee17f30f4d474e6ae4b05252/library/core/src/panic/unwind_safe.rs:272:9
[INFO] [stdout]   58:     0x5a56043c36ee - std::panicking::try::do_call::h07440897322525a6
[INFO] [stdout]                                at /rustc/df4ca44d3fbc9301ee17f30f4d474e6ae4b05252/library/std/src/panicking.rs:557:40
[INFO] [stdout]   59:     0x5a56043c36ee - std::panicking::try::he5a2e00188156637
[INFO] [stdout]                                at /rustc/df4ca44d3fbc9301ee17f30f4d474e6ae4b05252/library/std/src/panicking.rs:520:19
[INFO] [stdout]   60:     0x5a56043c36ee - std::panic::catch_unwind::hbaf3cae49b3c6433
[INFO] [stdout]                                at /rustc/df4ca44d3fbc9301ee17f30f4d474e6ae4b05252/library/std/src/panic.rs:358:14
[INFO] [stdout]   61:     0x5a56043c36ee - std::thread::Builder::spawn_unchecked_::{{closure}}::h8e141ea224820bce
[INFO] [stdout]                                at /rustc/df4ca44d3fbc9301ee17f30f4d474e6ae4b05252/library/std/src/thread/mod.rs:540:30
[INFO] [stdout]   62:     0x5a56043c36ee - core::ops::function::FnOnce::call_once{{vtable.shim}}::h90d312fedd7b8ea8
[INFO] [stdout]                                at /rustc/df4ca44d3fbc9301ee17f30f4d474e6ae4b05252/library/core/src/ops/function.rs:250:5
[INFO] [stdout]   63:     0x5a5605f2da6b - <alloc::boxed::Box<F,A> as core::ops::function::FnOnce<Args>>::call_once::h69aa08ddb6adb8b6
[INFO] [stdout]                                at /rustc/df4ca44d3fbc9301ee17f30f4d474e6ae4b05252/library/alloc/src/boxed.rs:2454:9
[INFO] [stdout]   64:     0x5a5605f2da6b - <alloc::boxed::Box<F,A> as core::ops::function::FnOnce<Args>>::call_once::h5aa36efdb79c806f
[INFO] [stdout]                                at /rustc/df4ca44d3fbc9301ee17f30f4d474e6ae4b05252/library/alloc/src/boxed.rs:2454:9
[INFO] [stdout]   65:     0x5a5605f2da6b - std::sys::pal::unix::thread::Thread::new::thread_start::h6cd80a1b4be5158d
[INFO] [stdout]                                at /rustc/df4ca44d3fbc9301ee17f30f4d474e6ae4b05252/library/std/src/sys/pal/unix/thread.rs:105:17
[INFO] [stdout]   66:     0x7fbc605f3ac3 - <unknown>
[INFO] [stdout]   67:     0x7fbc60684a04 - clone
[INFO] [stdout]   68:                0x0 - <unknown>
[INFO] [stdout] 
[INFO] [stdout] 
[INFO] [stdout] failures:
[INFO] [stdout]     aggregates::tests::aggregate_source_not_yielding_with_spill
[INFO] [stdout]     aggregates::tests::aggregate_source_with_yielding_with_spill
[INFO] [stdout]     sorts::sort::tests::test_sort_spill
[INFO] [stdout] 
[INFO] [stdout] test result: FAILED. 741 passed; 3 failed; 0 ignored; 0 measured; 0 filtered out; finished in 3.45s
[INFO] [stdout] 
[INFO] [stderr] error: test failed, to rerun pass `--lib`
[INFO] running `Command { std: "docker" "inspect" "adbdbf6140addf3db0e44645226abdab6910d3e02f1a885487bf05a663fb6214", kill_on_drop: false }`
[INFO] running `Command { std: "docker" "rm" "-f" "adbdbf6140addf3db0e44645226abdab6910d3e02f1a885487bf05a663fb6214", kill_on_drop: false }`
[INFO] [stdout] adbdbf6140addf3db0e44645226abdab6910d3e02f1a885487bf05a663fb6214
