[INFO] fetching crate congee 0.3.0...
[INFO] testing congee-0.3.0 against nightly-2024-10-28+rustflags=-Zrandomize-layout for randomize-layout
[INFO] extracting crate congee 0.3.0 into /workspace/builds/worker-5-tc2/source
[INFO] validating manifest of crates.io crate congee 0.3.0 on toolchain nightly-2024-10-28
[INFO] running `Command { std: CARGO_HOME="/workspace/cargo-home" RUSTUP_HOME="/workspace/rustup-home" "/workspace/cargo-home/bin/cargo" "+nightly-2024-10-28" "metadata" "--manifest-path" "Cargo.toml" "--no-deps", kill_on_drop: false }`
[INFO] started tweaking crates.io crate congee 0.3.0
[INFO] removed 0 missing tests
[INFO] finished tweaking crates.io crate congee 0.3.0
[INFO] tweaked toml for crates.io crate congee 0.3.0 written to /workspace/builds/worker-5-tc2/source/Cargo.toml
[INFO] running `Command { std: CARGO_HOME="/workspace/cargo-home" RUSTUP_HOME="/workspace/rustup-home" "/workspace/cargo-home/bin/cargo" "+nightly-2024-10-28" "generate-lockfile" "--manifest-path" "Cargo.toml", kill_on_drop: false }`
[INFO] [stderr]     Updating crates.io index
[INFO] [stderr]      Locking 167 packages to latest compatible versions
[INFO] [stderr]       Adding shuttle v0.7.1 (available: v0.8.0)
[INFO] running `Command { std: CARGO_HOME="/workspace/cargo-home" RUSTUP_HOME="/workspace/rustup-home" "/workspace/cargo-home/bin/cargo" "+nightly-2024-10-28" "fetch" "--manifest-path" "Cargo.toml", kill_on_drop: false }`
[INFO] running `Command { std: "docker" "create" "-v" "/var/lib/crater-agent-workspace/builds/worker-5-tc2/target:/opt/rustwide/target:rw,Z" "-v" "/var/lib/crater-agent-workspace/builds/worker-5-tc2/source:/opt/rustwide/workdir:ro,Z" "-v" "/var/lib/crater-agent-workspace/cargo-home:/opt/rustwide/cargo-home:ro,Z" "-v" "/var/lib/crater-agent-workspace/rustup-home:/opt/rustwide/rustup-home:ro,Z" "-e" "SOURCE_DIR=/opt/rustwide/workdir" "-e" "CARGO_TARGET_DIR=/opt/rustwide/target" "-e" "CARGO_HOME=/opt/rustwide/cargo-home" "-e" "RUSTUP_HOME=/opt/rustwide/rustup-home" "-w" "/opt/rustwide/workdir" "-m" "1610612736" "--user" "0:0" "--network" "none" "ghcr.io/rust-lang/crates-build-env/linux@sha256:4a844ea9eb2546a2d2c7022eacef16ef2e8229c7fbb2c7d4d55a9ceca922f72d" "/opt/rustwide/cargo-home/bin/cargo" "+nightly-2024-10-28" "metadata" "--no-deps" "--format-version=1", kill_on_drop: false }`
[INFO] [stdout] f81800b98fd5f1e0afd1e95ccb79eef6e5217231f349b17d77f96e0a1821afa9
[INFO] running `Command { std: "docker" "start" "-a" "f81800b98fd5f1e0afd1e95ccb79eef6e5217231f349b17d77f96e0a1821afa9", kill_on_drop: false }`
[INFO] running `Command { std: "docker" "inspect" "f81800b98fd5f1e0afd1e95ccb79eef6e5217231f349b17d77f96e0a1821afa9", kill_on_drop: false }`
[INFO] running `Command { std: "docker" "rm" "-f" "f81800b98fd5f1e0afd1e95ccb79eef6e5217231f349b17d77f96e0a1821afa9", kill_on_drop: false }`
[INFO] [stdout] f81800b98fd5f1e0afd1e95ccb79eef6e5217231f349b17d77f96e0a1821afa9
[INFO] running `Command { std: "docker" "create" "-v" "/var/lib/crater-agent-workspace/builds/worker-5-tc2/target:/opt/rustwide/target:rw,Z" "-v" "/var/lib/crater-agent-workspace/builds/worker-5-tc2/source:/opt/rustwide/workdir:ro,Z" "-v" "/var/lib/crater-agent-workspace/cargo-home:/opt/rustwide/cargo-home:ro,Z" "-v" "/var/lib/crater-agent-workspace/rustup-home:/opt/rustwide/rustup-home:ro,Z" "-e" "SOURCE_DIR=/opt/rustwide/workdir" "-e" "CARGO_TARGET_DIR=/opt/rustwide/target" "-e" "CARGO_INCREMENTAL=0" "-e" "RUST_BACKTRACE=full" "-e" "RUSTFLAGS=--cap-lints=forbid -Zrandomize-layout" "-e" "RUSTDOCFLAGS=--cap-lints=forbid" "-e" "CARGO_HOME=/opt/rustwide/cargo-home" "-e" "RUSTUP_HOME=/opt/rustwide/rustup-home" "-w" "/opt/rustwide/workdir" "-m" "1610612736" "--user" "0:0" "--network" "none" "ghcr.io/rust-lang/crates-build-env/linux@sha256:4a844ea9eb2546a2d2c7022eacef16ef2e8229c7fbb2c7d4d55a9ceca922f72d" "/opt/rustwide/cargo-home/bin/cargo" "+nightly-2024-10-28" "build" "--frozen" "--message-format=json", kill_on_drop: false }`
[INFO] [stdout] 54d425b18394e1cd3c54b80c666ab834acaa6e70b3c0edd5fea3cf7c13de82d6
[INFO] running `Command { std: "docker" "start" "-a" "54d425b18394e1cd3c54b80c666ab834acaa6e70b3c0edd5fea3cf7c13de82d6", kill_on_drop: false }`
[INFO] [stderr]    Compiling crossbeam-utils v0.8.20
[INFO] [stderr]    Compiling crossbeam-epoch v0.9.18
[INFO] [stderr]    Compiling congee v0.3.0 (/opt/rustwide/workdir)
[INFO] [stdout] error[E0080]: evaluation of constant value failed
[INFO] [stdout]    --> src/base_node.rs:110:19
[INFO] [stdout]     |
[INFO] [stdout] 110 |     const _: () = assert!(std::mem::size_of::<NodeMeta>() == 16);
[INFO] [stdout]     |                   ^^^^^^^^^^^^^^^^^^^^^^^^^^^^^^^^^^^^^^^^^^^^^^ the evaluated program panicked at 'assertion failed: std::mem::size_of::<NodeMeta>() == 16', src/base_node.rs:110:19
[INFO] [stdout]     |
[INFO] [stdout]     = note: this error originates in the macro `assert` (in Nightly builds, run with -Z macro-backtrace for more info)
[INFO] [stdout] 
[INFO] [stdout] 
[INFO] [stdout] error[E0080]: evaluation of constant value failed
[INFO] [stdout]    --> src/base_node.rs:112:19
[INFO] [stdout]     |
[INFO] [stdout] 112 |     const _: () = assert!(std::mem::size_of::<BaseNode>() == 24);
[INFO] [stdout]     |                   ^^^^^^^^^^^^^^^^^^^^^^^^^^^^^^^^^^^^^^^^^^^^^^ the evaluated program panicked at 'assertion failed: std::mem::size_of::<BaseNode>() == 24', src/base_node.rs:112:19
[INFO] [stdout]     |
[INFO] [stdout]     = note: this error originates in the macro `assert` (in Nightly builds, run with -Z macro-backtrace for more info)
[INFO] [stdout] 
[INFO] [stdout] 
[INFO] [stdout] error[E0080]: evaluation of constant value failed
[INFO] [stdout]   --> src/node_16.rs:15:15
[INFO] [stdout]    |
[INFO] [stdout] 15 | const _: () = assert!(std::mem::size_of::<Node16>() == 168);
[INFO] [stdout]    |               ^^^^^^^^^^^^^^^^^^^^^^^^^^^^^^^^^^^^^^^^^^^^^ the evaluated program panicked at 'assertion failed: std::mem::size_of::<Node16>() == 168', src/node_16.rs:15:15
[INFO] [stdout]    |
[INFO] [stdout]    = note: this error originates in the macro `assert` (in Nightly builds, run with -Z macro-backtrace for more info)
[INFO] [stdout] 
[INFO] [stdout] 
[INFO] [stdout] error[E0080]: evaluation of constant value failed
[INFO] [stdout]   --> src/node_256.rs:15:15
[INFO] [stdout]    |
[INFO] [stdout] 15 | const _: () = assert!(std::mem::size_of::<Node256>() == 2104);
[INFO] [stdout]    |               ^^^^^^^^^^^^^^^^^^^^^^^^^^^^^^^^^^^^^^^^^^^^^^^ the evaluated program panicked at 'assertion failed: std::mem::size_of::<Node256>() == 2104', src/node_256.rs:15:15
[INFO] [stdout]    |
[INFO] [stdout]    = note: this error originates in the macro `assert` (in Nightly builds, run with -Z macro-backtrace for more info)
[INFO] [stdout] 
[INFO] [stdout] 
[INFO] [stdout] error[E0080]: evaluation of constant value failed
[INFO] [stdout]   --> src/node_4.rs:15:15
[INFO] [stdout]    |
[INFO] [stdout] 15 | const _: () = assert!(std::mem::size_of::<Node4>() == 64);
[INFO] [stdout]    |               ^^^^^^^^^^^^^^^^^^^^^^^^^^^^^^^^^^^^^^^^^^^ the evaluated program panicked at 'assertion failed: std::mem::size_of::<Node4>() == 64', src/node_4.rs:15:15
[INFO] [stdout]    |
[INFO] [stdout]    = note: this error originates in the macro `assert` (in Nightly builds, run with -Z macro-backtrace for more info)
[INFO] [stdout] 
[INFO] [stdout] 
[INFO] [stdout] error[E0080]: evaluation of constant value failed
[INFO] [stdout]   --> src/node_48.rs:18:15
[INFO] [stdout]    |
[INFO] [stdout] 18 | const _: () = assert!(std::mem::size_of::<Node48>() == 672);
[INFO] [stdout]    |               ^^^^^^^^^^^^^^^^^^^^^^^^^^^^^^^^^^^^^^^^^^^^^ the evaluated program panicked at 'assertion failed: std::mem::size_of::<Node48>() == 672', src/node_48.rs:18:15
[INFO] [stdout]    |
[INFO] [stdout]    = note: this error originates in the macro `assert` (in Nightly builds, run with -Z macro-backtrace for more info)
[INFO] [stdout] 
[INFO] [stdout] 
[INFO] [stdout] For more information about this error, try `rustc --explain E0080`.
[INFO] [stdout] 
[INFO] [stderr] error: could not compile `congee` (lib) due to 6 previous errors
[INFO] running `Command { std: "docker" "inspect" "54d425b18394e1cd3c54b80c666ab834acaa6e70b3c0edd5fea3cf7c13de82d6", kill_on_drop: false }`
[INFO] running `Command { std: "docker" "rm" "-f" "54d425b18394e1cd3c54b80c666ab834acaa6e70b3c0edd5fea3cf7c13de82d6", kill_on_drop: false }`
[INFO] [stdout] 54d425b18394e1cd3c54b80c666ab834acaa6e70b3c0edd5fea3cf7c13de82d6
