[INFO] fetching crate cargo-up 0.0.6...
[INFO] testing cargo-up-0.0.6 against nightly-2024-10-28 for randomize-layout
[INFO] extracting crate cargo-up 0.0.6 into /workspace/builds/worker-2-tc1/source
[INFO] validating manifest of crates.io crate cargo-up 0.0.6 on toolchain nightly-2024-10-28
[INFO] running `Command { std: CARGO_HOME="/workspace/cargo-home" RUSTUP_HOME="/workspace/rustup-home" "/workspace/cargo-home/bin/cargo" "+nightly-2024-10-28" "metadata" "--manifest-path" "Cargo.toml" "--no-deps", kill_on_drop: false }`
[INFO] started tweaking crates.io crate cargo-up 0.0.6
[INFO] finished tweaking crates.io crate cargo-up 0.0.6
[INFO] tweaked toml for crates.io crate cargo-up 0.0.6 written to /workspace/builds/worker-2-tc1/source/Cargo.toml
[INFO] crate crates.io crate cargo-up 0.0.6 already has a lockfile, it will not be regenerated
[INFO] running `Command { std: CARGO_HOME="/workspace/cargo-home" RUSTUP_HOME="/workspace/rustup-home" "/workspace/cargo-home/bin/cargo" "+nightly-2024-10-28" "fetch" "--manifest-path" "Cargo.toml", kill_on_drop: false }`
[INFO] [stderr]     Updating crates.io index
[INFO] [stderr]  Downloading crates ...
[INFO] [stderr]   Downloaded once_cell v1.8.0
[INFO] [stderr]   Downloaded serial_test v0.5.1
[INFO] [stderr]   Downloaded ra_ap_tt v0.0.77
[INFO] [stderr]   Downloaded always-assert v0.1.2
[INFO] [stderr]   Downloaded predicates-tree v1.0.4
[INFO] [stderr]   Downloaded termtree v0.2.3
[INFO] [stderr]   Downloaded cargo-platform v0.1.2
[INFO] [stderr]   Downloaded predicates v2.1.0
[INFO] [stderr]   Downloaded serde_yaml v0.8.21
[INFO] [stderr]   Downloaded pulldown-cmark v0.8.0
[INFO] [stderr]   Downloaded ra_ap_ide_assists v0.0.77
[INFO] [stderr]   Downloaded ra_ap_hir_ty v0.0.77
[INFO] [stderr]   Downloaded ra_ap_syntax v0.0.77
[INFO] [stderr]   Downloaded salsa v0.17.0-pre.2
[INFO] [stderr]   Downloaded libc v0.2.109
[INFO] [stderr]   Downloaded object v0.26.2
[INFO] [stderr]   Downloaded fst v0.4.7
[INFO] [stderr]   Downloaded ra_ap_ide_completion v0.0.77
[INFO] [stderr]   Downloaded ra_ap_flycheck v0.0.77
[INFO] [stderr]   Downloaded oclif v0.3.0
[INFO] [stderr]   Downloaded ra_ap_toolchain v0.0.77
[INFO] [stderr]   Downloaded chalk-solve v0.71.0
[INFO] [stderr]   Downloaded ra_ap_hir_expand v0.0.77
[INFO] [stderr]   Downloaded chalk-recursive v0.71.0
[INFO] [stderr]   Downloaded ra_ap_proc_macro_api v0.0.77
[INFO] [stderr]   Downloaded ra_ap_paths v0.0.77
[INFO] [stderr]   Downloaded ra_ap_vfs-notify v0.0.77
[INFO] [stderr]   Downloaded ra_ap_stdx v0.0.77
[INFO] [stderr]   Downloaded ra_ap_ide_diagnostics v0.0.77
[INFO] [stderr]   Downloaded chalk-ir v0.71.0
[INFO] [stderr]   Downloaded ra_ap_limit v0.0.77
[INFO] [stderr]   Downloaded ra_ap_test_utils v0.0.77
[INFO] [stderr]   Downloaded ra_ap_cfg v0.0.77
[INFO] [stderr]   Downloaded rust-visitor v0.3.1
[INFO] [stderr]   Downloaded ra_ap_ide v0.0.77
[INFO] [stderr]   Downloaded ra_ap_mbe v0.0.77
[INFO] [stderr]   Downloaded unicode-segmentation v1.8.0
[INFO] [stderr]   Downloaded ra_ap_project_model v0.0.77
[INFO] [stderr]   Downloaded ra_ap_hir v0.0.77
[INFO] [stderr]   Downloaded anyhow v1.0.51
[INFO] [stderr]   Downloaded crossbeam-epoch v0.9.5
[INFO] [stderr]   Downloaded ra_ap_parser v0.0.77
[INFO] [stderr]   Downloaded rowan v0.14.1
[INFO] [stderr]   Downloaded ryu v1.0.7
[INFO] [stderr]   Downloaded serde_derive v1.0.131
[INFO] [stderr]   Downloaded ureq v1.5.5
[INFO] [stderr]   Downloaded insta v0.16.1
[INFO] [stderr]   Downloaded console v0.14.1
[INFO] [stderr]   Downloaded serde_repr v0.1.7
[INFO] [stderr]   Downloaded lsp-types v0.90.1
[INFO] [stderr]   Downloaded ra_ap_ide_ssr v0.0.77
[INFO] [stderr]   Downloaded memmap2 v0.5.0
[INFO] [stderr]   Downloaded snap v1.0.5
[INFO] [stderr]   Downloaded camino v1.0.5
[INFO] [stderr]   Downloaded cargo_metadata v0.14.1
[INFO] [stderr]   Downloaded dissimilar v1.0.3
[INFO] [stderr]   Downloaded xflags v0.2.3
[INFO] [stderr]   Downloaded rustc-ap-rustc_lexer v725.0.0
[INFO] [stderr]   Downloaded console v0.11.3
[INFO] [stderr]   Downloaded lsp-server v0.5.2
[INFO] [stderr]   Downloaded ra_ap_ide_db v0.0.77
[INFO] [stderr]   Downloaded dot v0.1.4
[INFO] [stderr]   Downloaded pulldown-cmark-to-cmark v6.0.4
[INFO] [stderr]   Downloaded ena v0.14.0
[INFO] [stderr]   Downloaded ra_ap_rust-analyzer v0.0.77
[INFO] [stderr]   Downloaded scoped-tls v1.0.0
[INFO] [stderr]   Downloaded ra_ap_vfs v0.0.77
[INFO] [stderr]   Downloaded smol_str v0.1.21
[INFO] [stderr]   Downloaded expect-test v1.2.1
[INFO] [stderr]   Downloaded salsa-macros v0.17.0-pre.2
[INFO] [stderr]   Downloaded ra_ap_base_db v0.0.77
[INFO] [stderr]   Downloaded tracing-tree v0.1.11
[INFO] [stderr]   Downloaded xflags-macros v0.2.3
[INFO] [stderr]   Downloaded cov-mark v2.0.0-pre.1
[INFO] [stderr]   Downloaded ra_ap_profile v0.0.77
[INFO] [stderr]   Downloaded ra_ap_text_edit v0.0.77
[INFO] [stderr]   Downloaded countme v2.0.4
[INFO] [stderr]   Downloaded text-size v1.1.0
[INFO] [stderr]   Downloaded chalk-derive v0.71.0
[INFO] [stderr]   Downloaded fsevent-sys v4.0.0
[INFO] [stderr]   Downloaded ra_ap_la-arena v0.0.77
[INFO] [stderr]   Downloaded serial_test_derive v0.5.1
[INFO] [stderr]   Downloaded chunked_transfer v1.4.0
[INFO] [stderr]   Downloaded serde_json v1.0.72
[INFO] [stderr]   Downloaded ra_ap_hir_def v0.0.77
[INFO] [stderr]   Downloaded ra_ap_proc_macro_srv v0.0.77
[INFO] running `Command { std: "docker" "create" "-v" "/var/lib/crater-agent-workspace/builds/worker-2-tc1/target:/opt/rustwide/target:rw,Z" "-v" "/var/lib/crater-agent-workspace/builds/worker-2-tc1/source:/opt/rustwide/workdir:ro,Z" "-v" "/var/lib/crater-agent-workspace/cargo-home:/opt/rustwide/cargo-home:ro,Z" "-v" "/var/lib/crater-agent-workspace/rustup-home:/opt/rustwide/rustup-home:ro,Z" "-e" "SOURCE_DIR=/opt/rustwide/workdir" "-e" "CARGO_TARGET_DIR=/opt/rustwide/target" "-e" "CARGO_HOME=/opt/rustwide/cargo-home" "-e" "RUSTUP_HOME=/opt/rustwide/rustup-home" "-w" "/opt/rustwide/workdir" "-m" "1610612736" "--user" "0:0" "--network" "none" "ghcr.io/rust-lang/crates-build-env/linux@sha256:4a844ea9eb2546a2d2c7022eacef16ef2e8229c7fbb2c7d4d55a9ceca922f72d" "/opt/rustwide/cargo-home/bin/cargo" "+nightly-2024-10-28" "metadata" "--no-deps" "--format-version=1", kill_on_drop: false }`
[INFO] [stdout] ca0dd5dbe1bed43c9712a539dcc13940df82b0820fa9e706eebdd26b6c4f33ae
[INFO] running `Command { std: "docker" "start" "-a" "ca0dd5dbe1bed43c9712a539dcc13940df82b0820fa9e706eebdd26b6c4f33ae", kill_on_drop: false }`
[INFO] running `Command { std: "docker" "inspect" "ca0dd5dbe1bed43c9712a539dcc13940df82b0820fa9e706eebdd26b6c4f33ae", kill_on_drop: false }`
[INFO] running `Command { std: "docker" "rm" "-f" "ca0dd5dbe1bed43c9712a539dcc13940df82b0820fa9e706eebdd26b6c4f33ae", kill_on_drop: false }`
[INFO] [stdout] ca0dd5dbe1bed43c9712a539dcc13940df82b0820fa9e706eebdd26b6c4f33ae
[INFO] running `Command { std: "docker" "create" "-v" "/var/lib/crater-agent-workspace/builds/worker-2-tc1/target:/opt/rustwide/target:rw,Z" "-v" "/var/lib/crater-agent-workspace/builds/worker-2-tc1/source:/opt/rustwide/workdir:ro,Z" "-v" "/var/lib/crater-agent-workspace/cargo-home:/opt/rustwide/cargo-home:ro,Z" "-v" "/var/lib/crater-agent-workspace/rustup-home:/opt/rustwide/rustup-home:ro,Z" "-e" "SOURCE_DIR=/opt/rustwide/workdir" "-e" "CARGO_TARGET_DIR=/opt/rustwide/target" "-e" "CARGO_INCREMENTAL=0" "-e" "RUST_BACKTRACE=full" "-e" "RUSTFLAGS=--cap-lints=forbid" "-e" "RUSTDOCFLAGS=--cap-lints=forbid" "-e" "CARGO_HOME=/opt/rustwide/cargo-home" "-e" "RUSTUP_HOME=/opt/rustwide/rustup-home" "-w" "/opt/rustwide/workdir" "-m" "1610612736" "--user" "0:0" "--network" "none" "ghcr.io/rust-lang/crates-build-env/linux@sha256:4a844ea9eb2546a2d2c7022eacef16ef2e8229c7fbb2c7d4d55a9ceca922f72d" "/opt/rustwide/cargo-home/bin/cargo" "+nightly-2024-10-28" "build" "--frozen" "--message-format=json", kill_on_drop: false }`
[INFO] [stdout] 1d31bcd01f173fb33ee17f08ed75e19dfe8fc660699548c3e26deb280421e38b
[INFO] running `Command { std: "docker" "start" "-a" "1d31bcd01f173fb33ee17f08ed75e19dfe8fc660699548c3e26deb280421e38b", kill_on_drop: false }`
[INFO] [stderr]    Compiling unicode-xid v0.2.2
[INFO] [stderr]    Compiling proc-macro2 v1.0.33
[INFO] [stderr]    Compiling libc v0.2.109
[INFO] [stderr]    Compiling syn v1.0.82
[INFO] [stderr]    Compiling autocfg v1.0.1
[INFO] [stderr]    Compiling lazy_static v1.4.0
[INFO] [stderr]    Compiling log v0.4.14
[INFO] [stderr]    Compiling serde_derive v1.0.131
[INFO] [stderr]    Compiling serde v1.0.131
[INFO] [stderr]    Compiling hashbrown v0.11.2
[INFO] [stderr]    Compiling once_cell v1.8.0
[INFO] [stderr]    Compiling crossbeam-utils v0.8.5
[INFO] [stderr]    Compiling pin-project-lite v0.2.7
[INFO] [stderr]    Compiling either v1.6.1
[INFO] [stderr]    Compiling text-size v1.1.0
[INFO] [stderr]    Compiling ra_ap_la-arena v0.0.77
[INFO] [stderr]    Compiling tracing-core v0.1.21
[INFO] [stderr]    Compiling drop_bomb v0.1.5
[INFO] [stderr]    Compiling ra_ap_paths v0.0.77
[INFO] [stderr]    Compiling itertools v0.10.3
[INFO] [stderr]    Compiling smallvec v1.7.0
[INFO] [stderr]    Compiling ra_ap_parser v0.0.77
[INFO] [stderr]    Compiling ra_ap_text_edit v0.0.77
[INFO] [stderr]    Compiling rustc-ap-rustc_lexer v725.0.0
[INFO] [stderr]    Compiling cov-mark v2.0.0-pre.1
[INFO] [stderr]    Compiling parking_lot_core v0.8.5
[INFO] [stderr]    Compiling fst v0.4.7
[INFO] [stderr]    Compiling dissimilar v1.0.3
[INFO] [stderr]    Compiling instant v0.1.12
[INFO] [stderr]    Compiling indexmap v1.7.0
[INFO] [stderr]    Compiling memoffset v0.6.5
[INFO] [stderr]    Compiling always-assert v0.1.2
[INFO] [stderr]    Compiling unicode-segmentation v1.8.0
[INFO] [stderr]    Compiling lock_api v0.4.5
[INFO] [stderr]    Compiling expect-test v1.2.1
[INFO] [stderr]    Compiling oorandom v11.1.3
[INFO] [stderr]    Compiling crossbeam-channel v0.5.1
[INFO] [stderr]    Compiling crossbeam-epoch v0.9.5
[INFO] [stderr]    Compiling fixedbitset v0.2.0
[INFO] [stderr]    Compiling ena v0.14.0
[INFO] [stderr]    Compiling rayon-core v1.9.1
[INFO] [stderr]    Compiling ra_ap_limit v0.0.77
[INFO] [stderr]    Compiling anymap v0.12.1
[INFO] [stderr]    Compiling serde_json v1.0.72
[INFO] [stderr]    Compiling quote v1.0.10
[INFO] [stderr]    Compiling num_cpus v1.13.0
[INFO] [stderr]    Compiling ra_ap_stdx v0.0.77
[INFO] [stderr]    Compiling perf-event-open-sys v1.0.1
[INFO] [stderr]    Compiling heck v0.3.3
[INFO] [stderr]    Compiling rayon v1.5.1
[INFO] [stderr]    Compiling ryu v1.0.7
[INFO] [stderr]    Compiling dashmap v4.0.2
[INFO] [stderr]    Compiling perf-event v0.4.7
[INFO] [stderr]    Compiling petgraph v0.5.1
[INFO] [stderr]    Compiling parking_lot v0.11.2
[INFO] [stderr]    Compiling arrayvec v0.7.2
[INFO] [stderr]    Compiling itoa v0.4.8
[INFO] [stderr]    Compiling crossbeam-deque v0.8.1
[INFO] [stderr]    Compiling ra_ap_vfs v0.0.77
[INFO] [stderr]    Compiling memchr v2.4.1
[INFO] [stderr]    Compiling scoped-tls v1.0.0
[INFO] [stderr]    Compiling regex-syntax v0.6.25
[INFO] [stderr]    Compiling countme v2.0.4
[INFO] [stderr]    Compiling version_check v0.9.3
[INFO] [stderr]    Compiling tinyvec_macros v0.1.0
[INFO] [stderr]    Compiling matches v0.1.9
[INFO] [stderr]    Compiling tinyvec v1.5.1
[INFO] [stderr]    Compiling semver v1.0.4
[INFO] [stderr]    Compiling camino v1.0.5
[INFO] [stderr]    Compiling ra_ap_profile v0.0.77
[INFO] [stderr]    Compiling rowan v0.14.1
[INFO] [stderr]    Compiling pulldown-cmark v0.8.0
[INFO] [stderr]    Compiling percent-encoding v2.1.0
[INFO] [stderr]    Compiling snap v1.0.5
[INFO] [stderr]    Compiling unicode-bidi v0.3.7
[INFO] [stderr]    Compiling unicase v2.6.0
[INFO] [stderr]    Compiling form_urlencoded v1.0.1
[INFO] [stderr]    Compiling inotify-sys v0.1.5
[INFO] [stderr]    Compiling anyhow v1.0.51
[INFO] [stderr]    Compiling home v0.5.3
[INFO] [stderr]    Compiling walkdir v2.3.2
[INFO] [stderr]    Compiling ra_ap_test_utils v0.0.77
[INFO] [stderr]    Compiling ra_ap_toolchain v0.0.77
[INFO] [stderr]    Compiling inotify v0.9.6
[INFO] [stderr]    Compiling unicode-normalization v0.1.19
[INFO] [stderr]    Compiling object v0.26.2
[INFO] [stderr]    Compiling filetime v0.2.15
[INFO] [stderr]    Compiling memmap2 v0.5.0
[INFO] [stderr]    Compiling mio v0.7.14
[INFO] [stderr]    Compiling tracing-log v0.1.2
[INFO] [stderr]    Compiling thread_local v1.1.3
[INFO] [stderr]    Compiling sharded-slab v0.1.4
[INFO] [stderr]    Compiling jod-thread v0.1.2
[INFO] [stderr]    Compiling notify v5.0.0-pre.13
[INFO] [stderr]    Compiling atty v0.2.14
[INFO] [stderr]    Compiling terminal_size v0.1.17
[INFO] [stderr]    Compiling libloading v0.7.2
[INFO] [stderr]    Compiling unicode-width v0.1.9
[INFO] [stderr]    Compiling paste v1.0.6
[INFO] [stderr]    Compiling dot v0.1.4
[INFO] [stderr]    Compiling ra_ap_rust-analyzer v0.0.77
[INFO] [stderr]    Compiling pulldown-cmark-to-cmark v6.0.4
[INFO] [stderr]    Compiling idna v0.2.3
[INFO] [stderr]    Compiling xflags-macros v0.2.3
[INFO] [stderr]    Compiling threadpool v1.8.1
[INFO] [stderr]    Compiling regex v1.5.4
[INFO] [stderr]    Compiling regex-automata v0.1.10
[INFO] [stderr]    Compiling xflags v0.2.3
[INFO] [stderr]    Compiling console v0.14.1
[INFO] [stderr]    Compiling matchers v0.0.1
[INFO] [stderr]    Compiling oclif v0.3.0
[INFO] [stderr]    Compiling synstructure v0.12.6
[INFO] [stderr]    Compiling tracing-attributes v0.1.18
[INFO] [stderr]    Compiling salsa-macros v0.17.0-pre.2
[INFO] [stderr]    Compiling chalk-derive v0.71.0
[INFO] [stderr]    Compiling serde_repr v0.1.7
[INFO] [stderr]    Compiling thiserror-impl v1.0.30
[INFO] [stderr]    Compiling chalk-ir v0.71.0
[INFO] [stderr]    Compiling tracing v0.1.29
[INFO] [stderr]    Compiling thiserror v1.0.30
[INFO] [stderr]    Compiling salsa v0.17.0-pre.2
[INFO] [stderr]    Compiling tracing-subscriber v0.2.25
[INFO] [stderr]    Compiling ra_ap_vfs-notify v0.0.77
[INFO] [stderr]    Compiling chalk-solve v0.71.0
[INFO] [stderr]    Compiling tracing-tree v0.1.11
[INFO] [stderr]    Compiling chalk-recursive v0.71.0
[INFO] [stderr]    Compiling smol_str v0.1.21
[INFO] [stderr]    Compiling cargo-platform v0.1.2
[INFO] [stderr]    Compiling url v2.2.2
[INFO] [stderr]    Compiling ra_ap_tt v0.0.77
[INFO] [stderr]    Compiling ra_ap_syntax v0.0.77
[INFO] [stderr]    Compiling ra_ap_cfg v0.0.77
[INFO] [stderr]    Compiling cargo_metadata v0.14.1
[INFO] [stderr]    Compiling ra_ap_proc_macro_api v0.0.77
[INFO] [stderr]    Compiling lsp-server v0.5.2
[INFO] [stderr]    Compiling lsp-types v0.90.1
[INFO] [stderr]    Compiling ra_ap_flycheck v0.0.77
[INFO] [stderr]    Compiling ra_ap_base_db v0.0.77
[INFO] [stderr]    Compiling ra_ap_mbe v0.0.77
[INFO] [stderr]    Compiling rust-visitor v0.3.1
[INFO] [stderr]    Compiling ra_ap_project_model v0.0.77
[INFO] [stderr]    Compiling ra_ap_hir_expand v0.0.77
[INFO] [stderr]    Compiling ra_ap_proc_macro_srv v0.0.77
[INFO] [stderr]    Compiling ra_ap_hir_def v0.0.77
[INFO] [stderr]    Compiling ra_ap_hir_ty v0.0.77
[INFO] [stderr]    Compiling ra_ap_hir v0.0.77
[INFO] [stderr]    Compiling ra_ap_ide_db v0.0.77
[INFO] [stderr]    Compiling ra_ap_ide_diagnostics v0.0.77
[INFO] [stderr]    Compiling ra_ap_ide_ssr v0.0.77
[INFO] [stderr]    Compiling ra_ap_ide_completion v0.0.77
[INFO] [stderr]    Compiling ra_ap_ide_assists v0.0.77
[INFO] [stderr]    Compiling ra_ap_ide v0.0.77
[INFO] [stderr]    Compiling cargo-up v0.0.6 (/opt/rustwide/workdir)
[INFO] [stderr]     Finished `dev` profile [unoptimized + debuginfo] target(s) in 39.50s
[INFO] running `Command { std: "docker" "inspect" "1d31bcd01f173fb33ee17f08ed75e19dfe8fc660699548c3e26deb280421e38b", kill_on_drop: false }`
[INFO] running `Command { std: "docker" "rm" "-f" "1d31bcd01f173fb33ee17f08ed75e19dfe8fc660699548c3e26deb280421e38b", kill_on_drop: false }`
[INFO] [stdout] 1d31bcd01f173fb33ee17f08ed75e19dfe8fc660699548c3e26deb280421e38b
[INFO] running `Command { std: "docker" "create" "-v" "/var/lib/crater-agent-workspace/builds/worker-2-tc1/target:/opt/rustwide/target:rw,Z" "-v" "/var/lib/crater-agent-workspace/builds/worker-2-tc1/source:/opt/rustwide/workdir:ro,Z" "-v" "/var/lib/crater-agent-workspace/cargo-home:/opt/rustwide/cargo-home:ro,Z" "-v" "/var/lib/crater-agent-workspace/rustup-home:/opt/rustwide/rustup-home:ro,Z" "-e" "SOURCE_DIR=/opt/rustwide/workdir" "-e" "CARGO_TARGET_DIR=/opt/rustwide/target" "-e" "CARGO_INCREMENTAL=0" "-e" "RUST_BACKTRACE=full" "-e" "RUSTFLAGS=--cap-lints=forbid" "-e" "RUSTDOCFLAGS=--cap-lints=forbid" "-e" "CARGO_HOME=/opt/rustwide/cargo-home" "-e" "RUSTUP_HOME=/opt/rustwide/rustup-home" "-w" "/opt/rustwide/workdir" "-m" "1610612736" "--user" "0:0" "--network" "none" "ghcr.io/rust-lang/crates-build-env/linux@sha256:4a844ea9eb2546a2d2c7022eacef16ef2e8229c7fbb2c7d4d55a9ceca922f72d" "/opt/rustwide/cargo-home/bin/cargo" "+nightly-2024-10-28" "test" "--frozen" "--no-run" "--message-format=json", kill_on_drop: false }`
[INFO] [stdout] 415db58ff29a7e49ee6c2757b98c9cfa055d8b9f633b2240d14338bbe3a6eba0
[INFO] running `Command { std: "docker" "start" "-a" "415db58ff29a7e49ee6c2757b98c9cfa055d8b9f633b2240d14338bbe3a6eba0", kill_on_drop: false }`
[INFO] [stderr]    Compiling doc-comment v0.3.3
[INFO] [stderr]    Compiling linked-hash-map v0.5.4
[INFO] [stderr]    Compiling predicates-core v1.0.2
[INFO] [stderr]    Compiling termios v0.3.3
[INFO] [stderr]    Compiling dtoa v0.4.8
[INFO] [stderr]    Compiling termtree v0.2.3
[INFO] [stderr]    Compiling difflib v0.4.0
[INFO] [stderr]    Compiling bstr v0.2.17
[INFO] [stderr]    Compiling serial_test_derive v0.5.1
[INFO] [stderr]    Compiling wait-timeout v0.2.0
[INFO] [stderr]    Compiling difference v2.0.0
[INFO] [stderr]    Compiling predicates-tree v1.0.4
[INFO] [stderr]    Compiling console v0.11.3
[INFO] [stderr]    Compiling yaml-rust v0.4.5
[INFO] [stderr]    Compiling predicates v2.1.0
[INFO] [stderr]    Compiling serial_test v0.5.1
[INFO] [stderr]    Compiling serde_yaml v0.8.21
[INFO] [stderr]    Compiling assert_cmd v1.0.8
[INFO] [stderr]    Compiling insta v0.16.1
[INFO] [stderr]    Compiling cargo-up v0.0.6 (/opt/rustwide/workdir)
[INFO] [stderr]     Finished `test` profile [unoptimized + debuginfo] target(s) in 3.63s
[INFO] running `Command { std: "docker" "inspect" "415db58ff29a7e49ee6c2757b98c9cfa055d8b9f633b2240d14338bbe3a6eba0", kill_on_drop: false }`
[INFO] running `Command { std: "docker" "rm" "-f" "415db58ff29a7e49ee6c2757b98c9cfa055d8b9f633b2240d14338bbe3a6eba0", kill_on_drop: false }`
[INFO] [stdout] 415db58ff29a7e49ee6c2757b98c9cfa055d8b9f633b2240d14338bbe3a6eba0
[INFO] running `Command { std: "docker" "create" "-v" "/var/lib/crater-agent-workspace/builds/worker-2-tc1/target:/opt/rustwide/target:rw,Z" "-v" "/var/lib/crater-agent-workspace/builds/worker-2-tc1/source:/opt/rustwide/workdir:ro,Z" "-v" "/var/lib/crater-agent-workspace/cargo-home:/opt/rustwide/cargo-home:ro,Z" "-v" "/var/lib/crater-agent-workspace/rustup-home:/opt/rustwide/rustup-home:ro,Z" "-e" "SOURCE_DIR=/opt/rustwide/workdir" "-e" "CARGO_TARGET_DIR=/opt/rustwide/target" "-e" "CARGO_INCREMENTAL=0" "-e" "RUST_BACKTRACE=full" "-e" "RUSTFLAGS=--cap-lints=forbid" "-e" "RUSTDOCFLAGS=--cap-lints=forbid" "-e" "CARGO_HOME=/opt/rustwide/cargo-home" "-e" "RUSTUP_HOME=/opt/rustwide/rustup-home" "-w" "/opt/rustwide/workdir" "-m" "1610612736" "--user" "0:0" "--network" "none" "ghcr.io/rust-lang/crates-build-env/linux@sha256:4a844ea9eb2546a2d2c7022eacef16ef2e8229c7fbb2c7d4d55a9ceca922f72d" "/opt/rustwide/cargo-home/bin/cargo" "+nightly-2024-10-28" "test" "--frozen", kill_on_drop: false }`
[INFO] [stdout] 437fcf7f271ad4c59fc66840faf2190625b43e902b33725160cbd6b8b7c6ea09
[INFO] running `Command { std: "docker" "start" "-a" "437fcf7f271ad4c59fc66840faf2190625b43e902b33725160cbd6b8b7c6ea09", kill_on_drop: false }`
[INFO] [stderr]     Finished `test` profile [unoptimized + debuginfo] target(s) in 0.17s
[INFO] [stderr]      Running unittests src/lib/mod.rs (/opt/rustwide/target/debug/deps/cargo_up-9712dcc6d619c215)
[INFO] [stdout] 
[INFO] [stdout] running 0 tests
[INFO] [stdout] 
[INFO] [stdout] test result: ok. 0 passed; 0 failed; 0 ignored; 0 measured; 0 filtered out; finished in 0.00s
[INFO] [stdout] 
[INFO] [stderr]      Running tests/bad_metadata.rs (/opt/rustwide/target/debug/deps/bad_metadata-56bab48238a5e2e3)
[INFO] [stdout] 
[INFO] [stdout] running 1 test
[INFO] [stdout] test test_bad_metadata ... FAILED
[INFO] [stdout] 
[INFO] [stdout] failures:
[INFO] [stdout] 
[INFO] [stdout] ---- test_bad_metadata stdout ----
[INFO] [stdout] thread 'test_bad_metadata' panicked at tests/utils.rs:12:10:
[INFO] [stdout] called `Result::unwrap()` on an `Err` value: CargoError { cause: Some(NotFoundError { path: "/opt/rustwide/target/debug/cargo-up" }) }
[INFO] [stdout] stack backtrace:
[INFO] [stdout]    0:     0x631eda5104aa - std::backtrace_rs::backtrace::libunwind::trace::h207520d6e9873551
[INFO] [stdout]                                at /rustc/df4ca44d3fbc9301ee17f30f4d474e6ae4b05252/library/std/src/../../backtrace/src/backtrace/libunwind.rs:116:5
[INFO] [stdout]    1:     0x631eda5104aa - std::backtrace_rs::backtrace::trace_unsynchronized::h2ed7433f370e3eca
[INFO] [stdout]                                at /rustc/df4ca44d3fbc9301ee17f30f4d474e6ae4b05252/library/std/src/../../backtrace/src/backtrace/mod.rs:66:5
[INFO] [stdout]    2:     0x631eda5104aa - std::sys::backtrace::_print_fmt::h916fac51166b18d7
[INFO] [stdout]                                at /rustc/df4ca44d3fbc9301ee17f30f4d474e6ae4b05252/library/std/src/sys/backtrace.rs:66:9
[INFO] [stdout]    3:     0x631eda5104aa - <std::sys::backtrace::BacktraceLock::print::DisplayBacktrace as core::fmt::Display>::fmt::ha0a4c9b8ce3802e6
[INFO] [stdout]                                at /rustc/df4ca44d3fbc9301ee17f30f4d474e6ae4b05252/library/std/src/sys/backtrace.rs:39:26
[INFO] [stdout]    4:     0x631eda536cb3 - core::fmt::rt::Argument::fmt::h4cfc8587d52b3eb5
[INFO] [stdout]                                at /rustc/df4ca44d3fbc9301ee17f30f4d474e6ae4b05252/library/core/src/fmt/rt.rs:177:76
[INFO] [stdout]    5:     0x631eda536cb3 - core::fmt::write::h522cc39e5b36ae9f
[INFO] [stdout]                                at /rustc/df4ca44d3fbc9301ee17f30f4d474e6ae4b05252/library/core/src/fmt/mod.rs:1190:21
[INFO] [stdout]    6:     0x631eda50ca73 - std::io::Write::write_fmt::h7d3c26752da97734
[INFO] [stdout]                                at /rustc/df4ca44d3fbc9301ee17f30f4d474e6ae4b05252/library/std/src/io/mod.rs:1839:15
[INFO] [stdout]    7:     0x631eda5102f2 - std::sys::backtrace::BacktraceLock::print::h4b9e00b29e9c0942
[INFO] [stdout]                                at /rustc/df4ca44d3fbc9301ee17f30f4d474e6ae4b05252/library/std/src/sys/backtrace.rs:42:9
[INFO] [stdout]    8:     0x631eda51193a - std::panicking::default_hook::{{closure}}::hb59b88280d0324d9
[INFO] [stdout]                                at /rustc/df4ca44d3fbc9301ee17f30f4d474e6ae4b05252/library/std/src/panicking.rs:268:22
[INFO] [stdout]    9:     0x631eda511744 - std::panicking::default_hook::he1dd496665be4a29
[INFO] [stdout]                                at /rustc/df4ca44d3fbc9301ee17f30f4d474e6ae4b05252/library/std/src/panicking.rs:292:9
[INFO] [stdout]   10:     0x631eda4b97b9 - <alloc::boxed::Box<F,A> as core::ops::function::Fn<Args>>::call::h4ff71de18744e1dc
[INFO] [stdout]                                at /rustc/df4ca44d3fbc9301ee17f30f4d474e6ae4b05252/library/alloc/src/boxed.rs:2468:9
[INFO] [stdout]   11:     0x631eda4b97b9 - test::test_main::{{closure}}::hcf7c055ce117aa81
[INFO] [stdout]                                at /rustc/df4ca44d3fbc9301ee17f30f4d474e6ae4b05252/library/test/src/lib.rs:133:21
[INFO] [stdout]   12:     0x631eda512038 - <alloc::boxed::Box<F,A> as core::ops::function::Fn<Args>>::call::h1d66c6bbd60c9692
[INFO] [stdout]                                at /rustc/df4ca44d3fbc9301ee17f30f4d474e6ae4b05252/library/alloc/src/boxed.rs:2468:9
[INFO] [stdout]   13:     0x631eda512038 - std::panicking::rust_panic_with_hook::h2ff17fe8f26dfcf8
[INFO] [stdout]                                at /rustc/df4ca44d3fbc9301ee17f30f4d474e6ae4b05252/library/std/src/panicking.rs:809:13
[INFO] [stdout]   14:     0x631eda511dfa - std::panicking::begin_panic_handler::{{closure}}::h4fad77951c07e101
[INFO] [stdout]                                at /rustc/df4ca44d3fbc9301ee17f30f4d474e6ae4b05252/library/std/src/panicking.rs:674:13
[INFO] [stdout]   15:     0x631eda510989 - std::sys::backtrace::__rust_end_short_backtrace::hb1a25b3da5d0ea08
[INFO] [stdout]                                at /rustc/df4ca44d3fbc9301ee17f30f4d474e6ae4b05252/library/std/src/sys/backtrace.rs:170:18
[INFO] [stdout]   16:     0x631eda511a8c - rust_begin_unwind
[INFO] [stdout]                                at /rustc/df4ca44d3fbc9301ee17f30f4d474e6ae4b05252/library/std/src/panicking.rs:665:5
[INFO] [stdout]   17:     0x631eda535750 - core::panicking::panic_fmt::ha9db07b529f9b256
[INFO] [stdout]                                at /rustc/df4ca44d3fbc9301ee17f30f4d474e6ae4b05252/library/core/src/panicking.rs:75:14
[INFO] [stdout]   18:     0x631eda535af6 - core::result::unwrap_failed::h5e8218e4d4338b8a
[INFO] [stdout]                                at /rustc/df4ca44d3fbc9301ee17f30f4d474e6ae4b05252/library/core/src/result.rs:1698:5
[INFO] [stdout]   19:     0x631eda47f092 - core::result::Result<T,E>::unwrap::hb2fc7de478c29e6b
[INFO] [stdout]                                at /rustc/df4ca44d3fbc9301ee17f30f4d474e6ae4b05252/library/core/src/result.rs:1103:23
[INFO] [stdout]   20:     0x631eda47f092 - bad_metadata::utils::run::hd1d77f3d240834c5
[INFO] [stdout]                                at /opt/rustwide/workdir/tests/utils.rs:11:18
[INFO] [stdout]   21:     0x631eda47f62b - bad_metadata::utils::run_err::h69e3c6710d55093f
[INFO] [stdout]                                at /opt/rustwide/workdir/tests/utils.rs:32:22
[INFO] [stdout]   22:     0x631eda47f77c - bad_metadata::test_bad_metadata::h9d710263392241be
[INFO] [stdout]                                at /opt/rustwide/workdir/tests/bad_metadata.rs:5:15
[INFO] [stdout]   23:     0x631eda47f737 - bad_metadata::test_bad_metadata::{{closure}}::h2c27820c600433bf
[INFO] [stdout]                                at /opt/rustwide/workdir/tests/bad_metadata.rs:4:23
[INFO] [stdout]   24:     0x631eda47e016 - core::ops::function::FnOnce::call_once::h5b6cf60e39c59a1f
[INFO] [stdout]                                at /rustc/df4ca44d3fbc9301ee17f30f4d474e6ae4b05252/library/core/src/ops/function.rs:250:5
[INFO] [stdout]   25:     0x631eda4be08b - core::ops::function::FnOnce::call_once::h22c3ba5715e93f05
[INFO] [stdout]                                at /rustc/df4ca44d3fbc9301ee17f30f4d474e6ae4b05252/library/core/src/ops/function.rs:250:5
[INFO] [stdout]   26:     0x631eda4be08b - test::__rust_begin_short_backtrace::h8e82d8113d0da17f
[INFO] [stdout]                                at /rustc/df4ca44d3fbc9301ee17f30f4d474e6ae4b05252/library/test/src/lib.rs:621:18
[INFO] [stdout]   27:     0x631eda4bda07 - test::run_test_in_process::{{closure}}::h33235f4f20b7b7c7
[INFO] [stdout]                                at /rustc/df4ca44d3fbc9301ee17f30f4d474e6ae4b05252/library/test/src/lib.rs:644:60
[INFO] [stdout]   28:     0x631eda4bda07 - <core::panic::unwind_safe::AssertUnwindSafe<F> as core::ops::function::FnOnce<()>>::call_once::hb5043206310c586f
[INFO] [stdout]                                at /rustc/df4ca44d3fbc9301ee17f30f4d474e6ae4b05252/library/core/src/panic/unwind_safe.rs:272:9
[INFO] [stdout]   29:     0x631eda4bda07 - std::panicking::try::do_call::h9ad4731a60ab23e2
[INFO] [stdout]                                at /rustc/df4ca44d3fbc9301ee17f30f4d474e6ae4b05252/library/std/src/panicking.rs:557:40
[INFO] [stdout]   30:     0x631eda4bda07 - std::panicking::try::h3824d23db772a716
[INFO] [stdout]                                at /rustc/df4ca44d3fbc9301ee17f30f4d474e6ae4b05252/library/std/src/panicking.rs:520:19
[INFO] [stdout]   31:     0x631eda4bda07 - std::panic::catch_unwind::h5afd514605fde46b
[INFO] [stdout]                                at /rustc/df4ca44d3fbc9301ee17f30f4d474e6ae4b05252/library/std/src/panic.rs:358:14
[INFO] [stdout]   32:     0x631eda4bda07 - test::run_test_in_process::h0d5cbfa7067d1720
[INFO] [stdout]                                at /rustc/df4ca44d3fbc9301ee17f30f4d474e6ae4b05252/library/test/src/lib.rs:644:27
[INFO] [stdout]   33:     0x631eda4bda07 - test::run_test::{{closure}}::h708eb8872708115d
[INFO] [stdout]                                at /rustc/df4ca44d3fbc9301ee17f30f4d474e6ae4b05252/library/test/src/lib.rs:565:43
[INFO] [stdout]   34:     0x631eda481124 - test::run_test::{{closure}}::h392c51cee94713ab
[INFO] [stdout]                                at /rustc/df4ca44d3fbc9301ee17f30f4d474e6ae4b05252/library/test/src/lib.rs:595:41
[INFO] [stdout]   35:     0x631eda481124 - std::sys::backtrace::__rust_begin_short_backtrace::h2f40290710935a8b
[INFO] [stdout]                                at /rustc/df4ca44d3fbc9301ee17f30f4d474e6ae4b05252/library/std/src/sys/backtrace.rs:154:18
[INFO] [stdout]   36:     0x631eda4848ce - std::thread::Builder::spawn_unchecked_::{{closure}}::{{closure}}::h3fd968d89053a903
[INFO] [stdout]                                at /rustc/df4ca44d3fbc9301ee17f30f4d474e6ae4b05252/library/std/src/thread/mod.rs:541:17
[INFO] [stdout]   37:     0x631eda4848ce - <core::panic::unwind_safe::AssertUnwindSafe<F> as core::ops::function::FnOnce<()>>::call_once::h743f637ba4229880
[INFO] [stdout]                                at /rustc/df4ca44d3fbc9301ee17f30f4d474e6ae4b05252/library/core/src/panic/unwind_safe.rs:272:9
[INFO] [stdout]   38:     0x631eda4848ce - std::panicking::try::do_call::h07440897322525a6
[INFO] [stdout]                                at /rustc/df4ca44d3fbc9301ee17f30f4d474e6ae4b05252/library/std/src/panicking.rs:557:40
[INFO] [stdout]   39:     0x631eda4848ce - std::panicking::try::he5a2e00188156637
[INFO] [stdout]                                at /rustc/df4ca44d3fbc9301ee17f30f4d474e6ae4b05252/library/std/src/panicking.rs:520:19
[INFO] [stdout]   40:     0x631eda4848ce - std::panic::catch_unwind::hbaf3cae49b3c6433
[INFO] [stdout]                                at /rustc/df4ca44d3fbc9301ee17f30f4d474e6ae4b05252/library/std/src/panic.rs:358:14
[INFO] [stdout]   41:     0x631eda4848ce - std::thread::Builder::spawn_unchecked_::{{closure}}::h8e141ea224820bce
[INFO] [stdout]                                at /rustc/df4ca44d3fbc9301ee17f30f4d474e6ae4b05252/library/std/src/thread/mod.rs:540:30
[INFO] [stdout]   42:     0x631eda4848ce - core::ops::function::FnOnce::call_once{{vtable.shim}}::h90d312fedd7b8ea8
[INFO] [stdout]                                at /rustc/df4ca44d3fbc9301ee17f30f4d474e6ae4b05252/library/core/src/ops/function.rs:250:5
[INFO] [stdout]   43:     0x631eda51610b - <alloc::boxed::Box<F,A> as core::ops::function::FnOnce<Args>>::call_once::h69aa08ddb6adb8b6
[INFO] [stdout]                                at /rustc/df4ca44d3fbc9301ee17f30f4d474e6ae4b05252/library/alloc/src/boxed.rs:2454:9
[INFO] [stdout]   44:     0x631eda51610b - <alloc::boxed::Box<F,A> as core::ops::function::FnOnce<Args>>::call_once::h5aa36efdb79c806f
[INFO] [stdout]                                at /rustc/df4ca44d3fbc9301ee17f30f4d474e6ae4b05252/library/alloc/src/boxed.rs:2454:9
[INFO] [stdout]   45:     0x631eda51610b - std::sys::pal::unix::thread::Thread::new::thread_start::h6cd80a1b4be5158d
[INFO] [stdout]                                at /rustc/df4ca44d3fbc9301ee17f30f4d474e6ae4b05252/library/std/src/sys/pal/unix/thread.rs:105:17
[INFO] [stdout]   46:     0x708827ae4ac3 - <unknown>
[INFO] [stdout]   47:     0x708827b75a04 - clone
[INFO] [stdout]   48:                0x0 - <unknown>
[INFO] [stdout] 
[INFO] [stdout] 
[INFO] [stdout] failures:
[INFO] [stdout]     test_bad_metadata
[INFO] [stdout] 
[INFO] [stdout] test result: FAILED. 0 passed; 1 failed; 0 ignored; 0 measured; 0 filtered out; finished in 0.03s
[INFO] [stdout] 
[INFO] [stderr] error: test failed, to rerun pass `--test bad_metadata`
[INFO] running `Command { std: "docker" "inspect" "437fcf7f271ad4c59fc66840faf2190625b43e902b33725160cbd6b8b7c6ea09", kill_on_drop: false }`
[INFO] running `Command { std: "docker" "rm" "-f" "437fcf7f271ad4c59fc66840faf2190625b43e902b33725160cbd6b8b7c6ea09", kill_on_drop: false }`
[INFO] [stdout] 437fcf7f271ad4c59fc66840faf2190625b43e902b33725160cbd6b8b7c6ea09
