[INFO] fetching crate baa 0.13.1...
[INFO] testing baa-0.13.1 against nightly-2024-10-28+rustflags=-Zrandomize-layout for randomize-layout
[INFO] extracting crate baa 0.13.1 into /workspace/builds/worker-4-tc2/source
[INFO] validating manifest of crates.io crate baa 0.13.1 on toolchain nightly-2024-10-28
[INFO] running `Command { std: CARGO_HOME="/workspace/cargo-home" RUSTUP_HOME="/workspace/rustup-home" "/workspace/cargo-home/bin/cargo" "+nightly-2024-10-28" "metadata" "--manifest-path" "Cargo.toml" "--no-deps", kill_on_drop: false }`
[INFO] started tweaking crates.io crate baa 0.13.1
[INFO] removed 0 missing tests
[INFO] finished tweaking crates.io crate baa 0.13.1
[INFO] tweaked toml for crates.io crate baa 0.13.1 written to /workspace/builds/worker-4-tc2/source/Cargo.toml
[INFO] running `Command { std: CARGO_HOME="/workspace/cargo-home" RUSTUP_HOME="/workspace/rustup-home" "/workspace/cargo-home/bin/cargo" "+nightly-2024-10-28" "generate-lockfile" "--manifest-path" "Cargo.toml", kill_on_drop: false }`
[INFO] [stderr]     Updating crates.io index
[INFO] [stderr]      Locking 57 packages to latest compatible versions
[INFO] [stderr]       Adding fraction v0.11.2 (available: v0.15.3)
[INFO] running `Command { std: CARGO_HOME="/workspace/cargo-home" RUSTUP_HOME="/workspace/rustup-home" "/workspace/cargo-home/bin/cargo" "+nightly-2024-10-28" "fetch" "--manifest-path" "Cargo.toml", kill_on_drop: false }`
[INFO] running `Command { std: "docker" "create" "-v" "/var/lib/crater-agent-workspace/builds/worker-4-tc2/target:/opt/rustwide/target:rw,Z" "-v" "/var/lib/crater-agent-workspace/builds/worker-4-tc2/source:/opt/rustwide/workdir:ro,Z" "-v" "/var/lib/crater-agent-workspace/cargo-home:/opt/rustwide/cargo-home:ro,Z" "-v" "/var/lib/crater-agent-workspace/rustup-home:/opt/rustwide/rustup-home:ro,Z" "-e" "SOURCE_DIR=/opt/rustwide/workdir" "-e" "CARGO_TARGET_DIR=/opt/rustwide/target" "-e" "CARGO_HOME=/opt/rustwide/cargo-home" "-e" "RUSTUP_HOME=/opt/rustwide/rustup-home" "-w" "/opt/rustwide/workdir" "-m" "1610612736" "--user" "0:0" "--network" "none" "ghcr.io/rust-lang/crates-build-env/linux@sha256:4a844ea9eb2546a2d2c7022eacef16ef2e8229c7fbb2c7d4d55a9ceca922f72d" "/opt/rustwide/cargo-home/bin/cargo" "+nightly-2024-10-28" "metadata" "--no-deps" "--format-version=1", kill_on_drop: false }`
[INFO] [stdout] 8b078894f8c29c4504dbc4d4646ad9feb7d546f0f6c82f445cfe2e3b0d9139bb
[INFO] running `Command { std: "docker" "start" "-a" "8b078894f8c29c4504dbc4d4646ad9feb7d546f0f6c82f445cfe2e3b0d9139bb", kill_on_drop: false }`
[INFO] running `Command { std: "docker" "inspect" "8b078894f8c29c4504dbc4d4646ad9feb7d546f0f6c82f445cfe2e3b0d9139bb", kill_on_drop: false }`
[INFO] running `Command { std: "docker" "rm" "-f" "8b078894f8c29c4504dbc4d4646ad9feb7d546f0f6c82f445cfe2e3b0d9139bb", kill_on_drop: false }`
[INFO] [stdout] 8b078894f8c29c4504dbc4d4646ad9feb7d546f0f6c82f445cfe2e3b0d9139bb
[INFO] running `Command { std: "docker" "create" "-v" "/var/lib/crater-agent-workspace/builds/worker-4-tc2/target:/opt/rustwide/target:rw,Z" "-v" "/var/lib/crater-agent-workspace/builds/worker-4-tc2/source:/opt/rustwide/workdir:ro,Z" "-v" "/var/lib/crater-agent-workspace/cargo-home:/opt/rustwide/cargo-home:ro,Z" "-v" "/var/lib/crater-agent-workspace/rustup-home:/opt/rustwide/rustup-home:ro,Z" "-e" "SOURCE_DIR=/opt/rustwide/workdir" "-e" "CARGO_TARGET_DIR=/opt/rustwide/target" "-e" "CARGO_INCREMENTAL=0" "-e" "RUST_BACKTRACE=full" "-e" "RUSTFLAGS=--cap-lints=forbid -Zrandomize-layout" "-e" "RUSTDOCFLAGS=--cap-lints=forbid" "-e" "CARGO_HOME=/opt/rustwide/cargo-home" "-e" "RUSTUP_HOME=/opt/rustwide/rustup-home" "-w" "/opt/rustwide/workdir" "-m" "1610612736" "--user" "0:0" "--network" "none" "ghcr.io/rust-lang/crates-build-env/linux@sha256:4a844ea9eb2546a2d2c7022eacef16ef2e8229c7fbb2c7d4d55a9ceca922f72d" "/opt/rustwide/cargo-home/bin/cargo" "+nightly-2024-10-28" "build" "--frozen" "--message-format=json", kill_on_drop: false }`
[INFO] [stdout] 56e77b35cade2eaae0c908e7cc23da71721e4256b6a95d94ccd32695f5488ab1
[INFO] running `Command { std: "docker" "start" "-a" "56e77b35cade2eaae0c908e7cc23da71721e4256b6a95d94ccd32695f5488ab1", kill_on_drop: false }`
[INFO] [stderr]    Compiling smallvec v1.13.2
[INFO] [stderr]    Compiling baa v0.13.1 (/opt/rustwide/workdir)
[INFO] [stderr]     Finished `dev` profile [unoptimized + debuginfo] target(s) in 1.19s
[INFO] running `Command { std: "docker" "inspect" "56e77b35cade2eaae0c908e7cc23da71721e4256b6a95d94ccd32695f5488ab1", kill_on_drop: false }`
[INFO] running `Command { std: "docker" "rm" "-f" "56e77b35cade2eaae0c908e7cc23da71721e4256b6a95d94ccd32695f5488ab1", kill_on_drop: false }`
[INFO] [stdout] 56e77b35cade2eaae0c908e7cc23da71721e4256b6a95d94ccd32695f5488ab1
[INFO] running `Command { std: "docker" "create" "-v" "/var/lib/crater-agent-workspace/builds/worker-4-tc2/target:/opt/rustwide/target:rw,Z" "-v" "/var/lib/crater-agent-workspace/builds/worker-4-tc2/source:/opt/rustwide/workdir:ro,Z" "-v" "/var/lib/crater-agent-workspace/cargo-home:/opt/rustwide/cargo-home:ro,Z" "-v" "/var/lib/crater-agent-workspace/rustup-home:/opt/rustwide/rustup-home:ro,Z" "-e" "SOURCE_DIR=/opt/rustwide/workdir" "-e" "CARGO_TARGET_DIR=/opt/rustwide/target" "-e" "CARGO_INCREMENTAL=0" "-e" "RUST_BACKTRACE=full" "-e" "RUSTFLAGS=--cap-lints=forbid -Zrandomize-layout" "-e" "RUSTDOCFLAGS=--cap-lints=forbid" "-e" "CARGO_HOME=/opt/rustwide/cargo-home" "-e" "RUSTUP_HOME=/opt/rustwide/rustup-home" "-w" "/opt/rustwide/workdir" "-m" "1610612736" "--user" "0:0" "--network" "none" "ghcr.io/rust-lang/crates-build-env/linux@sha256:4a844ea9eb2546a2d2c7022eacef16ef2e8229c7fbb2c7d4d55a9ceca922f72d" "/opt/rustwide/cargo-home/bin/cargo" "+nightly-2024-10-28" "test" "--frozen" "--no-run" "--message-format=json", kill_on_drop: false }`
[INFO] [stdout] 7e2a6454a418bfaa5fe74dda73c2783f147fb4aae4979eb25b84835035e770b2
[INFO] running `Command { std: "docker" "start" "-a" "7e2a6454a418bfaa5fe74dda73c2783f147fb4aae4979eb25b84835035e770b2", kill_on_drop: false }`
[INFO] [stderr]    Compiling libc v0.2.161
[INFO] [stderr]    Compiling proc-macro2 v1.0.89
[INFO] [stderr]    Compiling unicode-ident v1.0.13
[INFO] [stderr]    Compiling cfg-if v1.0.0
[INFO] [stderr]    Compiling autocfg v1.4.0
[INFO] [stderr]    Compiling libm v0.2.11
[INFO] [stderr]    Compiling rustix v0.38.38
[INFO] [stderr]    Compiling byteorder v1.5.0
[INFO] [stderr]    Compiling bitflags v2.6.0
[INFO] [stderr]    Compiling linux-raw-sys v0.4.14
[INFO] [stderr]    Compiling once_cell v1.20.2
[INFO] [stderr]    Compiling fastrand v2.1.1
[INFO] [stderr]    Compiling bit-vec v0.6.3
[INFO] [stderr]    Compiling quick-error v1.2.3
[INFO] [stderr]    Compiling num-traits v0.2.19
[INFO] [stderr]    Compiling fnv v1.0.7
[INFO] [stderr]    Compiling bit-set v0.5.3
[INFO] [stderr]    Compiling unarray v0.1.4
[INFO] [stderr]    Compiling lazy_static v1.5.0
[INFO] [stderr]    Compiling regex-syntax v0.8.5
[INFO] [stderr]    Compiling quote v1.0.37
[INFO] [stderr]    Compiling syn v2.0.86
[INFO] [stderr]    Compiling getrandom v0.2.15
[INFO] [stderr]    Compiling wait-timeout v0.2.0
[INFO] [stderr]    Compiling rand_core v0.6.4
[INFO] [stderr]    Compiling rand_xorshift v0.3.0
[INFO] [stderr]    Compiling num-integer v0.1.46
[INFO] [stderr]    Compiling num-bigint v0.4.6
[INFO] [stderr]    Compiling tempfile v3.13.0
[INFO] [stderr]    Compiling rusty-fork v0.3.0
[INFO] [stderr]    Compiling zerocopy-derive v0.7.35
[INFO] [stderr]    Compiling zerocopy v0.7.35
[INFO] [stderr]    Compiling ppv-lite86 v0.2.20
[INFO] [stderr]    Compiling rand_chacha v0.3.1
[INFO] [stderr]    Compiling rand v0.8.5
[INFO] [stderr]    Compiling proptest v1.5.0
[INFO] [stderr]    Compiling baa v0.13.1 (/opt/rustwide/workdir)
[INFO] [stderr]     Finished `test` profile [unoptimized + debuginfo] target(s) in 25.51s
[INFO] running `Command { std: "docker" "inspect" "7e2a6454a418bfaa5fe74dda73c2783f147fb4aae4979eb25b84835035e770b2", kill_on_drop: false }`
[INFO] running `Command { std: "docker" "rm" "-f" "7e2a6454a418bfaa5fe74dda73c2783f147fb4aae4979eb25b84835035e770b2", kill_on_drop: false }`
[INFO] [stdout] 7e2a6454a418bfaa5fe74dda73c2783f147fb4aae4979eb25b84835035e770b2
[INFO] running `Command { std: "docker" "create" "-v" "/var/lib/crater-agent-workspace/builds/worker-4-tc2/target:/opt/rustwide/target:rw,Z" "-v" "/var/lib/crater-agent-workspace/builds/worker-4-tc2/source:/opt/rustwide/workdir:ro,Z" "-v" "/var/lib/crater-agent-workspace/cargo-home:/opt/rustwide/cargo-home:ro,Z" "-v" "/var/lib/crater-agent-workspace/rustup-home:/opt/rustwide/rustup-home:ro,Z" "-e" "SOURCE_DIR=/opt/rustwide/workdir" "-e" "CARGO_TARGET_DIR=/opt/rustwide/target" "-e" "CARGO_INCREMENTAL=0" "-e" "RUST_BACKTRACE=full" "-e" "RUSTFLAGS=--cap-lints=forbid -Zrandomize-layout" "-e" "RUSTDOCFLAGS=--cap-lints=forbid" "-e" "CARGO_HOME=/opt/rustwide/cargo-home" "-e" "RUSTUP_HOME=/opt/rustwide/rustup-home" "-w" "/opt/rustwide/workdir" "-m" "1610612736" "--user" "0:0" "--network" "none" "ghcr.io/rust-lang/crates-build-env/linux@sha256:4a844ea9eb2546a2d2c7022eacef16ef2e8229c7fbb2c7d4d55a9ceca922f72d" "/opt/rustwide/cargo-home/bin/cargo" "+nightly-2024-10-28" "test" "--frozen", kill_on_drop: false }`
[INFO] [stdout] 7d0ccbe0adb3c12bbce53d6593e83d4526cdf1fdedb271762a6687c441e4ec4f
[INFO] running `Command { std: "docker" "start" "-a" "7d0ccbe0adb3c12bbce53d6593e83d4526cdf1fdedb271762a6687c441e4ec4f", kill_on_drop: false }`
[INFO] [stderr]     Finished `test` profile [unoptimized + debuginfo] target(s) in 0.06s
[INFO] [stderr]      Running unittests src/lib.rs (/opt/rustwide/target/debug/deps/baa-c250c0075e1d5774)
[INFO] [stdout] 
[INFO] [stdout] running 54 tests
[INFO] [stdout] test array::owned::tests::test_conversions_u64 ... ok
[INFO] [stdout] test array::owned::tests::test_index_width_from_len ... ok
[INFO] [stdout] test array::owned::tests::test_conversions_bool ... ok
[INFO] [stdout] test array::owned::tests::test_conversions_u8 ... ok
[INFO] [stdout] test bv::arithmetic::tests::do_test_cmp_greater_signed_regressions ... ok
[INFO] [stdout] test bv::arithmetic::tests::test_arithmetic_shift_right_regression ... ok
[INFO] [stdout] test bv::arithmetic::tests::do_test_is_neg_regressions ... ok
[INFO] [stdout] test array::owned::tests::type_size ... FAILED
[INFO] [stdout] test bv::arithmetic::tests::test_cmp_greater_equal ... ok
[INFO] [stdout] test bv::arithmetic::tests::test_arithmetic_shift_right ... ok
[INFO] [stdout] test bv::arithmetic::tests::test_cmp_equal ... ok
[INFO] [stdout] test bv::arithmetic::tests::test_mul ... ignored
[INFO] [stdout] test bv::arithmetic::tests::test_mul_regressions ... ok
[INFO] [stdout] test bv::arithmetic::tests::test_add ... ok
[INFO] [stdout] test bv::arithmetic::tests::test_cmp_greater_signed ... ok
[INFO] [stdout] test bv::arithmetic::tests::test_cmp_equal_signed ... ok
[INFO] [stdout] test bv::arithmetic::tests::test_cmp_greater_equal_signed ... ok
[INFO] [stdout] test bv::arithmetic::tests::test_cmp_greater ... ok
[INFO] [stdout] test bv::arithmetic::tests::test_sub_regressions ... ok
[INFO] [stdout] test bv::arithmetic::tests::test_concat ... ok
[INFO] [stdout] test bv::borrowed::tests::borrowed_hash ... ok
[INFO] [stdout] test bv::arithmetic::tests::test_is_neg ... ok
[INFO] [stdout] test bv::indexed::tests::test_bv_index ... ok
[INFO] [stdout] test bv::indexed::tests::test_interner ... ok
[INFO] [stdout] test bv::indexed::tests::test_split_borrow ... ok
[INFO] [stdout] test bv::indexed::tests::type_size ... ok
[INFO] [stdout] test bv::io::bigint::tests::test_from_to_big_int ... ok
[INFO] [stdout] test bv::io::bigint::tests::test_from_to_big_uint ... ok
[INFO] [stdout] test bv::io::bytes::tests::test_empty ... ok
[INFO] [stdout] test bv::io::bytes::tests::test_from_bytes_le ... ok
[INFO] [stdout] test bv::arithmetic::tests::test_sub ... ok
[INFO] [stdout] test bv::io::bytes::tests::test_to_bytes_le ... ok
[INFO] [stdout] test bv::io::bytes::tests::test_zero ... ok
[INFO] [stdout] test bv::io::bytes::tests::test_from_to_bytes_le ... ok
[INFO] [stdout] test bv::io::strings::tests::test_from_to_bit_str_regression ... ok
[INFO] [stdout] test bv::arithmetic::tests::test_shift_left ... ok
[INFO] [stdout] test bv::io::strings::tests::test_from_to_hex_str_regression ... ok
[INFO] [stdout] test bv::io::strings::tests::test_to_bit_str_with_extra_words ... ok
[INFO] [stdout] test bv::io::strings::tests::test_to_from_dec_str_regression ... ok
[INFO] [stdout] test bv::arithmetic::tests::test_shift_right ... ok
[INFO] [stdout] test bv::io::strings::tests::test_to_hex_str ... ok
[INFO] [stdout] test bv::ops::tests::assign_bit_vector ... ok
[INFO] [stdout] test bv::owned::tests::test_from_i64_in_debug_mode - should panic ... ok
[INFO] [stdout] test bv::owned::tests::test_from_u64_in_debug_mode - should panic ... ok
[INFO] [stdout] test bv::owned::tests::test_ones ... ok
[INFO] [stdout] test bv::owned::tests::test_tru_fals ... ok
[INFO] [stdout] test bv::owned::tests::type_size ... ok
[INFO] [stdout] test bv::arithmetic::tests::test_sign_extend ... ok
[INFO] [stdout] test bv::io::strings::tests::test_from_to_bit_str ... ok
[INFO] [stdout] test bv::io::strings::tests::test_from_to_hex_str ... ok
[INFO] [stdout] test bv::io::strings::tests::test_to_from_decimal_str ... ok
[INFO] [stdout] test bv::arithmetic::tests::test_zero_extend ... ok
[INFO] [stdout] test bv::arithmetic::tests::test_slice ... ok
[INFO] [stdout] test bv::borrowed::tests::test_is_neg ... ok
[INFO] [stdout] 
[INFO] [stdout] failures:
[INFO] [stdout] 
[INFO] [stderr] error: test failed, to rerun pass `--lib`
[INFO] [stdout] ---- array::owned::tests::type_size stdout ----
[INFO] [stdout] thread 'array::owned::tests::type_size' panicked at src/array/owned.rs:875:9:
[INFO] [stdout] assertion `left == right` failed
[INFO] [stdout]   left: 104
[INFO] [stdout]  right: 96
[INFO] [stdout] stack backtrace:
[INFO] [stdout]    0:     0x5d0c13c505fa - std::backtrace_rs::backtrace::libunwind::trace::h207520d6e9873551
[INFO] [stdout]                                at /rustc/df4ca44d3fbc9301ee17f30f4d474e6ae4b05252/library/std/src/../../backtrace/src/backtrace/libunwind.rs:116:5
[INFO] [stdout]    1:     0x5d0c13c505fa - std::backtrace_rs::backtrace::trace_unsynchronized::h2ed7433f370e3eca
[INFO] [stdout]                                at /rustc/df4ca44d3fbc9301ee17f30f4d474e6ae4b05252/library/std/src/../../backtrace/src/backtrace/mod.rs:66:5
[INFO] [stdout]    2:     0x5d0c13c505fa - std::sys::backtrace::_print_fmt::h916fac51166b18d7
[INFO] [stdout]                                at /rustc/df4ca44d3fbc9301ee17f30f4d474e6ae4b05252/library/std/src/sys/backtrace.rs:66:9
[INFO] [stdout]    3:     0x5d0c13c505fa - <std::sys::backtrace::BacktraceLock::print::DisplayBacktrace as core::fmt::Display>::fmt::ha0a4c9b8ce3802e6
[INFO] [stdout]                                at /rustc/df4ca44d3fbc9301ee17f30f4d474e6ae4b05252/library/std/src/sys/backtrace.rs:39:26
[INFO] [stdout]    4:     0x5d0c13c78af3 - core::fmt::rt::Argument::fmt::h4cfc8587d52b3eb5
[INFO] [stdout]                                at /rustc/df4ca44d3fbc9301ee17f30f4d474e6ae4b05252/library/core/src/fmt/rt.rs:177:76
[INFO] [stdout]    5:     0x5d0c13c78af3 - core::fmt::write::h522cc39e5b36ae9f
[INFO] [stdout]                                at /rustc/df4ca44d3fbc9301ee17f30f4d474e6ae4b05252/library/core/src/fmt/mod.rs:1190:21
[INFO] [stdout]    6:     0x5d0c13c4cc63 - std::io::Write::write_fmt::h7d3c26752da97734
[INFO] [stdout]                                at /rustc/df4ca44d3fbc9301ee17f30f4d474e6ae4b05252/library/std/src/io/mod.rs:1839:15
[INFO] [stdout]    7:     0x5d0c13c50442 - std::sys::backtrace::BacktraceLock::print::h4b9e00b29e9c0942
[INFO] [stdout]                                at /rustc/df4ca44d3fbc9301ee17f30f4d474e6ae4b05252/library/std/src/sys/backtrace.rs:42:9
[INFO] [stdout]    8:     0x5d0c13c51a8a - std::panicking::default_hook::{{closure}}::hb59b88280d0324d9
[INFO] [stdout]                                at /rustc/df4ca44d3fbc9301ee17f30f4d474e6ae4b05252/library/std/src/panicking.rs:268:22
[INFO] [stdout]    9:     0x5d0c13c51894 - std::panicking::default_hook::he1dd496665be4a29
[INFO] [stdout]                                at /rustc/df4ca44d3fbc9301ee17f30f4d474e6ae4b05252/library/std/src/panicking.rs:292:9
[INFO] [stdout]   10:     0x5d0c13ae2249 - <alloc::boxed::Box<F,A> as core::ops::function::Fn<Args>>::call::h4ff71de18744e1dc
[INFO] [stdout]                                at /rustc/df4ca44d3fbc9301ee17f30f4d474e6ae4b05252/library/alloc/src/boxed.rs:2468:9
[INFO] [stdout]   11:     0x5d0c13ae2249 - test::test_main::{{closure}}::hcf7c055ce117aa81
[INFO] [stdout]                                at /rustc/df4ca44d3fbc9301ee17f30f4d474e6ae4b05252/library/test/src/lib.rs:133:21
[INFO] [stdout]   12:     0x5d0c13c52188 - <alloc::boxed::Box<F,A> as core::ops::function::Fn<Args>>::call::h1d66c6bbd60c9692
[INFO] [stdout]                                at /rustc/df4ca44d3fbc9301ee17f30f4d474e6ae4b05252/library/alloc/src/boxed.rs:2468:9
[INFO] [stdout]   13:     0x5d0c13c52188 - std::panicking::rust_panic_with_hook::h2ff17fe8f26dfcf8
[INFO] [stdout]                                at /rustc/df4ca44d3fbc9301ee17f30f4d474e6ae4b05252/library/std/src/panicking.rs:809:13
[INFO] [stdout]   14:     0x5d0c13c51f4a - std::panicking::begin_panic_handler::{{closure}}::h4fad77951c07e101
[INFO] [stdout]                                at /rustc/df4ca44d3fbc9301ee17f30f4d474e6ae4b05252/library/std/src/panicking.rs:674:13
[INFO] [stdout]   15:     0x5d0c13c50ad9 - std::sys::backtrace::__rust_end_short_backtrace::hb1a25b3da5d0ea08
[INFO] [stdout]                                at /rustc/df4ca44d3fbc9301ee17f30f4d474e6ae4b05252/library/std/src/sys/backtrace.rs:170:18
[INFO] [stdout]   16:     0x5d0c13c51bdc - rust_begin_unwind
[INFO] [stdout]                                at /rustc/df4ca44d3fbc9301ee17f30f4d474e6ae4b05252/library/std/src/panicking.rs:665:5
[INFO] [stdout]   17:     0x5d0c13c76f30 - core::panicking::panic_fmt::ha9db07b529f9b256
[INFO] [stdout]                                at /rustc/df4ca44d3fbc9301ee17f30f4d474e6ae4b05252/library/core/src/panicking.rs:75:14
[INFO] [stdout]   18:     0x5d0c13c77334 - core::panicking::assert_failed_inner::h04f38944d74a80a8
[INFO] [stdout]   19:     0x5d0c13bc6f6f - core::panicking::assert_failed::h5aea1b0bf0fab2dd
[INFO] [stdout]                                at /rustc/df4ca44d3fbc9301ee17f30f4d474e6ae4b05252/library/core/src/panicking.rs:377:5
[INFO] [stdout]   20:     0x5d0c13aa7644 - baa::array::owned::tests::type_size::h30323c3449f15781
[INFO] [stdout]                                at /opt/rustwide/workdir/src/array/owned.rs:875:9
[INFO] [stdout]   21:     0x5d0c13aa7207 - baa::array::owned::tests::type_size::{{closure}}::h888125da4f463bd3
[INFO] [stdout]                                at /opt/rustwide/workdir/src/array/owned.rs:859:19
[INFO] [stdout]   22:     0x5d0c13a57d76 - core::ops::function::FnOnce::call_once::h2fcd6bc4a35cb577
[INFO] [stdout]                                at /rustc/df4ca44d3fbc9301ee17f30f4d474e6ae4b05252/library/core/src/ops/function.rs:250:5
[INFO] [stdout]   23:     0x5d0c13ae6b1b - core::ops::function::FnOnce::call_once::h22c3ba5715e93f05
[INFO] [stdout]                                at /rustc/df4ca44d3fbc9301ee17f30f4d474e6ae4b05252/library/core/src/ops/function.rs:250:5
[INFO] [stdout]   24:     0x5d0c13ae6b1b - test::__rust_begin_short_backtrace::h8e82d8113d0da17f
[INFO] [stdout]                                at /rustc/df4ca44d3fbc9301ee17f30f4d474e6ae4b05252/library/test/src/lib.rs:621:18
[INFO] [stdout]   25:     0x5d0c13ae6497 - test::run_test_in_process::{{closure}}::h33235f4f20b7b7c7
[INFO] [stdout]                                at /rustc/df4ca44d3fbc9301ee17f30f4d474e6ae4b05252/library/test/src/lib.rs:644:60
[INFO] [stdout]   26:     0x5d0c13ae6497 - <core::panic::unwind_safe::AssertUnwindSafe<F> as core::ops::function::FnOnce<()>>::call_once::hb5043206310c586f
[INFO] [stdout]                                at /rustc/df4ca44d3fbc9301ee17f30f4d474e6ae4b05252/library/core/src/panic/unwind_safe.rs:272:9
[INFO] [stdout]   27:     0x5d0c13ae6497 - std::panicking::try::do_call::h9ad4731a60ab23e2
[INFO] [stdout]                                at /rustc/df4ca44d3fbc9301ee17f30f4d474e6ae4b05252/library/std/src/panicking.rs:557:40
[INFO] [stdout]   28:     0x5d0c13ae6497 - std::panicking::try::h3824d23db772a716
[INFO] [stdout]                                at /rustc/df4ca44d3fbc9301ee17f30f4d474e6ae4b05252/library/std/src/panicking.rs:520:19
[INFO] [stdout]   29:     0x5d0c13ae6497 - std::panic::catch_unwind::h5afd514605fde46b
[INFO] [stdout]                                at /rustc/df4ca44d3fbc9301ee17f30f4d474e6ae4b05252/library/std/src/panic.rs:358:14
[INFO] [stdout]   30:     0x5d0c13ae6497 - test::run_test_in_process::h0d5cbfa7067d1720
[INFO] [stdout]                                at /rustc/df4ca44d3fbc9301ee17f30f4d474e6ae4b05252/library/test/src/lib.rs:644:27
[INFO] [stdout]   31:     0x5d0c13ae6497 - test::run_test::{{closure}}::h708eb8872708115d
[INFO] [stdout]                                at /rustc/df4ca44d3fbc9301ee17f30f4d474e6ae4b05252/library/test/src/lib.rs:565:43
[INFO] [stdout]   32:     0x5d0c13aa9bb4 - test::run_test::{{closure}}::h392c51cee94713ab
[INFO] [stdout]                                at /rustc/df4ca44d3fbc9301ee17f30f4d474e6ae4b05252/library/test/src/lib.rs:595:41
[INFO] [stdout]   33:     0x5d0c13aa9bb4 - std::sys::backtrace::__rust_begin_short_backtrace::h2f40290710935a8b
[INFO] [stdout]                                at /rustc/df4ca44d3fbc9301ee17f30f4d474e6ae4b05252/library/std/src/sys/backtrace.rs:154:18
[INFO] [stdout]   34:     0x5d0c13aad35e - std::thread::Builder::spawn_unchecked_::{{closure}}::{{closure}}::h3fd968d89053a903
[INFO] [stdout]                                at /rustc/df4ca44d3fbc9301ee17f30f4d474e6ae4b05252/library/std/src/thread/mod.rs:541:17
[INFO] [stdout]   35:     0x5d0c13aad35e - <core::panic::unwind_safe::AssertUnwindSafe<F> as core::ops::function::FnOnce<()>>::call_once::h743f637ba4229880
[INFO] [stdout]                                at /rustc/df4ca44d3fbc9301ee17f30f4d474e6ae4b05252/library/core/src/panic/unwind_safe.rs:272:9
[INFO] [stdout]   36:     0x5d0c13aad35e - std::panicking::try::do_call::h07440897322525a6
[INFO] [stdout]                                at /rustc/df4ca44d3fbc9301ee17f30f4d474e6ae4b05252/library/std/src/panicking.rs:557:40
[INFO] [stdout]   37:     0x5d0c13aad35e - std::panicking::try::he5a2e00188156637
[INFO] [stdout]                                at /rustc/df4ca44d3fbc9301ee17f30f4d474e6ae4b05252/library/std/src/panicking.rs:520:19
[INFO] [stdout]   38:     0x5d0c13aad35e - std::panic::catch_unwind::hbaf3cae49b3c6433
[INFO] [stdout]                                at /rustc/df4ca44d3fbc9301ee17f30f4d474e6ae4b05252/library/std/src/panic.rs:358:14
[INFO] [stdout]   39:     0x5d0c13aad35e - std::thread::Builder::spawn_unchecked_::{{closure}}::h8e141ea224820bce
[INFO] [stdout]                                at /rustc/df4ca44d3fbc9301ee17f30f4d474e6ae4b05252/library/std/src/thread/mod.rs:540:30
[INFO] [stdout]   40:     0x5d0c13aad35e - core::ops::function::FnOnce::call_once{{vtable.shim}}::h90d312fedd7b8ea8
[INFO] [stdout]                                at /rustc/df4ca44d3fbc9301ee17f30f4d474e6ae4b05252/library/core/src/ops/function.rs:250:5
[INFO] [stdout]   41:     0x5d0c13c5638b - <alloc::boxed::Box<F,A> as core::ops::function::FnOnce<Args>>::call_once::h69aa08ddb6adb8b6
[INFO] [stdout]                                at /rustc/df4ca44d3fbc9301ee17f30f4d474e6ae4b05252/library/alloc/src/boxed.rs:2454:9
[INFO] [stdout]   42:     0x5d0c13c5638b - <alloc::boxed::Box<F,A> as core::ops::function::FnOnce<Args>>::call_once::h5aa36efdb79c806f
[INFO] [stdout]                                at /rustc/df4ca44d3fbc9301ee17f30f4d474e6ae4b05252/library/alloc/src/boxed.rs:2454:9
[INFO] [stdout]   43:     0x5d0c13c5638b - std::sys::pal::unix::thread::Thread::new::thread_start::h6cd80a1b4be5158d
[INFO] [stdout]                                at /rustc/df4ca44d3fbc9301ee17f30f4d474e6ae4b05252/library/std/src/sys/pal/unix/thread.rs:105:17
[INFO] [stdout]   44:     0x7bffbd4c1ac3 - <unknown>
[INFO] [stdout]   45:     0x7bffbd552a04 - clone
[INFO] [stdout]   46:                0x0 - <unknown>
[INFO] [stdout] 
[INFO] [stdout] 
[INFO] [stdout] failures:
[INFO] [stdout]     array::owned::tests::type_size
[INFO] [stdout] 
[INFO] [stdout] test result: FAILED. 52 passed; 1 failed; 1 ignored; 0 measured; 0 filtered out; finished in 6.12s
[INFO] [stdout] 
[INFO] running `Command { std: "docker" "inspect" "7d0ccbe0adb3c12bbce53d6593e83d4526cdf1fdedb271762a6687c441e4ec4f", kill_on_drop: false }`
[INFO] running `Command { std: "docker" "rm" "-f" "7d0ccbe0adb3c12bbce53d6593e83d4526cdf1fdedb271762a6687c441e4ec4f", kill_on_drop: false }`
[INFO] [stdout] 7d0ccbe0adb3c12bbce53d6593e83d4526cdf1fdedb271762a6687c441e4ec4f
