[INFO] fetching crate arrow-schema 53.2.0...
[INFO] testing arrow-schema-53.2.0 against nightly-2024-10-28+rustflags=-Zrandomize-layout for randomize-layout
[INFO] extracting crate arrow-schema 53.2.0 into /workspace/builds/worker-0-tc2/source
[INFO] validating manifest of crates.io crate arrow-schema 53.2.0 on toolchain nightly-2024-10-28
[INFO] running `Command { std: CARGO_HOME="/workspace/cargo-home" RUSTUP_HOME="/workspace/rustup-home" "/workspace/cargo-home/bin/cargo" "+nightly-2024-10-28" "metadata" "--manifest-path" "Cargo.toml" "--no-deps", kill_on_drop: false }`
[INFO] started tweaking crates.io crate arrow-schema 53.2.0
[INFO] finished tweaking crates.io crate arrow-schema 53.2.0
[INFO] tweaked toml for crates.io crate arrow-schema 53.2.0 written to /workspace/builds/worker-0-tc2/source/Cargo.toml
[INFO] running `Command { std: CARGO_HOME="/workspace/cargo-home" RUSTUP_HOME="/workspace/rustup-home" "/workspace/cargo-home/bin/cargo" "+nightly-2024-10-28" "generate-lockfile" "--manifest-path" "Cargo.toml", kill_on_drop: false }`
[INFO] [stderr]     Updating crates.io index
[INFO] [stderr]      Locking 12 packages to latest compatible versions
[INFO] running `Command { std: CARGO_HOME="/workspace/cargo-home" RUSTUP_HOME="/workspace/rustup-home" "/workspace/cargo-home/bin/cargo" "+nightly-2024-10-28" "fetch" "--manifest-path" "Cargo.toml", kill_on_drop: false }`
[INFO] running `Command { std: "docker" "create" "-v" "/var/lib/crater-agent-workspace/builds/worker-0-tc2/target:/opt/rustwide/target:rw,Z" "-v" "/var/lib/crater-agent-workspace/builds/worker-0-tc2/source:/opt/rustwide/workdir:ro,Z" "-v" "/var/lib/crater-agent-workspace/cargo-home:/opt/rustwide/cargo-home:ro,Z" "-v" "/var/lib/crater-agent-workspace/rustup-home:/opt/rustwide/rustup-home:ro,Z" "-e" "SOURCE_DIR=/opt/rustwide/workdir" "-e" "CARGO_TARGET_DIR=/opt/rustwide/target" "-e" "CARGO_HOME=/opt/rustwide/cargo-home" "-e" "RUSTUP_HOME=/opt/rustwide/rustup-home" "-w" "/opt/rustwide/workdir" "-m" "1610612736" "--user" "0:0" "--network" "none" "ghcr.io/rust-lang/crates-build-env/linux@sha256:4a844ea9eb2546a2d2c7022eacef16ef2e8229c7fbb2c7d4d55a9ceca922f72d" "/opt/rustwide/cargo-home/bin/cargo" "+nightly-2024-10-28" "metadata" "--no-deps" "--format-version=1", kill_on_drop: false }`
[INFO] [stdout] 07e1d3326446977b8e4057c77f5a543004433641031f2480ef4fce1662bba005
[INFO] running `Command { std: "docker" "start" "-a" "07e1d3326446977b8e4057c77f5a543004433641031f2480ef4fce1662bba005", kill_on_drop: false }`
[INFO] running `Command { std: "docker" "inspect" "07e1d3326446977b8e4057c77f5a543004433641031f2480ef4fce1662bba005", kill_on_drop: false }`
[INFO] running `Command { std: "docker" "rm" "-f" "07e1d3326446977b8e4057c77f5a543004433641031f2480ef4fce1662bba005", kill_on_drop: false }`
[INFO] [stdout] 07e1d3326446977b8e4057c77f5a543004433641031f2480ef4fce1662bba005
[INFO] running `Command { std: "docker" "create" "-v" "/var/lib/crater-agent-workspace/builds/worker-0-tc2/target:/opt/rustwide/target:rw,Z" "-v" "/var/lib/crater-agent-workspace/builds/worker-0-tc2/source:/opt/rustwide/workdir:ro,Z" "-v" "/var/lib/crater-agent-workspace/cargo-home:/opt/rustwide/cargo-home:ro,Z" "-v" "/var/lib/crater-agent-workspace/rustup-home:/opt/rustwide/rustup-home:ro,Z" "-e" "SOURCE_DIR=/opt/rustwide/workdir" "-e" "CARGO_TARGET_DIR=/opt/rustwide/target" "-e" "CARGO_INCREMENTAL=0" "-e" "RUST_BACKTRACE=full" "-e" "RUSTFLAGS=--cap-lints=forbid -Zrandomize-layout" "-e" "RUSTDOCFLAGS=--cap-lints=forbid" "-e" "CARGO_HOME=/opt/rustwide/cargo-home" "-e" "RUSTUP_HOME=/opt/rustwide/rustup-home" "-w" "/opt/rustwide/workdir" "-m" "1610612736" "--user" "0:0" "--network" "none" "ghcr.io/rust-lang/crates-build-env/linux@sha256:4a844ea9eb2546a2d2c7022eacef16ef2e8229c7fbb2c7d4d55a9ceca922f72d" "/opt/rustwide/cargo-home/bin/cargo" "+nightly-2024-10-28" "build" "--frozen" "--message-format=json", kill_on_drop: false }`
[INFO] [stdout] a47a1fab738372aae3c6bc4598e6f4d56ec3b2b7fbc30ba9e6e4988fabe0e681
[INFO] running `Command { std: "docker" "start" "-a" "a47a1fab738372aae3c6bc4598e6f4d56ec3b2b7fbc30ba9e6e4988fabe0e681", kill_on_drop: false }`
[INFO] [stderr]    Compiling arrow-schema v53.2.0 (/opt/rustwide/workdir)
[INFO] [stderr]     Finished `dev` profile [unoptimized + debuginfo] target(s) in 0.48s
[INFO] running `Command { std: "docker" "inspect" "a47a1fab738372aae3c6bc4598e6f4d56ec3b2b7fbc30ba9e6e4988fabe0e681", kill_on_drop: false }`
[INFO] running `Command { std: "docker" "rm" "-f" "a47a1fab738372aae3c6bc4598e6f4d56ec3b2b7fbc30ba9e6e4988fabe0e681", kill_on_drop: false }`
[INFO] [stdout] a47a1fab738372aae3c6bc4598e6f4d56ec3b2b7fbc30ba9e6e4988fabe0e681
[INFO] running `Command { std: "docker" "create" "-v" "/var/lib/crater-agent-workspace/builds/worker-0-tc2/target:/opt/rustwide/target:rw,Z" "-v" "/var/lib/crater-agent-workspace/builds/worker-0-tc2/source:/opt/rustwide/workdir:ro,Z" "-v" "/var/lib/crater-agent-workspace/cargo-home:/opt/rustwide/cargo-home:ro,Z" "-v" "/var/lib/crater-agent-workspace/rustup-home:/opt/rustwide/rustup-home:ro,Z" "-e" "SOURCE_DIR=/opt/rustwide/workdir" "-e" "CARGO_TARGET_DIR=/opt/rustwide/target" "-e" "CARGO_INCREMENTAL=0" "-e" "RUST_BACKTRACE=full" "-e" "RUSTFLAGS=--cap-lints=forbid -Zrandomize-layout" "-e" "RUSTDOCFLAGS=--cap-lints=forbid" "-e" "CARGO_HOME=/opt/rustwide/cargo-home" "-e" "RUSTUP_HOME=/opt/rustwide/rustup-home" "-w" "/opt/rustwide/workdir" "-m" "1610612736" "--user" "0:0" "--network" "none" "ghcr.io/rust-lang/crates-build-env/linux@sha256:4a844ea9eb2546a2d2c7022eacef16ef2e8229c7fbb2c7d4d55a9ceca922f72d" "/opt/rustwide/cargo-home/bin/cargo" "+nightly-2024-10-28" "test" "--frozen" "--no-run" "--message-format=json", kill_on_drop: false }`
[INFO] [stdout] 4cd8dfb6de33dc4f4bb64fe7d1c32152046eb0b5952a651691b3d7de859647f4
[INFO] running `Command { std: "docker" "start" "-a" "4cd8dfb6de33dc4f4bb64fe7d1c32152046eb0b5952a651691b3d7de859647f4", kill_on_drop: false }`
[INFO] [stderr]    Compiling bincode v1.3.3
[INFO] [stderr]    Compiling serde_json v1.0.132
[INFO] [stderr]    Compiling arrow-schema v53.2.0 (/opt/rustwide/workdir)
[INFO] [stderr]     Finished `test` profile [unoptimized + debuginfo] target(s) in 1.58s
[INFO] running `Command { std: "docker" "inspect" "4cd8dfb6de33dc4f4bb64fe7d1c32152046eb0b5952a651691b3d7de859647f4", kill_on_drop: false }`
[INFO] running `Command { std: "docker" "rm" "-f" "4cd8dfb6de33dc4f4bb64fe7d1c32152046eb0b5952a651691b3d7de859647f4", kill_on_drop: false }`
[INFO] [stdout] 4cd8dfb6de33dc4f4bb64fe7d1c32152046eb0b5952a651691b3d7de859647f4
[INFO] running `Command { std: "docker" "create" "-v" "/var/lib/crater-agent-workspace/builds/worker-0-tc2/target:/opt/rustwide/target:rw,Z" "-v" "/var/lib/crater-agent-workspace/builds/worker-0-tc2/source:/opt/rustwide/workdir:ro,Z" "-v" "/var/lib/crater-agent-workspace/cargo-home:/opt/rustwide/cargo-home:ro,Z" "-v" "/var/lib/crater-agent-workspace/rustup-home:/opt/rustwide/rustup-home:ro,Z" "-e" "SOURCE_DIR=/opt/rustwide/workdir" "-e" "CARGO_TARGET_DIR=/opt/rustwide/target" "-e" "CARGO_INCREMENTAL=0" "-e" "RUST_BACKTRACE=full" "-e" "RUSTFLAGS=--cap-lints=forbid -Zrandomize-layout" "-e" "RUSTDOCFLAGS=--cap-lints=forbid" "-e" "CARGO_HOME=/opt/rustwide/cargo-home" "-e" "RUSTUP_HOME=/opt/rustwide/rustup-home" "-w" "/opt/rustwide/workdir" "-m" "1610612736" "--user" "0:0" "--network" "none" "ghcr.io/rust-lang/crates-build-env/linux@sha256:4a844ea9eb2546a2d2c7022eacef16ef2e8229c7fbb2c7d4d55a9ceca922f72d" "/opt/rustwide/cargo-home/bin/cargo" "+nightly-2024-10-28" "test" "--frozen", kill_on_drop: false }`
[INFO] [stdout] 9135f68fbf224d356a6fc865a05e5eaba5b66b24968f4279ba2186e1e2730163
[INFO] running `Command { std: "docker" "start" "-a" "9135f68fbf224d356a6fc865a05e5eaba5b66b24968f4279ba2186e1e2730163", kill_on_drop: false }`
[INFO] [stderr]     Finished `test` profile [unoptimized + debuginfo] target(s) in 0.01s
[INFO] [stderr]      Running unittests src/lib.rs (/opt/rustwide/target/debug/deps/arrow_schema-c680e746636dce16)
[INFO] [stdout] 
[INFO] [stdout] running 43 tests
[INFO] [stdout] test datatype::tests::create_struct_type ... ok
[INFO] [stdout] test datatype::tests::test_datatype_is_null ... ok
[INFO] [stdout] test datatype::tests::test_floating ... ok
[INFO] [stdout] test datatype::tests::test_integer ... ok
[INFO] [stdout] test datatype::tests::test_from_str ... ok
[INFO] [stdout] test datatype::tests::test_list_datatype_equality ... ok
[INFO] [stdout] test datatype::tests::test_nested ... ok
[INFO] [stdout] test datatype::tests::test_try_from_str ... ok
[INFO] [stdout] test datatype_parse::test::parse_error_type ... ok
[INFO] [stdout] test datatype_parse::test::test_parse_data_type_whitespace_tolerance ... ok
[INFO] [stdout] test datatype_parse::test::parse_data_type_errors ... ok
[INFO] [stdout] test error::test::error_source ... ok
[INFO] [stdout] test field::test::test_contains_nullable ... ok
[INFO] [stdout] test field::test::test_contains_must_have_same_fields ... ok
[INFO] [stdout] test datatype_parse::test::test_parse_data_type ... ok
[INFO] [stdout] test field::test::test_contains_transitivity ... ok
[INFO] [stdout] test field::test::test_field_comparison_case ... ok
[INFO] [stdout] test field::test::test_fields_with_dict_id ... ok
[INFO] [stdout] test field::test::test_contains_reflexivity ... ok
[INFO] [stdout] test field::test::test_merge_with_nested_null ... ok
[INFO] [stdout] test field::test::test_merge_incompatible_types ... ok
[INFO] [stdout] test schema::tests::schema_field_accessors ... ok
[INFO] [stdout] test schema::tests::schema_equality ... ok
[INFO] [stdout] test field::test::test_field_comparison_metadata ... ok
[INFO] [stdout] test field::test::test_merge_with_null ... ok
[INFO] [stdout] test schema::tests::test_oob_projection ... ok
[INFO] [stdout] test schema::tests::test_projection ... ok
[INFO] [stdout] test field::test::test_new_with_string ... ok
[INFO] [stdout] test schema::tests::create_schema_string ... ok
[INFO] [stdout] test schema::tests::test_schema_builder_change_field ... ok
[INFO] [stdout] test schema::tests::test_schema_builder_metadata ... ok
[INFO] [stdout] test schema::tests::test_schema_builder_reverse ... ok
[INFO] [stdout] test schema::tests::test_schema_contains ... ok
[INFO] [stdout] test field::test::test_new_dict_with_string ... ok
[INFO] [stdout] test test_overloaded_not_sort_options ... ok
[INFO] [stdout] test fields::tests::test_filter ... ok
[INFO] [stdout] test schema::tests::test_try_merge_field_with_metadata ... ok
[INFO] [stdout] test schema::tests::schema_field_with_dict_id ... ok
[INFO] [stdout] test schema::tests::test_schema_merge ... ok
[INFO] [stdout] test datatype::tests::size_should_not_regress ... FAILED
[INFO] [stdout] test datatype::tests::test_union_with_duplicated_type_id - should panic ... ok
[INFO] [stdout] test schema::tests::schema_field_with_name - should panic ... ok
[INFO] [stdout] test schema::tests::schema_index_of - should panic ... ok
[INFO] [stdout] 
[INFO] [stdout] failures:
[INFO] [stdout] 
[INFO] [stdout] ---- datatype::tests::size_should_not_regress stdout ----
[INFO] [stdout] thread 'datatype::tests::size_should_not_regress' panicked at src/datatype.rs:1062:9:
[INFO] [stdout] assertion `left == right` failed
[INFO] [stdout]   left: 32
[INFO] [stdout]  right: 24
[INFO] [stdout] stack backtrace:
[INFO] [stdout]    0:     0x57285e75e02a - std::backtrace_rs::backtrace::libunwind::trace::h207520d6e9873551
[INFO] [stdout]                                at /rustc/df4ca44d3fbc9301ee17f30f4d474e6ae4b05252/library/std/src/../../backtrace/src/backtrace/libunwind.rs:116:5
[INFO] [stdout]    1:     0x57285e75e02a - std::backtrace_rs::backtrace::trace_unsynchronized::h2ed7433f370e3eca
[INFO] [stdout]                                at /rustc/df4ca44d3fbc9301ee17f30f4d474e6ae4b05252/library/std/src/../../backtrace/src/backtrace/mod.rs:66:5
[INFO] [stdout]    2:     0x57285e75e02a - std::sys::backtrace::_print_fmt::h916fac51166b18d7
[INFO] [stdout]                                at /rustc/df4ca44d3fbc9301ee17f30f4d474e6ae4b05252/library/std/src/sys/backtrace.rs:66:9
[INFO] [stdout]    3:     0x57285e75e02a - <std::sys::backtrace::BacktraceLock::print::DisplayBacktrace as core::fmt::Display>::fmt::ha0a4c9b8ce3802e6
[INFO] [stdout]                                at /rustc/df4ca44d3fbc9301ee17f30f4d474e6ae4b05252/library/std/src/sys/backtrace.rs:39:26
[INFO] [stdout]    4:     0x57285e7849e3 - core::fmt::rt::Argument::fmt::h4cfc8587d52b3eb5
[INFO] [stdout]                                at /rustc/df4ca44d3fbc9301ee17f30f4d474e6ae4b05252/library/core/src/fmt/rt.rs:177:76
[INFO] [stdout]    5:     0x57285e7849e3 - core::fmt::write::h522cc39e5b36ae9f
[INFO] [stdout]                                at /rustc/df4ca44d3fbc9301ee17f30f4d474e6ae4b05252/library/core/src/fmt/mod.rs:1190:21
[INFO] [stdout]    6:     0x57285e75ac93 - std::io::Write::write_fmt::h7d3c26752da97734
[INFO] [stdout]                                at /rustc/df4ca44d3fbc9301ee17f30f4d474e6ae4b05252/library/std/src/io/mod.rs:1839:15
[INFO] [stdout]    7:     0x57285e75de72 - std::sys::backtrace::BacktraceLock::print::h4b9e00b29e9c0942
[INFO] [stdout]                                at /rustc/df4ca44d3fbc9301ee17f30f4d474e6ae4b05252/library/std/src/sys/backtrace.rs:42:9
[INFO] [stdout]    8:     0x57285e75f4ba - std::panicking::default_hook::{{closure}}::hb59b88280d0324d9
[INFO] [stdout]                                at /rustc/df4ca44d3fbc9301ee17f30f4d474e6ae4b05252/library/std/src/panicking.rs:268:22
[INFO] [stdout]    9:     0x57285e75f2c4 - std::panicking::default_hook::he1dd496665be4a29
[INFO] [stdout]                                at /rustc/df4ca44d3fbc9301ee17f30f4d474e6ae4b05252/library/std/src/panicking.rs:292:9
[INFO] [stdout]   10:     0x57285e728fd9 - <alloc::boxed::Box<F,A> as core::ops::function::Fn<Args>>::call::h4ff71de18744e1dc
[INFO] [stdout]                                at /rustc/df4ca44d3fbc9301ee17f30f4d474e6ae4b05252/library/alloc/src/boxed.rs:2468:9
[INFO] [stdout]   11:     0x57285e728fd9 - test::test_main::{{closure}}::hcf7c055ce117aa81
[INFO] [stdout]                                at /rustc/df4ca44d3fbc9301ee17f30f4d474e6ae4b05252/library/test/src/lib.rs:133:21
[INFO] [stdout]   12:     0x57285e75fbb8 - <alloc::boxed::Box<F,A> as core::ops::function::Fn<Args>>::call::h1d66c6bbd60c9692
[INFO] [stdout]                                at /rustc/df4ca44d3fbc9301ee17f30f4d474e6ae4b05252/library/alloc/src/boxed.rs:2468:9
[INFO] [stdout]   13:     0x57285e75fbb8 - std::panicking::rust_panic_with_hook::h2ff17fe8f26dfcf8
[INFO] [stdout]                                at /rustc/df4ca44d3fbc9301ee17f30f4d474e6ae4b05252/library/std/src/panicking.rs:809:13
[INFO] [stdout]   14:     0x57285e75f97a - std::panicking::begin_panic_handler::{{closure}}::h4fad77951c07e101
[INFO] [stdout]                                at /rustc/df4ca44d3fbc9301ee17f30f4d474e6ae4b05252/library/std/src/panicking.rs:674:13
[INFO] [stdout]   15:     0x57285e75e509 - std::sys::backtrace::__rust_end_short_backtrace::hb1a25b3da5d0ea08
[INFO] [stdout]                                at /rustc/df4ca44d3fbc9301ee17f30f4d474e6ae4b05252/library/std/src/sys/backtrace.rs:170:18
[INFO] [stdout]   16:     0x57285e75f60c - rust_begin_unwind
[INFO] [stdout]                                at /rustc/df4ca44d3fbc9301ee17f30f4d474e6ae4b05252/library/std/src/panicking.rs:665:5
[INFO] [stdout]   17:     0x57285e783050 - core::panicking::panic_fmt::ha9db07b529f9b256
[INFO] [stdout]                                at /rustc/df4ca44d3fbc9301ee17f30f4d474e6ae4b05252/library/core/src/panicking.rs:75:14
[INFO] [stdout]   18:     0x57285e783454 - core::panicking::assert_failed_inner::h04f38944d74a80a8
[INFO] [stdout]   19:     0x57285e6d6744 - core::panicking::assert_failed::h953471a1cd7faa71
[INFO] [stdout]                                at /rustc/df4ca44d3fbc9301ee17f30f4d474e6ae4b05252/library/core/src/panicking.rs:377:5
[INFO] [stdout]   20:     0x57285e6b25ee - arrow_schema::datatype::tests::size_should_not_regress::h12f993a4866915c5
[INFO] [stdout]                                at /opt/rustwide/workdir/src/datatype.rs:1062:9
[INFO] [stdout]   21:     0x57285e6b2577 - arrow_schema::datatype::tests::size_should_not_regress::{{closure}}::hca3a699f65e19081
[INFO] [stdout]                                at /opt/rustwide/workdir/src/datatype.rs:1061:33
[INFO] [stdout]   22:     0x57285e6a55d6 - core::ops::function::FnOnce::call_once::h96c383d1063c6bbb
[INFO] [stdout]                                at /rustc/df4ca44d3fbc9301ee17f30f4d474e6ae4b05252/library/core/src/ops/function.rs:250:5
[INFO] [stdout]   23:     0x57285e72d8ab - core::ops::function::FnOnce::call_once::h22c3ba5715e93f05
[INFO] [stdout]                                at /rustc/df4ca44d3fbc9301ee17f30f4d474e6ae4b05252/library/core/src/ops/function.rs:250:5
[INFO] [stdout]   24:     0x57285e72d8ab - test::__rust_begin_short_backtrace::h8e82d8113d0da17f
[INFO] [stdout]                                at /rustc/df4ca44d3fbc9301ee17f30f4d474e6ae4b05252/library/test/src/lib.rs:621:18
[INFO] [stdout]   25:     0x57285e72d227 - test::run_test_in_process::{{closure}}::h33235f4f20b7b7c7
[INFO] [stdout]                                at /rustc/df4ca44d3fbc9301ee17f30f4d474e6ae4b05252/library/test/src/lib.rs:644:60
[INFO] [stdout]   26:     0x57285e72d227 - <core::panic::unwind_safe::AssertUnwindSafe<F> as core::ops::function::FnOnce<()>>::call_once::hb5043206310c586f
[INFO] [stdout]                                at /rustc/df4ca44d3fbc9301ee17f30f4d474e6ae4b05252/library/core/src/panic/unwind_safe.rs:272:9
[INFO] [stdout]   27:     0x57285e72d227 - std::panicking::try::do_call::h9ad4731a60ab23e2
[INFO] [stdout]                                at /rustc/df4ca44d3fbc9301ee17f30f4d474e6ae4b05252/library/std/src/panicking.rs:557:40
[INFO] [stdout]   28:     0x57285e72d227 - std::panicking::try::h3824d23db772a716
[INFO] [stdout]                                at /rustc/df4ca44d3fbc9301ee17f30f4d474e6ae4b05252/library/std/src/panicking.rs:520:19
[INFO] [stdout]   29:     0x57285e72d227 - std::panic::catch_unwind::h5afd514605fde46b
[INFO] [stdout]                                at /rustc/df4ca44d3fbc9301ee17f30f4d474e6ae4b05252/library/std/src/panic.rs:358:14
[INFO] [stdout]   30:     0x57285e72d227 - test::run_test_in_process::h0d5cbfa7067d1720
[INFO] [stdout]                                at /rustc/df4ca44d3fbc9301ee17f30f4d474e6ae4b05252/library/test/src/lib.rs:644:27
[INFO] [stdout]   31:     0x57285e72d227 - test::run_test::{{closure}}::h708eb8872708115d
[INFO] [stdout]                                at /rustc/df4ca44d3fbc9301ee17f30f4d474e6ae4b05252/library/test/src/lib.rs:565:43
[INFO] [stdout]   32:     0x57285e6f0944 - test::run_test::{{closure}}::h392c51cee94713ab
[INFO] [stdout]                                at /rustc/df4ca44d3fbc9301ee17f30f4d474e6ae4b05252/library/test/src/lib.rs:595:41
[INFO] [stdout]   33:     0x57285e6f0944 - std::sys::backtrace::__rust_begin_short_backtrace::h2f40290710935a8b
[INFO] [stdout]                                at /rustc/df4ca44d3fbc9301ee17f30f4d474e6ae4b05252/library/std/src/sys/backtrace.rs:154:18
[INFO] [stdout]   34:     0x57285e6f40ee - std::thread::Builder::spawn_unchecked_::{{closure}}::{{closure}}::h3fd968d89053a903
[INFO] [stdout]                                at /rustc/df4ca44d3fbc9301ee17f30f4d474e6ae4b05252/library/std/src/thread/mod.rs:541:17
[INFO] [stdout]   35:     0x57285e6f40ee - <core::panic::unwind_safe::AssertUnwindSafe<F> as core::ops::function::FnOnce<()>>::call_once::h743f637ba4229880
[INFO] [stdout]                                at /rustc/df4ca44d3fbc9301ee17f30f4d474e6ae4b05252/library/core/src/panic/unwind_safe.rs:272:9
[INFO] [stdout]   36:     0x57285e6f40ee - std::panicking::try::do_call::h07440897322525a6
[INFO] [stdout]                                at /rustc/df4ca44d3fbc9301ee17f30f4d474e6ae4b05252/library/std/src/panicking.rs:557:40
[INFO] [stdout]   37:     0x57285e6f40ee - std::panicking::try::he5a2e00188156637
[INFO] [stdout]                                at /rustc/df4ca44d3fbc9301ee17f30f4d474e6ae4b05252/library/std/src/panicking.rs:520:19
[INFO] [stdout]   38:     0x57285e6f40ee - std::panic::catch_unwind::hbaf3cae49b3c6433
[INFO] [stdout]                                at /rustc/df4ca44d3fbc9301ee17f30f4d474e6ae4b05252/library/std/src/panic.rs:358:14
[INFO] [stdout]   39:     0x57285e6f40ee - std::thread::Builder::spawn_unchecked_::{{closure}}::h8e141ea224820bce
[INFO] [stdout]                                at /rustc/df4ca44d3fbc9301ee17f30f4d474e6ae4b05252/library/std/src/thread/mod.rs:540:30
[INFO] [stdout]   40:     0x57285e6f40ee - core::ops::function::FnOnce::call_once{{vtable.shim}}::h90d312fedd7b8ea8
[INFO] [stdout]                                at /rustc/df4ca44d3fbc9301ee17f30f4d474e6ae4b05252/library/core/src/ops/function.rs:250:5
[INFO] [stdout]   41:     0x57285e7639ab - <alloc::boxed::Box<F,A> as core::ops::function::FnOnce<Args>>::call_once::h69aa08ddb6adb8b6
[INFO] [stdout]                                at /rustc/df4ca44d3fbc9301ee17f30f4d474e6ae4b05252/library/alloc/src/boxed.rs:2454:9
[INFO] [stdout]   42:     0x57285e7639ab - <alloc::boxed::Box<F,A> as core::ops::function::FnOnce<Args>>::call_once::h5aa36efdb79c806f
[INFO] [stdout]                                at /rustc/df4ca44d3fbc9301ee17f30f4d474e6ae4b05252/library/alloc/src/boxed.rs:2454:9
[INFO] [stdout]   43:     0x57285e7639ab - std::sys::pal::unix::thread::Thread::new::thread_start::h6cd80a1b4be5158d
[INFO] [stdout]                                at /rustc/df4ca44d3fbc9301ee17f30f4d474e6ae4b05252/library/std/src/sys/pal/unix/thread.rs:105:17
[INFO] [stdout]   44:     0x790ef410fac3 - <unknown>
[INFO] [stdout]   45:     0x790ef41a0a04 - clone
[INFO] [stdout]   46:                0x0 - <unknown>
[INFO] [stdout] 
[INFO] [stdout] 
[INFO] [stdout] failures:
[INFO] [stdout]     datatype::tests::size_should_not_regress
[INFO] [stdout] 
[INFO] [stdout] test result: FAILED. 42 passed; 1 failed; 0 ignored; 0 measured; 0 filtered out; finished in 0.02s
[INFO] [stdout] 
[INFO] [stderr] error: test failed, to rerun pass `--lib`
[INFO] running `Command { std: "docker" "inspect" "9135f68fbf224d356a6fc865a05e5eaba5b66b24968f4279ba2186e1e2730163", kill_on_drop: false }`
[INFO] running `Command { std: "docker" "rm" "-f" "9135f68fbf224d356a6fc865a05e5eaba5b66b24968f4279ba2186e1e2730163", kill_on_drop: false }`
[INFO] [stdout] 9135f68fbf224d356a6fc865a05e5eaba5b66b24968f4279ba2186e1e2730163
