[INFO] fetching crate arrow-array 53.2.0...
[INFO] testing arrow-array-53.2.0 against nightly-2024-10-28+rustflags=-Zrandomize-layout for randomize-layout
[INFO] extracting crate arrow-array 53.2.0 into /workspace/builds/worker-2-tc2/source
[INFO] validating manifest of crates.io crate arrow-array 53.2.0 on toolchain nightly-2024-10-28
[INFO] running `Command { std: CARGO_HOME="/workspace/cargo-home" RUSTUP_HOME="/workspace/rustup-home" "/workspace/cargo-home/bin/cargo" "+nightly-2024-10-28" "metadata" "--manifest-path" "Cargo.toml" "--no-deps", kill_on_drop: false }`
[INFO] started tweaking crates.io crate arrow-array 53.2.0
[INFO] finished tweaking crates.io crate arrow-array 53.2.0
[INFO] tweaked toml for crates.io crate arrow-array 53.2.0 written to /workspace/builds/worker-2-tc2/source/Cargo.toml
[INFO] running `Command { std: CARGO_HOME="/workspace/cargo-home" RUSTUP_HOME="/workspace/rustup-home" "/workspace/cargo-home/bin/cargo" "+nightly-2024-10-28" "generate-lockfile" "--manifest-path" "Cargo.toml", kill_on_drop: false }`
[INFO] [stderr]     Updating crates.io index
[INFO] [stderr]      Locking 104 packages to latest compatible versions
[INFO] [stderr]       Adding hashbrown v0.14.5 (available: v0.15.0)
[INFO] running `Command { std: CARGO_HOME="/workspace/cargo-home" RUSTUP_HOME="/workspace/rustup-home" "/workspace/cargo-home/bin/cargo" "+nightly-2024-10-28" "fetch" "--manifest-path" "Cargo.toml", kill_on_drop: false }`
[INFO] running `Command { std: "docker" "create" "-v" "/var/lib/crater-agent-workspace/builds/worker-2-tc2/target:/opt/rustwide/target:rw,Z" "-v" "/var/lib/crater-agent-workspace/builds/worker-2-tc2/source:/opt/rustwide/workdir:ro,Z" "-v" "/var/lib/crater-agent-workspace/cargo-home:/opt/rustwide/cargo-home:ro,Z" "-v" "/var/lib/crater-agent-workspace/rustup-home:/opt/rustwide/rustup-home:ro,Z" "-e" "SOURCE_DIR=/opt/rustwide/workdir" "-e" "CARGO_TARGET_DIR=/opt/rustwide/target" "-e" "CARGO_HOME=/opt/rustwide/cargo-home" "-e" "RUSTUP_HOME=/opt/rustwide/rustup-home" "-w" "/opt/rustwide/workdir" "-m" "1610612736" "--user" "0:0" "--network" "none" "ghcr.io/rust-lang/crates-build-env/linux@sha256:4a844ea9eb2546a2d2c7022eacef16ef2e8229c7fbb2c7d4d55a9ceca922f72d" "/opt/rustwide/cargo-home/bin/cargo" "+nightly-2024-10-28" "metadata" "--no-deps" "--format-version=1", kill_on_drop: false }`
[INFO] [stdout] 6438014e670a5372498747fdb0af3d4cfbc78c0166a1d960a5ea66a9f251f7ba
[INFO] running `Command { std: "docker" "start" "-a" "6438014e670a5372498747fdb0af3d4cfbc78c0166a1d960a5ea66a9f251f7ba", kill_on_drop: false }`
[INFO] running `Command { std: "docker" "inspect" "6438014e670a5372498747fdb0af3d4cfbc78c0166a1d960a5ea66a9f251f7ba", kill_on_drop: false }`
[INFO] running `Command { std: "docker" "rm" "-f" "6438014e670a5372498747fdb0af3d4cfbc78c0166a1d960a5ea66a9f251f7ba", kill_on_drop: false }`
[INFO] [stdout] 6438014e670a5372498747fdb0af3d4cfbc78c0166a1d960a5ea66a9f251f7ba
[INFO] running `Command { std: "docker" "create" "-v" "/var/lib/crater-agent-workspace/builds/worker-2-tc2/target:/opt/rustwide/target:rw,Z" "-v" "/var/lib/crater-agent-workspace/builds/worker-2-tc2/source:/opt/rustwide/workdir:ro,Z" "-v" "/var/lib/crater-agent-workspace/cargo-home:/opt/rustwide/cargo-home:ro,Z" "-v" "/var/lib/crater-agent-workspace/rustup-home:/opt/rustwide/rustup-home:ro,Z" "-e" "SOURCE_DIR=/opt/rustwide/workdir" "-e" "CARGO_TARGET_DIR=/opt/rustwide/target" "-e" "CARGO_INCREMENTAL=0" "-e" "RUST_BACKTRACE=full" "-e" "RUSTFLAGS=--cap-lints=forbid -Zrandomize-layout" "-e" "RUSTDOCFLAGS=--cap-lints=forbid" "-e" "CARGO_HOME=/opt/rustwide/cargo-home" "-e" "RUSTUP_HOME=/opt/rustwide/rustup-home" "-w" "/opt/rustwide/workdir" "-m" "1610612736" "--user" "0:0" "--network" "none" "ghcr.io/rust-lang/crates-build-env/linux@sha256:4a844ea9eb2546a2d2c7022eacef16ef2e8229c7fbb2c7d4d55a9ceca922f72d" "/opt/rustwide/cargo-home/bin/cargo" "+nightly-2024-10-28" "build" "--frozen" "--message-format=json", kill_on_drop: false }`
[INFO] [stdout] 577aaf469a98b6fe7ca8ba65fdee803246114e9d1a6e704fd1a1ebe03ac43413
[INFO] running `Command { std: "docker" "start" "-a" "577aaf469a98b6fe7ca8ba65fdee803246114e9d1a6e704fd1a1ebe03ac43413", kill_on_drop: false }`
[INFO] [stderr]    Compiling libm v0.2.11
[INFO] [stderr]    Compiling autocfg v1.4.0
[INFO] [stderr]    Compiling version_check v0.9.5
[INFO] [stderr]    Compiling bytes v1.8.0
[INFO] [stderr]    Compiling iana-time-zone v0.1.61
[INFO] [stderr]    Compiling arrow-schema v53.2.0
[INFO] [stderr]    Compiling zerocopy v0.7.35
[INFO] [stderr]    Compiling once_cell v1.20.2
[INFO] [stderr]    Compiling hashbrown v0.14.5
[INFO] [stderr]    Compiling getrandom v0.2.15
[INFO] [stderr]    Compiling ahash v0.8.11
[INFO] [stderr]    Compiling num-traits v0.2.19
[INFO] [stderr]    Compiling num-integer v0.1.46
[INFO] [stderr]    Compiling num-complex v0.4.6
[INFO] [stderr]    Compiling half v2.4.1
[INFO] [stderr]    Compiling chrono v0.4.38
[INFO] [stderr]    Compiling num-bigint v0.4.6
[INFO] [stderr]    Compiling num-iter v0.1.45
[INFO] [stderr]    Compiling num-rational v0.4.2
[INFO] [stderr]    Compiling num v0.4.3
[INFO] [stderr]    Compiling arrow-buffer v53.2.0
[INFO] [stderr]    Compiling arrow-data v53.2.0
[INFO] [stderr]    Compiling arrow-array v53.2.0 (/opt/rustwide/workdir)
[INFO] [stderr]     Finished `dev` profile [unoptimized + debuginfo] target(s) in 5.42s
[INFO] running `Command { std: "docker" "inspect" "577aaf469a98b6fe7ca8ba65fdee803246114e9d1a6e704fd1a1ebe03ac43413", kill_on_drop: false }`
[INFO] running `Command { std: "docker" "rm" "-f" "577aaf469a98b6fe7ca8ba65fdee803246114e9d1a6e704fd1a1ebe03ac43413", kill_on_drop: false }`
[INFO] [stdout] 577aaf469a98b6fe7ca8ba65fdee803246114e9d1a6e704fd1a1ebe03ac43413
[INFO] running `Command { std: "docker" "create" "-v" "/var/lib/crater-agent-workspace/builds/worker-2-tc2/target:/opt/rustwide/target:rw,Z" "-v" "/var/lib/crater-agent-workspace/builds/worker-2-tc2/source:/opt/rustwide/workdir:ro,Z" "-v" "/var/lib/crater-agent-workspace/cargo-home:/opt/rustwide/cargo-home:ro,Z" "-v" "/var/lib/crater-agent-workspace/rustup-home:/opt/rustwide/rustup-home:ro,Z" "-e" "SOURCE_DIR=/opt/rustwide/workdir" "-e" "CARGO_TARGET_DIR=/opt/rustwide/target" "-e" "CARGO_INCREMENTAL=0" "-e" "RUST_BACKTRACE=full" "-e" "RUSTFLAGS=--cap-lints=forbid -Zrandomize-layout" "-e" "RUSTDOCFLAGS=--cap-lints=forbid" "-e" "CARGO_HOME=/opt/rustwide/cargo-home" "-e" "RUSTUP_HOME=/opt/rustwide/rustup-home" "-w" "/opt/rustwide/workdir" "-m" "1610612736" "--user" "0:0" "--network" "none" "ghcr.io/rust-lang/crates-build-env/linux@sha256:4a844ea9eb2546a2d2c7022eacef16ef2e8229c7fbb2c7d4d55a9ceca922f72d" "/opt/rustwide/cargo-home/bin/cargo" "+nightly-2024-10-28" "test" "--frozen" "--no-run" "--message-format=json", kill_on_drop: false }`
[INFO] [stdout] 8ccf3ef22747cd8b82207087dc8240a55ed59a8884b2c0ef3f10897ed39488b2
[INFO] running `Command { std: "docker" "start" "-a" "8ccf3ef22747cd8b82207087dc8240a55ed59a8884b2c0ef3f10897ed39488b2", kill_on_drop: false }`
[INFO] [stderr]    Compiling libc v0.2.161
[INFO] [stderr]    Compiling serde v1.0.214
[INFO] [stderr]    Compiling serde_json v1.0.132
[INFO] [stderr]    Compiling ciborium-io v0.2.2
[INFO] [stderr]    Compiling memchr v2.7.4
[INFO] [stderr]    Compiling ryu v1.0.18
[INFO] [stderr]    Compiling either v1.13.0
[INFO] [stderr]    Compiling once_cell v1.20.2
[INFO] [stderr]    Compiling anstyle v1.0.9
[INFO] [stderr]    Compiling itoa v1.0.11
[INFO] [stderr]    Compiling regex-syntax v0.8.5
[INFO] [stderr]    Compiling clap_lex v0.7.2
[INFO] [stderr]    Compiling same-file v1.0.6
[INFO] [stderr]    Compiling cast v0.3.0
[INFO] [stderr]    Compiling oorandom v11.1.4
[INFO] [stderr]    Compiling anes v0.1.6
[INFO] [stderr]    Compiling ciborium-ll v0.2.2
[INFO] [stderr]    Compiling walkdir v2.5.0
[INFO] [stderr]    Compiling clap_builder v4.5.20
[INFO] [stderr]    Compiling itertools v0.10.5
[INFO] [stderr]    Compiling getrandom v0.2.15
[INFO] [stderr]    Compiling is-terminal v0.4.13
[INFO] [stderr]    Compiling rand_core v0.6.4
[INFO] [stderr]    Compiling ahash v0.8.11
[INFO] [stderr]    Compiling rand_chacha v0.3.1
[INFO] [stderr]    Compiling regex-automata v0.4.8
[INFO] [stderr]    Compiling arrow-array v53.2.0 (/opt/rustwide/workdir)
[INFO] [stderr]    Compiling rand v0.8.5
[INFO] [stderr]    Compiling criterion-plot v0.5.0
[INFO] [stderr]    Compiling clap v4.5.20
[INFO] [stderr]    Compiling regex v1.11.1
[INFO] [stderr]    Compiling ciborium v0.2.2
[INFO] [stderr]    Compiling tinytemplate v1.2.1
[INFO] [stderr]    Compiling criterion v0.5.1
[INFO] [stderr]     Finished `test` profile [unoptimized + debuginfo] target(s) in 9.96s
[INFO] running `Command { std: "docker" "inspect" "8ccf3ef22747cd8b82207087dc8240a55ed59a8884b2c0ef3f10897ed39488b2", kill_on_drop: false }`
[INFO] running `Command { std: "docker" "rm" "-f" "8ccf3ef22747cd8b82207087dc8240a55ed59a8884b2c0ef3f10897ed39488b2", kill_on_drop: false }`
[INFO] [stdout] 8ccf3ef22747cd8b82207087dc8240a55ed59a8884b2c0ef3f10897ed39488b2
[INFO] running `Command { std: "docker" "create" "-v" "/var/lib/crater-agent-workspace/builds/worker-2-tc2/target:/opt/rustwide/target:rw,Z" "-v" "/var/lib/crater-agent-workspace/builds/worker-2-tc2/source:/opt/rustwide/workdir:ro,Z" "-v" "/var/lib/crater-agent-workspace/cargo-home:/opt/rustwide/cargo-home:ro,Z" "-v" "/var/lib/crater-agent-workspace/rustup-home:/opt/rustwide/rustup-home:ro,Z" "-e" "SOURCE_DIR=/opt/rustwide/workdir" "-e" "CARGO_TARGET_DIR=/opt/rustwide/target" "-e" "CARGO_INCREMENTAL=0" "-e" "RUST_BACKTRACE=full" "-e" "RUSTFLAGS=--cap-lints=forbid -Zrandomize-layout" "-e" "RUSTDOCFLAGS=--cap-lints=forbid" "-e" "CARGO_HOME=/opt/rustwide/cargo-home" "-e" "RUSTUP_HOME=/opt/rustwide/rustup-home" "-w" "/opt/rustwide/workdir" "-m" "1610612736" "--user" "0:0" "--network" "none" "ghcr.io/rust-lang/crates-build-env/linux@sha256:4a844ea9eb2546a2d2c7022eacef16ef2e8229c7fbb2c7d4d55a9ceca922f72d" "/opt/rustwide/cargo-home/bin/cargo" "+nightly-2024-10-28" "test" "--frozen", kill_on_drop: false }`
[INFO] [stdout] caa9f6f2af9505f72142711f5823a1c5819f29e977a4401e8b6ae9251394b3a4
[INFO] running `Command { std: "docker" "start" "-a" "caa9f6f2af9505f72142711f5823a1c5819f29e977a4401e8b6ae9251394b3a4", kill_on_drop: false }`
[INFO] [stderr]     Finished `test` profile [unoptimized + debuginfo] target(s) in 0.09s
[INFO] [stderr]      Running unittests src/lib.rs (/opt/rustwide/target/debug/deps/arrow_array-6d606ccf656d91f4)
[INFO] [stdout] 
[INFO] [stdout] running 484 tests
[INFO] [stdout] test arithmetic::tests::test_float_total_order_min_max ... ok
[INFO] [stdout] test arithmetic::tests::test_native_type_add ... ok
[INFO] [stdout] test arithmetic::tests::test_native_type_comparison ... ok
[INFO] [stdout] test arithmetic::tests::test_native_type_div ... ok
[INFO] [stdout] test arithmetic::tests::test_native_type_is_zero ... ok
[INFO] [stdout] test arithmetic::tests::test_native_type_mod ... ok
[INFO] [stdout] test arithmetic::tests::test_native_type_mul ... ok
[INFO] [stdout] test arithmetic::tests::test_native_type_neg ... ok
[INFO] [stdout] test arithmetic::tests::test_native_type_pow ... ok
[INFO] [stdout] test arithmetic::tests::test_native_type_sub ... ok
[INFO] [stdout] test array::binary_array::tests::test_binary_array ... ok
[INFO] [stdout] test array::binary_array::tests::test_binary_array_all_null ... ok
[INFO] [stdout] test array::binary_array::tests::test_binary_array_from_list_array ... ok
[INFO] [stdout] test array::binary_array::tests::test_binary_array_from_list_array_with_offset ... ok
[INFO] [stdout] test array::binary_array::tests::test_binary_array_from_opt_vec ... ok
[INFO] [stdout] test array::binary_array::tests::test_large_binary_array ... ok
[INFO] [stdout] test array::binary_array::tests::test_large_binary_array_from_list_array ... ok
[INFO] [stdout] test array::binary_array::tests::test_large_binary_array_from_opt_vec ... ok
[INFO] [stdout] test array::binary_array::tests::test_large_binary_array_from_list_array_with_offset ... ok
[INFO] [stdout] test array::binary_array::tests::test_large_binary_array_with_offsets ... ok
[INFO] [stdout] test array::boolean_array::tests::test_boolean_array_builder ... ok
[INFO] [stdout] test array::boolean_array::tests::test_boolean_array_from_iter ... ok
[INFO] [stdout] test array::binary_array::tests::test_binary_array_with_offsets ... ok
[INFO] [stdout] test array::binary_array::tests::test_empty_offsets ... ok
[INFO] [stdout] test array::boolean_array::tests::test_boolean_array_from_nullable_iter ... ok
[INFO] [stdout] test array::boolean_array::tests::test_boolean_array_from_packed ... ok
[INFO] [stdout] test array::boolean_array::tests::test_boolean_array_from_slice_u8 ... ok
[INFO] [stdout] test array::boolean_array::tests::test_boolean_array_from_vec ... ok
[INFO] [stdout] test array::binary_array::tests::test_to_from_string ... ok
[INFO] [stdout] test array::boolean_array::tests::test_boolean_array_from_vec_option ... ok
[INFO] [stdout] test array::boolean_array::tests::test_boolean_with_null_fmt_debug ... ok
[INFO] [stdout] test array::boolean_array::tests::test_into_parts ... ok
[INFO] [stdout] test array::binary_array::tests::test_large_binary_array_all_null ... ok
[INFO] [stdout] test array::binary_array::tests::test_binary_array_from_unbound_iter ... ok
[INFO] [stdout] test array::boolean_array::tests::test_boolean_fmt_debug ... ok
[INFO] [stdout] test array::byte_array::tests::try_new ... ok
[INFO] [stdout] test array::byte_view_array::tests::test_append_binary ... ok
[INFO] [stdout] test array::byte_view_array::tests::test_append_string ... ok
[INFO] [stdout] test array::byte_view_array::tests::test_eq ... ok
[INFO] [stdout] test array::byte_view_array::tests::test_in_progress_recreation ... ok
[INFO] [stdout] test array::byte_view_array::tests::test_gc ... ok
[INFO] [stdout] test array::byte_view_array::tests::try_new_binary ... ok
[INFO] [stdout] test array::byte_view_array::tests::try_new_empty_binary ... ok
[INFO] [stdout] test array::byte_view_array::tests::try_new_empty_string ... ok
[INFO] [stdout] test array::byte_view_array::tests::try_new_string ... ok
[INFO] [stdout] test array::dictionary_array::tests::test_dictionary_all_nulls ... ok
[INFO] [stdout] test array::dictionary_array::tests::test_dictionary_array ... ok
[INFO] [stdout] test array::dictionary_array::tests::test_dictionary_array_fmt_debug ... ok
[INFO] [stdout] test array::dictionary_array::tests::test_dictionary_array_from_iter ... ok
[INFO] [stdout] test array::dictionary_array::tests::test_dictionary_array_reverse_lookup_key ... ok
[INFO] [stdout] test array::dictionary_array::tests::test_dictionary_builder_append_many ... ok
[INFO] [stdout] test array::dictionary_array::tests::test_dictionary_iter ... ok
[INFO] [stdout] test array::dictionary_array::tests::test_dictionary_iter_with_null ... ok
[INFO] [stdout] test array::dictionary_array::tests::test_dictionary_key ... ok
[INFO] [stdout] test array::dictionary_array::tests::test_dictionary_keys_as_primitive_array ... ok
[INFO] [stdout] test array::dictionary_array::tests::test_dictionary_keys_as_primitive_array_with_null ... ok
[INFO] [stdout] test array::dictionary_array::tests::test_into_primitive_dict_builder ... ok
[INFO] [stdout] test array::dictionary_array::tests::test_into_primitive_dict_builder_cloned_array ... ok
[INFO] [stdout] test array::dictionary_array::tests::test_iterator_nulls ... ok
[INFO] [stdout] test array::dictionary_array::tests::test_normalized_keys ... ok
[INFO] [stdout] test array::dictionary_array::tests::test_string_dictionary_builder_append_many ... ok
[INFO] [stdout] test array::dictionary_array::tests::test_occupancy ... ok
[INFO] [stdout] test array::dictionary_array::tests::test_try_new ... ok
[INFO] [stdout] test array::binary_array::tests::test_binary_array_from_incorrect_list_array - should panic ... ok
[INFO] [stdout] test array::fixed_size_binary_array::tests::fixed_size_binary_array_all_null ... ok
[INFO] [stdout] test array::fixed_size_binary_array::tests::fixed_size_binary_array_all_null_in_batch_with_schema ... ok
[INFO] [stdout] test array::fixed_size_binary_array::tests::test_all_none_fixed_size_binary_array_from_sparse_iter ... ok
[INFO] [stdout] test array::fixed_size_binary_array::tests::test_constructors ... ok
[INFO] [stdout] test array::fixed_size_binary_array::tests::test_fixed_size_binary_array ... ok
[INFO] [stdout] test array::binary_array::tests::test_binary_array_from_list_array_with_child_nulls_failed - should panic ... ok
[INFO] [stdout] test array::fixed_size_binary_array::tests::test_fixed_size_binary_array_fmt_debug ... ok
[INFO] [stdout] test array::binary_array::tests::test_binary_array_get_value_index_out_of_bound - should panic ... ok
[INFO] [stdout] test array::fixed_size_binary_array::tests::test_fixed_size_binary_array_from_fixed_size_list_array ... ok
[INFO] [stdout] test array::binary_array::tests::test_binary_array_validation - should panic ... ok
[INFO] [stdout] test array::fixed_size_binary_array::tests::test_fixed_size_binary_array_from_iter ... ok
[INFO] [stdout] test array::fixed_size_binary_array::tests::test_fixed_size_binary_array_from_opt_vec ... ok
[INFO] [stdout] test array::binary_array::tests::test_large_binary_array_from_list_array_with_child_nulls_failed - should panic ... ok
[INFO] [stdout] test array::fixed_size_binary_array::tests::test_fixed_size_binary_array_from_sparse_iter ... ok
[INFO] [stdout] test array::fixed_size_binary_array::tests::test_fixed_size_binary_array_from_sparse_iter_with_size_all_none ... ok
[INFO] [stdout] test array::fixed_size_binary_array::tests::test_fixed_size_binary_array_from_vec ... ok
[INFO] [stdout] test array::fixed_size_binary_array::tests::test_fixed_size_binary_array_from_opt_vec_incorrect_length - should panic ... ok
[INFO] [stdout] test array::fixed_size_list_array::tests::empty_fixed_size_list ... ok
[INFO] [stdout] test array::boolean_array::tests::test_boolean_array_invalid_buffer_len - should panic ... ok
[INFO] [stdout] test array::fixed_size_list_array::tests::test_fixed_size_list_array ... ok
[INFO] [stdout] test array::boolean_array::tests::test_from_array_data_validation - should panic ... ok
[INFO] [stdout] test array::byte_view_array::tests::new_with_invalid_utf8_data - should panic ... ok
[INFO] [stdout] test array::fixed_size_list_array::tests::test_fixed_size_list_array_slice ... ok
[INFO] [stdout] test array::fixed_size_list_array::tests::test_fixed_size_list_constructors ... ok
[INFO] [stdout] test array::list_array::tests::test_empty_list_array ... ok
[INFO] [stdout] test array::list_array::tests::list_array_equality ... ok
[INFO] [stdout] test array::list_array::tests::test_empty_offsets ... ok
[INFO] [stdout] test array::list_array::tests::test_from_fixed_size_list ... ok
[INFO] [stdout] test array::list_array::tests::test_from_iter_primitive ... ok
[INFO] [stdout] test array::list_array::tests::test_large_list_array ... ok
[INFO] [stdout] test array::list_array::tests::test_large_list_array_slice ... ok
[INFO] [stdout] test array::list_array::tests::test_list_array ... ok
[INFO] [stdout] test array::fixed_size_list_array::tests::test_fixed_size_list_array_index_out_of_bound - should panic ... ok
[INFO] [stdout] test array::byte_view_array::tests::new_with_invalid_zero_padding - should panic ... ok
[INFO] [stdout] test array::byte_view_array::tests::test_mismatch_between_embedded_prefix_and_data - should panic ... ok
[INFO] [stdout] test array::dictionary_array::tests::test_from_array_data_validation - should panic ... ok
[INFO] [stdout] test array::list_array::tests::test_list_array_offsets_need_not_start_at_zero ... ok
[INFO] [stdout] test array::dictionary_array::tests::test_try_new_index_too_large - should panic ... ok
[INFO] [stdout] test array::dictionary_array::tests::test_try_new_index_too_small - should panic ... ok
[INFO] [stdout] test array::list_array::tests::test_list_array_slice ... ok
[INFO] [stdout] test array::list_array::tests::test_nullable_union ... ok
[INFO] [stdout] test array::fixed_size_binary_array::tests::test_fixed_size_binary_array_from_fixed_size_list_array_with_child_nulls_failed - should panic ... ok
[INFO] [stdout] test array::list_array::tests::test_try_new ... ok
[INFO] [stdout] test array::fixed_size_binary_array::tests::test_fixed_size_binary_array_from_incorrect_fixed_size_list_array - should panic ... ok
[INFO] [stdout] test array::list_view_array::tests::test_empty_list_view_array ... ok
[INFO] [stdout] test array::list_view_array::tests::test_empty_offsets ... ok
[INFO] [stdout] test array::boolean_array::tests::test_fixed_size_binary_array_get_value_index_out_of_bound - should panic ... ok
[INFO] [stdout] test array::list_view_array::tests::test_from_fixed_size_list ... ok
[INFO] [stdout] test array::list_view_array::tests::test_large_list_view_array ... ok
[INFO] [stdout] test array::list_view_array::tests::test_large_list_view_array_slice ... ok
[INFO] [stdout] test array::fixed_size_binary_array::tests::test_fixed_size_binary_array_from_vec_incorrect_length - should panic ... ok
[INFO] [stdout] test array::list_view_array::tests::test_list_view_array ... ok
[INFO] [stdout] test array::list_view_array::tests::test_list_view_array_incomplete_offsets ... ok
[INFO] [stdout] test array::fixed_size_binary_array::tests::test_fixed_size_binary_array_get_value_index_out_of_bound - should panic ... ok
[INFO] [stdout] test array::list_view_array::tests::test_list_view_array_empty_lists ... ok
[INFO] [stdout] test array::byte_view_array::tests::new_with_invalid_view_data - should panic ... ok
[INFO] [stdout] test array::list_view_array::tests::test_list_view_array_offsets_need_not_start_at_zero ... ok
[INFO] [stdout] test array::list_view_array::tests::test_list_view_array_overlap_lists ... ok
[INFO] [stdout] test array::list_view_array::tests::test_list_view_array_slice ... ok
[INFO] [stdout] test array::list_view_array::tests::test_try_new ... ok
[INFO] [stdout] test array::map_array::tests::test_map_array_slice ... ignored, Test fails because slice of <list<struct>> is still buggy
[INFO] [stdout] test array::map_array::tests::test_map_array ... ok
[INFO] [stdout] test array::map_array::tests::test_new_from_strings ... ok
[INFO] [stdout] test array::null_array::tests::test_debug_null_array ... ok
[INFO] [stdout] test array::map_array::tests::test_try_new ... ok
[INFO] [stdout] test array::null_array::tests::test_null_array ... ok
[INFO] [stdout] test array::null_array::tests::test_null_array_slice ... ok
[INFO] [stdout] test array::primitive_array::tests::test_boolean_array_slice ... ok
[INFO] [stdout] test array::primitive_array::tests::test_access_array_concurrently ... ok
[INFO] [stdout] test array::primitive_array::tests::test_date32_fmt_debug ... ok
[INFO] [stdout] test array::fixed_size_list_array::tests::test_fixed_size_list_array_unequal_children - should panic ... ok
[INFO] [stdout] test array::primitive_array::tests::test_date64_array_from_vec_option ... ok
[INFO] [stdout] test array::primitive_array::tests::test_decimal128 ... ok
[INFO] [stdout] test array::primitive_array::tests::test_decimal256 ... ok
[INFO] [stdout] test array::primitive_array::tests::test_decimal256_iter ... ok
[INFO] [stdout] test array::primitive_array::tests::test_decimal_append_error_value ... ok
[INFO] [stdout] test array::primitive_array::tests::test_decimal_array ... ok
[INFO] [stdout] test array::primitive_array::tests::test_decimal_array_set_null_if_overflow_with_precision ... ok
[INFO] [stdout] test array::primitive_array::tests::test_decimal_array_value_as_string ... ok
[INFO] [stdout] test array::primitive_array::tests::test_decimal_array_with_precision_and_scale ... ok
[INFO] [stdout] test array::boolean_array::tests::test_true_false_count ... ok
[INFO] [stdout] test array::list_array::tests::test_from_array_data_validation - should panic ... ok
[INFO] [stdout] test array::list_array::tests::test_list_array_alignment - should panic ... ok
[INFO] [stdout] test array::list_array::tests::test_list_array_index_out_of_bound - should panic ... ok
[INFO] [stdout] test array::primitive_array::tests::test_decimal_from_iter ... ok
[INFO] [stdout] test array::list_array::tests::test_list_array_invalid_buffer_len - should panic ... ok
[INFO] [stdout] test array::primitive_array::tests::test_decimal_from_iter_values ... ok
[INFO] [stdout] test array::primitive_array::tests::test_decimal_iter_sized ... ok
[INFO] [stdout] test array::list_array::tests::test_list_array_invalid_child_array_len - should panic ... ok
[INFO] [stdout] test array::primitive_array::tests::test_duration_array_from_vec ... ok
[INFO] [stdout] test array::list_array::tests::test_primitive_array_alignment - should panic ... ok
[INFO] [stdout] test array::primitive_array::tests::test_fmt_debug_up_to_20_elements ... ok
[INFO] [stdout] test array::primitive_array::tests::test_from_iter_decimal128array ... ok
[INFO] [stdout] test array::list_view_array::tests::test_list_view_array_alignment - should panic ... ok
[INFO] [stdout] test array::list_view_array::tests::test_list_view_array_index_out_of_bound - should panic ... ok
[INFO] [stdout] test array::primitive_array::tests::test_from_iter_decimal256array ... ok
[INFO] [stdout] test array::primitive_array::tests::test_int32_with_null_fmt_debug ... ok
[INFO] [stdout] test array::primitive_array::tests::test_interval_array_from_vec ... ok
[INFO] [stdout] test array::list_view_array::tests::test_list_view_array_invalid_buffer_len - should panic ... ok
[INFO] [stdout] test array::primitive_array::tests::test_into_builder ... ok
[INFO] [stdout] test array::primitive_array::tests::test_int32_fmt_debug ... ok
[INFO] [stdout] test array::list_view_array::tests::test_list_view_array_invalid_child_array_len - should panic ... ok
[INFO] [stdout] test array::primitive_array::tests::test_into_builder_cloned_array ... ok
[INFO] [stdout] test array::primitive_array::tests::test_into_builder_on_sliced_array ... ok
[INFO] [stdout] test array::primitive_array::tests::test_primitive_array_builder ... ok
[INFO] [stdout] test array::map_array::tests::test_from_array_data_validation - should panic ... ok
[INFO] [stdout] test array::primitive_array::tests::test_primitive_array_from_non_null_iter ... ok
[INFO] [stdout] test array::primitive_array::tests::test_primitive_array_from_unbound_iter ... ok
[INFO] [stdout] test array::primitive_array::tests::test_primitive_array_creation ... ok
[INFO] [stdout] test array::map_array::tests::test_map_array_index_out_of_bound - should panic ... ok
[INFO] [stdout] test array::primitive_array::tests::test_primitive_array_from_vec_option ... ok
[INFO] [stdout] test array::primitive_array::tests::test_decimal_array_with_precision_and_scale_invalid_precision - should panic ... ok
[INFO] [stdout] test array::primitive_array::tests::test_primitive_array_from_vec ... ok
[INFO] [stdout] test array::primitive_array::tests::test_primitive_with_nulls_into_builder ... ok
[INFO] [stdout] test array::primitive_array::tests::test_primitive_array_slice ... ok
[INFO] [stdout] test array::primitive_array::tests::test_decimal_array_with_precision_and_scale_invalid_precision_and_scale - should panic ... ok
[INFO] [stdout] test array::primitive_array::tests::test_time32_millisecond_array_from_vec ... ok
[INFO] [stdout] test array::primitive_array::tests::test_time32second_fmt_debug ... ok
[INFO] [stdout] test array::primitive_array::tests::test_time32second_invalid_neg ... ok
[INFO] [stdout] test array::primitive_array::tests::test_primitive_from_iter_values ... ok
[INFO] [stdout] test array::primitive_array::tests::test_decimal_array_with_precision_and_scale_invalid_scale - should panic ... ok
[INFO] [stdout] test array::primitive_array::tests::test_time_32second_output ... ok
[INFO] [stdout] test array::primitive_array::tests::test_time_32millisecond_debug_output ... ok
[INFO] [stdout] test array::primitive_array::tests::test_timestamp_array_from_vec ... ok
[INFO] [stdout] test array::primitive_array::tests::test_timestamp_fmt_debug ... ok
[INFO] [stdout] test array::primitive_array::tests::test_decimal_array_with_precision_and_scale_out_of_range - should panic ... ok
[INFO] [stdout] test array::primitive_array::tests::test_time_64nanosecond_debug_output ... ok
[INFO] [stdout] test array::primitive_array::tests::test_timestamp_micros_out_of_range ... ok
[INFO] [stdout] test array::primitive_array::tests::test_time64_nanosecond_array_from_vec ... ok
[INFO] [stdout] test array::primitive_array::tests::test_time_64microsecond_debug_output ... ok
[INFO] [stdout] test array::primitive_array::tests::test_decimal_array_with_precision_zero - should panic ... ok
[INFO] [stdout] test array::primitive_array::tests::test_timestamp_utc_fmt_debug ... ok
[INFO] [stdout] test array::primitive_array::tests::test_timestamp_with_fixed_offset_tz_fmt_debug ... ok
[INFO] [stdout] test array::primitive_array::tests::test_timestamp_with_incorrect_tz_fmt_debug ... ok
[INFO] [stdout] test array::primitive_array::tests::test_fixed_size_binary_array_get_value_index_out_of_bound - should panic ... ok
[INFO] [stdout] test array::primitive_array::tests::test_timezone ... ok
[INFO] [stdout] test array::primitive_array::tests::test_timestamp_with_named_tz_fmt_debug ... ok
[INFO] [stdout] test array::primitive_array::tests::test_unary_mut ... ok
[INFO] [stdout] test array::primitive_array::tests::test_unary_opt ... ok
[INFO] [stdout] test array::primitive_array::tests::test_from_array_data_validation - should panic ... ok
[INFO] [stdout] test array::primitive_array::tests::test_with_data_type - should panic ... ok
[INFO] [stdout] test array::run_array::tests::test_run_array ... ok
[INFO] [stdout] test array::run_array::tests::test_logical_nulls ... ok
[INFO] [stdout] test array::run_array::tests::test_run_array_all_nulls ... ok
[INFO] [stdout] test array::run_array::tests::test_run_array_as_primitive_array_with_null ... ok
[INFO] [stdout] test array::primitive_array::tests::test_primitive_array_invalid_buffer_len - should panic ... ok
[INFO] [stdout] test array::primitive_array::tests::test_try_new ... ok
[INFO] [stdout] test array::run_array::tests::test_ree_array_accessor ... ok
[INFO] [stdout] test array::primitive_array::tests::test_string_array_get_value_index_out_of_bound - should panic ... ok
[INFO] [stdout] test array::run_array::tests::test_run_array_empty_string ... ok
[INFO] [stdout] test array::run_array::tests::test_run_array_fmt_debug ... ok
[INFO] [stdout] test array::primitive_array::tests::test_invalid_interval_type - should panic ... ok
[INFO] [stdout] test array::run_array::tests::test_run_array_from_iter ... ok
[INFO] [stdout] test array::run_array::tests::test_run_array_int16_type_definition ... ok
[INFO] [stdout] test array::run_array::tests::test_run_array_length_mismatch ... ok
[INFO] [stdout] test array::run_array::tests::test_run_array_run_ends_as_primitive_array ... ok
[INFO] [stdout] test array::run_array::tests::test_run_array_run_ends_with_null ... ok
[INFO] [stdout] test array::run_array::tests::test_run_array_run_ends_with_zeroes ... ok
[INFO] [stdout] test array::string_array::tests::test_empty_offsets ... ok
[INFO] [stdout] test array::run_array::tests::test_run_array_try_new ... ok
[INFO] [stdout] test array::string_array::tests::test_into_builder_err ... ok
[INFO] [stdout] test array::string_array::tests::test_into_builder ... ok
[INFO] [stdout] test array::string_array::tests::test_large_string_array_all_null ... ok
[INFO] [stdout] test array::string_array::tests::test_large_string_array_fmt_debug ... ok
[INFO] [stdout] test array::string_array::tests::test_large_string_array_from_list_array ... ok
[INFO] [stdout] test array::run_array::tests::test_run_array_run_ends_non_increasing ... ok
[INFO] [stdout] test array::string_array::tests::test_large_string_array_from_u8_slice ... ok
[INFO] [stdout] test array::string_array::tests::test_string_array_all_null ... ok
[INFO] [stdout] test array::string_array::tests::test_nested_string_array ... ok
[INFO] [stdout] test array::string_array::tests::test_string_array_fmt_debug ... ok
[INFO] [stdout] test array::string_array::tests::test_string_array_from_iter_values ... ok
[INFO] [stdout] test array::string_array::tests::test_string_array_from_iter ... ok
[INFO] [stdout] test array::string_array::tests::test_string_array_from_list_array ... ok
[INFO] [stdout] test array::string_array::tests::test_string_array_from_u8_slice ... ok
[INFO] [stdout] test array::string_array::tests::test_string_array_from_unbound_iter ... ok
[INFO] [stdout] test array::struct_array::tests::test_struct_array_builder ... ok
[INFO] [stdout] test array::struct_array::tests::test_struct_array_from ... ok
[INFO] [stdout] test array::struct_array::tests::test_struct_array_from_empty ... ok
[INFO] [stdout] test array::struct_array::tests::test_struct_array_from_vec ... ok
[INFO] [stdout] test array::struct_array::tests::test_struct_array_from_vec_error ... ok
[INFO] [stdout] test array::struct_array::tests::test_struct_array_index_access ... ok
[INFO] [stdout] test array::tests::test_array_ref_as_array ... ok
[INFO] [stdout] test array::struct_array::tests::test_struct_array_slice ... ok
[INFO] [stdout] test array::tests::test_downcast_array ... ok
[INFO] [stdout] test array::tests::test_empty_list_primitive ... ok
[INFO] [stdout] test array::tests::test_empty_primitive ... ok
[INFO] [stdout] test array::tests::test_empty_variable_sized ... ok
[INFO] [stdout] test array::tests::test_memory_size_dictionary ... ok
[INFO] [stdout] test array::tests::test_memory_size_null ... ok
[INFO] [stdout] test array::tests::test_memory_size_primitive_nullable ... ok
[INFO] [stdout] test array::tests::test_memory_size_primitive ... ok
[INFO] [stdout] test array::run_array::tests::test_run_array_run_ends_data_type_mismatch - should panic ... ok
[INFO] [stdout] test array::tests::test_memory_size_primitive_sliced ... ok
[INFO] [stdout] test array::tests::test_null_boolean ... ok
[INFO] [stdout] test array::string_array::tests::test_large_string_array_from_list_array_with_child_nulls_failed - should panic ... ok
[INFO] [stdout] test array::tests::test_null_dictionary ... ok
[INFO] [stdout] test array::tests::test_null_fixed_size_binary ... ok
[INFO] [stdout] test array::tests::test_null_list_primitive ... ok
[INFO] [stdout] test array::tests::test_null_map ... ok
[INFO] [stdout] test array::string_array::tests::test_large_string_array_from_list_array_wrong_type - should panic ... ok
[INFO] [stdout] test array::tests::test_null_primitive ... ok
[INFO] [stdout] test array::tests::test_null_runs ... ok
[INFO] [stdout] test array::string_array::tests::test_string_array_from_int - should panic ... ok
[INFO] [stdout] test array::tests::test_null_struct ... ok
[INFO] [stdout] test array::tests::test_null_variable_sized ... ok
[INFO] [stdout] test array::string_array::tests::test_list_array_utf8_validation - should panic ... ok
[INFO] [stdout] test array::tests::test_null_union ... ok
[INFO] [stdout] test array::union_array::tests::into_parts_custom_type_ids ... ok
[INFO] [stdout] test array::union_array::tests::into_parts ... ok
[INFO] [stdout] test array::string_array::tests::test_string_array_from_list_array_with_child_nulls_failed - should panic ... ok
[INFO] [stdout] test array::string_array::tests::test_string_array_get_value_index_out_of_bound - should panic ... ok
[INFO] [stdout] test array::union_array::tests::test_custom_type_ids ... ok
[INFO] [stdout] test array::union_array::tests::slice_union_array ... ok
[INFO] [stdout] test array::string_array::tests::test_string_array_from_list_array_wrong_type - should panic ... ok
[INFO] [stdout] test array::union_array::tests::test_dense_i32 ... ok
[INFO] [stdout] test array::union_array::tests::test_dense_mixed ... ok
[INFO] [stdout] test array::struct_array::tests::test_invalid_struct_child_array_lengths - should panic ... ok
[INFO] [stdout] test array::union_array::tests::test_dense_mixed_with_str ... ok
[INFO] [stdout] test array::union_array::tests::test_invalid ... ok
[INFO] [stdout] test array::struct_array::tests::test_struct_array_from_mismatched_nullability - should panic ... ok
[INFO] [stdout] test array::union_array::tests::test_dense_mixed_with_nulls ... ok
[INFO] [stdout] test array::union_array::tests::test_is_nullable ... ok
[INFO] [stdout] test array::union_array::tests::test_logical_nulls_fast_paths ... ok
[INFO] [stdout] test array::union_array::tests::test_dense_mixed_with_nulls_and_offset ... ok
[INFO] [stdout] test array::union_array::tests::test_dense_union_logical_nulls_gather ... ok
[INFO] [stdout] test array::struct_array::tests::test_struct_array_from_mismatched_types_multiple - should panic ... ok
[INFO] [stdout] test array::union_array::tests::test_sparse_i32 ... ok
[INFO] [stdout] test array::struct_array::tests::test_struct_array_from_mismatched_types_single - should panic ... ok
[INFO] [stdout] test array::union_array::tests::test_sparse_mixed ... ok
[INFO] [stdout] test array::union_array::tests::test_sparse_mixed_with_nulls ... ok
[INFO] [stdout] test array::union_array::tests::test_sparse_union_logical_mask_mixed_nulls_skip_fully_null ... ok
[INFO] [stdout] test array::union_array::tests::test_sparse_mixed_with_nulls_and_offset ... ok
[INFO] [stdout] test array::union_array::tests::test_union_array_validity ... ok
[INFO] [stdout] test array::union_array::tests::test_sparse_union_logical_mask_mixed_nulls_skip_fully_valid ... ok
[INFO] [stdout] test array::union_array::tests::test_sparse_union_logical_nulls_gather ... ok
[INFO] [stdout] test array::union_array::tests::test_type_check ... ok
[INFO] [stdout] test builder::boolean_builder::tests::test_boolean_array_builder ... ok
[INFO] [stdout] test array::union_array::tests::test_sparse_union_logical_nulls_mask_all_nulls_skip_one ... ok
[INFO] [stdout] test builder::boolean_builder::tests::test_boolean_array_builder_no_null ... ok
[INFO] [stdout] test builder::boolean_builder::tests::test_extend ... ok
[INFO] [stdout] test builder::boolean_builder::tests::test_boolean_array_builder_append_slice_large ... ok
[INFO] [stdout] test builder::buffer_builder::tests::test_append_values ... ok
[INFO] [stdout] test builder::buffer_builder::tests::test_builder_finish ... ok
[INFO] [stdout] test builder::buffer_builder::tests::test_builder_i32 ... ok
[INFO] [stdout] test builder::buffer_builder::tests::test_builder_i32_alloc_zero_bytes ... ok
[INFO] [stdout] test builder::buffer_builder::tests::test_builder_i32_empty ... ok
[INFO] [stdout] test builder::boolean_builder::tests::test_boolean_array_builder_finish_cloned ... ok
[INFO] [stdout] test builder::buffer_builder::tests::test_append_slice ... ok
[INFO] [stdout] test builder::buffer_builder::tests::test_reserve ... ok
[INFO] [stdout] test builder::fixed_size_binary_builder::tests::test_fixed_size_binary_builder ... ok
[INFO] [stdout] test builder::boolean_builder::tests::test_boolean_array_builder_append_slice ... ok
[INFO] [stdout] test builder::fixed_size_binary_builder::tests::test_fixed_size_binary_builder_with_zero_value_length ... ok
[INFO] [stdout] test builder::fixed_size_list_builder::tests::test_fixed_size_list_array_builder ... ok
[INFO] [stdout] test builder::fixed_size_binary_builder::tests::test_fixed_size_binary_builder_finish_cloned ... ok
[INFO] [stdout] test builder::fixed_size_list_builder::tests::test_fixed_size_list_array_builder_cloned_with_field ... ok
[INFO] [stdout] test builder::fixed_size_binary_builder::tests::test_fixed_size_binary_builder_invalid_value_length - should panic ... ok
[INFO] [stdout] test builder::fixed_size_binary_builder::tests::test_fixed_size_binary_builder_empty ... ok
[INFO] [stdout] test array::union_array::tests::test_dense_i32_large ... ok
[INFO] [stdout] test builder::fixed_size_list_builder::tests::test_fixed_size_list_array_builder_cloned_with_field_and_null ... ok
[INFO] [stdout] test builder::fixed_size_list_builder::tests::test_fixed_size_list_array_builder_cloned_with_field_empty ... ok
[INFO] [stdout] test builder::fixed_size_binary_builder::tests::test_fixed_size_binary_builder_with_inconsistent_value_length - should panic ... ok
[INFO] [stdout] test builder::fixed_size_list_builder::tests::test_fixed_size_list_array_builder_empty ... ok
[INFO] [stdout] test builder::fixed_size_list_builder::tests::test_fixed_size_list_array_builder_cloned_with_field_type_panic - should panic ... ok
[INFO] [stdout] test builder::fixed_size_list_builder::tests::test_fixed_size_list_array_builder_finish_cloned ... ok
[INFO] [stdout] test builder::fixed_size_list_builder::tests::test_fixed_size_list_array_builder_with_field ... ok
[INFO] [stdout] test builder::buffer_builder::tests::test_builder_i32_grow_buffer ... ok
[INFO] [stdout] test builder::fixed_size_list_builder::tests::test_fixed_size_list_array_builder_cloned_with_field_null_panic - should panic ... ok
[INFO] [stdout] test builder::fixed_size_list_builder::tests::test_fixed_size_list_array_builder_with_field_empty ... ok
[INFO] [stdout] test builder::fixed_size_list_builder::tests::test_fixed_size_list_array_builder_finish ... ok
[INFO] [stdout] test builder::fixed_size_list_builder::tests::test_fixed_size_list_array_builder_fail - should panic ... ok
[INFO] [stdout] test builder::fixed_size_list_builder::tests::test_fixed_size_list_array_builder_with_field_and_null ... ok
[INFO] [stdout] test builder::generic_byte_run_builder::tests::test_extend ... ok
[INFO] [stdout] test builder::generic_byte_run_builder::tests::test_string_run_builder ... ok
[INFO] [stdout] test builder::generic_byte_run_builder::tests::test_binary_run_builder_finish_cloned ... ok
[INFO] [stdout] test builder::generic_bytes_builder::tests::test_binary_builder ... ok
[INFO] [stdout] test builder::fixed_size_list_builder::tests::test_fixed_size_list_array_builder_with_field_null_panic - should panic ... ok
[INFO] [stdout] test builder::generic_bytes_builder::tests::test_binary_builder_all_nulls ... ok
[INFO] [stdout] test builder::generic_byte_run_builder::tests::test_binary_run_builder ... ok
[INFO] [stdout] test builder::fixed_size_list_builder::tests::test_fixed_size_list_array_builder_with_field_type_panic - should panic ... ok
[INFO] [stdout] test builder::generic_byte_run_builder::tests::test_string_run_builder_with_empty_strings ... ok
[INFO] [stdout] test builder::generic_bytes_builder::tests::test_large_binary_builder_reset ... ok
[INFO] [stdout] test builder::generic_bytes_builder::tests::test_large_binary_builder_all_nulls ... ok
[INFO] [stdout] test builder::generic_bytes_builder::tests::test_extend ... ok
[INFO] [stdout] test builder::generic_bytes_builder::tests::test_large_string_array_builder ... ok
[INFO] [stdout] test builder::generic_bytes_builder::tests::test_binary_builder_reset ... ok
[INFO] [stdout] test builder::generic_byte_run_builder::tests::test_string_run_builder_finish_cloned ... ok
[INFO] [stdout] test builder::generic_bytes_builder::tests::test_large_string_array_builder_finish ... ok
[INFO] [stdout] test builder::generic_bytes_builder::tests::test_large_string_array_builder_finish_cloned ... ok
[INFO] [stdout] test builder::generic_bytes_builder::tests::test_large_binary_builder ... ok
[INFO] [stdout] test builder::generic_bytes_builder::tests::test_string_array_builder_finish ... ok
[INFO] [stdout] test builder::generic_bytes_builder::tests::test_string_array_builder ... ok
[INFO] [stdout] test builder::generic_bytes_builder::tests::test_string_array_builder_finish_cloned ... ok
[INFO] [stdout] test builder::generic_bytes_builder::tests::test_write ... ok
[INFO] [stdout] test builder::generic_bytes_dictionary_builder::tests::test_binary_dictionary_builder ... ok
[INFO] [stdout] test builder::generic_bytes_dictionary_builder::tests::test_extend ... ok
[INFO] [stdout] test builder::generic_bytes_dictionary_builder::tests::test_binary_dictionary_builder_finish_cloned ... ok
[INFO] [stdout] test builder::generic_bytes_dictionary_builder::tests::test_string_dictionary_builder_with_existing_dictionary ... ok
[INFO] [stdout] test builder::generic_bytes_dictionary_builder::tests::test_string_dictionary_builder_finish_cloned ... ok
[INFO] [stdout] test builder::generic_bytes_dictionary_builder::tests::test_binary_dictionary_builder_with_existing_dictionary ... ok
[INFO] [stdout] test builder::generic_bytes_dictionary_builder::tests::test_string_dictionary_builder ... ok
[INFO] [stdout] test builder::generic_bytes_dictionary_builder::tests::test_binary_dictionary_builder_with_reserved_null_value ... ok
[INFO] [stdout] test builder::generic_bytes_view_builder::tests::test_string_view ... ok
[INFO] [stdout] test builder::generic_list_builder::tests::test_extend ... ok
[INFO] [stdout] test builder::generic_bytes_dictionary_builder::tests::test_string_dictionary_builder_with_reserved_null_value ... ok
[INFO] [stdout] test builder::generic_bytes_view_builder::tests::test_string_view_deduplicate ... ok
[INFO] [stdout] test builder::generic_list_builder::tests::test_large_list_array_builder ... ok
[INFO] [stdout] test builder::generic_list_builder::tests::test_large_list_array_builder_nulls ... ok
[INFO] [stdout] test builder::generic_bytes_view_builder::tests::test_string_view_deduplicate_after_finish ... ok
[INFO] [stdout] test builder::generic_list_builder::tests::test_boxed_list_list_array_builder ... ok
[INFO] [stdout] test builder::generic_list_builder::tests::test_boxed_large_list_large_list_array_builder ... ok
[INFO] [stdout] test builder::generic_list_builder::tests::test_boxed_primitive_array_builder ... ok
[INFO] [stdout] test array::run_array::tests::test_get_physical_indices ... ok
[INFO] [stdout] test builder::generic_list_builder::tests::test_list_array_builder_finish ... ok
[INFO] [stdout] test builder::generic_list_builder::tests::test_list_array_builder_finish_cloned ... ok
[INFO] [stdout] test builder::generic_list_builder::tests::test_list_array_builder_nulls ... ok
[INFO] [stdout] test builder::generic_list_builder::tests::test_with_field ... ok
[INFO] [stdout] test builder::generic_list_builder::tests::test_list_array_builder ... ok
[INFO] [stdout] test builder::null_builder::tests::test_null_array_builder ... ok
[INFO] [stdout] test builder::generic_list_builder::tests::test_list_list_array_builder ... ok
[INFO] [stdout] test builder::null_builder::tests::test_null_array_builder_finish_cloned ... ok
[INFO] [stdout] test builder::primitive_builder::tests::test_extend ... ok
[INFO] [stdout] test builder::map_builder::tests::test_with_values_field ... ok
[INFO] [stdout] test builder::map_builder::tests::test_boxed_map_builder ... ok
[INFO] [stdout] test builder::primitive_builder::tests::test_primitive_array_builder_bool ... ok
[INFO] [stdout] test builder::primitive_builder::tests::test_primitive_array_builder_append_null ... ok
[INFO] [stdout] test builder::primitive_builder::tests::test_primitive_array_builder_i32 ... ok
[INFO] [stdout] test builder::primitive_builder::tests::test_primitive_array_builder_append_slice ... ok
[INFO] [stdout] test builder::primitive_builder::tests::test_primitive_array_builder_i32_append_nulls ... ok
[INFO] [stdout] test builder::primitive_builder::tests::test_primitive_array_builder_i32_append_iter ... ok
[INFO] [stdout] test builder::primitive_builder::tests::test_primitive_array_builder_date32 ... ok
[INFO] [stdout] test builder::primitive_builder::tests::test_primitive_array_builder_finish ... ok
[INFO] [stdout] test builder::primitive_builder::tests::test_primitive_array_builder_append_option ... ok
[INFO] [stdout] test builder::primitive_builder::tests::test_primitive_array_builder_finish_cloned ... ok
[INFO] [stdout] test builder::primitive_dictionary_builder::tests::test_extend ... ok
[INFO] [stdout] test builder::primitive_dictionary_builder::tests::test_primitive_dictionary_builder ... ok
[INFO] [stdout] test builder::primitive_builder::tests::test_primitive_array_builder_with_data_type ... ok
[INFO] [stdout] test builder::struct_builder::tests::test_build_fixed_size_list ... ok
[INFO] [stdout] test builder::struct_builder::tests::test_datatype_properties ... ok
[INFO] [stdout] test builder::struct_builder::tests::test_empty ... ok
[INFO] [stdout] test builder::primitive_run_builder::tests::test_extend ... ok
[INFO] [stdout] test builder::struct_builder::tests::test_struct_array_builder ... ok
[INFO] [stdout] test builder::primitive_builder::tests::test_primitive_array_builder_timestamp_second ... ok
[INFO] [stdout] test builder::primitive_dictionary_builder::tests::test_primitive_dictionary_with_builders ... ok
[INFO] [stdout] test builder::primitive_run_builder::tests::test_primitive_ree_array_builder ... ok
[INFO] [stdout] test builder::struct_builder::tests::test_struct_array_builder_field_builder_type_mismatch ... ok
[INFO] [stdout] test builder::struct_builder::tests::test_struct_array_builder_finish ... ok
[INFO] [stdout] test array::run_array::tests::test_get_physical_indices_sliced ... ok
[INFO] [stdout] test builder::struct_builder::tests::test_struct_array_builder_finish_cloned ... ok
[INFO] [stdout] test builder::struct_builder::tests::test_struct_array_builder_from_schema ... ok
[INFO] [stdout] test builder::generic_list_builder::tests::test_checks_data_type - should panic ... ok
[INFO] [stdout] test builder::struct_builder::tests::test_struct_array_builder_from_dictionary_type ... ok
[INFO] [stdout] test builder::generic_list_builder::tests::test_checks_nullability - should panic ... ok
[INFO] [stdout] test cast::tests::test_as_string_array_ref ... ok
[INFO] [stdout] test cast::tests::test_decimal128array ... ok
[INFO] [stdout] test cast::tests::test_decimal256array ... ok
[INFO] [stdout] test cast::tests::test_as_primitive_array_ref ... ok
[INFO] [stdout] test builder::map_builder::tests::test_map_builder_with_null_keys_panics - should panic ... ok
[INFO] [stdout] test delta::tests::test_shift_months ... ok
[INFO] [stdout] test delta::tests::test_shift_months_datetime ... ok
[INFO] [stdout] test builder::struct_builder::tests::test_struct_array_mismatch_builder - should panic ... ok
[INFO] [stdout] test iterator::tests::test_double_ended ... ok
[INFO] [stdout] test iterator::tests::test_primitive_array_iter_round_trip ... ok
[INFO] [stdout] test builder::primitive_dictionary_builder::tests::test_primitive_dictionary_overflow - should panic ... ok
[INFO] [stdout] test iterator::tests::test_string_array_iter_round_trip ... ok
[INFO] [stdout] test iterator::tests::test_binary_array_iter_round_trip ... ok
[INFO] [stdout] test record_batch::tests::create_record_batch_from_struct_array ... ok
[INFO] [stdout] test record_batch::tests::byte_size_should_not_regress ... FAILED
[INFO] [stdout] test record_batch::tests::create_record_batch_record_mismatch ... ok
[INFO] [stdout] test record_batch::tests::create_record_batch_field_name_mismatch ... ok
[INFO] [stdout] test delta::tests::test_shift_months_with_overflow ... ok
[INFO] [stdout] test iterator::tests::test_boolean_array_iter_round_trip ... ok
[INFO] [stdout] test builder::struct_builder::tests::test_struct_array_builder_from_schema_unsupported_type - should panic ... ok
[INFO] [stdout] test record_batch::tests::create_record_batch ... ok
[INFO] [stdout] test record_batch::tests::create_record_batch_schema_mismatch ... ok
[INFO] [stdout] test record_batch::tests::create_record_batch_try_from_iter ... ok
[INFO] [stdout] test record_batch::tests::create_record_batch_try_from_iter_with_nullable ... ok
[INFO] [stdout] test record_batch::tests::create_string_view_record_batch ... ok
[INFO] [stdout] test record_batch::tests::project_empty ... ok
[INFO] [stdout] test record_batch::tests::project ... ok
[INFO] [stdout] test record_batch::tests::record_batch_column_names_ne ... ok
[INFO] [stdout] test record_batch::tests::record_batch_column_number_ne ... ok
[INFO] [stdout] test record_batch::tests::record_batch_equality ... ok
[INFO] [stdout] test record_batch::tests::record_batch_index_access ... ok
[INFO] [stdout] test record_batch::tests::record_batch_vals_ne ... ok
[INFO] [stdout] test record_batch::tests::test_boxed_reader ... ok
[INFO] [stdout] test record_batch::tests::record_batch_row_count_ne ... ok
[INFO] [stdout] test record_batch::tests::test_no_column_record_batch ... ok
[INFO] [stdout] test record_batch::tests::test_record_batch_options ... ok
[INFO] [stdout] test record_batch::tests::test_nulls_in_non_nullable_field ... ok
[INFO] [stdout] test record_batch::tests::test_remove_column_maintains_schema_metadata ... ok
[INFO] [stdout] test record_batch::tests::test_with_schema ... ok
[INFO] [stdout] test run_iterator::tests::test_double_ended ... ok
[INFO] [stdout] test run_iterator::tests::test_primitive_array_iter_round_trip ... ok
[INFO] [stdout] test temporal_conversions::tests::negative_input_date64_to_datetime ... ok
[INFO] [stdout] test temporal_conversions::tests::negative_input_timestamp_ms_to_datetime ... ok
[INFO] [stdout] test temporal_conversions::tests::negative_input_timestamp_ns_to_datetime ... ok
[INFO] [stdout] test temporal_conversions::tests::negative_input_timestamp_us_to_datetime ... ok
[INFO] [stdout] test tests::test_buffer_builder_availability ... ok
[INFO] [stdout] test timezone::tests::test_with_offset ... ok
[INFO] [stdout] test trusted_len::tests::trusted_len_unzip_good ... ok
[INFO] [stdout] test run_iterator::tests::test_run_iterator_comprehensive ... ok
[INFO] [stdout] test types::tests::day_time_should_roundtrip ... ok
[INFO] [stdout] test types::tests::day_time_should_roundtrip_neg ... ok
[INFO] [stdout] test types::tests::month_day_nano_should_roundtrip ... ok
[INFO] [stdout] test run_iterator::tests::test_string_array_iter_round_trip ... ok
[INFO] [stdout] test temporal_conversions::tests::test_split_seconds ... ok
[INFO] [stdout] test types::tests::year_month_should_roundtrip ... ok
[INFO] [stdout] test types::tests::month_day_nano_should_roundtrip_neg ... ok
[INFO] [stdout] test types::tests::year_month_should_roundtrip_neg ... ok
[INFO] [stdout] test run_iterator::tests::test_sliced_run_array_iterator ... ok
[INFO] [stdout] test types::tests::test_layouts ... ok
[INFO] [stdout] test builder::struct_builder::tests::test_struct_array_builder_unequal_field_builders_lengths - should panic ... ok
[INFO] [stdout] test builder::struct_builder::tests::test_struct_array_builder_unequal_field_field_builders - should panic ... ok
[INFO] [stdout] test builder::primitive_builder::tests::test_invalid_with_data_type - should panic ... ok
[INFO] [stdout] test builder::struct_builder::tests::test_struct_array_builder_from_dict_with_unsupported_value_type - should panic ... ok
[INFO] [stdout] test record_batch::tests::create_record_batch_slice_empty_batch - should panic ... ok
[INFO] [stdout] test record_batch::tests::create_record_batch_slice - should panic ... ok
[INFO] [stdout] test record_batch::tests::test_from_struct - should panic ... ok
[INFO] [stdout] test trusted_len::tests::trusted_len_unzip_panic - should panic ... ok
[INFO] [stdout] test builder::generic_bytes_view_builder::tests::test_string_view_with_block_size_growth ... ok
[INFO] [stdout] 
[INFO] [stdout] failures:
[INFO] [stdout] 
[INFO] [stdout] ---- record_batch::tests::byte_size_should_not_regress stdout ----
[INFO] [stdout] thread 'record_batch::tests::byte_size_should_not_regress' panicked at src/record_batch.rs:692:9:
[INFO] [stdout] assertion `left == right` failed
[INFO] [stdout]   left: 380
[INFO] [stdout]  right: 364
[INFO] [stdout] stack backtrace:
[INFO] [stdout]    0:     0x6447aca9629a - std::backtrace_rs::backtrace::libunwind::trace::h207520d6e9873551
[INFO] [stdout]                                at /rustc/df4ca44d3fbc9301ee17f30f4d474e6ae4b05252/library/std/src/../../backtrace/src/backtrace/libunwind.rs:116:5
[INFO] [stdout]    1:     0x6447aca9629a - std::backtrace_rs::backtrace::trace_unsynchronized::h2ed7433f370e3eca
[INFO] [stdout]                                at /rustc/df4ca44d3fbc9301ee17f30f4d474e6ae4b05252/library/std/src/../../backtrace/src/backtrace/mod.rs:66:5
[INFO] [stdout]    2:     0x6447aca9629a - std::sys::backtrace::_print_fmt::h916fac51166b18d7
[INFO] [stdout]                                at /rustc/df4ca44d3fbc9301ee17f30f4d474e6ae4b05252/library/std/src/sys/backtrace.rs:66:9
[INFO] [stdout]    3:     0x6447aca9629a - <std::sys::backtrace::BacktraceLock::print::DisplayBacktrace as core::fmt::Display>::fmt::ha0a4c9b8ce3802e6
[INFO] [stdout]                                at /rustc/df4ca44d3fbc9301ee17f30f4d474e6ae4b05252/library/std/src/sys/backtrace.rs:39:26
[INFO] [stdout]    4:     0x6447acabe6c3 - core::fmt::rt::Argument::fmt::h4cfc8587d52b3eb5
[INFO] [stdout]                                at /rustc/df4ca44d3fbc9301ee17f30f4d474e6ae4b05252/library/core/src/fmt/rt.rs:177:76
[INFO] [stdout]    5:     0x6447acabe6c3 - core::fmt::write::h522cc39e5b36ae9f
[INFO] [stdout]                                at /rustc/df4ca44d3fbc9301ee17f30f4d474e6ae4b05252/library/core/src/fmt/mod.rs:1190:21
[INFO] [stdout]    6:     0x6447aca92f03 - std::io::Write::write_fmt::h7d3c26752da97734
[INFO] [stdout]                                at /rustc/df4ca44d3fbc9301ee17f30f4d474e6ae4b05252/library/std/src/io/mod.rs:1839:15
[INFO] [stdout]    7:     0x6447aca960e2 - std::sys::backtrace::BacktraceLock::print::h4b9e00b29e9c0942
[INFO] [stdout]                                at /rustc/df4ca44d3fbc9301ee17f30f4d474e6ae4b05252/library/std/src/sys/backtrace.rs:42:9
[INFO] [stdout]    8:     0x6447aca9772a - std::panicking::default_hook::{{closure}}::hb59b88280d0324d9
[INFO] [stdout]                                at /rustc/df4ca44d3fbc9301ee17f30f4d474e6ae4b05252/library/std/src/panicking.rs:268:22
[INFO] [stdout]    9:     0x6447aca97534 - std::panicking::default_hook::he1dd496665be4a29
[INFO] [stdout]                                at /rustc/df4ca44d3fbc9301ee17f30f4d474e6ae4b05252/library/std/src/panicking.rs:292:9
[INFO] [stdout]   10:     0x6447ac966c59 - <alloc::boxed::Box<F,A> as core::ops::function::Fn<Args>>::call::h4ff71de18744e1dc
[INFO] [stdout]                                at /rustc/df4ca44d3fbc9301ee17f30f4d474e6ae4b05252/library/alloc/src/boxed.rs:2468:9
[INFO] [stdout]   11:     0x6447ac966c59 - test::test_main::{{closure}}::hcf7c055ce117aa81
[INFO] [stdout]                                at /rustc/df4ca44d3fbc9301ee17f30f4d474e6ae4b05252/library/test/src/lib.rs:133:21
[INFO] [stdout]   12:     0x6447aca97e28 - <alloc::boxed::Box<F,A> as core::ops::function::Fn<Args>>::call::h1d66c6bbd60c9692
[INFO] [stdout]                                at /rustc/df4ca44d3fbc9301ee17f30f4d474e6ae4b05252/library/alloc/src/boxed.rs:2468:9
[INFO] [stdout]   13:     0x6447aca97e28 - std::panicking::rust_panic_with_hook::h2ff17fe8f26dfcf8
[INFO] [stdout]                                at /rustc/df4ca44d3fbc9301ee17f30f4d474e6ae4b05252/library/std/src/panicking.rs:809:13
[INFO] [stdout]   14:     0x6447aca97bea - std::panicking::begin_panic_handler::{{closure}}::h4fad77951c07e101
[INFO] [stdout]                                at /rustc/df4ca44d3fbc9301ee17f30f4d474e6ae4b05252/library/std/src/panicking.rs:674:13
[INFO] [stdout]   15:     0x6447aca96779 - std::sys::backtrace::__rust_end_short_backtrace::hb1a25b3da5d0ea08
[INFO] [stdout]                                at /rustc/df4ca44d3fbc9301ee17f30f4d474e6ae4b05252/library/std/src/sys/backtrace.rs:170:18
[INFO] [stdout]   16:     0x6447aca9787c - rust_begin_unwind
[INFO] [stdout]                                at /rustc/df4ca44d3fbc9301ee17f30f4d474e6ae4b05252/library/std/src/panicking.rs:665:5
[INFO] [stdout]   17:     0x6447acabbb50 - core::panicking::panic_fmt::ha9db07b529f9b256
[INFO] [stdout]                                at /rustc/df4ca44d3fbc9301ee17f30f4d474e6ae4b05252/library/core/src/panicking.rs:75:14
[INFO] [stdout]   18:     0x6447acabbf54 - core::panicking::assert_failed_inner::h04f38944d74a80a8
[INFO] [stdout]   19:     0x6447ac98f60f - core::panicking::assert_failed::h5aea1b0bf0fab2dd
[INFO] [stdout]                                at /rustc/df4ca44d3fbc9301ee17f30f4d474e6ae4b05252/library/core/src/panicking.rs:377:5
[INFO] [stdout]   20:     0x6447ac80b57d - arrow_array::record_batch::tests::byte_size_should_not_regress::h0b9bc30d1ac02dce
[INFO] [stdout]                                at /opt/rustwide/workdir/src/record_batch.rs:692:9
[INFO] [stdout]   21:     0x6447ac80acb7 - arrow_array::record_batch::tests::byte_size_should_not_regress::{{closure}}::h4dd6ee334df22715
[INFO] [stdout]                                at /opt/rustwide/workdir/src/record_batch.rs:681:38
[INFO] [stdout]   22:     0x6447ac875576 - core::ops::function::FnOnce::call_once::h1539e71a62918028
[INFO] [stdout]                                at /rustc/df4ca44d3fbc9301ee17f30f4d474e6ae4b05252/library/core/src/ops/function.rs:250:5
[INFO] [stdout]   23:     0x6447ac96b52b - core::ops::function::FnOnce::call_once::h22c3ba5715e93f05
[INFO] [stdout]                                at /rustc/df4ca44d3fbc9301ee17f30f4d474e6ae4b05252/library/core/src/ops/function.rs:250:5
[INFO] [stdout]   24:     0x6447ac96b52b - test::__rust_begin_short_backtrace::h8e82d8113d0da17f
[INFO] [stdout]                                at /rustc/df4ca44d3fbc9301ee17f30f4d474e6ae4b05252/library/test/src/lib.rs:621:18
[INFO] [stdout]   25:     0x6447ac96aea7 - test::run_test_in_process::{{closure}}::h33235f4f20b7b7c7
[INFO] [stdout]                                at /rustc/df4ca44d3fbc9301ee17f30f4d474e6ae4b05252/library/test/src/lib.rs:644:60
[INFO] [stdout]   26:     0x6447ac96aea7 - <core::panic::unwind_safe::AssertUnwindSafe<F> as core::ops::function::FnOnce<()>>::call_once::hb5043206310c586f
[INFO] [stdout]                                at /rustc/df4ca44d3fbc9301ee17f30f4d474e6ae4b05252/library/core/src/panic/unwind_safe.rs:272:9
[INFO] [stdout]   27:     0x6447ac96aea7 - std::panicking::try::do_call::h9ad4731a60ab23e2
[INFO] [stdout]                                at /rustc/df4ca44d3fbc9301ee17f30f4d474e6ae4b05252/library/std/src/panicking.rs:557:40
[INFO] [stdout]   28:     0x6447ac96aea7 - std::panicking::try::h3824d23db772a716
[INFO] [stdout]                                at /rustc/df4ca44d3fbc9301ee17f30f4d474e6ae4b05252/library/std/src/panicking.rs:520:19
[INFO] [stdout]   29:     0x6447ac96aea7 - std::panic::catch_unwind::h5afd514605fde46b
[INFO] [stdout]                                at /rustc/df4ca44d3fbc9301ee17f30f4d474e6ae4b05252/library/std/src/panic.rs:358:14
[INFO] [stdout]   30:     0x6447ac96aea7 - test::run_test_in_process::h0d5cbfa7067d1720
[INFO] [stdout]                                at /rustc/df4ca44d3fbc9301ee17f30f4d474e6ae4b05252/library/test/src/lib.rs:644:27
[INFO] [stdout]   31:     0x6447ac96aea7 - test::run_test::{{closure}}::h708eb8872708115d
[INFO] [stdout]                                at /rustc/df4ca44d3fbc9301ee17f30f4d474e6ae4b05252/library/test/src/lib.rs:565:43
[INFO] [stdout]   32:     0x6447ac92e5c4 - test::run_test::{{closure}}::h392c51cee94713ab
[INFO] [stdout]                                at /rustc/df4ca44d3fbc9301ee17f30f4d474e6ae4b05252/library/test/src/lib.rs:595:41
[INFO] [stdout]   33:     0x6447ac92e5c4 - std::sys::backtrace::__rust_begin_short_backtrace::h2f40290710935a8b
[INFO] [stdout]                                at /rustc/df4ca44d3fbc9301ee17f30f4d474e6ae4b05252/library/std/src/sys/backtrace.rs:154:18
[INFO] [stdout]   34:     0x6447ac931d6e - std::thread::Builder::spawn_unchecked_::{{closure}}::{{closure}}::h3fd968d89053a903
[INFO] [stdout]                                at /rustc/df4ca44d3fbc9301ee17f30f4d474e6ae4b05252/library/std/src/thread/mod.rs:541:17
[INFO] [stdout]   35:     0x6447ac931d6e - <core::panic::unwind_safe::AssertUnwindSafe<F> as core::ops::function::FnOnce<()>>::call_once::h743f637ba4229880
[INFO] [stdout]                                at /rustc/df4ca44d3fbc9301ee17f30f4d474e6ae4b05252/library/core/src/panic/unwind_safe.rs:272:9
[INFO] [stdout]   36:     0x6447ac931d6e - std::panicking::try::do_call::h07440897322525a6
[INFO] [stdout]                                at /rustc/df4ca44d3fbc9301ee17f30f4d474e6ae4b05252/library/std/src/panicking.rs:557:40
[INFO] [stdout]   37:     0x6447ac931d6e - std::panicking::try::he5a2e00188156637
[INFO] [stdout]                                at /rustc/df4ca44d3fbc9301ee17f30f4d474e6ae4b05252/library/std/src/panicking.rs:520:19
[INFO] [stdout]   38:     0x6447ac931d6e - std::panic::catch_unwind::hbaf3cae49b3c6433
[INFO] [stdout]                                at /rustc/df4ca44d3fbc9301ee17f30f4d474e6ae4b05252/library/std/src/panic.rs:358:14
[INFO] [stdout]   39:     0x6447ac931d6e - std::thread::Builder::spawn_unchecked_::{{closure}}::h8e141ea224820bce
[INFO] [stdout]                                at /rustc/df4ca44d3fbc9301ee17f30f4d474e6ae4b05252/library/std/src/thread/mod.rs:540:30
[INFO] [stdout]   40:     0x6447ac931d6e - core::ops::function::FnOnce::call_once{{vtable.shim}}::h90d312fedd7b8ea8
[INFO] [stdout]                                at /rustc/df4ca44d3fbc9301ee17f30f4d474e6ae4b05252/library/core/src/ops/function.rs:250:5
[INFO] [stdout]   41:     0x6447aca9bc1b - <alloc::boxed::Box<F,A> as core::ops::function::FnOnce<Args>>::call_once::h69aa08ddb6adb8b6
[INFO] [stdout]                                at /rustc/df4ca44d3fbc9301ee17f30f4d474e6ae4b05252/library/alloc/src/boxed.rs:2454:9
[INFO] [stdout]   42:     0x6447aca9bc1b - <alloc::boxed::Box<F,A> as core::ops::function::FnOnce<Args>>::call_once::h5aa36efdb79c806f
[INFO] [stdout]                                at /rustc/df4ca44d3fbc9301ee17f30f4d474e6ae4b05252/library/alloc/src/boxed.rs:2454:9
[INFO] [stdout]   43:     0x6447aca9bc1b - std::sys::pal::unix::thread::Thread::new::thread_start::h6cd80a1b4be5158d
[INFO] [stdout]                                at /rustc/df4ca44d3fbc9301ee17f30f4d474e6ae4b05252/library/std/src/sys/pal/unix/thread.rs:105:17
[INFO] [stdout]   44:     0x784489441ac3 - <unknown>
[INFO] [stdout]   45:     0x7844894d2a04 - clone
[INFO] [stdout]   46:                0x0 - <unknown>
[INFO] [stdout] 
[INFO] [stdout] 
[INFO] [stdout] failures:
[INFO] [stdout]     record_batch::tests::byte_size_should_not_regress
[INFO] [stdout] 
[INFO] [stdout] test result: FAILED. 482 passed; 1 failed; 1 ignored; 0 measured; 0 filtered out; finished in 0.07s
[INFO] [stdout] 
[INFO] [stderr] error: test failed, to rerun pass `--lib`
[INFO] running `Command { std: "docker" "inspect" "caa9f6f2af9505f72142711f5823a1c5819f29e977a4401e8b6ae9251394b3a4", kill_on_drop: false }`
[INFO] running `Command { std: "docker" "rm" "-f" "caa9f6f2af9505f72142711f5823a1c5819f29e977a4401e8b6ae9251394b3a4", kill_on_drop: false }`
[INFO] [stdout] caa9f6f2af9505f72142711f5823a1c5819f29e977a4401e8b6ae9251394b3a4
