[INFO] fetching crate apollo-compiler 1.0.0-beta.24...
[INFO] testing apollo-compiler-1.0.0-beta.24 against nightly-2024-10-28 for randomize-layout
[INFO] extracting crate apollo-compiler 1.0.0-beta.24 into /workspace/builds/worker-3-tc1/source
[INFO] validating manifest of crates.io crate apollo-compiler 1.0.0-beta.24 on toolchain nightly-2024-10-28
[INFO] running `Command { std: CARGO_HOME="/workspace/cargo-home" RUSTUP_HOME="/workspace/rustup-home" "/workspace/cargo-home/bin/cargo" "+nightly-2024-10-28" "metadata" "--manifest-path" "Cargo.toml" "--no-deps", kill_on_drop: false }`
[INFO] started tweaking crates.io crate apollo-compiler 1.0.0-beta.24
[INFO] removed 0 missing tests
[INFO] finished tweaking crates.io crate apollo-compiler 1.0.0-beta.24
[INFO] tweaked toml for crates.io crate apollo-compiler 1.0.0-beta.24 written to /workspace/builds/worker-3-tc1/source/Cargo.toml
[INFO] crate crates.io crate apollo-compiler 1.0.0-beta.24 already has a lockfile, it will not be regenerated
[INFO] running `Command { std: CARGO_HOME="/workspace/cargo-home" RUSTUP_HOME="/workspace/rustup-home" "/workspace/cargo-home/bin/cargo" "+nightly-2024-10-28" "fetch" "--manifest-path" "Cargo.toml", kill_on_drop: false }`
[INFO] [stderr]     Updating crates.io index
[INFO] [stderr]  Downloading crates ...
[INFO] [stderr]   Downloaded unindent v0.2.3
[INFO] [stderr]   Downloaded serial_test_derive v3.1.1
[INFO] [stderr]   Downloaded typed-arena v2.0.2
[INFO] [stderr]   Downloaded triomphe v0.1.13
[INFO] [stderr]   Downloaded is-terminal v0.4.12
[INFO] [stderr]   Downloaded serial_test v3.1.1
[INFO] [stderr]   Downloaded memoffset v0.9.1
[INFO] [stderr]   Downloaded filetime v0.2.23
[INFO] [stderr]   Downloaded clap_lex v0.7.1
[INFO] [stderr]   Downloaded windows-targets v0.42.2
[INFO] [stderr]   Downloaded plotters-backend v0.3.6
[INFO] [stderr]   Downloaded ariadne v0.4.1
[INFO] [stderr]   Downloaded winapi-util v0.1.8
[INFO] [stderr]   Downloaded jsonpath-rust v0.3.5
[INFO] [stderr]   Downloaded concolor-query v0.3.3
[INFO] [stderr]   Downloaded dissimilar v1.0.9
[INFO] [stderr]   Downloaded notify v6.1.1
[INFO] [stderr]   Downloaded pest_meta v2.7.11
[INFO] [stderr]   Downloaded pest_derive v2.7.11
[INFO] [stderr]   Downloaded rowan v0.15.15
[INFO] [stderr]   Downloaded clap v4.5.9
[INFO] [stderr]   Downloaded crossbeam-channel v0.5.13
[INFO] [stderr]   Downloaded scc v2.1.2
[INFO] [stderr]   Downloaded plotters v0.3.6
[INFO] [stderr]   Downloaded clap_builder v4.5.9
[INFO] [stderr]   Downloaded syn v2.0.70
[INFO] [stderr]   Downloaded apollo-parser v0.8.2
[INFO] [stderr]   Downloaded pretty_assertions v1.4.0
[INFO] [stderr]   Downloaded indexmap v2.2.6
[INFO] [stderr]   Downloaded regex v1.10.5
[INFO] [stderr]   Downloaded serde_json_bytes v0.2.4
[INFO] [stderr]   Downloaded redox_syscall v0.4.1
[INFO] [stderr]   Downloaded windows_aarch64_gnullvm v0.42.2
[INFO] [stderr]   Downloaded windows_x86_64_gnullvm v0.42.2
[INFO] [stderr]   Downloaded sdd v0.2.0
[INFO] [stderr]   Downloaded regex-syntax v0.8.4
[INFO] [stderr]   Downloaded concolor v0.1.1
[INFO] [stderr]   Downloaded anstyle v1.0.7
[INFO] [stderr]   Downloaded countme v3.0.1
[INFO] [stderr]   Downloaded text-size v1.1.1
[INFO] [stderr]   Downloaded uuid v1.10.0
[INFO] [stderr]   Downloaded kqueue v1.0.8
[INFO] [stderr]   Downloaded yansi v0.5.1
[INFO] [stderr]   Downloaded plotters-svg v0.3.6
[INFO] [stderr]   Downloaded expect-test v1.5.0
[INFO] [stderr]   Downloaded fsevent-sys v4.1.0
[INFO] [stderr]   Downloaded inotify-sys v0.1.5
[INFO] [stderr]   Downloaded regex-automata v0.4.7
[INFO] [stderr]   Downloaded kqueue-sys v1.0.4
[INFO] [stderr]   Downloaded windows_aarch64_msvc v0.42.2
[INFO] [stderr]   Downloaded windows_x86_64_msvc v0.42.2
[INFO] [stderr]   Downloaded quote v1.0.36
[INFO] [stderr]   Downloaded inotify v0.9.6
[INFO] [stderr]   Downloaded pest_generator v2.7.11
[INFO] [stderr]   Downloaded windows_x86_64_gnu v0.42.2
[INFO] [stderr]   Downloaded windows_i686_gnu v0.42.2
[INFO] [stderr]   Downloaded windows_i686_msvc v0.42.2
[INFO] [stderr]   Downloaded windows-sys v0.45.0
[INFO] running `Command { std: "docker" "create" "-v" "/var/lib/crater-agent-workspace/builds/worker-3-tc1/target:/opt/rustwide/target:rw,Z" "-v" "/var/lib/crater-agent-workspace/builds/worker-3-tc1/source:/opt/rustwide/workdir:ro,Z" "-v" "/var/lib/crater-agent-workspace/cargo-home:/opt/rustwide/cargo-home:ro,Z" "-v" "/var/lib/crater-agent-workspace/rustup-home:/opt/rustwide/rustup-home:ro,Z" "-e" "SOURCE_DIR=/opt/rustwide/workdir" "-e" "CARGO_TARGET_DIR=/opt/rustwide/target" "-e" "CARGO_HOME=/opt/rustwide/cargo-home" "-e" "RUSTUP_HOME=/opt/rustwide/rustup-home" "-w" "/opt/rustwide/workdir" "-m" "1610612736" "--user" "0:0" "--network" "none" "ghcr.io/rust-lang/crates-build-env/linux@sha256:4a844ea9eb2546a2d2c7022eacef16ef2e8229c7fbb2c7d4d55a9ceca922f72d" "/opt/rustwide/cargo-home/bin/cargo" "+nightly-2024-10-28" "metadata" "--no-deps" "--format-version=1", kill_on_drop: false }`
[INFO] [stdout] a55b625d5db9909bb8240e9d0b379f1c26a22882ce0bfcf20322cb6db0bb6ced
[INFO] running `Command { std: "docker" "start" "-a" "a55b625d5db9909bb8240e9d0b379f1c26a22882ce0bfcf20322cb6db0bb6ced", kill_on_drop: false }`
[INFO] running `Command { std: "docker" "inspect" "a55b625d5db9909bb8240e9d0b379f1c26a22882ce0bfcf20322cb6db0bb6ced", kill_on_drop: false }`
[INFO] running `Command { std: "docker" "rm" "-f" "a55b625d5db9909bb8240e9d0b379f1c26a22882ce0bfcf20322cb6db0bb6ced", kill_on_drop: false }`
[INFO] [stdout] a55b625d5db9909bb8240e9d0b379f1c26a22882ce0bfcf20322cb6db0bb6ced
[INFO] running `Command { std: "docker" "create" "-v" "/var/lib/crater-agent-workspace/builds/worker-3-tc1/target:/opt/rustwide/target:rw,Z" "-v" "/var/lib/crater-agent-workspace/builds/worker-3-tc1/source:/opt/rustwide/workdir:ro,Z" "-v" "/var/lib/crater-agent-workspace/cargo-home:/opt/rustwide/cargo-home:ro,Z" "-v" "/var/lib/crater-agent-workspace/rustup-home:/opt/rustwide/rustup-home:ro,Z" "-e" "SOURCE_DIR=/opt/rustwide/workdir" "-e" "CARGO_TARGET_DIR=/opt/rustwide/target" "-e" "CARGO_INCREMENTAL=0" "-e" "RUST_BACKTRACE=full" "-e" "RUSTFLAGS=--cap-lints=forbid" "-e" "RUSTDOCFLAGS=--cap-lints=forbid" "-e" "CARGO_HOME=/opt/rustwide/cargo-home" "-e" "RUSTUP_HOME=/opt/rustwide/rustup-home" "-w" "/opt/rustwide/workdir" "-m" "1610612736" "--user" "0:0" "--network" "none" "ghcr.io/rust-lang/crates-build-env/linux@sha256:4a844ea9eb2546a2d2c7022eacef16ef2e8229c7fbb2c7d4d55a9ceca922f72d" "/opt/rustwide/cargo-home/bin/cargo" "+nightly-2024-10-28" "build" "--frozen" "--message-format=json", kill_on_drop: false }`
[INFO] [stdout] 787f622a62d3cf2cffcd8a5cc87ef970ca60fbb09ff803ae955448eb75de32d5
[INFO] running `Command { std: "docker" "start" "-a" "787f622a62d3cf2cffcd8a5cc87ef970ca60fbb09ff803ae955448eb75de32d5", kill_on_drop: false }`
[INFO] [stderr]    Compiling proc-macro2 v1.0.86
[INFO] [stderr]    Compiling unicode-ident v1.0.12
[INFO] [stderr]    Compiling thiserror v1.0.61
[INFO] [stderr]    Compiling libc v0.2.155
[INFO] [stderr]    Compiling serde v1.0.204
[INFO] [stderr]    Compiling ucd-trie v0.1.6
[INFO] [stderr]    Compiling autocfg v1.3.0
[INFO] [stderr]    Compiling once_cell v1.19.0
[INFO] [stderr]    Compiling aho-corasick v1.1.3
[INFO] [stderr]    Compiling hashbrown v0.14.5
[INFO] [stderr]    Compiling regex-syntax v0.8.4
[INFO] [stderr]    Compiling serde_json v1.0.120
[INFO] [stderr]    Compiling version_check v0.9.4
[INFO] [stderr]    Compiling memoffset v0.9.1
[INFO] [stderr]    Compiling concolor-query v0.3.3
[INFO] [stderr]    Compiling zerocopy v0.7.35
[INFO] [stderr]    Compiling rustc-hash v1.1.0
[INFO] [stderr]    Compiling ahash v0.8.11
[INFO] [stderr]    Compiling text-size v1.1.1
[INFO] [stderr]    Compiling quote v1.0.36
[INFO] [stderr]    Compiling countme v3.0.1
[INFO] [stderr]    Compiling rowan v0.15.15
[INFO] [stderr]    Compiling indexmap v2.2.6
[INFO] [stderr]    Compiling syn v2.0.70
[INFO] [stderr]    Compiling is-terminal v0.4.12
[INFO] [stderr]    Compiling getrandom v0.2.15
[INFO] [stderr]    Compiling concolor v0.1.1
[INFO] [stderr]    Compiling unicode-width v0.1.13
[INFO] [stderr]    Compiling bytes v1.6.0
[INFO] [stderr]    Compiling stable_deref_trait v1.2.0
[INFO] [stderr]    Compiling yansi v1.0.1
[INFO] [stderr]    Compiling typed-arena v2.0.2
[INFO] [stderr]    Compiling ariadne v0.4.1
[INFO] [stderr]    Compiling regex-automata v0.4.7
[INFO] [stderr]    Compiling thiserror-impl v1.0.61
[INFO] [stderr]    Compiling serde_derive v1.0.204
[INFO] [stderr]    Compiling pest v2.7.11
[INFO] [stderr]    Compiling apollo-parser v0.8.2
[INFO] [stderr]    Compiling regex v1.10.5
[INFO] [stderr]    Compiling pest_meta v2.7.11
[INFO] [stderr]    Compiling pest_generator v2.7.11
[INFO] [stderr]    Compiling pest_derive v2.7.11
[INFO] [stderr]    Compiling triomphe v0.1.13
[INFO] [stderr]    Compiling jsonpath-rust v0.3.5
[INFO] [stderr]    Compiling serde_json_bytes v0.2.4
[INFO] [stderr]    Compiling apollo-compiler v1.0.0-beta.24 (/opt/rustwide/workdir)
[INFO] [stdout] warning: elided lifetime has a name
[INFO] [stdout]   --> src/execution/resolver.rs:26:31
[INFO] [stdout]    |
[INFO] [stdout] 22 |     fn resolve_field<'a>(
[INFO] [stdout]    |                      -- lifetime `'a` declared here
[INFO] [stdout] ...
[INFO] [stdout] 26 |     ) -> Result<ResolvedValue<'_>, ResolverError>;
[INFO] [stdout]    |                               ^^ this elided lifetime gets resolved as `'a`
[INFO] [stdout]    |
[INFO] [stdout]    = note: `#[warn(elided_named_lifetimes)]` on by default
[INFO] [stdout] 
[INFO] [stdout] 
[INFO] [stdout] warning: elided lifetime has a name
[INFO] [stdout]    --> src/execution/resolver.rs:65:60
[INFO] [stdout]     |
[INFO] [stdout] 60  |               fn resolve_field<'a>(
[INFO] [stdout]     |                                -- lifetime `'a` declared here
[INFO] [stdout] ...
[INFO] [stdout] 65  |                   $crate::execution::resolver::ResolvedValue<'_>,
[INFO] [stdout]     |                                                              ^^ this elided lifetime gets resolved as `'a`
[INFO] [stdout]     |
[INFO] [stdout]    ::: src/execution/introspection_execute.rs:257:1
[INFO] [stdout]     |
[INFO] [stdout] 257 | / impl_resolver! {
[INFO] [stdout] 258 | |     for IntrospectionRootResolver<'_>:
[INFO] [stdout] 259 | |
[INFO] [stdout] 260 | |     __typename = unreachable!();
[INFO] [stdout] ...   |
[INFO] [stdout] 269 | |     }
[INFO] [stdout] 270 | | }
[INFO] [stdout]     | |_- in this macro invocation
[INFO] [stdout]     |
[INFO] [stdout]     = note: this warning originates in the macro `impl_resolver` (in Nightly builds, run with -Z macro-backtrace for more info)
[INFO] [stdout] 
[INFO] [stdout] 
[INFO] [stdout] warning: elided lifetime has a name
[INFO] [stdout]    --> src/execution/resolver.rs:65:60
[INFO] [stdout]     |
[INFO] [stdout] 60  |               fn resolve_field<'a>(
[INFO] [stdout]     |                                -- lifetime `'a` declared here
[INFO] [stdout] ...
[INFO] [stdout] 65  |                   $crate::execution::resolver::ResolvedValue<'_>,
[INFO] [stdout]     |                                                              ^^ this elided lifetime gets resolved as `'a`
[INFO] [stdout]     |
[INFO] [stdout]    ::: src/execution/introspection_execute.rs:272:1
[INFO] [stdout]     |
[INFO] [stdout] 272 | / impl_resolver! {
[INFO] [stdout] 273 | |     for SchemaWithCache<'_>:
[INFO] [stdout] 274 | |
[INFO] [stdout] 275 | |     __typename = "__Schema";
[INFO] [stdout] ...   |
[INFO] [stdout] 303 | |     }
[INFO] [stdout] 304 | | }
[INFO] [stdout]     | |_- in this macro invocation
[INFO] [stdout]     |
[INFO] [stdout]     = note: this warning originates in the macro `impl_resolver` (in Nightly builds, run with -Z macro-backtrace for more info)
[INFO] [stdout] 
[INFO] [stdout] 
[INFO] [stdout] warning: elided lifetime has a name
[INFO] [stdout]    --> src/execution/resolver.rs:65:60
[INFO] [stdout]     |
[INFO] [stdout] 60  |               fn resolve_field<'a>(
[INFO] [stdout]     |                                -- lifetime `'a` declared here
[INFO] [stdout] ...
[INFO] [stdout] 65  |                   $crate::execution::resolver::ResolvedValue<'_>,
[INFO] [stdout]     |                                                              ^^ this elided lifetime gets resolved as `'a`
[INFO] [stdout]     |
[INFO] [stdout]    ::: src/execution/introspection_execute.rs:306:1
[INFO] [stdout]     |
[INFO] [stdout] 306 | / impl_resolver! {
[INFO] [stdout] 307 | |     for TypeDefResolver<'_>:
[INFO] [stdout] 308 | |
[INFO] [stdout] 309 | |     __typename = "__Type";
[INFO] [stdout] ...   |
[INFO] [stdout] 434 | |     }
[INFO] [stdout] 435 | | }
[INFO] [stdout]     | |_- in this macro invocation
[INFO] [stdout]     |
[INFO] [stdout]     = note: this warning originates in the macro `impl_resolver` (in Nightly builds, run with -Z macro-backtrace for more info)
[INFO] [stdout] 
[INFO] [stdout] 
[INFO] [stdout] warning: elided lifetime has a name
[INFO] [stdout]    --> src/execution/resolver.rs:65:60
[INFO] [stdout]     |
[INFO] [stdout] 60  |               fn resolve_field<'a>(
[INFO] [stdout]     |                                -- lifetime `'a` declared here
[INFO] [stdout] ...
[INFO] [stdout] 65  |                   $crate::execution::resolver::ResolvedValue<'_>,
[INFO] [stdout]     |                                                              ^^ this elided lifetime gets resolved as `'a`
[INFO] [stdout]     |
[INFO] [stdout]    ::: src/execution/introspection_execute.rs:438:1
[INFO] [stdout]     |
[INFO] [stdout] 438 | / impl_resolver! {
[INFO] [stdout] 439 | |     for TypeResolver<'_>:
[INFO] [stdout] 440 | |
[INFO] [stdout] 441 | |     __typename = "__Type";
[INFO] [stdout] ...   |
[INFO] [stdout] 471 | |     fn specifiedByURL() { Ok(ResolvedValue::null()) }
[INFO] [stdout] 472 | | }
[INFO] [stdout]     | |_- in this macro invocation
[INFO] [stdout]     |
[INFO] [stdout]     = note: this warning originates in the macro `impl_resolver` (in Nightly builds, run with -Z macro-backtrace for more info)
[INFO] [stdout] 
[INFO] [stdout] 
[INFO] [stdout] warning: elided lifetime has a name
[INFO] [stdout]    --> src/execution/resolver.rs:65:60
[INFO] [stdout]     |
[INFO] [stdout] 60  |               fn resolve_field<'a>(
[INFO] [stdout]     |                                -- lifetime `'a` declared here
[INFO] [stdout] ...
[INFO] [stdout] 65  |                   $crate::execution::resolver::ResolvedValue<'_>,
[INFO] [stdout]     |                                                              ^^ this elided lifetime gets resolved as `'a`
[INFO] [stdout]     |
[INFO] [stdout]    ::: src/execution/introspection_execute.rs:474:1
[INFO] [stdout]     |
[INFO] [stdout] 474 | / impl_resolver! {
[INFO] [stdout] 475 | |     for DirectiveResolver<'_>:
[INFO] [stdout] 476 | |
[INFO] [stdout] 477 | |     __typename = "__Directive";
[INFO] [stdout] ...   |
[INFO] [stdout] 510 | |     }
[INFO] [stdout] 511 | | }
[INFO] [stdout]     | |_- in this macro invocation
[INFO] [stdout]     |
[INFO] [stdout]     = note: this warning originates in the macro `impl_resolver` (in Nightly builds, run with -Z macro-backtrace for more info)
[INFO] [stdout] 
[INFO] [stdout] 
[INFO] [stdout] warning: elided lifetime has a name
[INFO] [stdout]    --> src/execution/resolver.rs:65:60
[INFO] [stdout]     |
[INFO] [stdout] 60  |               fn resolve_field<'a>(
[INFO] [stdout]     |                                -- lifetime `'a` declared here
[INFO] [stdout] ...
[INFO] [stdout] 65  |                   $crate::execution::resolver::ResolvedValue<'_>,
[INFO] [stdout]     |                                                              ^^ this elided lifetime gets resolved as `'a`
[INFO] [stdout]     |
[INFO] [stdout]    ::: src/execution/introspection_execute.rs:513:1
[INFO] [stdout]     |
[INFO] [stdout] 513 | / impl_resolver! {
[INFO] [stdout] 514 | |     for FieldResolver<'_>:
[INFO] [stdout] 515 | |
[INFO] [stdout] 516 | |     __typename = "__Field";
[INFO] [stdout] ...   |
[INFO] [stdout] 551 | |     }
[INFO] [stdout] 552 | | }
[INFO] [stdout]     | |_- in this macro invocation
[INFO] [stdout]     |
[INFO] [stdout]     = note: this warning originates in the macro `impl_resolver` (in Nightly builds, run with -Z macro-backtrace for more info)
[INFO] [stdout] 
[INFO] [stdout] 
[INFO] [stdout] warning: elided lifetime has a name
[INFO] [stdout]    --> src/execution/resolver.rs:65:60
[INFO] [stdout]     |
[INFO] [stdout] 60  |               fn resolve_field<'a>(
[INFO] [stdout]     |                                -- lifetime `'a` declared here
[INFO] [stdout] ...
[INFO] [stdout] 65  |                   $crate::execution::resolver::ResolvedValue<'_>,
[INFO] [stdout]     |                                                              ^^ this elided lifetime gets resolved as `'a`
[INFO] [stdout]     |
[INFO] [stdout]    ::: src/execution/introspection_execute.rs:554:1
[INFO] [stdout]     |
[INFO] [stdout] 554 | / impl_resolver! {
[INFO] [stdout] 555 | |     for EnumValueResolver<'_>:
[INFO] [stdout] 556 | |
[INFO] [stdout] 557 | |     __typename = "__EnumValue";
[INFO] [stdout] ...   |
[INFO] [stdout] 573 | |     }
[INFO] [stdout] 574 | | }
[INFO] [stdout]     | |_- in this macro invocation
[INFO] [stdout]     |
[INFO] [stdout]     = note: this warning originates in the macro `impl_resolver` (in Nightly builds, run with -Z macro-backtrace for more info)
[INFO] [stdout] 
[INFO] [stdout] 
[INFO] [stdout] warning: elided lifetime has a name
[INFO] [stdout]    --> src/execution/resolver.rs:65:60
[INFO] [stdout]     |
[INFO] [stdout] 60  |               fn resolve_field<'a>(
[INFO] [stdout]     |                                -- lifetime `'a` declared here
[INFO] [stdout] ...
[INFO] [stdout] 65  |                   $crate::execution::resolver::ResolvedValue<'_>,
[INFO] [stdout]     |                                                              ^^ this elided lifetime gets resolved as `'a`
[INFO] [stdout]     |
[INFO] [stdout]    ::: src/execution/introspection_execute.rs:576:1
[INFO] [stdout]     |
[INFO] [stdout] 576 | / impl_resolver! {
[INFO] [stdout] 577 | |     for InputValueResolver<'_>:
[INFO] [stdout] 578 | |
[INFO] [stdout] 579 | |     __typename = "__InputValue";
[INFO] [stdout] ...   |
[INFO] [stdout] 605 | |     }
[INFO] [stdout] 606 | | }
[INFO] [stdout]     | |_- in this macro invocation
[INFO] [stdout]     |
[INFO] [stdout]     = note: this warning originates in the macro `impl_resolver` (in Nightly builds, run with -Z macro-backtrace for more info)
[INFO] [stdout] 
[INFO] [stdout] 
[INFO] [stderr]     Finished `dev` profile [unoptimized + debuginfo] target(s) in 10.58s
[INFO] running `Command { std: "docker" "inspect" "787f622a62d3cf2cffcd8a5cc87ef970ca60fbb09ff803ae955448eb75de32d5", kill_on_drop: false }`
[INFO] running `Command { std: "docker" "rm" "-f" "787f622a62d3cf2cffcd8a5cc87ef970ca60fbb09ff803ae955448eb75de32d5", kill_on_drop: false }`
[INFO] [stdout] 787f622a62d3cf2cffcd8a5cc87ef970ca60fbb09ff803ae955448eb75de32d5
[INFO] running `Command { std: "docker" "create" "-v" "/var/lib/crater-agent-workspace/builds/worker-3-tc1/target:/opt/rustwide/target:rw,Z" "-v" "/var/lib/crater-agent-workspace/builds/worker-3-tc1/source:/opt/rustwide/workdir:ro,Z" "-v" "/var/lib/crater-agent-workspace/cargo-home:/opt/rustwide/cargo-home:ro,Z" "-v" "/var/lib/crater-agent-workspace/rustup-home:/opt/rustwide/rustup-home:ro,Z" "-e" "SOURCE_DIR=/opt/rustwide/workdir" "-e" "CARGO_TARGET_DIR=/opt/rustwide/target" "-e" "CARGO_INCREMENTAL=0" "-e" "RUST_BACKTRACE=full" "-e" "RUSTFLAGS=--cap-lints=forbid" "-e" "RUSTDOCFLAGS=--cap-lints=forbid" "-e" "CARGO_HOME=/opt/rustwide/cargo-home" "-e" "RUSTUP_HOME=/opt/rustwide/rustup-home" "-w" "/opt/rustwide/workdir" "-m" "1610612736" "--user" "0:0" "--network" "none" "ghcr.io/rust-lang/crates-build-env/linux@sha256:4a844ea9eb2546a2d2c7022eacef16ef2e8229c7fbb2c7d4d55a9ceca922f72d" "/opt/rustwide/cargo-home/bin/cargo" "+nightly-2024-10-28" "test" "--frozen" "--no-run" "--message-format=json", kill_on_drop: false }`
[INFO] [stdout] e8bc2afe05ed631ca22a36db7c07f7a02ce4e73bae7082c25cd59a06f9fb27bb
[INFO] running `Command { std: "docker" "start" "-a" "e8bc2afe05ed631ca22a36db7c07f7a02ce4e73bae7082c25cd59a06f9fb27bb", kill_on_drop: false }`
[INFO] [stderr]    Compiling once_cell v1.19.0
[INFO] [stderr]    Compiling serde v1.0.204
[INFO] [stderr]    Compiling slab v0.4.9
[INFO] [stderr]    Compiling syn v2.0.70
[INFO] [stderr]    Compiling futures-core v0.3.30
[INFO] [stderr]    Compiling futures-sink v0.3.30
[INFO] [stderr]    Compiling num-traits v0.2.19
[INFO] [stderr]    Compiling lock_api v0.4.12
[INFO] [stderr]    Compiling either v1.13.0
[INFO] [stderr]    Compiling futures-channel v0.3.30
[INFO] [stderr]    Compiling pin-project-lite v0.2.14
[INFO] [stderr]    Compiling futures-io v0.3.30
[INFO] [stderr]    Compiling futures-task v0.3.30
[INFO] [stderr]    Compiling half v2.4.1
[INFO] [stderr]    Compiling anstyle v1.0.7
[INFO] [stderr]    Compiling ciborium-io v0.2.2
[INFO] [stderr]    Compiling futures-util v0.3.30
[INFO] [stderr]    Compiling plotters-backend v0.3.6
[INFO] [stderr]    Compiling clap_lex v0.7.1
[INFO] [stderr]    Compiling parking_lot_core v0.9.10
[INFO] [stderr]    Compiling clap_builder v4.5.9
[INFO] [stderr]    Compiling ciborium-ll v0.2.2
[INFO] [stderr]    Compiling plotters-svg v0.3.6
[INFO] [stderr]    Compiling itertools v0.10.5
[INFO] [stderr]    Compiling ahash v0.8.11
[INFO] [stderr]    Compiling inotify-sys v0.1.5
[INFO] [stderr]    Compiling sdd v0.2.0
[INFO] [stderr]    Compiling cast v0.3.0
[INFO] [stderr]    Compiling anyhow v1.0.86
[INFO] [stderr]    Compiling scc v2.1.2
[INFO] [stderr]    Compiling inotify v0.9.6
[INFO] [stderr]    Compiling plotters v0.3.6
[INFO] [stderr]    Compiling parking_lot v0.12.3
[INFO] [stderr]    Compiling rayon v1.10.0
[INFO] [stderr]    Compiling mio v0.8.11
[INFO] [stderr]    Compiling criterion-plot v0.5.0
[INFO] [stderr]    Compiling crossbeam-channel v0.5.13
[INFO] [stderr]    Compiling clap v4.5.9
[INFO] [stderr]    Compiling filetime v0.2.23
[INFO] [stderr]    Compiling diff v0.1.13
[INFO] [stderr]    Compiling dissimilar v1.0.9
[INFO] [stderr]    Compiling anes v0.1.6
[INFO] [stderr]    Compiling yansi v0.5.1
[INFO] [stderr]    Compiling oorandom v11.1.4
[INFO] [stderr]    Compiling expect-test v1.5.0
[INFO] [stderr]    Compiling pretty_assertions v1.4.0
[INFO] [stderr]    Compiling notify v6.1.1
[INFO] [stderr]    Compiling unindent v0.2.3
[INFO] [stderr]    Compiling futures-executor v0.3.30
[INFO] [stderr]    Compiling futures v0.3.30
[INFO] [stderr]    Compiling thiserror-impl v1.0.61
[INFO] [stderr]    Compiling serde_derive v1.0.204
[INFO] [stderr]    Compiling serial_test_derive v3.1.1
[INFO] [stderr]    Compiling serial_test v3.1.1
[INFO] [stderr]    Compiling thiserror v1.0.61
[INFO] [stderr]    Compiling pest v2.7.11
[INFO] [stderr]    Compiling apollo-parser v0.8.2
[INFO] [stderr]    Compiling pest_meta v2.7.11
[INFO] [stderr]    Compiling pest_generator v2.7.11
[INFO] [stderr]    Compiling pest_derive v2.7.11
[INFO] [stderr]    Compiling serde_json v1.0.120
[INFO] [stderr]    Compiling triomphe v0.1.13
[INFO] [stderr]    Compiling ciborium v0.2.2
[INFO] [stderr]    Compiling jsonpath-rust v0.3.5
[INFO] [stderr]    Compiling tinytemplate v1.2.1
[INFO] [stderr]    Compiling criterion v0.5.1
[INFO] [stderr]    Compiling serde_json_bytes v0.2.4
[INFO] [stderr]    Compiling apollo-compiler v1.0.0-beta.24 (/opt/rustwide/workdir)
[INFO] [stdout] warning: elided lifetime has a name
[INFO] [stdout]   --> src/execution/resolver.rs:26:31
[INFO] [stdout]    |
[INFO] [stdout] 22 |     fn resolve_field<'a>(
[INFO] [stdout]    |                      -- lifetime `'a` declared here
[INFO] [stdout] ...
[INFO] [stdout] 26 |     ) -> Result<ResolvedValue<'_>, ResolverError>;
[INFO] [stdout]    |                               ^^ this elided lifetime gets resolved as `'a`
[INFO] [stdout]    |
[INFO] [stdout]    = note: `#[warn(elided_named_lifetimes)]` on by default
[INFO] [stdout] 
[INFO] [stdout] 
[INFO] [stdout] warning: elided lifetime has a name
[INFO] [stdout]    --> src/execution/resolver.rs:65:60
[INFO] [stdout]     |
[INFO] [stdout] 60  |               fn resolve_field<'a>(
[INFO] [stdout]     |                                -- lifetime `'a` declared here
[INFO] [stdout] ...
[INFO] [stdout] 65  |                   $crate::execution::resolver::ResolvedValue<'_>,
[INFO] [stdout]     |                                                              ^^ this elided lifetime gets resolved as `'a`
[INFO] [stdout]     |
[INFO] [stdout]    ::: src/execution/introspection_execute.rs:257:1
[INFO] [stdout]     |
[INFO] [stdout] 257 | / impl_resolver! {
[INFO] [stdout] 258 | |     for IntrospectionRootResolver<'_>:
[INFO] [stdout] 259 | |
[INFO] [stdout] 260 | |     __typename = unreachable!();
[INFO] [stdout] ...   |
[INFO] [stdout] 269 | |     }
[INFO] [stdout] 270 | | }
[INFO] [stdout]     | |_- in this macro invocation
[INFO] [stdout]     |
[INFO] [stdout]     = note: this warning originates in the macro `impl_resolver` (in Nightly builds, run with -Z macro-backtrace for more info)
[INFO] [stdout] 
[INFO] [stdout] 
[INFO] [stdout] warning: elided lifetime has a name
[INFO] [stdout]    --> src/execution/resolver.rs:65:60
[INFO] [stdout]     |
[INFO] [stdout] 60  |               fn resolve_field<'a>(
[INFO] [stdout]     |                                -- lifetime `'a` declared here
[INFO] [stdout] ...
[INFO] [stdout] 65  |                   $crate::execution::resolver::ResolvedValue<'_>,
[INFO] [stdout]     |                                                              ^^ this elided lifetime gets resolved as `'a`
[INFO] [stdout]     |
[INFO] [stdout]    ::: src/execution/introspection_execute.rs:272:1
[INFO] [stdout]     |
[INFO] [stdout] 272 | / impl_resolver! {
[INFO] [stdout] 273 | |     for SchemaWithCache<'_>:
[INFO] [stdout] 274 | |
[INFO] [stdout] 275 | |     __typename = "__Schema";
[INFO] [stdout] ...   |
[INFO] [stdout] 303 | |     }
[INFO] [stdout] 304 | | }
[INFO] [stdout]     | |_- in this macro invocation
[INFO] [stdout]     |
[INFO] [stdout]     = note: this warning originates in the macro `impl_resolver` (in Nightly builds, run with -Z macro-backtrace for more info)
[INFO] [stdout] 
[INFO] [stdout] 
[INFO] [stdout] warning: elided lifetime has a name
[INFO] [stdout]    --> src/execution/resolver.rs:65:60
[INFO] [stdout]     |
[INFO] [stdout] 60  |               fn resolve_field<'a>(
[INFO] [stdout]     |                                -- lifetime `'a` declared here
[INFO] [stdout] ...
[INFO] [stdout] 65  |                   $crate::execution::resolver::ResolvedValue<'_>,
[INFO] [stdout]     |                                                              ^^ this elided lifetime gets resolved as `'a`
[INFO] [stdout]     |
[INFO] [stdout]    ::: src/execution/introspection_execute.rs:306:1
[INFO] [stdout]     |
[INFO] [stdout] 306 | / impl_resolver! {
[INFO] [stdout] 307 | |     for TypeDefResolver<'_>:
[INFO] [stdout] 308 | |
[INFO] [stdout] 309 | |     __typename = "__Type";
[INFO] [stdout] ...   |
[INFO] [stdout] 434 | |     }
[INFO] [stdout] 435 | | }
[INFO] [stdout]     | |_- in this macro invocation
[INFO] [stdout]     |
[INFO] [stdout]     = note: this warning originates in the macro `impl_resolver` (in Nightly builds, run with -Z macro-backtrace for more info)
[INFO] [stdout] 
[INFO] [stdout] 
[INFO] [stdout] warning: elided lifetime has a name
[INFO] [stdout]    --> src/execution/resolver.rs:65:60
[INFO] [stdout]     |
[INFO] [stdout] 60  |               fn resolve_field<'a>(
[INFO] [stdout]     |                                -- lifetime `'a` declared here
[INFO] [stdout] ...
[INFO] [stdout] 65  |                   $crate::execution::resolver::ResolvedValue<'_>,
[INFO] [stdout]     |                                                              ^^ this elided lifetime gets resolved as `'a`
[INFO] [stdout]     |
[INFO] [stdout]    ::: src/execution/introspection_execute.rs:438:1
[INFO] [stdout]     |
[INFO] [stdout] 438 | / impl_resolver! {
[INFO] [stdout] 439 | |     for TypeResolver<'_>:
[INFO] [stdout] 440 | |
[INFO] [stdout] 441 | |     __typename = "__Type";
[INFO] [stdout] ...   |
[INFO] [stdout] 471 | |     fn specifiedByURL() { Ok(ResolvedValue::null()) }
[INFO] [stdout] 472 | | }
[INFO] [stdout]     | |_- in this macro invocation
[INFO] [stdout]     |
[INFO] [stdout]     = note: this warning originates in the macro `impl_resolver` (in Nightly builds, run with -Z macro-backtrace for more info)
[INFO] [stdout] 
[INFO] [stdout] 
[INFO] [stdout] warning: elided lifetime has a name
[INFO] [stdout]    --> src/execution/resolver.rs:65:60
[INFO] [stdout]     |
[INFO] [stdout] 60  |               fn resolve_field<'a>(
[INFO] [stdout]     |                                -- lifetime `'a` declared here
[INFO] [stdout] ...
[INFO] [stdout] 65  |                   $crate::execution::resolver::ResolvedValue<'_>,
[INFO] [stdout]     |                                                              ^^ this elided lifetime gets resolved as `'a`
[INFO] [stdout]     |
[INFO] [stdout]    ::: src/execution/introspection_execute.rs:474:1
[INFO] [stdout]     |
[INFO] [stdout] 474 | / impl_resolver! {
[INFO] [stdout] 475 | |     for DirectiveResolver<'_>:
[INFO] [stdout] 476 | |
[INFO] [stdout] 477 | |     __typename = "__Directive";
[INFO] [stdout] ...   |
[INFO] [stdout] 510 | |     }
[INFO] [stdout] 511 | | }
[INFO] [stdout]     | |_- in this macro invocation
[INFO] [stdout]     |
[INFO] [stdout]     = note: this warning originates in the macro `impl_resolver` (in Nightly builds, run with -Z macro-backtrace for more info)
[INFO] [stdout] 
[INFO] [stdout] 
[INFO] [stdout] warning: elided lifetime has a name
[INFO] [stdout]    --> src/execution/resolver.rs:65:60
[INFO] [stdout]     |
[INFO] [stdout] 60  |               fn resolve_field<'a>(
[INFO] [stdout]     |                                -- lifetime `'a` declared here
[INFO] [stdout] ...
[INFO] [stdout] 65  |                   $crate::execution::resolver::ResolvedValue<'_>,
[INFO] [stdout]     |                                                              ^^ this elided lifetime gets resolved as `'a`
[INFO] [stdout]     |
[INFO] [stdout]    ::: src/execution/introspection_execute.rs:513:1
[INFO] [stdout]     |
[INFO] [stdout] 513 | / impl_resolver! {
[INFO] [stdout] 514 | |     for FieldResolver<'_>:
[INFO] [stdout] 515 | |
[INFO] [stdout] 516 | |     __typename = "__Field";
[INFO] [stdout] ...   |
[INFO] [stdout] 551 | |     }
[INFO] [stdout] 552 | | }
[INFO] [stdout]     | |_- in this macro invocation
[INFO] [stdout]     |
[INFO] [stdout]     = note: this warning originates in the macro `impl_resolver` (in Nightly builds, run with -Z macro-backtrace for more info)
[INFO] [stdout] 
[INFO] [stdout] 
[INFO] [stdout] warning: elided lifetime has a name
[INFO] [stdout]    --> src/execution/resolver.rs:65:60
[INFO] [stdout]     |
[INFO] [stdout] 60  |               fn resolve_field<'a>(
[INFO] [stdout]     |                                -- lifetime `'a` declared here
[INFO] [stdout] ...
[INFO] [stdout] 65  |                   $crate::execution::resolver::ResolvedValue<'_>,
[INFO] [stdout]     |                                                              ^^ this elided lifetime gets resolved as `'a`
[INFO] [stdout]     |
[INFO] [stdout]    ::: src/execution/introspection_execute.rs:554:1
[INFO] [stdout]     |
[INFO] [stdout] 554 | / impl_resolver! {
[INFO] [stdout] 555 | |     for EnumValueResolver<'_>:
[INFO] [stdout] 556 | |
[INFO] [stdout] 557 | |     __typename = "__EnumValue";
[INFO] [stdout] ...   |
[INFO] [stdout] 573 | |     }
[INFO] [stdout] 574 | | }
[INFO] [stdout]     | |_- in this macro invocation
[INFO] [stdout]     |
[INFO] [stdout]     = note: this warning originates in the macro `impl_resolver` (in Nightly builds, run with -Z macro-backtrace for more info)
[INFO] [stdout] 
[INFO] [stdout] 
[INFO] [stdout] warning: elided lifetime has a name
[INFO] [stdout]    --> src/execution/resolver.rs:65:60
[INFO] [stdout]     |
[INFO] [stdout] 60  |               fn resolve_field<'a>(
[INFO] [stdout]     |                                -- lifetime `'a` declared here
[INFO] [stdout] ...
[INFO] [stdout] 65  |                   $crate::execution::resolver::ResolvedValue<'_>,
[INFO] [stdout]     |                                                              ^^ this elided lifetime gets resolved as `'a`
[INFO] [stdout]     |
[INFO] [stdout]    ::: src/execution/introspection_execute.rs:576:1
[INFO] [stdout]     |
[INFO] [stdout] 576 | / impl_resolver! {
[INFO] [stdout] 577 | |     for InputValueResolver<'_>:
[INFO] [stdout] 578 | |
[INFO] [stdout] 579 | |     __typename = "__InputValue";
[INFO] [stdout] ...   |
[INFO] [stdout] 605 | |     }
[INFO] [stdout] 606 | | }
[INFO] [stdout]     | |_- in this macro invocation
[INFO] [stdout]     |
[INFO] [stdout]     = note: this warning originates in the macro `impl_resolver` (in Nightly builds, run with -Z macro-backtrace for more info)
[INFO] [stdout] 
[INFO] [stdout] 
[INFO] [stdout] warning: elided lifetime has a name
[INFO] [stdout]   --> src/execution/resolver.rs:26:31
[INFO] [stdout]    |
[INFO] [stdout] 22 |     fn resolve_field<'a>(
[INFO] [stdout]    |                      -- lifetime `'a` declared here
[INFO] [stdout] ...
[INFO] [stdout] 26 |     ) -> Result<ResolvedValue<'_>, ResolverError>;
[INFO] [stdout]    |                               ^^ this elided lifetime gets resolved as `'a`
[INFO] [stdout]    |
[INFO] [stdout]    = note: `#[warn(elided_named_lifetimes)]` on by default
[INFO] [stdout] 
[INFO] [stdout] 
[INFO] [stdout] warning: elided lifetime has a name
[INFO] [stdout]    --> src/execution/resolver.rs:65:60
[INFO] [stdout]     |
[INFO] [stdout] 60  |               fn resolve_field<'a>(
[INFO] [stdout]     |                                -- lifetime `'a` declared here
[INFO] [stdout] ...
[INFO] [stdout] 65  |                   $crate::execution::resolver::ResolvedValue<'_>,
[INFO] [stdout]     |                                                              ^^ this elided lifetime gets resolved as `'a`
[INFO] [stdout] ...
[INFO] [stdout] 150 | /     impl_resolver! {
[INFO] [stdout] 151 | |         for &'_ QueryResolver:
[INFO] [stdout] 152 | |
[INFO] [stdout] 153 | |         __typename = "Query";
[INFO] [stdout] ...   |
[INFO] [stdout] 172 | |         }
[INFO] [stdout] 173 | |     }
[INFO] [stdout]     | |_____- in this macro invocation
[INFO] [stdout]     |
[INFO] [stdout]     = note: this warning originates in the macro `impl_resolver` (in Nightly builds, run with -Z macro-backtrace for more info)
[INFO] [stdout] 
[INFO] [stdout] 
[INFO] [stdout] warning: elided lifetime has a name
[INFO] [stdout]    --> src/execution/resolver.rs:65:60
[INFO] [stdout]     |
[INFO] [stdout] 60  |               fn resolve_field<'a>(
[INFO] [stdout]     |                                -- lifetime `'a` declared here
[INFO] [stdout] ...
[INFO] [stdout] 65  |                   $crate::execution::resolver::ResolvedValue<'_>,
[INFO] [stdout]     |                                                              ^^ this elided lifetime gets resolved as `'a`
[INFO] [stdout]     |
[INFO] [stdout]    ::: src/execution/introspection_execute.rs:257:1
[INFO] [stdout]     |
[INFO] [stdout] 257 | / impl_resolver! {
[INFO] [stdout] 258 | |     for IntrospectionRootResolver<'_>:
[INFO] [stdout] 259 | |
[INFO] [stdout] 260 | |     __typename = unreachable!();
[INFO] [stdout] ...   |
[INFO] [stdout] 269 | |     }
[INFO] [stdout] 270 | | }
[INFO] [stdout]     | |_- in this macro invocation
[INFO] [stdout]     |
[INFO] [stdout]     = note: this warning originates in the macro `impl_resolver` (in Nightly builds, run with -Z macro-backtrace for more info)
[INFO] [stdout] 
[INFO] [stdout] 
[INFO] [stdout] warning: elided lifetime has a name
[INFO] [stdout]    --> src/execution/resolver.rs:65:60
[INFO] [stdout]     |
[INFO] [stdout] 60  |               fn resolve_field<'a>(
[INFO] [stdout]     |                                -- lifetime `'a` declared here
[INFO] [stdout] ...
[INFO] [stdout] 65  |                   $crate::execution::resolver::ResolvedValue<'_>,
[INFO] [stdout]     |                                                              ^^ this elided lifetime gets resolved as `'a`
[INFO] [stdout]     |
[INFO] [stdout]    ::: src/execution/introspection_execute.rs:272:1
[INFO] [stdout]     |
[INFO] [stdout] 272 | / impl_resolver! {
[INFO] [stdout] 273 | |     for SchemaWithCache<'_>:
[INFO] [stdout] 274 | |
[INFO] [stdout] 275 | |     __typename = "__Schema";
[INFO] [stdout] ...   |
[INFO] [stdout] 303 | |     }
[INFO] [stdout] 304 | | }
[INFO] [stdout]     | |_- in this macro invocation
[INFO] [stdout]     |
[INFO] [stdout]     = note: this warning originates in the macro `impl_resolver` (in Nightly builds, run with -Z macro-backtrace for more info)
[INFO] [stdout] 
[INFO] [stdout] 
[INFO] [stdout] warning: elided lifetime has a name
[INFO] [stdout]    --> src/execution/resolver.rs:65:60
[INFO] [stdout]     |
[INFO] [stdout] 60  |               fn resolve_field<'a>(
[INFO] [stdout]     |                                -- lifetime `'a` declared here
[INFO] [stdout] ...
[INFO] [stdout] 65  |                   $crate::execution::resolver::ResolvedValue<'_>,
[INFO] [stdout]     |                                                              ^^ this elided lifetime gets resolved as `'a`
[INFO] [stdout]     |
[INFO] [stdout]    ::: src/execution/introspection_execute.rs:306:1
[INFO] [stdout]     |
[INFO] [stdout] 306 | / impl_resolver! {
[INFO] [stdout] 307 | |     for TypeDefResolver<'_>:
[INFO] [stdout] 308 | |
[INFO] [stdout] 309 | |     __typename = "__Type";
[INFO] [stdout] ...   |
[INFO] [stdout] 434 | |     }
[INFO] [stdout] 435 | | }
[INFO] [stdout]     | |_- in this macro invocation
[INFO] [stdout]     |
[INFO] [stdout]     = note: this warning originates in the macro `impl_resolver` (in Nightly builds, run with -Z macro-backtrace for more info)
[INFO] [stdout] 
[INFO] [stdout] 
[INFO] [stdout] warning: elided lifetime has a name
[INFO] [stdout]    --> src/execution/resolver.rs:65:60
[INFO] [stdout]     |
[INFO] [stdout] 60  |               fn resolve_field<'a>(
[INFO] [stdout]     |                                -- lifetime `'a` declared here
[INFO] [stdout] ...
[INFO] [stdout] 65  |                   $crate::execution::resolver::ResolvedValue<'_>,
[INFO] [stdout]     |                                                              ^^ this elided lifetime gets resolved as `'a`
[INFO] [stdout]     |
[INFO] [stdout]    ::: src/execution/introspection_execute.rs:438:1
[INFO] [stdout]     |
[INFO] [stdout] 438 | / impl_resolver! {
[INFO] [stdout] 439 | |     for TypeResolver<'_>:
[INFO] [stdout] 440 | |
[INFO] [stdout] 441 | |     __typename = "__Type";
[INFO] [stdout] ...   |
[INFO] [stdout] 471 | |     fn specifiedByURL() { Ok(ResolvedValue::null()) }
[INFO] [stdout] 472 | | }
[INFO] [stdout]     | |_- in this macro invocation
[INFO] [stdout]     |
[INFO] [stdout]     = note: this warning originates in the macro `impl_resolver` (in Nightly builds, run with -Z macro-backtrace for more info)
[INFO] [stdout] 
[INFO] [stdout] 
[INFO] [stdout] warning: elided lifetime has a name
[INFO] [stdout]    --> src/execution/resolver.rs:65:60
[INFO] [stdout]     |
[INFO] [stdout] 60  |               fn resolve_field<'a>(
[INFO] [stdout]     |                                -- lifetime `'a` declared here
[INFO] [stdout] ...
[INFO] [stdout] 65  |                   $crate::execution::resolver::ResolvedValue<'_>,
[INFO] [stdout]     |                                                              ^^ this elided lifetime gets resolved as `'a`
[INFO] [stdout]     |
[INFO] [stdout]    ::: src/execution/introspection_execute.rs:474:1
[INFO] [stdout]     |
[INFO] [stdout] 474 | / impl_resolver! {
[INFO] [stdout] 475 | |     for DirectiveResolver<'_>:
[INFO] [stdout] 476 | |
[INFO] [stdout] 477 | |     __typename = "__Directive";
[INFO] [stdout] ...   |
[INFO] [stdout] 510 | |     }
[INFO] [stdout] 511 | | }
[INFO] [stdout]     | |_- in this macro invocation
[INFO] [stdout]     |
[INFO] [stdout]     = note: this warning originates in the macro `impl_resolver` (in Nightly builds, run with -Z macro-backtrace for more info)
[INFO] [stdout] 
[INFO] [stdout] 
[INFO] [stdout] warning: elided lifetime has a name
[INFO] [stdout]    --> src/execution/resolver.rs:65:60
[INFO] [stdout]     |
[INFO] [stdout] 60  |               fn resolve_field<'a>(
[INFO] [stdout]     |                                -- lifetime `'a` declared here
[INFO] [stdout] ...
[INFO] [stdout] 65  |                   $crate::execution::resolver::ResolvedValue<'_>,
[INFO] [stdout]     |                                                              ^^ this elided lifetime gets resolved as `'a`
[INFO] [stdout]     |
[INFO] [stdout]    ::: src/execution/introspection_execute.rs:513:1
[INFO] [stdout]     |
[INFO] [stdout] 513 | / impl_resolver! {
[INFO] [stdout] 514 | |     for FieldResolver<'_>:
[INFO] [stdout] 515 | |
[INFO] [stdout] 516 | |     __typename = "__Field";
[INFO] [stdout] ...   |
[INFO] [stdout] 551 | |     }
[INFO] [stdout] 552 | | }
[INFO] [stdout]     | |_- in this macro invocation
[INFO] [stdout]     |
[INFO] [stdout]     = note: this warning originates in the macro `impl_resolver` (in Nightly builds, run with -Z macro-backtrace for more info)
[INFO] [stdout] 
[INFO] [stdout] 
[INFO] [stdout] warning: elided lifetime has a name
[INFO] [stdout]    --> src/execution/resolver.rs:65:60
[INFO] [stdout]     |
[INFO] [stdout] 60  |               fn resolve_field<'a>(
[INFO] [stdout]     |                                -- lifetime `'a` declared here
[INFO] [stdout] ...
[INFO] [stdout] 65  |                   $crate::execution::resolver::ResolvedValue<'_>,
[INFO] [stdout]     |                                                              ^^ this elided lifetime gets resolved as `'a`
[INFO] [stdout]     |
[INFO] [stdout]    ::: src/execution/introspection_execute.rs:554:1
[INFO] [stdout]     |
[INFO] [stdout] 554 | / impl_resolver! {
[INFO] [stdout] 555 | |     for EnumValueResolver<'_>:
[INFO] [stdout] 556 | |
[INFO] [stdout] 557 | |     __typename = "__EnumValue";
[INFO] [stdout] ...   |
[INFO] [stdout] 573 | |     }
[INFO] [stdout] 574 | | }
[INFO] [stdout]     | |_- in this macro invocation
[INFO] [stdout]     |
[INFO] [stdout]     = note: this warning originates in the macro `impl_resolver` (in Nightly builds, run with -Z macro-backtrace for more info)
[INFO] [stdout] 
[INFO] [stdout] 
[INFO] [stdout] warning: elided lifetime has a name
[INFO] [stdout]    --> src/execution/resolver.rs:65:60
[INFO] [stdout]     |
[INFO] [stdout] 60  |               fn resolve_field<'a>(
[INFO] [stdout]     |                                -- lifetime `'a` declared here
[INFO] [stdout] ...
[INFO] [stdout] 65  |                   $crate::execution::resolver::ResolvedValue<'_>,
[INFO] [stdout]     |                                                              ^^ this elided lifetime gets resolved as `'a`
[INFO] [stdout]     |
[INFO] [stdout]    ::: src/execution/introspection_execute.rs:576:1
[INFO] [stdout]     |
[INFO] [stdout] 576 | / impl_resolver! {
[INFO] [stdout] 577 | |     for InputValueResolver<'_>:
[INFO] [stdout] 578 | |
[INFO] [stdout] 579 | |     __typename = "__InputValue";
[INFO] [stdout] ...   |
[INFO] [stdout] 605 | |     }
[INFO] [stdout] 606 | | }
[INFO] [stdout]     | |_- in this macro invocation
[INFO] [stdout]     |
[INFO] [stdout]     = note: this warning originates in the macro `impl_resolver` (in Nightly builds, run with -Z macro-backtrace for more info)
[INFO] [stdout] 
[INFO] [stdout] 
[INFO] [stderr]     Finished `test` profile [unoptimized + debuginfo] target(s) in 14.59s
[INFO] running `Command { std: "docker" "inspect" "e8bc2afe05ed631ca22a36db7c07f7a02ce4e73bae7082c25cd59a06f9fb27bb", kill_on_drop: false }`
[INFO] running `Command { std: "docker" "rm" "-f" "e8bc2afe05ed631ca22a36db7c07f7a02ce4e73bae7082c25cd59a06f9fb27bb", kill_on_drop: false }`
[INFO] [stdout] e8bc2afe05ed631ca22a36db7c07f7a02ce4e73bae7082c25cd59a06f9fb27bb
[INFO] running `Command { std: "docker" "create" "-v" "/var/lib/crater-agent-workspace/builds/worker-3-tc1/target:/opt/rustwide/target:rw,Z" "-v" "/var/lib/crater-agent-workspace/builds/worker-3-tc1/source:/opt/rustwide/workdir:ro,Z" "-v" "/var/lib/crater-agent-workspace/cargo-home:/opt/rustwide/cargo-home:ro,Z" "-v" "/var/lib/crater-agent-workspace/rustup-home:/opt/rustwide/rustup-home:ro,Z" "-e" "SOURCE_DIR=/opt/rustwide/workdir" "-e" "CARGO_TARGET_DIR=/opt/rustwide/target" "-e" "CARGO_INCREMENTAL=0" "-e" "RUST_BACKTRACE=full" "-e" "RUSTFLAGS=--cap-lints=forbid" "-e" "RUSTDOCFLAGS=--cap-lints=forbid" "-e" "CARGO_HOME=/opt/rustwide/cargo-home" "-e" "RUSTUP_HOME=/opt/rustwide/rustup-home" "-w" "/opt/rustwide/workdir" "-m" "1610612736" "--user" "0:0" "--network" "none" "ghcr.io/rust-lang/crates-build-env/linux@sha256:4a844ea9eb2546a2d2c7022eacef16ef2e8229c7fbb2c7d4d55a9ceca922f72d" "/opt/rustwide/cargo-home/bin/cargo" "+nightly-2024-10-28" "test" "--frozen", kill_on_drop: false }`
[INFO] [stdout] 64fb6b00392a457c60b977545888332784c4f57a8859f6247341fad5bba83300
[INFO] running `Command { std: "docker" "start" "-a" "64fb6b00392a457c60b977545888332784c4f57a8859f6247341fad5bba83300", kill_on_drop: false }`
[INFO] [stderr] warning: elided lifetime has a name
[INFO] [stderr]   --> src/execution/resolver.rs:26:31
[INFO] [stderr]    |
[INFO] [stderr] 22 |     fn resolve_field<'a>(
[INFO] [stderr]    |                      -- lifetime `'a` declared here
[INFO] [stderr] ...
[INFO] [stderr] 26 |     ) -> Result<ResolvedValue<'_>, ResolverError>;
[INFO] [stderr]    |                               ^^ this elided lifetime gets resolved as `'a`
[INFO] [stderr]    |
[INFO] [stderr]    = note: `#[warn(elided_named_lifetimes)]` on by default
[INFO] [stderr] 
[INFO] [stderr] warning: elided lifetime has a name
[INFO] [stderr]    --> src/execution/resolver.rs:65:60
[INFO] [stderr]     |
[INFO] [stderr] 60  |               fn resolve_field<'a>(
[INFO] [stderr]     |                                -- lifetime `'a` declared here
[INFO] [stderr] ...
[INFO] [stderr] 65  |                   $crate::execution::resolver::ResolvedValue<'_>,
[INFO] [stderr]     |                                                              ^^ this elided lifetime gets resolved as `'a`
[INFO] [stderr]     |
[INFO] [stderr]    ::: src/execution/introspection_execute.rs:257:1
[INFO] [stderr]     |
[INFO] [stderr] 257 | / impl_resolver! {
[INFO] [stderr] 258 | |     for IntrospectionRootResolver<'_>:
[INFO] [stderr] 259 | |
[INFO] [stderr] 260 | |     __typename = unreachable!();
[INFO] [stderr] ...   |
[INFO] [stderr] 269 | |     }
[INFO] [stderr] 270 | | }
[INFO] [stderr]     | |_- in this macro invocation
[INFO] [stderr]     |
[INFO] [stderr]     = note: this warning originates in the macro `impl_resolver` (in Nightly builds, run with -Z macro-backtrace for more info)
[INFO] [stderr] 
[INFO] [stderr] warning: elided lifetime has a name
[INFO] [stderr]    --> src/execution/resolver.rs:65:60
[INFO] [stderr]     |
[INFO] [stderr] 60  |               fn resolve_field<'a>(
[INFO] [stderr]     |                                -- lifetime `'a` declared here
[INFO] [stderr] ...
[INFO] [stderr] 65  |                   $crate::execution::resolver::ResolvedValue<'_>,
[INFO] [stderr]     |                                                              ^^ this elided lifetime gets resolved as `'a`
[INFO] [stderr]     |
[INFO] [stderr]    ::: src/execution/introspection_execute.rs:272:1
[INFO] [stderr]     |
[INFO] [stderr] 272 | / impl_resolver! {
[INFO] [stderr] 273 | |     for SchemaWithCache<'_>:
[INFO] [stderr] 274 | |
[INFO] [stderr] 275 | |     __typename = "__Schema";
[INFO] [stderr] ...   |
[INFO] [stderr] 303 | |     }
[INFO] [stderr] 304 | | }
[INFO] [stderr]     | |_- in this macro invocation
[INFO] [stderr]     |
[INFO] [stderr]     = note: this warning originates in the macro `impl_resolver` (in Nightly builds, run with -Z macro-backtrace for more info)
[INFO] [stderr] 
[INFO] [stderr] warning: elided lifetime has a name
[INFO] [stderr]    --> src/execution/resolver.rs:65:60
[INFO] [stderr]     |
[INFO] [stderr] 60  |               fn resolve_field<'a>(
[INFO] [stderr]     |                                -- lifetime `'a` declared here
[INFO] [stderr] ...
[INFO] [stderr] 65  |                   $crate::execution::resolver::ResolvedValue<'_>,
[INFO] [stderr]     |                                                              ^^ this elided lifetime gets resolved as `'a`
[INFO] [stderr]     |
[INFO] [stderr]    ::: src/execution/introspection_execute.rs:306:1
[INFO] [stderr]     |
[INFO] [stderr] 306 | / impl_resolver! {
[INFO] [stderr] 307 | |     for TypeDefResolver<'_>:
[INFO] [stderr] 308 | |
[INFO] [stderr] 309 | |     __typename = "__Type";
[INFO] [stderr] ...   |
[INFO] [stderr] 434 | |     }
[INFO] [stderr] 435 | | }
[INFO] [stderr]     | |_- in this macro invocation
[INFO] [stderr]     |
[INFO] [stderr]     = note: this warning originates in the macro `impl_resolver` (in Nightly builds, run with -Z macro-backtrace for more info)
[INFO] [stderr] 
[INFO] [stderr] warning: elided lifetime has a name
[INFO] [stderr]    --> src/execution/resolver.rs:65:60
[INFO] [stderr]     |
[INFO] [stderr] 60  |               fn resolve_field<'a>(
[INFO] [stderr]     |                                -- lifetime `'a` declared here
[INFO] [stderr] ...
[INFO] [stderr] 65  |                   $crate::execution::resolver::ResolvedValue<'_>,
[INFO] [stderr]     |                                                              ^^ this elided lifetime gets resolved as `'a`
[INFO] [stderr]     |
[INFO] [stderr]    ::: src/execution/introspection_execute.rs:438:1
[INFO] [stderr]     |
[INFO] [stderr] 438 | / impl_resolver! {
[INFO] [stderr] 439 | |     for TypeResolver<'_>:
[INFO] [stderr] 440 | |
[INFO] [stderr] 441 | |     __typename = "__Type";
[INFO] [stderr] ...   |
[INFO] [stderr] 471 | |     fn specifiedByURL() { Ok(ResolvedValue::null()) }
[INFO] [stderr] 472 | | }
[INFO] [stderr]     | |_- in this macro invocation
[INFO] [stderr]     |
[INFO] [stderr]     = note: this warning originates in the macro `impl_resolver` (in Nightly builds, run with -Z macro-backtrace for more info)
[INFO] [stderr] 
[INFO] [stderr] warning: elided lifetime has a name
[INFO] [stderr]    --> src/execution/resolver.rs:65:60
[INFO] [stderr]     |
[INFO] [stderr] 60  |               fn resolve_field<'a>(
[INFO] [stderr]     |                                -- lifetime `'a` declared here
[INFO] [stderr] ...
[INFO] [stderr] 65  |                   $crate::execution::resolver::ResolvedValue<'_>,
[INFO] [stderr]     |                                                              ^^ this elided lifetime gets resolved as `'a`
[INFO] [stderr]     |
[INFO] [stderr]    ::: src/execution/introspection_execute.rs:474:1
[INFO] [stderr]     |
[INFO] [stderr] 474 | / impl_resolver! {
[INFO] [stderr] 475 | |     for DirectiveResolver<'_>:
[INFO] [stderr] 476 | |
[INFO] [stderr] 477 | |     __typename = "__Directive";
[INFO] [stderr] ...   |
[INFO] [stderr] 510 | |     }
[INFO] [stderr] 511 | | }
[INFO] [stderr]     | |_- in this macro invocation
[INFO] [stderr]     |
[INFO] [stderr]     = note: this warning originates in the macro `impl_resolver` (in Nightly builds, run with -Z macro-backtrace for more info)
[INFO] [stderr] 
[INFO] [stderr] warning: elided lifetime has a name
[INFO] [stderr]    --> src/execution/resolver.rs:65:60
[INFO] [stderr]     |
[INFO] [stderr] 60  |               fn resolve_field<'a>(
[INFO] [stderr]     |                                -- lifetime `'a` declared here
[INFO] [stderr] ...
[INFO] [stderr] 65  |                   $crate::execution::resolver::ResolvedValue<'_>,
[INFO] [stderr]     |                                                              ^^ this elided lifetime gets resolved as `'a`
[INFO] [stderr]     |
[INFO] [stderr]    ::: src/execution/introspection_execute.rs:513:1
[INFO] [stderr]     |
[INFO] [stderr] 513 | / impl_resolver! {
[INFO] [stderr] 514 | |     for FieldResolver<'_>:
[INFO] [stderr] 515 | |
[INFO] [stderr] 516 | |     __typename = "__Field";
[INFO] [stderr] ...   |
[INFO] [stderr] 551 | |     }
[INFO] [stderr] 552 | | }
[INFO] [stderr]     | |_- in this macro invocation
[INFO] [stderr]     |
[INFO] [stderr]     = note: this warning originates in the macro `impl_resolver` (in Nightly builds, run with -Z macro-backtrace for more info)
[INFO] [stderr] 
[INFO] [stderr] warning: elided lifetime has a name
[INFO] [stderr]    --> src/execution/resolver.rs:65:60
[INFO] [stderr]     |
[INFO] [stderr] 60  |               fn resolve_field<'a>(
[INFO] [stderr]     |                                -- lifetime `'a` declared here
[INFO] [stderr] ...
[INFO] [stderr] 65  |                   $crate::execution::resolver::ResolvedValue<'_>,
[INFO] [stderr]     |                                                              ^^ this elided lifetime gets resolved as `'a`
[INFO] [stderr]     |
[INFO] [stderr]    ::: src/execution/introspection_execute.rs:554:1
[INFO] [stderr]     |
[INFO] [stderr] 554 | / impl_resolver! {
[INFO] [stderr] 555 | |     for EnumValueResolver<'_>:
[INFO] [stderr] 556 | |
[INFO] [stderr] 557 | |     __typename = "__EnumValue";
[INFO] [stderr] ...   |
[INFO] [stderr] 573 | |     }
[INFO] [stderr] 574 | | }
[INFO] [stderr]     | |_- in this macro invocation
[INFO] [stderr]     |
[INFO] [stderr]     = note: this warning originates in the macro `impl_resolver` (in Nightly builds, run with -Z macro-backtrace for more info)
[INFO] [stderr] 
[INFO] [stderr] warning: elided lifetime has a name
[INFO] [stderr]    --> src/execution/resolver.rs:65:60
[INFO] [stderr]     |
[INFO] [stderr] 60  |               fn resolve_field<'a>(
[INFO] [stderr]     |                                -- lifetime `'a` declared here
[INFO] [stderr] ...
[INFO] [stderr] 65  |                   $crate::execution::resolver::ResolvedValue<'_>,
[INFO] [stderr]     |                                                              ^^ this elided lifetime gets resolved as `'a`
[INFO] [stderr]     |
[INFO] [stderr]    ::: src/execution/introspection_execute.rs:576:1
[INFO] [stderr]     |
[INFO] [stderr] 576 | / impl_resolver! {
[INFO] [stderr] 577 | |     for InputValueResolver<'_>:
[INFO] [stderr] 578 | |
[INFO] [stderr] 579 | |     __typename = "__InputValue";
[INFO] [stderr] ...   |
[INFO] [stderr] 605 | |     }
[INFO] [stderr] 606 | | }
[INFO] [stderr]     | |_- in this macro invocation
[INFO] [stderr]     |
[INFO] [stderr]     = note: this warning originates in the macro `impl_resolver` (in Nightly builds, run with -Z macro-backtrace for more info)
[INFO] [stderr] 
[INFO] [stderr] warning: `apollo-compiler` (lib) generated 9 warnings
[INFO] [stderr] warning: elided lifetime has a name
[INFO] [stderr]    --> src/execution/resolver.rs:65:60
[INFO] [stderr]     |
[INFO] [stderr] 60  |               fn resolve_field<'a>(
[INFO] [stderr]     |                                -- lifetime `'a` declared here
[INFO] [stderr] ...
[INFO] [stderr] 65  |                   $crate::execution::resolver::ResolvedValue<'_>,
[INFO] [stderr]     |                                                              ^^ this elided lifetime gets resolved as `'a`
[INFO] [stderr] ...
[INFO] [stderr] 150 | /     impl_resolver! {
[INFO] [stderr] 151 | |         for &'_ QueryResolver:
[INFO] [stderr] 152 | |
[INFO] [stderr] 153 | |         __typename = "Query";
[INFO] [stderr] ...   |
[INFO] [stderr] 172 | |         }
[INFO] [stderr] 173 | |     }
[INFO] [stderr]     | |_____- in this macro invocation
[INFO] [stderr]     |
[INFO] [stderr]     = note: this warning originates in the macro `impl_resolver` (in Nightly builds, run with -Z macro-backtrace for more info)
[INFO] [stderr] 
[INFO] [stderr] warning: `apollo-compiler` (lib test) generated 10 warnings (9 duplicates)
[INFO] [stderr]     Finished `test` profile [unoptimized + debuginfo] target(s) in 0.12s
[INFO] [stderr]      Running unittests src/lib.rs (/opt/rustwide/target/debug/deps/apollo_compiler-6f426d68e2f0509f)
[INFO] [stdout] 
[INFO] [stdout] running 1 test
[INFO] [stdout] test coordinate::tests::invalid_coordinates ... ok
[INFO] [stdout] 
[INFO] [stdout] test result: ok. 1 passed; 0 failed; 0 ignored; 0 measured; 0 filtered out; finished in 0.00s
[INFO] [stdout] 
[INFO] [stderr]      Running tests/main.rs (/opt/rustwide/target/debug/deps/main-a806ba0c3bd3f6fb)
[INFO] [stdout] 
[INFO] [stdout] running 226 tests
[INFO] [stdout] test extensions::test_extend_implicit_schema ... ok
[INFO] [stdout] test executable::get_operations ... ok
[INFO] [stdout] test executable::iter_all_fields ... ok
[INFO] [stdout] test executable::iter_root_fields ... ok
[INFO] [stdout] test executable::is_introspection_operation ... ok
[INFO] [stdout] test executable::is_not_introspection_operation ... ok
[INFO] [stdout] test executable::is_introspection_repeated_fragment ... ok
[INFO] [stdout] test extensions::test_orphan_extensions_kind_mismatch ... ok
[INFO] [stdout] test extensions::test_invalid_orphan_extensions_schema_def_with_duplicate_root_operation ... ok
[INFO] [stdout] test extensions::test_orphan_schema_extension_with_root_type_disables_implicit_root_types ... ok
[INFO] [stdout] test extensions::test_orphan_extensions_schema_with_default_query_name ... ok
[INFO] [stdout] test extensions::test_orphan_schema_extension_without_root_type_enables_implicit_root_types ... ok
[INFO] [stdout] test extensions::test_orphan_extensions_schema_def_with_extensions ... ok
[INFO] [stdout] test extensions::test_orphan_extensions ... ok
[INFO] [stdout] test field_type::test_valid_field_type ... ok
[INFO] [stdout] test field_set::test_valid_field_sets ... ok
[INFO] [stdout] test executable::is_introspection_deep ... ok
[INFO] [stdout] test field_type::test_invalid_field_type ... ok
[INFO] [stdout] test introspection::built_in_scalars ... ok
[INFO] [stdout] test field_set::test_invalid_field_sets ... ok
[INFO] [stdout] test introspection_max_depth::test_2_nested_possible_types_lists ... ok
[INFO] [stdout] test introspection_max_depth::test_2_nested_interfaces_lists ... ok
[INFO] [stdout] test introspection_max_depth::test_2_nested_fields_lists ... ok
[INFO] [stdout] test introspection_max_depth::test_2_nested_input_fields_lists ... ok
[INFO] [stdout] test introspection_max_depth::test_2_nested_possible_types_lists_with_inline_fragments ... ok
[INFO] [stdout] test introspection_max_depth::test_2_nested_possible_types_lists_with_named_fragments ... ok
[INFO] [stdout] test introspection_max_depth::test_3_nested_interfaces_lists ... ok
[INFO] [stdout] test introspection_max_depth::test_3_nested_fields_lists ... ok
[INFO] [stdout] test introspection_max_depth::test_3_nested_input_fields_lists ... ok
[INFO] [stdout] test introspection_max_depth::test_3_nested_possible_types_lists ... ok
[INFO] [stdout] test introspection_max_depth::test_3_nested_possible_types_lists_with_inline_fragments ... ok
[INFO] [stdout] test introspection_max_depth::test_3_sibling_fields_list ... ok
[INFO] [stdout] test introspection_max_depth::test_3_nested_possible_types_lists_with_named_fragments ... ok
[INFO] [stdout] test introspection_split::test_mutation ... ok
[INFO] [stdout] test introspection_split::test_both ... ok
[INFO] [stdout] test introspection_split::test_mutation_nested ... ok
[INFO] [stdout] test introspection_split::test_nested ... ok
[INFO] [stdout] test introspection_split::test_nested_in_fragment ... ok
[INFO] [stdout] test introspection_split::test_none ... ok
[INFO] [stdout] test introspection_split::test_only ... ok
[INFO] [stdout] test introspection_split::test_none_with_fragments ... ok
[INFO] [stdout] test introspection_split::test_nested_in_other_operation ... ok
[INFO] [stdout] test introspection_split::test_both_with_fragments ... ok
[INFO] [stdout] test locations::directive_inputs::complex ... ok
[INFO] [stdout] test locations::directive_inputs::field_within_complex ... ok
[INFO] [stdout] test locations::directive_inputs::multiline ... ok
[INFO] [stdout] test introspection_split::test_only_with_fragments ... ok
[INFO] [stdout] test misc::initial_indent ... ok
[INFO] [stdout] test locations::directive_inputs::int ... ok
[INFO] [stdout] test locations::directive_inputs::str ... ok
[INFO] [stdout] test misc::it_accesses_enum_definitions ... ok
[INFO] [stdout] test merge_schemas::test_ok ... ok
[INFO] [stdout] test misc::it_accesses_directive_definitions ... ok
[INFO] [stdout] test misc::it_accesses_fields ... ok
[INFO] [stdout] test misc::it_accesses_field_definitions_from_operation_definition ... ok
[INFO] [stdout] test introspection_split::test_variables ... ok
[INFO] [stdout] test misc::it_accesses_input_object_definitions ... ok
[INFO] [stdout] test misc::it_accesses_input_object_field_types_directive_name ... ok
[INFO] [stdout] test misc::it_accesses_object_directive_name ... ok
[INFO] [stdout] test misc::it_accesses_inline_fragment_field_types ... ok
[INFO] [stdout] test misc::it_accesses_fragment_definition_field_types ... ok
[INFO] [stdout] test misc::it_accesses_object_field_types_directive_name ... ok
[INFO] [stdout] test misc::it_accesses_scalar_definitions ... ok
[INFO] [stdout] test misc::it_accesses_schema_operation_types ... ok
[INFO] [stdout] test misc::it_can_access_root_db_in_thread ... ok
[INFO] [stdout] test misc::it_accesses_union_definitions ... ok
[INFO] [stdout] test misc::it_creates_compiler_from_multiple_sources ... ok
[INFO] [stdout] test name::smoke_test ... ok
[INFO] [stdout] test misc::precomputed_schema_can_multi_thread ... ok
[INFO] [stdout] test misc::it_accesses_operation_definition_parts ... ok
[INFO] [stdout] test parser::it_errors_when_selection_set_recursion_limit_exceeded ... ok
[INFO] [stdout] test parser::it_passes_when_selection_set_recursion_limit_is_not_exceeded ... ok
[INFO] [stdout] test parser::it_errors_when_selection_set_token_limit_is_exceeded ... ok
[INFO] [stdout] test misc::it_supports_multiple_independent_queries ... ok
[INFO] [stdout] test rename::test_renamed ... ok
[INFO] [stdout] test parser::it_errors_with_multiple_limits ... ok
[INFO] [stdout] test serde::test_serde_deserialization_errors ... ok
[INFO] [stdout] test serde::test_serde_type ... ok
[INFO] [stdout] test misc::it_accesses_object_defitions ... ok
[INFO] [stdout] test schema::test_schema_reserialize ... ok
[INFO] [stdout] test schema::test_default_root_op_name_ignored_with_explicit_schema_def ... ok
[INFO] [stdout] test validation::executable_and_type_system_definitions ... ok
[INFO] [stdout] test serde::test_serde_value ... ok
[INFO] [stdout] test validation::executable_definition_does_not_contain_type_system_definitions ... ok
[INFO] [stdout] test schema::find_definitions_with_directive ... ok
[INFO] [stdout] test validation::executable_definition_with_cycles_do_not_overflow_stack ... ok
[INFO] [stdout] test validation::executable_definition_with_nested_cycles_do_not_overflow_stack ... ok
[INFO] [stdout] test schema::is_subtype ... ok
[INFO] [stdout] test introspection::test ... ok
[INFO] [stdout] test validation::field_merging::different_args_with_different_aliases ... ok
[INFO] [stdout] test validation::field_merging::alias_masking_direct_field_access ... ok
[INFO] [stdout] test validation::field_merging::different_directives_with_different_aliases ... ok
[INFO] [stdout] test validation::field_merging::different_args_second_missess_argument ... ok
[INFO] [stdout] test validation::field_merging::different_args_second_adds_argument ... ok
[INFO] [stdout] test validation::field_merging::conflicting_arg_names ... ok
[INFO] [stdout] test validation::field_merging::conflicting_arg_values ... ok
[INFO] [stdout] test validation::field_merging::different_order_args ... ok
[INFO] [stdout] test validation::field_merging::different_order_input_args ... ok
[INFO] [stdout] test validation::field_merging::different_non_conflicting_args ... ok
[INFO] [stdout] test validation::field_merging::different_skip_include_directives ... ok
[INFO] [stdout] test validation::field_merging::identical_fields ... ok
[INFO] [stdout] test validation::field_merging::identical_fields_with_identical_args ... ok
[INFO] [stdout] test validation::field_merging::field_conflicts::deep_conflict ... ok
[INFO] [stdout] test validation::field_merging::field_conflicts::conflicts_in_fragments ... ok
[INFO] [stdout] test validation::field_merging::field_conflicts::very_deep_conflict ... ok
[INFO] [stdout] test validation::field_merging::field_conflicts::deep_conflict_in_fragments ... ok
[INFO] [stdout] test validation::field_merging::field_conflicts::deep_conflict_multiple_issues ... ok
[INFO] [stdout] test validation::field_merging::identical_fields_with_identical_directives ... ok
[INFO] [stdout] test validation::field_merging::field_conflicts::dedupe_conflicts ... ok
[INFO] [stdout] test validation::field_merging::return_types::compatible_return_shapes_on_different_return_types ... ok
[INFO] [stdout] test validation::field_merging::return_types::no_differing_nullability_despite_no_overlap ... ok
[INFO] [stdout] test validation::field_merging::return_types::conflicting_return_types_with_potential_overlap ... ok
[INFO] [stdout] test validation::field_merging::return_types::no_differing_return_types_despite_no_overlap ... ok
[INFO] [stdout] test validation::field_merging::return_types::differing_deep_return_types ... ok
[INFO] [stdout] test validation::field_merging::return_types::differing_sub_fields ... ok
[INFO] [stdout] test validation::field_merging::return_types::deep_types_including_list ... ok
[INFO] [stdout] test validation::field_merging::return_types::non_conflicting_overlapping_types ... ok
[INFO] [stdout] test validation::field_merging::return_types::same_scalars ... ok
[INFO] [stdout] test validation::field_merging::unique_fields ... ok
[INFO] [stdout] test validation::field_merging::same_aliases_on_non_overlapping_fields ... ok
[INFO] [stdout] test validation::field_merging::return_types::no_differing_list_despite_no_overlap ... ok
[INFO] [stdout] test validation::field_merging::same_aliases_with_different_field_targets ... ok
[INFO] [stdout] test validation::field_merging::return_types::unknown_types ... ok
[INFO] [stdout] test validation::field_merging::return_types::non_exclusive_follows_exclusive ... ok
[INFO] [stdout] test validation::interface::it_fails_validation_with_duplicate_interface_definitions ... ok
[INFO] [stdout] test validation::interface::it_fails_validation_with_duplicate_operation_fields ... ok
[INFO] [stdout] test validation::interface::it_fails_validation_with_undefined_interface_definition ... ok
[INFO] [stdout] test validation::interface::it_fails_validation_with_missing_transitive_interface ... ok
[INFO] [stdout] test validation::interface::it_fails_validation_with_recursive_interface_definition ... ok
[INFO] [stdout] test validation::json_location_with_multibyte ... ok
[INFO] [stdout] test validation::operation::it_fails_validation_with_missing_ident ... ok
[INFO] [stdout] test validation::operation::it_fails_validation_with_duplicate_operation_names ... ok
[INFO] [stdout] test validation::operation::it_raises_an_error_for_illegal_operations ... ok
[INFO] [stdout] test validation::operation::it_validates_fields_in_operations ... ok
[INFO] [stdout] test validation::object::it_generates_diagnostics_for_non_output_field_types ... ok
[INFO] [stdout] test validation::operation::it_validates_unique_operation_names ... ok
[INFO] [stdout] test validation::interface::it_generates_diagnostics_for_non_output_field_types ... ok
[INFO] [stdout] test validation::recursion::not_long_enough_directive_chain_applies_correctly ... ok
[INFO] [stdout] test validation::recursion::not_long_enough_input_object_chain_applies_correctly ... ok
[INFO] [stdout] test validation::types::directive_arguments::with_directives_of_valid_types ... ok
[INFO] [stdout] test validation::types::invalid_boolean_values::float_into_boolean ... ok
[INFO] [stdout] test validation::types::invalid_boolean_values::int_into_boolean ... ok
[INFO] [stdout] test validation::types::directive_arguments::with_directives_of_invalid_types ... ok
[INFO] [stdout] test validation::types::invalid_boolean_values::string_into_boolean ... ok
[INFO] [stdout] test validation::types::invalid_boolean_values::unquoted_into_boolean ... ok
[INFO] [stdout] test validation::types::invalid_enum_values::boolean_into_enum ... ok
[INFO] [stdout] test validation::types::invalid_enum_values::different_case_enum_value_into_enum ... ok
[INFO] [stdout] test validation::types::invalid_enum_values::string_into_enum ... ok
[INFO] [stdout] test validation::types::invalid_enum_values::float_into_enum ... ok
[INFO] [stdout] test validation::types::invalid_enum_values::int_into_enum ... ok
[INFO] [stdout] test validation::types::invalid_enum_values::unknown_enum_value_into_enum ... ok
[INFO] [stdout] test validation::types::invalid_float_values::boolean_into_float ... ok
[INFO] [stdout] test validation::types::invalid_float_values::string_into_float ... ok
[INFO] [stdout] test validation::types::invalid_float_values::unquoted_into_float ... ok
[INFO] [stdout] test validation::types::invalid_id_values::boolean_into_id ... ok
[INFO] [stdout] test validation::types::invalid_id_values::float_into_id ... ok
[INFO] [stdout] test validation::types::invalid_id_values::unquoted_into_id ... ok
[INFO] [stdout] test validation::types::invalid_input_object_values::partial_object_invalid_field_type ... ok
[INFO] [stdout] test validation::types::invalid_input_object_values::custom_scalar_accept_complex_literals ... ok
[INFO] [stdout] test validation::types::invalid_input_object_values::partial_object_missing_required ... ok
[INFO] [stdout] test validation::types::invalid_input_object_values::partial_object_null_to_non_null_field ... ok
[INFO] [stdout] test validation::types::invalid_int_values::big_int_into_int ... ok
[INFO] [stdout] test validation::types::invalid_input_object_values::partial_object_unknown_field ... ok
[INFO] [stdout] test validation::types::invalid_int_values::float_into_int ... ok
[INFO] [stdout] test validation::types::invalid_int_values::simple_float_into_int ... ok
[INFO] [stdout] test validation::types::invalid_int_values::string_into_int ... ok
[INFO] [stdout] test validation::types::invalid_int_values::unquoted_string_into_int ... ok
[INFO] [stdout] test validation::types::invalid_list_values::incorrect_item_type ... ok
[INFO] [stdout] test validation::types::invalid_list_values::single_value_of_incorrect_type ... ok
[INFO] [stdout] test validation::types::invalid_non_nullable_values::incorrect_value_type ... ok
[INFO] [stdout] test validation::types::invalid_non_nullable_values::incorrect_value_and_missing_argument ... ok
[INFO] [stdout] test validation::types::invalid_string_values::float_into_string ... ok
[INFO] [stdout] test validation::types::invalid_non_nullable_values::null_value ... ok
[INFO] [stdout] test validation::types::invalid_string_values::boolean_into_string ... ok
[INFO] [stdout] test validation::types::invalid_string_values::int_into_string ... ok
[INFO] [stdout] test validation::types::valid_input_object_values::full_object ... ok
[INFO] [stdout] test validation::types::invalid_string_values::unquoted_into_string ... ok
[INFO] [stdout] test validation::types::valid_input_object_values::full_object_unordered ... ok
[INFO] [stdout] test validation::types::valid_input_object_values::optional_arg_required_field ... ok
[INFO] [stdout] test validation::types::valid_input_object_values::partial_object_required_boolean_false ... ok
[INFO] [stdout] test validation::types::valid_input_object_values::partial_object_including_required ... ok
[INFO] [stdout] test validation::types::valid_input_object_values::partial_object_only_required ... ok
[INFO] [stdout] test validation::types::valid_list_values::empty_list_value ... ok
[INFO] [stdout] test validation::types::valid_list_values::good_list_value ... ok
[INFO] [stdout] test validation::types::valid_list_values::null_value ... ok
[INFO] [stdout] test validation::types::valid_list_values::single_value_into_list ... ok
[INFO] [stdout] test validation::types::valid_non_nullable_values::arg_on_optional_arg ... ok
[INFO] [stdout] test validation::types::valid_non_nullable_values::all_required_and_optional_args_on_mixed_list ... ok
[INFO] [stdout] test validation::types::valid_non_nullable_values::multiple_args ... ok
[INFO] [stdout] test validation::types::valid_non_nullable_values::multiple_required_and_one_optional_arg_on_mixed_list ... ok
[INFO] [stdout] test validation::types::valid_non_nullable_values::multiple_args_reverse_order ... ok
[INFO] [stdout] test validation::types::valid_non_nullable_values::multiple_required_args_on_mixed_list ... ok
[INFO] [stdout] test validation::types::valid_non_nullable_values::no_args_on_multiple_optional ... ok
[INFO] [stdout] test validation::types::valid_non_nullable_values::no_arg_on_optional_arg ... ok
[INFO] [stdout] test validation::types::valid_non_nullable_values::one_arg_on_multiple_optional ... ok
[INFO] [stdout] test validation::types::valid_values::enum_with_null_value ... ok
[INFO] [stdout] test validation::types::valid_non_nullable_values::second_arg_on_multiple_optional ... ok
[INFO] [stdout] test validation::types::valid_values::enum_with_undefined_value ... ok
[INFO] [stdout] test validation::types::valid_values::good_enum_value ... ok
[INFO] [stdout] test validation::types::valid_values::good_float_value ... ok
[INFO] [stdout] test validation::types::valid_values::good_boolean_value ... ok
[INFO] [stdout] test validation::types::valid_values::good_int_value ... ok
[INFO] [stdout] test validation::recursion::not_long_enough_fragment_chain_applies_correctly ... ok
[INFO] [stdout] test validation::types::valid_values::good_negative_float_value ... ok
[INFO] [stdout] test validation::types::valid_values::good_string_value ... ok
[INFO] [stdout] test validation::types::valid_values::good_negative_int_value ... ok
[INFO] [stdout] test validation::types::valid_values::int_into_id ... ok
[INFO] [stdout] test validation::types::valid_values::int_into_float ... ok
[INFO] [stdout] test validation::types::valid_values::null_into_nullable_type ... ok
[INFO] [stdout] test validation::types::valid_values::string_into_id ... ok
[INFO] [stdout] test validation::types::variable_default_values::list_variables_with_invalid_item ... ok
[INFO] [stdout] test validation::types::variable_default_values::variables_with_complex_invalid_default_values ... ok
[INFO] [stdout] test validation::types::variable_default_values::complex_variables_missing_required_field ... ok
[INFO] [stdout] test validation::types::variable_default_values::variables_with_invalid_default_values ... ok
[INFO] [stdout] test validation::types::variable_default_values::variables_with_invalid_default_null_values ... ok
[INFO] [stdout] test validation::validate_variable_usage_without_type_system ... ok
[INFO] [stdout] test validation::types::variable_default_values::variables_with_valid_default_null_values ... ok
[INFO] [stdout] test validation::types::variable_default_values::variables_with_valid_default_values ... ok
[INFO] [stdout] test validation::validation_without_type_system ... ok
[INFO] [stdout] test validation::variable::it_raises_undefined_variable_in_query_error ... ok
[INFO] [stdout] test validation::variable::it_raises_unused_variable_in_query_error ... ok
[INFO] [stdout] test validation::variable::it_raises_undefined_variable_in_query_in_fragments_error ... ok
[INFO] [stdout] test validation::recursion::deeply_nested_selection_bails_out ... ok
[INFO] [stdout] test validation::recursion::long_directive_chains_do_not_overflow_stack ... ok
[INFO] [stdout] test validation::recursion::long_input_object_chains_do_not_overflow_stack ... ok
[INFO] [stdout] test validation::recursion::long_fragment_chains_do_not_overflow_stack ... ok
[INFO] [stdout] 
[INFO] [stdout] test result: ok. 226 passed; 0 failed; 0 ignored; 0 measured; 0 filtered out; finished in 0.22s
[INFO] [stdout] 
[INFO] [stderr]      Running tests/snapshot_tests.rs (/opt/rustwide/target/debug/deps/snapshot_tests-6602dd2fc8de1b09)
[INFO] [stdout] 
[INFO] [stdout] running 3 tests
[INFO] [stdout] test test_invalid_synthetic_node ... ok
[INFO] [stdout] test serialize_and_reparse_ast ... FAILED
[INFO] [stdout] test validation ... FAILED
[INFO] [stdout] 
[INFO] [stdout] failures:
[INFO] [stdout] 
[INFO] [stdout] ---- serialize_and_reparse_ast stdout ----
[INFO] [stdout] thread 'serialize_and_reparse_ast' panicked at tests/snapshot_tests.rs:172:10:
[INFO] [stdout] called `Result::unwrap()` on an `Err` value: Os { code: 2, kind: NotFound, message: "No such file or directory" }
[INFO] [stdout] stack backtrace:
[INFO] [stdout]    0:     0x5964fef4d09a - std::backtrace_rs::backtrace::libunwind::trace::h207520d6e9873551
[INFO] [stdout]                                at /rustc/df4ca44d3fbc9301ee17f30f4d474e6ae4b05252/library/std/src/../../backtrace/src/backtrace/libunwind.rs:116:5
[INFO] [stdout]    1:     0x5964fef4d09a - std::backtrace_rs::backtrace::trace_unsynchronized::h2ed7433f370e3eca
[INFO] [stdout]                                at /rustc/df4ca44d3fbc9301ee17f30f4d474e6ae4b05252/library/std/src/../../backtrace/src/backtrace/mod.rs:66:5
[INFO] [stdout]    2:     0x5964fef4d09a - std::sys::backtrace::_print_fmt::h916fac51166b18d7
[INFO] [stdout]                                at /rustc/df4ca44d3fbc9301ee17f30f4d474e6ae4b05252/library/std/src/sys/backtrace.rs:66:9
[INFO] [stdout]    3:     0x5964fef4d09a - <std::sys::backtrace::BacktraceLock::print::DisplayBacktrace as core::fmt::Display>::fmt::ha0a4c9b8ce3802e6
[INFO] [stdout]                                at /rustc/df4ca44d3fbc9301ee17f30f4d474e6ae4b05252/library/std/src/sys/backtrace.rs:39:26
[INFO] [stdout]    4:     0x5964fef75e03 - core::fmt::rt::Argument::fmt::h4cfc8587d52b3eb5
[INFO] [stdout]                                at /rustc/df4ca44d3fbc9301ee17f30f4d474e6ae4b05252/library/core/src/fmt/rt.rs:177:76
[INFO] [stdout]    5:     0x5964fef75e03 - core::fmt::write::h522cc39e5b36ae9f
[INFO] [stdout]                                at /rustc/df4ca44d3fbc9301ee17f30f4d474e6ae4b05252/library/core/src/fmt/mod.rs:1190:21
[INFO] [stdout]    6:     0x5964fef492a3 - std::io::Write::write_fmt::h7d3c26752da97734
[INFO] [stdout]                                at /rustc/df4ca44d3fbc9301ee17f30f4d474e6ae4b05252/library/std/src/io/mod.rs:1839:15
[INFO] [stdout]    7:     0x5964fef4cee2 - std::sys::backtrace::BacktraceLock::print::h4b9e00b29e9c0942
[INFO] [stdout]                                at /rustc/df4ca44d3fbc9301ee17f30f4d474e6ae4b05252/library/std/src/sys/backtrace.rs:42:9
[INFO] [stdout]    8:     0x5964fef4e52a - std::panicking::default_hook::{{closure}}::hb59b88280d0324d9
[INFO] [stdout]                                at /rustc/df4ca44d3fbc9301ee17f30f4d474e6ae4b05252/library/std/src/panicking.rs:268:22
[INFO] [stdout]    9:     0x5964fef4e334 - std::panicking::default_hook::he1dd496665be4a29
[INFO] [stdout]                                at /rustc/df4ca44d3fbc9301ee17f30f4d474e6ae4b05252/library/std/src/panicking.rs:292:9
[INFO] [stdout]   10:     0x5964feca68c9 - <alloc::boxed::Box<F,A> as core::ops::function::Fn<Args>>::call::h4ff71de18744e1dc
[INFO] [stdout]                                at /rustc/df4ca44d3fbc9301ee17f30f4d474e6ae4b05252/library/alloc/src/boxed.rs:2468:9
[INFO] [stdout]   11:     0x5964feca68c9 - test::test_main::{{closure}}::hcf7c055ce117aa81
[INFO] [stdout]                                at /rustc/df4ca44d3fbc9301ee17f30f4d474e6ae4b05252/library/test/src/lib.rs:133:21
[INFO] [stdout]   12:     0x5964fef4ec28 - <alloc::boxed::Box<F,A> as core::ops::function::Fn<Args>>::call::h1d66c6bbd60c9692
[INFO] [stdout]                                at /rustc/df4ca44d3fbc9301ee17f30f4d474e6ae4b05252/library/alloc/src/boxed.rs:2468:9
[INFO] [stdout]   13:     0x5964fef4ec28 - std::panicking::rust_panic_with_hook::h2ff17fe8f26dfcf8
[INFO] [stdout]                                at /rustc/df4ca44d3fbc9301ee17f30f4d474e6ae4b05252/library/std/src/panicking.rs:809:13
[INFO] [stdout]   14:     0x5964fef4e9ea - std::panicking::begin_panic_handler::{{closure}}::h4fad77951c07e101
[INFO] [stdout]                                at /rustc/df4ca44d3fbc9301ee17f30f4d474e6ae4b05252/library/std/src/panicking.rs:674:13
[INFO] [stdout]   15:     0x5964fef4d579 - std::sys::backtrace::__rust_end_short_backtrace::hb1a25b3da5d0ea08
[INFO] [stdout]                                at /rustc/df4ca44d3fbc9301ee17f30f4d474e6ae4b05252/library/std/src/sys/backtrace.rs:170:18
[INFO] [stdout]   16:     0x5964fef4e67c - rust_begin_unwind
[INFO] [stdout]                                at /rustc/df4ca44d3fbc9301ee17f30f4d474e6ae4b05252/library/std/src/panicking.rs:665:5
[INFO] [stdout]   17:     0x5964fef740f0 - core::panicking::panic_fmt::ha9db07b529f9b256
[INFO] [stdout]                                at /rustc/df4ca44d3fbc9301ee17f30f4d474e6ae4b05252/library/core/src/panicking.rs:75:14
[INFO] [stdout]   18:     0x5964fef745d6 - core::result::unwrap_failed::h5e8218e4d4338b8a
[INFO] [stdout]                                at /rustc/df4ca44d3fbc9301ee17f30f4d474e6ae4b05252/library/core/src/result.rs:1698:5
[INFO] [stdout]   19:     0x5964fec55dc4 - core::result::Result<T,E>::unwrap::hec9fbf27e5381dd1
[INFO] [stdout]                                at /rustc/df4ca44d3fbc9301ee17f30f4d474e6ae4b05252/library/core/src/result.rs:1103:23
[INFO] [stdout]   20:     0x5964fec55dc4 - snapshot_tests::graphql_files_in_dir::h9c83cec84b552732
[INFO] [stdout]                                at /opt/rustwide/workdir/tests/snapshot_tests.rs:171:21
[INFO] [stdout]   21:     0x5964fec55ad7 - snapshot_tests::collect_graphql_files::{{closure}}::he5adfeda5b9bc9b2
[INFO] [stdout]                                at /opt/rustwide/workdir/tests/snapshot_tests.rs:156:13
[INFO] [stdout]   22:     0x5964fec5352f - core::ops::function::impls::<impl core::ops::function::FnOnce<A> for &mut F>::call_once::hfec40a2d951cd45e
[INFO] [stdout]                                at /rustc/df4ca44d3fbc9301ee17f30f4d474e6ae4b05252/library/core/src/ops/function.rs:305:13
[INFO] [stdout]   23:     0x5964fec5d30f - core::option::Option<T>::map::h2a925c1c2877717b
[INFO] [stdout]                                at /rustc/df4ca44d3fbc9301ee17f30f4d474e6ae4b05252/library/core/src/option.rs:1112:29
[INFO] [stdout]   24:     0x5964fec5d30f - <core::iter::adapters::map::Map<I,F> as core::iter::traits::iterator::Iterator>::next::h26a9ea89adf7386b
[INFO] [stdout]                                at /rustc/df4ca44d3fbc9301ee17f30f4d474e6ae4b05252/library/core/src/iter/adapters/map.rs:107:26
[INFO] [stdout]   25:     0x5964fec5300c - <core::iter::adapters::fuse::Fuse<I> as core::iter::adapters::fuse::FuseImpl<I>>::next::h7f2b842c2f9edcda
[INFO] [stdout]                                at /rustc/df4ca44d3fbc9301ee17f30f4d474e6ae4b05252/library/core/src/iter/adapters/fuse.rs:359:9
[INFO] [stdout]   26:     0x5964fec65ae2 - <core::iter::adapters::fuse::Fuse<I> as core::iter::traits::iterator::Iterator>::next::hc1cf4c34fcce9900
[INFO] [stdout]                                at /rustc/df4ca44d3fbc9301ee17f30f4d474e6ae4b05252/library/core/src/iter/adapters/fuse.rs:50:9
[INFO] [stdout]   27:     0x5964fec65ae2 - <core::iter::adapters::flatten::FlattenCompat<I,U> as core::iter::traits::iterator::Iterator>::next::h058091fc76fa99ed
[INFO] [stdout]                                at /rustc/df4ca44d3fbc9301ee17f30f4d474e6ae4b05252/library/core/src/iter/adapters/flatten.rs:608:29
[INFO] [stdout]   28:     0x5964fec65a06 - <core::iter::adapters::flatten::FlatMap<I,U,F> as core::iter::traits::iterator::Iterator>::next::h009a2dd91b1f0240
[INFO] [stdout]                                at /rustc/df4ca44d3fbc9301ee17f30f4d474e6ae4b05252/library/core/src/iter/adapters/flatten.rs:64:9
[INFO] [stdout]   29:     0x5964fec5d377 - <core::iter::adapters::map::Map<I,F> as core::iter::traits::iterator::Iterator>::next::h6a34cb9346b87362
[INFO] [stdout]                                at /rustc/df4ca44d3fbc9301ee17f30f4d474e6ae4b05252/library/core/src/iter/adapters/map.rs:107:9
[INFO] [stdout]   30:     0x5964fec5005d - <alloc::vec::Vec<T> as alloc::vec::spec_from_iter_nested::SpecFromIterNested<T,I>>::from_iter::hae47110083ba73ef
[INFO] [stdout]                                at /rustc/df4ca44d3fbc9301ee17f30f4d474e6ae4b05252/library/alloc/src/vec/spec_from_iter_nested.rs:25:32
[INFO] [stdout]   31:     0x5964fec52f7d - <alloc::vec::Vec<T> as alloc::vec::spec_from_iter::SpecFromIter<T,I>>::from_iter::h6660f130a32fe660
[INFO] [stdout]                                at /rustc/df4ca44d3fbc9301ee17f30f4d474e6ae4b05252/library/alloc/src/vec/spec_from_iter.rs:34:9
[INFO] [stdout]   32:     0x5964fec52edf - <alloc::vec::Vec<T> as core::iter::traits::collect::FromIterator<T>>::from_iter::h67f42b13dad2518a
[INFO] [stdout]                                at /rustc/df4ca44d3fbc9301ee17f30f4d474e6ae4b05252/library/alloc/src/vec/mod.rs:3410:9
[INFO] [stdout]   33:     0x5964fec5e324 - core::iter::traits::iterator::Iterator::collect::h2023d08bfe3d802f
[INFO] [stdout]                                at /rustc/df4ca44d3fbc9301ee17f30f4d474e6ae4b05252/library/core/src/iter/traits/iterator.rs:2001:9
[INFO] [stdout]   34:     0x5964fec55955 - snapshot_tests::collect_graphql_files::h5a214223be7cbf68
[INFO] [stdout]                                at /opt/rustwide/workdir/tests/snapshot_tests.rs:152:21
[INFO] [stdout]   35:     0x5964fec58c60 - snapshot_tests::serialize_and_reparse_ast::{{closure}}::h543d77b11d0a9238
[INFO] [stdout]                                at /opt/rustwide/workdir/tests/snapshot_tests.rs:109:25
[INFO] [stdout]   36:     0x5964fec536be - core::ops::function::FnOnce::call_once::h6a8577098a4e468d
[INFO] [stdout]                                at /rustc/df4ca44d3fbc9301ee17f30f4d474e6ae4b05252/library/core/src/ops/function.rs:250:5
[INFO] [stdout]   37:     0x5964fecb63d3 - serial_test::serial_code_lock::local_serial_core::h803e30c12d38455d
[INFO] [stdout]                                at /opt/rustwide/cargo-home/registry/src/index.crates.io-6f17d22bba15001f/serial_test-3.1.1/src/serial_code_lock.rs:36:5
[INFO] [stdout]   38:     0x5964fec5893b - snapshot_tests::serialize_and_reparse_ast::h4ae8ff72c9f221dc
[INFO] [stdout]                                at /opt/rustwide/workdir/tests/snapshot_tests.rs:103:1
[INFO] [stdout]   39:     0x5964fec588b7 - snapshot_tests::serialize_and_reparse_ast::{{closure}}::he45d1f2fe5481e38
[INFO] [stdout]                                at /opt/rustwide/workdir/tests/snapshot_tests.rs:104:31
[INFO] [stdout]   40:     0x5964fec53676 - core::ops::function::FnOnce::call_once::h1710d77f2604644a
[INFO] [stdout]                                at /rustc/df4ca44d3fbc9301ee17f30f4d474e6ae4b05252/library/core/src/ops/function.rs:250:5
[INFO] [stdout]   41:     0x5964fecab19b - core::ops::function::FnOnce::call_once::h22c3ba5715e93f05
[INFO] [stdout]                                at /rustc/df4ca44d3fbc9301ee17f30f4d474e6ae4b05252/library/core/src/ops/function.rs:250:5
[INFO] [stdout]   42:     0x5964fecab19b - test::__rust_begin_short_backtrace::h8e82d8113d0da17f
[INFO] [stdout]                                at /rustc/df4ca44d3fbc9301ee17f30f4d474e6ae4b05252/library/test/src/lib.rs:621:18
[INFO] [stdout]   43:     0x5964fecaab17 - test::run_test_in_process::{{closure}}::h33235f4f20b7b7c7
[INFO] [stdout]                                at /rustc/df4ca44d3fbc9301ee17f30f4d474e6ae4b05252/library/test/src/lib.rs:644:60
[INFO] [stdout]   44:     0x5964fecaab17 - <core::panic::unwind_safe::AssertUnwindSafe<F> as core::ops::function::FnOnce<()>>::call_once::hb5043206310c586f
[INFO] [stdout]                                at /rustc/df4ca44d3fbc9301ee17f30f4d474e6ae4b05252/library/core/src/panic/unwind_safe.rs:272:9
[INFO] [stdout]   45:     0x5964fecaab17 - std::panicking::try::do_call::h9ad4731a60ab23e2
[INFO] [stdout]                                at /rustc/df4ca44d3fbc9301ee17f30f4d474e6ae4b05252/library/std/src/panicking.rs:557:40
[INFO] [stdout]   46:     0x5964fecaab17 - std::panicking::try::h3824d23db772a716
[INFO] [stdout]                                at /rustc/df4ca44d3fbc9301ee17f30f4d474e6ae4b05252/library/std/src/panicking.rs:520:19
[INFO] [stdout]   47:     0x5964fecaab17 - std::panic::catch_unwind::h5afd514605fde46b
[INFO] [stdout]                                at /rustc/df4ca44d3fbc9301ee17f30f4d474e6ae4b05252/library/std/src/panic.rs:358:14
[INFO] [stdout]   48:     0x5964fecaab17 - test::run_test_in_process::h0d5cbfa7067d1720
[INFO] [stdout]                                at /rustc/df4ca44d3fbc9301ee17f30f4d474e6ae4b05252/library/test/src/lib.rs:644:27
[INFO] [stdout]   49:     0x5964fecaab17 - test::run_test::{{closure}}::h708eb8872708115d
[INFO] [stdout]                                at /rustc/df4ca44d3fbc9301ee17f30f4d474e6ae4b05252/library/test/src/lib.rs:565:43
[INFO] [stdout]   50:     0x5964fec6e234 - test::run_test::{{closure}}::h392c51cee94713ab
[INFO] [stdout]                                at /rustc/df4ca44d3fbc9301ee17f30f4d474e6ae4b05252/library/test/src/lib.rs:595:41
[INFO] [stdout]   51:     0x5964fec6e234 - std::sys::backtrace::__rust_begin_short_backtrace::h2f40290710935a8b
[INFO] [stdout]                                at /rustc/df4ca44d3fbc9301ee17f30f4d474e6ae4b05252/library/std/src/sys/backtrace.rs:154:18
[INFO] [stdout]   52:     0x5964fec719de - std::thread::Builder::spawn_unchecked_::{{closure}}::{{closure}}::h3fd968d89053a903
[INFO] [stdout]                                at /rustc/df4ca44d3fbc9301ee17f30f4d474e6ae4b05252/library/std/src/thread/mod.rs:541:17
[INFO] [stdout]   53:     0x5964fec719de - <core::panic::unwind_safe::AssertUnwindSafe<F> as core::ops::function::FnOnce<()>>::call_once::h743f637ba4229880
[INFO] [stdout]                                at /rustc/df4ca44d3fbc9301ee17f30f4d474e6ae4b05252/library/core/src/panic/unwind_safe.rs:272:9
[INFO] [stdout]   54:     0x5964fec719de - std::panicking::try::do_call::h07440897322525a6
[INFO] [stdout]                                at /rustc/df4ca44d3fbc9301ee17f30f4d474e6ae4b05252/library/std/src/panicking.rs:557:40
[INFO] [stdout]   55:     0x5964fec719de - std::panicking::try::he5a2e00188156637
[INFO] [stdout]                                at /rustc/df4ca44d3fbc9301ee17f30f4d474e6ae4b05252/library/std/src/panicking.rs:520:19
[INFO] [stdout]   56:     0x5964fec719de - std::panic::catch_unwind::hbaf3cae49b3c6433
[INFO] [stdout]                                at /rustc/df4ca44d3fbc9301ee17f30f4d474e6ae4b05252/library/std/src/panic.rs:358:14
[INFO] [stdout]   57:     0x5964fec719de - std::thread::Builder::spawn_unchecked_::{{closure}}::h8e141ea224820bce
[INFO] [stdout]                                at /rustc/df4ca44d3fbc9301ee17f30f4d474e6ae4b05252/library/std/src/thread/mod.rs:540:30
[INFO] [stdout]   58:     0x5964fec719de - core::ops::function::FnOnce::call_once{{vtable.shim}}::h90d312fedd7b8ea8
[INFO] [stdout]                                at /rustc/df4ca44d3fbc9301ee17f30f4d474e6ae4b05252/library/core/src/ops/function.rs:250:5
[INFO] [stdout]   59:     0x5964fef52ffb - <alloc::boxed::Box<F,A> as core::ops::function::FnOnce<Args>>::call_once::h69aa08ddb6adb8b6
[INFO] [stdout]                                at /rustc/df4ca44d3fbc9301ee17f30f4d474e6ae4b05252/library/alloc/src/boxed.rs:2454:9
[INFO] [stdout]   60:     0x5964fef52ffb - <alloc::boxed::Box<F,A> as core::ops::function::FnOnce<Args>>::call_once::h5aa36efdb79c806f
[INFO] [stdout]                                at /rustc/df4ca44d3fbc9301ee17f30f4d474e6ae4b05252/library/alloc/src/boxed.rs:2454:9
[INFO] [stdout]   61:     0x5964fef52ffb - std::sys::pal::unix::thread::Thread::new::thread_start::h6cd80a1b4be5158d
[INFO] [stdout]                                at /rustc/df4ca44d3fbc9301ee17f30f4d474e6ae4b05252/library/std/src/sys/pal/unix/thread.rs:105:17
[INFO] [stdout]   62:     0x7bc7de80bac3 - <unknown>
[INFO] [stdout]   63:     0x7bc7de89ca04 - clone
[INFO] [stdout]   64:                0x0 - <unknown>
[INFO] [stdout] 
[INFO] [stdout] ---- validation stdout ----
[INFO] [stdout] thread 'validation' panicked at tests/snapshot_tests.rs:172:10:
[INFO] [stdout] called `Result::unwrap()` on an `Err` value: Os { code: 2, kind: NotFound, message: "No such file or directory" }
[INFO] [stdout] stack backtrace:
[INFO] [stdout]    0:     0x5964fef4d09a - std::backtrace_rs::backtrace::libunwind::trace::h207520d6e9873551
[INFO] [stdout]                                at /rustc/df4ca44d3fbc9301ee17f30f4d474e6ae4b05252/library/std/src/../../backtrace/src/backtrace/libunwind.rs:116:5
[INFO] [stdout]    1:     0x5964fef4d09a - std::backtrace_rs::backtrace::trace_unsynchronized::h2ed7433f370e3eca
[INFO] [stdout]                                at /rustc/df4ca44d3fbc9301ee17f30f4d474e6ae4b05252/library/std/src/../../backtrace/src/backtrace/mod.rs:66:5
[INFO] [stdout]    2:     0x5964fef4d09a - std::sys::backtrace::_print_fmt::h916fac51166b18d7
[INFO] [stdout]                                at /rustc/df4ca44d3fbc9301ee17f30f4d474e6ae4b05252/library/std/src/sys/backtrace.rs:66:9
[INFO] [stdout]    3:     0x5964fef4d09a - <std::sys::backtrace::BacktraceLock::print::DisplayBacktrace as core::fmt::Display>::fmt::ha0a4c9b8ce3802e6
[INFO] [stdout]                                at /rustc/df4ca44d3fbc9301ee17f30f4d474e6ae4b05252/library/std/src/sys/backtrace.rs:39:26
[INFO] [stdout]    4:     0x5964fef75e03 - core::fmt::rt::Argument::fmt::h4cfc8587d52b3eb5
[INFO] [stdout]                                at /rustc/df4ca44d3fbc9301ee17f30f4d474e6ae4b05252/library/core/src/fmt/rt.rs:177:76
[INFO] [stdout]    5:     0x5964fef75e03 - core::fmt::write::h522cc39e5b36ae9f
[INFO] [stdout]                                at /rustc/df4ca44d3fbc9301ee17f30f4d474e6ae4b05252/library/core/src/fmt/mod.rs:1190:21
[INFO] [stdout]    6:     0x5964fef492a3 - std::io::Write::write_fmt::h7d3c26752da97734
[INFO] [stdout]                                at /rustc/df4ca44d3fbc9301ee17f30f4d474e6ae4b05252/library/std/src/io/mod.rs:1839:15
[INFO] [stdout]    7:     0x5964fef4cee2 - std::sys::backtrace::BacktraceLock::print::h4b9e00b29e9c0942
[INFO] [stdout]                                at /rustc/df4ca44d3fbc9301ee17f30f4d474e6ae4b05252/library/std/src/sys/backtrace.rs:42:9
[INFO] [stdout]    8:     0x5964fef4e52a - std::panicking::default_hook::{{closure}}::hb59b88280d0324d9
[INFO] [stdout]                                at /rustc/df4ca44d3fbc9301ee17f30f4d474e6ae4b05252/library/std/src/panicking.rs:268:22
[INFO] [stdout]    9:     0x5964fef4e334 - std::panicking::default_hook::he1dd496665be4a29
[INFO] [stdout]                                at /rustc/df4ca44d3fbc9301ee17f30f4d474e6ae4b05252/library/std/src/panicking.rs:292:9
[INFO] [stdout]   10:     0x5964feca68c9 - <alloc::boxed::Box<F,A> as core::ops::function::Fn<Args>>::call::h4ff71de18744e1dc
[INFO] [stdout]                                at /rustc/df4ca44d3fbc9301ee17f30f4d474e6ae4b05252/library/alloc/src/boxed.rs:2468:9
[INFO] [stdout]   11:     0x5964feca68c9 - test::test_main::{{closure}}::hcf7c055ce117aa81
[INFO] [stdout]                                at /rustc/df4ca44d3fbc9301ee17f30f4d474e6ae4b05252/library/test/src/lib.rs:133:21
[INFO] [stdout]   12:     0x5964fef4ec28 - <alloc::boxed::Box<F,A> as core::ops::function::Fn<Args>>::call::h1d66c6bbd60c9692
[INFO] [stdout]                                at /rustc/df4ca44d3fbc9301ee17f30f4d474e6ae4b05252/library/alloc/src/boxed.rs:2468:9
[INFO] [stdout]   13:     0x5964fef4ec28 - std::panicking::rust_panic_with_hook::h2ff17fe8f26dfcf8
[INFO] [stdout]                                at /rustc/df4ca44d3fbc9301ee17f30f4d474e6ae4b05252/library/std/src/panicking.rs:809:13
[INFO] [stdout]   14:     0x5964fef4e9ea - std::panicking::begin_panic_handler::{{closure}}::h4fad77951c07e101
[INFO] [stdout]                                at /rustc/df4ca44d3fbc9301ee17f30f4d474e6ae4b05252/library/std/src/panicking.rs:674:13
[INFO] [stdout]   15:     0x5964fef4d579 - std::sys::backtrace::__rust_end_short_backtrace::hb1a25b3da5d0ea08
[INFO] [stdout]                                at /rustc/df4ca44d3fbc9301ee17f30f4d474e6ae4b05252/library/std/src/sys/backtrace.rs:170:18
[INFO] [stdout]   16:     0x5964fef4e67c - rust_begin_unwind
[INFO] [stdout]                                at /rustc/df4ca44d3fbc9301ee17f30f4d474e6ae4b05252/library/std/src/panicking.rs:665:5
[INFO] [stdout]   17:     0x5964fef740f0 - core::panicking::panic_fmt::ha9db07b529f9b256
[INFO] [stdout]                                at /rustc/df4ca44d3fbc9301ee17f30f4d474e6ae4b05252/library/core/src/panicking.rs:75:14
[INFO] [stdout]   18:     0x5964fef745d6 - core::result::unwrap_failed::h5e8218e4d4338b8a
[INFO] [stdout]                                at /rustc/df4ca44d3fbc9301ee17f30f4d474e6ae4b05252/library/core/src/result.rs:1698:5
[INFO] [stdout]   19:     0x5964fec55dc4 - core::result::Result<T,E>::unwrap::hec9fbf27e5381dd1
[INFO] [stdout]                                at /rustc/df4ca44d3fbc9301ee17f30f4d474e6ae4b05252/library/core/src/result.rs:1103:23
[INFO] [stdout]   20:     0x5964fec55dc4 - snapshot_tests::graphql_files_in_dir::h9c83cec84b552732
[INFO] [stdout]                                at /opt/rustwide/workdir/tests/snapshot_tests.rs:171:21
[INFO] [stdout]   21:     0x5964fec55ad7 - snapshot_tests::collect_graphql_files::{{closure}}::he5adfeda5b9bc9b2
[INFO] [stdout]                                at /opt/rustwide/workdir/tests/snapshot_tests.rs:156:13
[INFO] [stdout]   22:     0x5964fec5352f - core::ops::function::impls::<impl core::ops::function::FnOnce<A> for &mut F>::call_once::hfec40a2d951cd45e
[INFO] [stdout]                                at /rustc/df4ca44d3fbc9301ee17f30f4d474e6ae4b05252/library/core/src/ops/function.rs:305:13
[INFO] [stdout]   23:     0x5964fec5d30f - core::option::Option<T>::map::h2a925c1c2877717b
[INFO] [stdout]                                at /rustc/df4ca44d3fbc9301ee17f30f4d474e6ae4b05252/library/core/src/option.rs:1112:29
[INFO] [stdout]   24:     0x5964fec5d30f - <core::iter::adapters::map::Map<I,F> as core::iter::traits::iterator::Iterator>::next::h26a9ea89adf7386b
[INFO] [stdout]                                at /rustc/df4ca44d3fbc9301ee17f30f4d474e6ae4b05252/library/core/src/iter/adapters/map.rs:107:26
[INFO] [stdout]   25:     0x5964fec5300c - <core::iter::adapters::fuse::Fuse<I> as core::iter::adapters::fuse::FuseImpl<I>>::next::h7f2b842c2f9edcda
[INFO] [stdout]                                at /rustc/df4ca44d3fbc9301ee17f30f4d474e6ae4b05252/library/core/src/iter/adapters/fuse.rs:359:9
[INFO] [stdout]   26:     0x5964fec65ae2 - <core::iter::adapters::fuse::Fuse<I> as core::iter::traits::iterator::Iterator>::next::hc1cf4c34fcce9900
[INFO] [stdout]                                at /rustc/df4ca44d3fbc9301ee17f30f4d474e6ae4b05252/library/core/src/iter/adapters/fuse.rs:50:9
[INFO] [stdout]   27:     0x5964fec65ae2 - <core::iter::adapters::flatten::FlattenCompat<I,U> as core::iter::traits::iterator::Iterator>::next::h058091fc76fa99ed
[INFO] [stdout]                                at /rustc/df4ca44d3fbc9301ee17f30f4d474e6ae4b05252/library/core/src/iter/adapters/flatten.rs:608:29
[INFO] [stdout]   28:     0x5964fec65a06 - <core::iter::adapters::flatten::FlatMap<I,U,F> as core::iter::traits::iterator::Iterator>::next::h009a2dd91b1f0240
[INFO] [stdout]                                at /rustc/df4ca44d3fbc9301ee17f30f4d474e6ae4b05252/library/core/src/iter/adapters/flatten.rs:64:9
[INFO] [stdout]   29:     0x5964fec5d377 - <core::iter::adapters::map::Map<I,F> as core::iter::traits::iterator::Iterator>::next::h6a34cb9346b87362
[INFO] [stdout]                                at /rustc/df4ca44d3fbc9301ee17f30f4d474e6ae4b05252/library/core/src/iter/adapters/map.rs:107:9
[INFO] [stdout]   30:     0x5964fec5005d - <alloc::vec::Vec<T> as alloc::vec::spec_from_iter_nested::SpecFromIterNested<T,I>>::from_iter::hae47110083ba73ef
[INFO] [stdout]                                at /rustc/df4ca44d3fbc9301ee17f30f4d474e6ae4b05252/library/alloc/src/vec/spec_from_iter_nested.rs:25:32
[INFO] [stdout]   31:     0x5964fec52f7d - <alloc::vec::Vec<T> as alloc::vec::spec_from_iter::SpecFromIter<T,I>>::from_iter::h6660f130a32fe660
[INFO] [stdout]                                at /rustc/df4ca44d3fbc9301ee17f30f4d474e6ae4b05252/library/alloc/src/vec/spec_from_iter.rs:34:9
[INFO] [stdout]   32:     0x5964fec52edf - <alloc::vec::Vec<T> as core::iter::traits::collect::FromIterator<T>>::from_iter::h67f42b13dad2518a
[INFO] [stdout]                                at /rustc/df4ca44d3fbc9301ee17f30f4d474e6ae4b05252/library/alloc/src/vec/mod.rs:3410:9
[INFO] [stdout]   33:     0x5964fec5e324 - core::iter::traits::iterator::Iterator::collect::h2023d08bfe3d802f
[INFO] [stdout]                                at /rustc/df4ca44d3fbc9301ee17f30f4d474e6ae4b05252/library/core/src/iter/traits/iterator.rs:2001:9
[INFO] [stdout]   34:     0x5964fec55955 - snapshot_tests::collect_graphql_files::h5a214223be7cbf68
[INFO] [stdout]                                at /opt/rustwide/workdir/tests/snapshot_tests.rs:152:21
[INFO] [stdout]   35:     0x5964fec554d4 - snapshot_tests::dir_tests::hd8558f3392ff6449
[INFO] [stdout]                                at /opt/rustwide/workdir/tests/snapshot_tests.rs:142:31
[INFO] [stdout]   36:     0x5964fec572b9 - snapshot_tests::validation::{{closure}}::h75de695e1ab3ce87
[INFO] [stdout]                                at /opt/rustwide/workdir/tests/snapshot_tests.rs:37:5
[INFO] [stdout]   37:     0x5964fec5379e - core::ops::function::FnOnce::call_once::h96fc9b7d775fe31a
[INFO] [stdout]                                at /rustc/df4ca44d3fbc9301ee17f30f4d474e6ae4b05252/library/core/src/ops/function.rs:250:5
[INFO] [stdout]   38:     0x5964fecb63d3 - serial_test::serial_code_lock::local_serial_core::h803e30c12d38455d
[INFO] [stdout]                                at /opt/rustwide/cargo-home/registry/src/index.crates.io-6f17d22bba15001f/serial_test-3.1.1/src/serial_code_lock.rs:36:5
[INFO] [stdout]   39:     0x5964fec5721b - snapshot_tests::validation::h3e15de3d56f5d60b
[INFO] [stdout]                                at /opt/rustwide/workdir/tests/snapshot_tests.rs:35:1
[INFO] [stdout]   40:     0x5964fec57197 - snapshot_tests::validation::{{closure}}::h2e23c91210e436d3
[INFO] [stdout]                                at /opt/rustwide/workdir/tests/snapshot_tests.rs:36:16
[INFO] [stdout]   41:     0x5964fec53606 - core::ops::function::FnOnce::call_once::h028ef6d92ec61dbf
[INFO] [stdout]                                at /rustc/df4ca44d3fbc9301ee17f30f4d474e6ae4b05252/library/core/src/ops/function.rs:250:5
[INFO] [stdout]   42:     0x5964fecab19b - core::ops::function::FnOnce::call_once::h22c3ba5715e93f05
[INFO] [stdout]                                at /rustc/df4ca44d3fbc9301ee17f30f4d474e6ae4b05252/library/core/src/ops/function.rs:250:5
[INFO] [stdout]   43:     0x5964fecab19b - test::__rust_begin_short_backtrace::h8e82d8113d0da17f
[INFO] [stdout]                                at /rustc/df4ca44d3fbc9301ee17f30f4d474e6ae4b05252/library/test/src/lib.rs:621:18
[INFO] [stdout]   44:     0x5964fecaab17 - test::run_test_in_process::{{closure}}::h33235f4f20b7b7c7
[INFO] [stdout]                                at /rustc/df4ca44d3fbc9301ee17f30f4d474e6ae4b05252/library/test/src/lib.rs:644:60
[INFO] [stdout]   45:     0x5964fecaab17 - <core::panic::unwind_safe::AssertUnwindSafe<F> as core::ops::function::FnOnce<()>>::call_once::hb5043206310c586f
[INFO] [stdout]                                at /rustc/df4ca44d3fbc9301ee17f30f4d474e6ae4b05252/library/core/src/panic/unwind_safe.rs:272:9
[INFO] [stdout]   46:     0x5964fecaab17 - std::panicking::try::do_call::h9ad4731a60ab23e2
[INFO] [stdout]                                at /rustc/df4ca44d3fbc9301ee17f30f4d474e6ae4b05252/library/std/src/panicking.rs:557:40
[INFO] [stdout]   47:     0x5964fecaab17 - std::panicking::try::h3824d23db772a716
[INFO] [stdout]                                at /rustc/df4ca44d3fbc9301ee17f30f4d474e6ae4b05252/library/std/src/panicking.rs:520:19
[INFO] [stdout]   48:     0x5964fecaab17 - std::panic::catch_unwind::h5afd514605fde46b
[INFO] [stdout]                                at /rustc/df4ca44d3fbc9301ee17f30f4d474e6ae4b05252/library/std/src/panic.rs:358:14
[INFO] [stdout]   49:     0x5964fecaab17 - test::run_test_in_process::h0d5cbfa7067d1720
[INFO] [stdout]                                at /rustc/df4ca44d3fbc9301ee17f30f4d474e6ae4b05252/library/test/src/lib.rs:644:27
[INFO] [stdout]   50:     0x5964fecaab17 - test::run_test::{{closure}}::h708eb8872708115d
[INFO] [stdout]                                at /rustc/df4ca44d3fbc9301ee17f30f4d474e6ae4b05252/library/test/src/lib.rs:565:43
[INFO] [stdout]   51:     0x5964fec6e234 - test::run_test::{{closure}}::h392c51cee94713ab
[INFO] [stdout]                                at /rustc/df4ca44d3fbc9301ee17f30f4d474e6ae4b05252/library/test/src/lib.rs:595:41
[INFO] [stdout]   52:     0x5964fec6e234 - std::sys::backtrace::__rust_begin_short_backtrace::h2f40290710935a8b
[INFO] [stdout]                                at /rustc/df4ca44d3fbc9301ee17f30f4d474e6ae4b05252/library/std/src/sys/backtrace.rs:154:18
[INFO] [stdout]   53:     0x5964fec719de - std::thread::Builder::spawn_unchecked_::{{closure}}::{{closure}}::h3fd968d89053a903
[INFO] [stdout]                                at /rustc/df4ca44d3fbc9301ee17f30f4d474e6ae4b05252/library/std/src/thread/mod.rs:541:17
[INFO] [stdout]   54:     0x5964fec719de - <core::panic::unwind_safe::AssertUnwindSafe<F> as core::ops::function::FnOnce<()>>::call_once::h743f637ba4229880
[INFO] [stdout]                                at /rustc/df4ca44d3fbc9301ee17f30f4d474e6ae4b05252/library/core/src/panic/unwind_safe.rs:272:9
[INFO] [stdout]   55:     0x5964fec719de - std::panicking::try::do_call::h07440897322525a6
[INFO] [stdout]                                at /rustc/df4ca44d3fbc9301ee17f30f4d474e6ae4b05252/library/std/src/panicking.rs:557:40
[INFO] [stdout]   56:     0x5964fec719de - std::panicking::try::he5a2e00188156637
[INFO] [stdout]                                at /rustc/df4ca44d3fbc9301ee17f30f4d474e6ae4b05252/library/std/src/panicking.rs:520:19
[INFO] [stdout]   57:     0x5964fec719de - std::panic::catch_unwind::hbaf3cae49b3c6433
[INFO] [stdout]                                at /rustc/df4ca44d3fbc9301ee17f30f4d474e6ae4b05252/library/std/src/panic.rs:358:14
[INFO] [stdout]   58:     0x5964fec719de - std::thread::Builder::spawn_unchecked_::{{closure}}::h8e141ea224820bce
[INFO] [stdout]                                at /rustc/df4ca44d3fbc9301ee17f30f4d474e6ae4b05252/library/std/src/thread/mod.rs:540:30
[INFO] [stdout]   59:     0x5964fec719de - core::ops::function::FnOnce::call_once{{vtable.shim}}::h90d312fedd7b8ea8
[INFO] [stdout]                                at /rustc/df4ca44d3fbc9301ee17f30f4d474e6ae4b05252/library/core/src/ops/function.rs:250:5
[INFO] [stdout]   60:     0x5964fef52ffb - <alloc::boxed::Box<F,A> as core::ops::function::FnOnce<Args>>::call_once::h69aa08ddb6adb8b6
[INFO] [stdout]                                at /rustc/df4ca44d3fbc9301ee17f30f4d474e6ae4b05252/library/alloc/src/boxed.rs:2454:9
[INFO] [stdout]   61:     0x5964fef52ffb - <alloc::boxed::Box<F,A> as core::ops::function::FnOnce<Args>>::call_once::h5aa36efdb79c806f
[INFO] [stdout]                                at /rustc/df4ca44d3fbc9301ee17f30f4d474e6ae4b05252/library/alloc/src/boxed.rs:2454:9
[INFO] [stdout]   62:     0x5964fef52ffb - std::sys::pal::unix::thread::Thread::new::thread_start::h6cd80a1b4be5158d
[INFO] [stdout]                                at /rustc/df4ca44d3fbc9301ee17f30f4d474e6ae4b05252/library/std/src/sys/pal/unix/thread.rs:105:17
[INFO] [stdout]   63:     0x7bc7de80bac3 - <unknown>
[INFO] [stdout]   64:     0x7bc7de89ca04 - clone
[INFO] [stdout]   65:                0x0 - <unknown>
[INFO] [stdout] 
[INFO] [stdout] 
[INFO] [stdout] failures:
[INFO] [stdout]     serialize_and_reparse_ast
[INFO] [stdout]     validation
[INFO] [stdout] 
[INFO] [stdout] test result: FAILED. 1 passed; 2 failed; 0 ignored; 0 measured; 0 filtered out; finished in 0.03s
[INFO] [stdout] 
[INFO] [stderr] error: test failed, to rerun pass `--test snapshot_tests`
[INFO] running `Command { std: "docker" "inspect" "64fb6b00392a457c60b977545888332784c4f57a8859f6247341fad5bba83300", kill_on_drop: false }`
[INFO] running `Command { std: "docker" "rm" "-f" "64fb6b00392a457c60b977545888332784c4f57a8859f6247341fad5bba83300", kill_on_drop: false }`
[INFO] [stdout] 64fb6b00392a457c60b977545888332784c4f57a8859f6247341fad5bba83300
