[INFO] fetching crate aph_disjoint_set 0.1.1...
[INFO] testing aph_disjoint_set-0.1.1 against nightly-2024-10-28+rustflags=-Zrandomize-layout for randomize-layout
[INFO] extracting crate aph_disjoint_set 0.1.1 into /workspace/builds/worker-4-tc2/source
[INFO] validating manifest of crates.io crate aph_disjoint_set 0.1.1 on toolchain nightly-2024-10-28
[INFO] running `Command { std: CARGO_HOME="/workspace/cargo-home" RUSTUP_HOME="/workspace/rustup-home" "/workspace/cargo-home/bin/cargo" "+nightly-2024-10-28" "metadata" "--manifest-path" "Cargo.toml" "--no-deps", kill_on_drop: false }`
[INFO] started tweaking crates.io crate aph_disjoint_set 0.1.1
[INFO] finished tweaking crates.io crate aph_disjoint_set 0.1.1
[INFO] tweaked toml for crates.io crate aph_disjoint_set 0.1.1 written to /workspace/builds/worker-4-tc2/source/Cargo.toml
[INFO] running `Command { std: CARGO_HOME="/workspace/cargo-home" RUSTUP_HOME="/workspace/rustup-home" "/workspace/cargo-home/bin/cargo" "+nightly-2024-10-28" "generate-lockfile" "--manifest-path" "Cargo.toml", kill_on_drop: false }`
[INFO] [stderr]     Updating crates.io index
[INFO] [stderr]      Locking 11 packages to latest compatible versions
[INFO] [stderr]       Adding itertools v0.10.5 (available: v0.13.0)
[INFO] [stderr]       Adding rstest v0.17.0 (available: v0.23.0)
[INFO] running `Command { std: CARGO_HOME="/workspace/cargo-home" RUSTUP_HOME="/workspace/rustup-home" "/workspace/cargo-home/bin/cargo" "+nightly-2024-10-28" "fetch" "--manifest-path" "Cargo.toml", kill_on_drop: false }`
[INFO] running `Command { std: "docker" "create" "-v" "/var/lib/crater-agent-workspace/builds/worker-4-tc2/target:/opt/rustwide/target:rw,Z" "-v" "/var/lib/crater-agent-workspace/builds/worker-4-tc2/source:/opt/rustwide/workdir:ro,Z" "-v" "/var/lib/crater-agent-workspace/cargo-home:/opt/rustwide/cargo-home:ro,Z" "-v" "/var/lib/crater-agent-workspace/rustup-home:/opt/rustwide/rustup-home:ro,Z" "-e" "SOURCE_DIR=/opt/rustwide/workdir" "-e" "CARGO_TARGET_DIR=/opt/rustwide/target" "-e" "CARGO_HOME=/opt/rustwide/cargo-home" "-e" "RUSTUP_HOME=/opt/rustwide/rustup-home" "-w" "/opt/rustwide/workdir" "-m" "1610612736" "--user" "0:0" "--network" "none" "ghcr.io/rust-lang/crates-build-env/linux@sha256:4a844ea9eb2546a2d2c7022eacef16ef2e8229c7fbb2c7d4d55a9ceca922f72d" "/opt/rustwide/cargo-home/bin/cargo" "+nightly-2024-10-28" "metadata" "--no-deps" "--format-version=1", kill_on_drop: false }`
[INFO] [stdout] 2b708ef222ef1b26b6dd07ab8bd0e64fac919ddab3742558106b4d9a0d792efa
[INFO] running `Command { std: "docker" "start" "-a" "2b708ef222ef1b26b6dd07ab8bd0e64fac919ddab3742558106b4d9a0d792efa", kill_on_drop: false }`
[INFO] running `Command { std: "docker" "inspect" "2b708ef222ef1b26b6dd07ab8bd0e64fac919ddab3742558106b4d9a0d792efa", kill_on_drop: false }`
[INFO] running `Command { std: "docker" "rm" "-f" "2b708ef222ef1b26b6dd07ab8bd0e64fac919ddab3742558106b4d9a0d792efa", kill_on_drop: false }`
[INFO] [stdout] 2b708ef222ef1b26b6dd07ab8bd0e64fac919ddab3742558106b4d9a0d792efa
[INFO] running `Command { std: "docker" "create" "-v" "/var/lib/crater-agent-workspace/builds/worker-4-tc2/target:/opt/rustwide/target:rw,Z" "-v" "/var/lib/crater-agent-workspace/builds/worker-4-tc2/source:/opt/rustwide/workdir:ro,Z" "-v" "/var/lib/crater-agent-workspace/cargo-home:/opt/rustwide/cargo-home:ro,Z" "-v" "/var/lib/crater-agent-workspace/rustup-home:/opt/rustwide/rustup-home:ro,Z" "-e" "SOURCE_DIR=/opt/rustwide/workdir" "-e" "CARGO_TARGET_DIR=/opt/rustwide/target" "-e" "CARGO_INCREMENTAL=0" "-e" "RUST_BACKTRACE=full" "-e" "RUSTFLAGS=--cap-lints=forbid -Zrandomize-layout" "-e" "RUSTDOCFLAGS=--cap-lints=forbid" "-e" "CARGO_HOME=/opt/rustwide/cargo-home" "-e" "RUSTUP_HOME=/opt/rustwide/rustup-home" "-w" "/opt/rustwide/workdir" "-m" "1610612736" "--user" "0:0" "--network" "none" "ghcr.io/rust-lang/crates-build-env/linux@sha256:4a844ea9eb2546a2d2c7022eacef16ef2e8229c7fbb2c7d4d55a9ceca922f72d" "/opt/rustwide/cargo-home/bin/cargo" "+nightly-2024-10-28" "build" "--frozen" "--message-format=json", kill_on_drop: false }`
[INFO] [stdout] ccd80c46ea89014518eb8e92d55fd87ef8188c721ff3d012346d27c3aa808915
[INFO] running `Command { std: "docker" "start" "-a" "ccd80c46ea89014518eb8e92d55fd87ef8188c721ff3d012346d27c3aa808915", kill_on_drop: false }`
[INFO] [stderr]    Compiling aph_disjoint_set v0.1.1 (/opt/rustwide/workdir)
[INFO] [stderr]     Finished `dev` profile [unoptimized + debuginfo] target(s) in 0.31s
[INFO] running `Command { std: "docker" "inspect" "ccd80c46ea89014518eb8e92d55fd87ef8188c721ff3d012346d27c3aa808915", kill_on_drop: false }`
[INFO] running `Command { std: "docker" "rm" "-f" "ccd80c46ea89014518eb8e92d55fd87ef8188c721ff3d012346d27c3aa808915", kill_on_drop: false }`
[INFO] [stdout] ccd80c46ea89014518eb8e92d55fd87ef8188c721ff3d012346d27c3aa808915
[INFO] running `Command { std: "docker" "create" "-v" "/var/lib/crater-agent-workspace/builds/worker-4-tc2/target:/opt/rustwide/target:rw,Z" "-v" "/var/lib/crater-agent-workspace/builds/worker-4-tc2/source:/opt/rustwide/workdir:ro,Z" "-v" "/var/lib/crater-agent-workspace/cargo-home:/opt/rustwide/cargo-home:ro,Z" "-v" "/var/lib/crater-agent-workspace/rustup-home:/opt/rustwide/rustup-home:ro,Z" "-e" "SOURCE_DIR=/opt/rustwide/workdir" "-e" "CARGO_TARGET_DIR=/opt/rustwide/target" "-e" "CARGO_INCREMENTAL=0" "-e" "RUST_BACKTRACE=full" "-e" "RUSTFLAGS=--cap-lints=forbid -Zrandomize-layout" "-e" "RUSTDOCFLAGS=--cap-lints=forbid" "-e" "CARGO_HOME=/opt/rustwide/cargo-home" "-e" "RUSTUP_HOME=/opt/rustwide/rustup-home" "-w" "/opt/rustwide/workdir" "-m" "1610612736" "--user" "0:0" "--network" "none" "ghcr.io/rust-lang/crates-build-env/linux@sha256:4a844ea9eb2546a2d2c7022eacef16ef2e8229c7fbb2c7d4d55a9ceca922f72d" "/opt/rustwide/cargo-home/bin/cargo" "+nightly-2024-10-28" "test" "--frozen" "--no-run" "--message-format=json", kill_on_drop: false }`
[INFO] [stdout] c178967bfb30c7de68c7c809fee6ee28a4c3110e1fd7a26e38fdf1bdc5541dbc
[INFO] running `Command { std: "docker" "start" "-a" "c178967bfb30c7de68c7c809fee6ee28a4c3110e1fd7a26e38fdf1bdc5541dbc", kill_on_drop: false }`
[INFO] [stderr]    Compiling semver v1.0.23
[INFO] [stderr]    Compiling cfg-if v1.0.0
[INFO] [stderr]    Compiling either v1.13.0
[INFO] [stderr]    Compiling syn v1.0.109
[INFO] [stderr]    Compiling itertools v0.10.5
[INFO] [stderr]    Compiling rustc_version v0.4.1
[INFO] [stderr]    Compiling rstest_macros v0.17.0
[INFO] [stderr]    Compiling rstest v0.17.0
[INFO] [stderr]    Compiling aph_disjoint_set v0.1.1 (/opt/rustwide/workdir)
[INFO] [stderr]     Finished `test` profile [unoptimized + debuginfo] target(s) in 4.20s
[INFO] running `Command { std: "docker" "inspect" "c178967bfb30c7de68c7c809fee6ee28a4c3110e1fd7a26e38fdf1bdc5541dbc", kill_on_drop: false }`
[INFO] running `Command { std: "docker" "rm" "-f" "c178967bfb30c7de68c7c809fee6ee28a4c3110e1fd7a26e38fdf1bdc5541dbc", kill_on_drop: false }`
[INFO] [stdout] c178967bfb30c7de68c7c809fee6ee28a4c3110e1fd7a26e38fdf1bdc5541dbc
[INFO] running `Command { std: "docker" "create" "-v" "/var/lib/crater-agent-workspace/builds/worker-4-tc2/target:/opt/rustwide/target:rw,Z" "-v" "/var/lib/crater-agent-workspace/builds/worker-4-tc2/source:/opt/rustwide/workdir:ro,Z" "-v" "/var/lib/crater-agent-workspace/cargo-home:/opt/rustwide/cargo-home:ro,Z" "-v" "/var/lib/crater-agent-workspace/rustup-home:/opt/rustwide/rustup-home:ro,Z" "-e" "SOURCE_DIR=/opt/rustwide/workdir" "-e" "CARGO_TARGET_DIR=/opt/rustwide/target" "-e" "CARGO_INCREMENTAL=0" "-e" "RUST_BACKTRACE=full" "-e" "RUSTFLAGS=--cap-lints=forbid -Zrandomize-layout" "-e" "RUSTDOCFLAGS=--cap-lints=forbid" "-e" "CARGO_HOME=/opt/rustwide/cargo-home" "-e" "RUSTUP_HOME=/opt/rustwide/rustup-home" "-w" "/opt/rustwide/workdir" "-m" "1610612736" "--user" "0:0" "--network" "none" "ghcr.io/rust-lang/crates-build-env/linux@sha256:4a844ea9eb2546a2d2c7022eacef16ef2e8229c7fbb2c7d4d55a9ceca922f72d" "/opt/rustwide/cargo-home/bin/cargo" "+nightly-2024-10-28" "test" "--frozen", kill_on_drop: false }`
[INFO] [stdout] 39c757ec51ca877ae376f4b4db33509fc43db0337d70ecf9069989e928086658
[INFO] running `Command { std: "docker" "start" "-a" "39c757ec51ca877ae376f4b4db33509fc43db0337d70ecf9069989e928086658", kill_on_drop: false }`
[INFO] [stderr]     Finished `test` profile [unoptimized + debuginfo] target(s) in 0.01s
[INFO] [stderr]      Running unittests src/lib.rs (/opt/rustwide/target/debug/deps/aph_disjoint_set-105b4b1ae074dc66)
[INFO] [stdout] 
[INFO] [stdout] running 146 tests
[INFO] [stdout] test algorithm::splitted_storage_tests::test_get_root ... ok
[INFO] [stdout] test algorithm::splitted_storage_tests::test_compress_paths ... ok
[INFO] [stdout] test algorithm::splitted_storage_tests::test_detach ... ok
[INFO] [stdout] test algorithm::splitted_storage_tests::test_initialize ... ok
[INFO] [stdout] test algorithm::splitted_storage_tests::test_ranks ... ok
[INFO] [stdout] test algorithm::splitted_storage_tests::test_unions ... ok
[INFO] [stdout] test algorithm::tests::test_compress_paths ... ok
[INFO] [stdout] test algorithm::tests::test_detach ... ok
[INFO] [stdout] test algorithm::tests::test_get_root ... ok
[INFO] [stdout] test algorithm::tests::test_initialize ... ok
[INFO] [stdout] test algorithm::tests::test_ranks ... ok
[INFO] [stdout] test algorithm::tests::test_unions ... ok
[INFO] [stdout] test common::tests::test_bounds_check_get_root::idx_1_8::storage_2_Box__new_make_dyn_storage_8__ - should panic ... ok
[INFO] [stdout] test common::tests::test_bounds_check_get_root::idx_1_8::storage_1_Box__new_BoxStorage__new_8__ - should panic ... ok
[INFO] [stdout] test common::tests::test_bounds_check_get_root::idx_2_9::storage_1_Box__new_BoxStorage__new_8__ - should panic ... ok
[INFO] [stdout] test common::tests::test_bounds_check_get_root::idx_1_8::storage_3_Box__new_ArrayStorage____8__ZEROED_ - should panic ... ok
[INFO] [stdout] test common::tests::test_bounds_check_get_root_view::idx_1_8::storage_2_Box__new_make_dyn_storage_8__ - should panic ... ok
[INFO] [stdout] test common::tests::test_bounds_check_get_root::idx_3_10::storage_1_Box__new_BoxStorage__new_8__ - should panic ... ok
[INFO] [stdout] test common::tests::test_bounds_check_get_root_view::idx_2_9::storage_1_Box__new_BoxStorage__new_8__ - should panic ... ok
[INFO] [stdout] test common::tests::test_bounds_check_get_root::idx_2_9::storage_3_Box__new_ArrayStorage____8__ZEROED_ - should panic ... ok
[INFO] [stdout] test common::tests::test_bounds_check_get_root::idx_3_10::storage_3_Box__new_ArrayStorage____8__ZEROED_ - should panic ... ok
[INFO] [stdout] test common::tests::test_bounds_check_get_root_view::idx_1_8::storage_1_Box__new_BoxStorage__new_8__ - should panic ... ok
[INFO] [stdout] test common::tests::test_bounds_check_get_root::idx_3_10::storage_2_Box__new_make_dyn_storage_8__ - should panic ... ok
[INFO] [stdout] test common::tests::test_bounds_check_get_root_view::idx_1_8::storage_3_Box__new_ArrayStorage____8__ZEROED_ - should panic ... ok
[INFO] [stdout] test common::tests::test_bounds_check_is_united_djs::case_1::storage_1_Box__new_BoxStorage__new_8__ - should panic ... ok
[INFO] [stdout] test common::tests::test_bounds_check_is_united_djs::case_1::storage_2_Box__new_make_dyn_storage_8__ - should panic ... ok
[INFO] [stdout] test common::tests::test_bounds_check_get_root_view::idx_2_9::storage_3_Box__new_ArrayStorage____8__ZEROED_ - should panic ... ok
[INFO] [stdout] test common::tests::test_bounds_check_is_united_djs::case_2::storage_1_Box__new_BoxStorage__new_8__ - should panic ... ok
[INFO] [stdout] test common::tests::test_bounds_check_get_root_view::idx_3_10::storage_2_Box__new_make_dyn_storage_8__ - should panic ... ok
[INFO] [stdout] test common::tests::test_bounds_check_is_united_djs::case_2::storage_3_Box__new_ArrayStorage____8__ZEROED_ - should panic ... ok
[INFO] [stdout] test common::tests::test_bounds_check_get_root::idx_2_9::storage_2_Box__new_make_dyn_storage_8__ - should panic ... ok
[INFO] [stdout] test common::tests::test_bounds_check_get_root_view::idx_2_9::storage_2_Box__new_make_dyn_storage_8__ - should panic ... ok
[INFO] [stdout] test common::tests::test_bounds_check_is_united_djs::case_1::storage_3_Box__new_ArrayStorage____8__ZEROED_ - should panic ... ok
[INFO] [stdout] test common::tests::test_bounds_check_get_root_view::idx_3_10::storage_1_Box__new_BoxStorage__new_8__ - should panic ... ok
[INFO] [stdout] test common::tests::test_bounds_check_is_united_djs::case_2::storage_2_Box__new_make_dyn_storage_8__ - should panic ... ok
[INFO] [stdout] test common::tests::test_bounds_check_is_united_djs::case_4::storage_3_Box__new_ArrayStorage____8__ZEROED_ - should panic ... ok
[INFO] [stdout] test common::tests::test_bounds_check_is_united_djs::case_3::storage_1_Box__new_BoxStorage__new_8__ - should panic ... ok
[INFO] [stdout] test common::tests::test_bounds_check_is_united_djs::case_3::storage_2_Box__new_make_dyn_storage_8__ - should panic ... ok
[INFO] [stdout] test common::tests::test_bounds_check_is_united_djs::case_3::storage_3_Box__new_ArrayStorage____8__ZEROED_ - should panic ... ok
[INFO] [stdout] test common::tests::test_bounds_check_is_united_djs::case_4::storage_1_Box__new_BoxStorage__new_8__ - should panic ... ok
[INFO] [stdout] test common::tests::test_bounds_check_is_united_djs::case_4::storage_2_Box__new_make_dyn_storage_8__ - should panic ... ok
[INFO] [stdout] test common::tests::test_bounds_check_get_root_view::idx_3_10::storage_3_Box__new_ArrayStorage____8__ZEROED_ - should panic ... ok
[INFO] [stdout] test common::tests::test_bounds_check_union_djs::case_1::storage_1_Box__new_BoxStorage__new_8__ - should panic ... ok
[INFO] [stdout] test common::tests::test_bounds_check_is_united_djs::case_5::storage_2_Box__new_make_dyn_storage_8__ - should panic ... ok
[INFO] [stdout] test common::tests::test_bounds_check_is_united_djs::case_5::storage_3_Box__new_ArrayStorage____8__ZEROED_ - should panic ... ok
[INFO] [stdout] test common::tests::test_bounds_check_is_united_djs::case_6::storage_1_Box__new_BoxStorage__new_8__ - should panic ... ok
[INFO] [stdout] test common::tests::test_bounds_check_is_united_djs::case_6::storage_2_Box__new_make_dyn_storage_8__ - should panic ... ok
[INFO] [stdout] test common::tests::test_bounds_check_is_united_djs::case_6::storage_3_Box__new_ArrayStorage____8__ZEROED_ - should panic ... ok
[INFO] [stdout] test common::tests::test_bounds_check_is_united_djs::case_5::storage_1_Box__new_BoxStorage__new_8__ - should panic ... ok
[INFO] [stdout] test common::tests::test_bounds_check_union_djs::case_1::storage_2_Box__new_make_dyn_storage_8__ - should panic ... ok
[INFO] [stdout] test common::tests::test_bounds_check_union_djs::case_1::storage_3_Box__new_ArrayStorage____8__ZEROED_ - should panic ... ok
[INFO] [stdout] test common::tests::test_bounds_check_union_djs::case_2::storage_1_Box__new_BoxStorage__new_8__ - should panic ... ok
[INFO] [stdout] test common::tests::test_bounds_check_union_djs::case_2::storage_2_Box__new_make_dyn_storage_8__ - should panic ... ok
[INFO] [stdout] test common::tests::test_bounds_check_union_djs::case_4::storage_2_Box__new_make_dyn_storage_8__ - should panic ... ok
[INFO] [stdout] test common::tests::test_bounds_check_union_djs::case_5::storage_1_Box__new_BoxStorage__new_8__ - should panic ... ok
[INFO] [stdout] test common::tests::test_bounds_check_union_djs::case_3::storage_2_Box__new_make_dyn_storage_8__ - should panic ... ok
[INFO] [stdout] test common::tests::test_bounds_check_union_djs::case_3::storage_3_Box__new_ArrayStorage____8__ZEROED_ - should panic ... ok
[INFO] [stdout] test common::tests::test_bounds_check_union_djs::case_4::storage_1_Box__new_BoxStorage__new_8__ - should panic ... ok
[INFO] [stdout] test common::tests::test_bounds_check_union_djs::case_2::storage_3_Box__new_ArrayStorage____8__ZEROED_ - should panic ... ok
[INFO] [stdout] test common::tests::test_bounds_check_union_djs::case_4::storage_3_Box__new_ArrayStorage____8__ZEROED_ - should panic ... ok
[INFO] [stdout] test common::tests::test_bounds_check_union_djs::case_3::storage_1_Box__new_BoxStorage__new_8__ - should panic ... ok
[INFO] [stdout] test common::tests::test_bounds_check_union_view::case_1::storage_2_Box__new_make_dyn_storage_8__ - should panic ... ok
[INFO] [stdout] test common::tests::test_bounds_check_union_view::case_1::storage_3_Box__new_ArrayStorage____8__ZEROED_ - should panic ... ok
[INFO] [stdout] test common::tests::test_bounds_check_union_djs::case_6::storage_1_Box__new_BoxStorage__new_8__ - should panic ... ok
[INFO] [stdout] test common::tests::test_bounds_check_union_djs::case_6::storage_2_Box__new_make_dyn_storage_8__ - should panic ... ok
[INFO] [stdout] test common::tests::test_bounds_check_union_djs::case_6::storage_3_Box__new_ArrayStorage____8__ZEROED_ - should panic ... ok
[INFO] [stdout] test common::tests::test_bounds_check_union_view::case_1::storage_1_Box__new_BoxStorage__new_8__ - should panic ... ok
[INFO] [stdout] test common::tests::test_bounds_check_union_djs::case_5::storage_2_Box__new_make_dyn_storage_8__ - should panic ... ok
[INFO] [stdout] test common::tests::test_bounds_check_union_djs::case_5::storage_3_Box__new_ArrayStorage____8__ZEROED_ - should panic ... ok
[INFO] [stdout] test common::tests::test_bounds_check_union_view::case_2::storage_1_Box__new_BoxStorage__new_8__ - should panic ... ok
[INFO] [stdout] test common::tests::test_bounds_check_union_view::case_2::storage_2_Box__new_make_dyn_storage_8__ - should panic ... ok
[INFO] [stdout] test common::tests::test_bounds_check_union_view::case_4::storage_3_Box__new_ArrayStorage____8__ZEROED_ - should panic ... ok
[INFO] [stdout] test common::tests::test_bounds_check_union_view::case_3::storage_1_Box__new_BoxStorage__new_8__ - should panic ... ok
[INFO] [stdout] test common::tests::test_bounds_check_union_view::case_3::storage_2_Box__new_make_dyn_storage_8__ - should panic ... ok
[INFO] [stdout] test common::tests::test_bounds_check_union_view::case_3::storage_3_Box__new_ArrayStorage____8__ZEROED_ - should panic ... ok
[INFO] [stdout] test common::tests::test_bounds_check_union_view::case_4::storage_1_Box__new_BoxStorage__new_8__ - should panic ... ok
[INFO] [stdout] test common::tests::test_bounds_check_union_view::case_6::storage_2_Box__new_make_dyn_storage_8__ - should panic ... ok
[INFO] [stdout] test common::tests::test_can_split_if_reset::storage_1_Box__new_BoxStorage__new_8__ ... ok
[INFO] [stdout] test common::tests::test_bounds_check_union_view::case_2::storage_3_Box__new_ArrayStorage____8__ZEROED_ - should panic ... ok
[INFO] [stdout] test common::tests::test_bounds_check_union_view::case_5::storage_1_Box__new_BoxStorage__new_8__ - should panic ... ok
[INFO] [stdout] test common::tests::test_can_split_if_reset::storage_2_Box__new_make_dyn_storage_8__ ... ok
[INFO] [stdout] test common::tests::test_can_split_if_reset::storage_3_Box__new_ArrayStorage____8__ZEROED_ ... ok
[INFO] [stdout] test common::tests::test_bounds_check_union_view::case_5::storage_2_Box__new_make_dyn_storage_8__ - should panic ... ok
[INFO] [stdout] test common::tests::test_compress::storage_1_Box__new_BoxStorage__new_8__ ... ok
[INFO] [stdout] test common::tests::test_cannot_split_if_modified::storage_1_Box__new_BoxStorage__new_8__ - should panic ... ok
[INFO] [stdout] test common::tests::test_compress::storage_2_Box__new_make_dyn_storage_8__ ... ok
[INFO] [stdout] test common::tests::test_bounds_check_union_view::case_6::storage_1_Box__new_BoxStorage__new_8__ - should panic ... ok
[INFO] [stdout] test common::tests::test_into_readonly::storage_1_Box__new_BoxStorage__new_7__ ... ok
[INFO] [stdout] test common::tests::test_compress::storage_3_Box__new_ArrayStorage____8__ZEROED_ ... ok
[INFO] [stdout] test common::tests::test_bounds_check_union_view::case_4::storage_2_Box__new_make_dyn_storage_8__ - should panic ... ok
[INFO] [stdout] test common::tests::test_into_readonly::storage_2_Box__new_make_dyn_storage_7__ ... ok
[INFO] [stdout] test common::tests::test_readonly_view::storage_1_Box__new_BoxStorage__new_7__ ... ok
[INFO] [stdout] test common::tests::test_into_readonly::storage_3_Box__new_ArrayStorage____7__ZEROED_ ... ok
[INFO] [stdout] test common::tests::test_bounds_check_union_view::case_6::storage_3_Box__new_ArrayStorage____8__ZEROED_ - should panic ... ok
[INFO] [stdout] test common::tests::test_readonly_view::storage_2_Box__new_make_dyn_storage_7__ ... ok
[INFO] [stdout] test common::tests::test_readonly_view::storage_3_Box__new_ArrayStorage____7__ZEROED_ ... ok
[INFO] [stdout] test common::tests::test_split::storage_2_Box__new_make_dyn_storage_8__ ... ok
[INFO] [stdout] test common::tests::test_bounds_check_union_view::case_5::storage_3_Box__new_ArrayStorage____8__ZEROED_ - should panic ... ok
[INFO] [stdout] test common::tests::test_split::storage_1_Box__new_BoxStorage__new_8__ ... ok
[INFO] [stdout] test common::tests::test_split::storage_3_Box__new_ArrayStorage____8__ZEROED_ ... ok
[INFO] [stdout] test common::tests::test_cannot_split_if_modified::storage_2_Box__new_make_dyn_storage_8__ - should panic ... ok
[INFO] [stdout] test common::tests::test_split_bounds_check::idx_1_9::storage_3_Box__new_ArrayStorage____8__ZEROED_ - should panic ... ok
[INFO] [stdout] test common::tests::test_split_bounds_check::idx_2_10::storage_3_Box__new_ArrayStorage____8__ZEROED_ - should panic ... ok
[INFO] [stdout] test common::tests::test_cannot_split_if_modified::storage_3_Box__new_ArrayStorage____8__ZEROED_ - should panic ... ok
[INFO] [stdout] test common::tests::test_split_bounds_check::idx_3_usize__MAX::storage_3_Box__new_ArrayStorage____8__ZEROED_ - should panic ... ok
[INFO] [stdout] test common::tests::test_split_bounds_check::idx_1_9::storage_1_Box__new_BoxStorage__new_8__ - should panic ... ok
[INFO] [stdout] test common::tests::test_split_bounds_check::idx_2_10::storage_2_Box__new_make_dyn_storage_8__ - should panic ... ok
[INFO] [stdout] test common::tests::test_split_bounds_check::idx_1_9::storage_2_Box__new_make_dyn_storage_8__ - should panic ... ok
[INFO] [stdout] test common::tests::test_split_multithread::storage_1_Box__new_BoxStorage__new_8__ ... ok
[INFO] [stdout] test common::tests::test_split_multithread::storage_2_Box__new_make_dyn_storage_8__ ... ok
[INFO] [stdout] test common::tests::test_split_bounds_check::idx_3_usize__MAX::storage_1_Box__new_BoxStorage__new_8__ - should panic ... ok
[INFO] [stdout] test common::tests::test_split_bounds_check::idx_3_usize__MAX::storage_2_Box__new_make_dyn_storage_8__ - should panic ... ok
[INFO] [stdout] test disjoint_set_array::tests::test_initialize2 ... ok
[INFO] [stdout] test common::tests::test_split_bounds_check::idx_2_10::storage_1_Box__new_BoxStorage__new_8__ - should panic ... ok
[INFO] [stdout] test disjoint_set_array::tests::test_initialize ... ok
[INFO] [stdout] test disjoint_set_dynamic::tests::test_enlarge ... ok
[INFO] [stdout] test common::tests::test_split_multithread::storage_3_Box__new_ArrayStorage____8__ZEROED_ ... ok
[INFO] [stdout] test disjoint_set_fixed::tests::test_new ... ok
[INFO] [stdout] test macros::tests::choose_by_size ... ok
[INFO] [stdout] test mut_view::tests::test_get_root_bounds_check::idx_1_1 - should panic ... ok
[INFO] [stdout] test disjoint_set_dynamic::tests::test_old_values_are_removed ... ok
[INFO] [stdout] test mut_view::tests::test_get_root_bounds_check::idx_2_3 - should panic ... ok
[INFO] [stdout] test mut_view::tests::test_split_bounds_check::idx_1_1 - should panic ... ok
[INFO] [stdout] test mut_view::tests::test_split ... ok
[INFO] [stdout] test mut_view::tests::test_get_root_bounds_check::idx_4_10 - should panic ... ok
[INFO] [stdout] test mut_view::tests::test_get_root_bounds_check::idx_5_usize__MAX - should panic ... ok
[INFO] [stdout] test mut_view::tests::test_get_root_bounds_check::idx_3_9 - should panic ... ok
[INFO] [stdout] test mut_view::tests::test_split_bounds_check::idx_4_10 - should panic ... ok
[INFO] [stdout] test disjoint_set_fixed::tests::test_clone ... ok
[INFO] [stdout] test mut_view::tests::test_split_bounds_check::idx_5_usize__MAX - should panic ... ok
[INFO] [stdout] test mut_view::tests::test_split_bounds_check::idx_2_3 - should panic ... ok
[INFO] [stdout] test mut_view::tests::test_split_bounds_check::idx_3_9 - should panic ... ok
[INFO] [stdout] test mut_view::tests::test_union_bounds_check::case_2 - should panic ... ok
[INFO] [stdout] test storage::tests::test_enlarge ... ok
[INFO] [stdout] test mut_view::tests::test_union_bounds_check::case_1 - should panic ... ok
[INFO] [stdout] test storage::tests::test_new_capacity::case_1 ... ok
[INFO] [stdout] test storage::tests::test_new_capacity::case_2 ... ok
[INFO] [stdout] test storage::tests::test_new_capacity::case_3 ... ok
[INFO] [stdout] test mut_view::tests::test_union_bounds_check::case_3 - should panic ... ok
[INFO] [stdout] test storage::tests::test_new_capacity::case_4 ... ok
[INFO] [stdout] test storage::tests::test_split_at ... ok
[INFO] [stdout] test mut_view::tests::test_union_bounds_check::case_4 - should panic ... ok
[INFO] [stdout] test mut_view::tests::test_union_bounds_check::case_5 - should panic ... ok
[INFO] [stdout] test mut_view::tests::test_union_bounds_check::case_6 - should panic ... ok
[INFO] [stdout] test mut_view::tests::test_union_bounds_check::case_7 - should panic ... ok
[INFO] [stdout] test disjoint_set_dynamic::tests::test_clone ... ok
[INFO] [stdout] 
[INFO] [stdout] test result: ok. 146 passed; 0 failed; 0 ignored; 0 measured; 0 filtered out; finished in 0.03s
[INFO] [stdout] 
[INFO] [stderr]    Doc-tests aph_disjoint_set
[INFO] [stdout] 
[INFO] [stdout] running 19 tests
[INFO] [stdout] test src/disjoint_set_array.rs - disjoint_set_array::DisjointSetArrayU32<SIZE>::new (line 111) - compile fail ... ok
[INFO] [stdout] test src/disjoint_set_array.rs - disjoint_set_array::DisjointSetArrayU16<SIZE>::initialize_inplace (line 140) - compile fail ... ok
[INFO] [stdout] test src/disjoint_set_array.rs - disjoint_set_array::DisjointSetArrayU32<SIZE>::initialize_inplace (line 140) - compile fail ... ok
[INFO] [stdout] test src/disjoint_set_array.rs - disjoint_set_array::DisjointSetArrayU16<SIZE>::new (line 111) - compile fail ... ok
[INFO] [stdout] test src/disjoint_set_array.rs - disjoint_set_array::DisjointSetArrayU64<SIZE>::initialize_inplace (line 140) - compile fail ... ok
[INFO] [stdout] test src/disjoint_set_array.rs - disjoint_set_array::DisjointSetArrayU32<SIZE>::initialize_inplace (line 150) ... FAILED
[INFO] [stdout] test src/disjoint_set_array.rs - disjoint_set_array::DisjointSetArrayU64<SIZE>::initialize_inplace (line 150) ... FAILED
[INFO] [stdout] test src/disjoint_set_array.rs - disjoint_set_array::DisjointSetArrayU16<SIZE>::initialize_inplace (line 150) ... FAILED
[INFO] [stdout] test src/disjoint_set_array.rs - disjoint_set_array::DisjointSetArrayU8<SIZE>::initialize_inplace (line 140) - compile fail ... ok
[INFO] [stdout] test src/disjoint_set_array.rs - disjoint_set_array::DisjointSetArrayU8<SIZE>::new (line 111) - compile fail ... ok
[INFO] [stdout] test src/disjoint_set_array.rs - disjoint_set_array::DisjointSetArrayU64<SIZE>::new (line 111) - compile fail ... ok
[INFO] [stdout] test src/disjoint_set_array.rs - disjoint_set_array::DisjointSetArrayU8<SIZE>::initialize_inplace (line 150) ... FAILED
[INFO] [stdout] test src/disjoint_set_fixed.rs - disjoint_set_fixed::DisjointSet::reset (line 41) ... ok
[INFO] [stdout] test src/disjoint_set_fixed.rs - disjoint_set_fixed::DisjointSet::split_at (line 165) ... ok
[INFO] [stdout] test src/disjoint_set_fixed.rs - disjoint_set_fixed::DisjointSet::into_readonly (line 225) ... ok
[INFO] [stdout] test src/disjoint_set_fixed.rs - disjoint_set_fixed::DisjointSet::make_ro_view (line 189) ... ok
[INFO] [stdout] test src/lib.rs - (line 44) ... ok
[INFO] [stdout] test src/disjoint_set_fixed.rs - disjoint_set_fixed::DisjointSet::union (line 98) ... ok
[INFO] [stdout] test src/lib.rs - (line 81) ... ok
[INFO] [stdout] 
[INFO] [stdout] failures:
[INFO] [stdout] 
[INFO] [stdout] ---- src/disjoint_set_array.rs - disjoint_set_array::DisjointSetArrayU32<SIZE>::initialize_inplace (line 150) stdout ----
[INFO] [stdout] error[E0080]: evaluation of `<[u8; 10] as aph_disjoint_set::disjoint_set_array::CompileTest>::COMPILE_TEST` failed
[INFO] [stdout]   --> /opt/rustwide/workdir/src/disjoint_set_array.rs:63:5
[INFO] [stdout]    |
[INFO] [stdout] 63 | /     assert!(
[INFO] [stdout] 64 | |         size_of::<T>() ==
[INFO] [stdout] 65 | |         // We must not have extra place for enum impl.
[INFO] [stdout] 66 | |         size_of::<Stor>() + extra_place_for_flags
[INFO] [stdout] 67 | |     );
[INFO] [stdout]    | |_____^ the evaluated program panicked at 'assertion failed: size_of::<T>() == size_of::<Stor>() + extra_place_for_flags', /opt/rustwide/workdir/src/disjoint_set_array.rs:63:5
[INFO] [stdout]    |
[INFO] [stdout] note: inside `aph_disjoint_set::disjoint_set_array::test_struct_size::<DisjointSetArrayU16<128>, aph_disjoint_set::storage::ArrayStorage<u16, 128>>`
[INFO] [stdout]   --> /opt/rustwide/workdir/src/disjoint_set_array.rs:63:5
[INFO] [stdout]    |
[INFO] [stdout] 63 | /     assert!(
[INFO] [stdout] 64 | |         size_of::<T>() ==
[INFO] [stdout] 65 | |         // We must not have extra place for enum impl.
[INFO] [stdout] 66 | |         size_of::<Stor>() + extra_place_for_flags
[INFO] [stdout] 67 | |     );
[INFO] [stdout]    | |_____^
[INFO] [stdout] note: inside `<[u8; 10] as aph_disjoint_set::disjoint_set_array::CompileTest>::COMPILE_TEST`
[INFO] [stdout]   --> /opt/rustwide/workdir/src/disjoint_set_array.rs:86:9
[INFO] [stdout]    |
[INFO] [stdout] 86 |         test_struct_size::<DisjointSetArrayU16<128>, ArrayStorage<u16, 128>>();
[INFO] [stdout]    |         ^^^^^^^^^^^^^^^^^^^^^^^^^^^^^^^^^^^^^^^^^^^^^^^^^^^^^^^^^^^^^^^^^^^^^^
[INFO] [stdout]    = note: this error originates in the macro `assert` (in Nightly builds, run with -Z macro-backtrace for more info)
[INFO] [stdout] 
[INFO] [stdout] note: erroneous constant encountered
[INFO] [stdout]    --> /opt/rustwide/workdir/src/disjoint_set_array.rs:285:1
[INFO] [stdout]     |
[INFO] [stdout] 285 | / impl_array_djs!(
[INFO] [stdout] 286 | |     DisjointSetArrayU8,
[INFO] [stdout] 287 | |     RoDisjointSetArrayU8,
[INFO] [stdout] 288 | |     common_strct!(ArrayStorage<u8, SIZE>, Impossible, Impossible,Impossible),
[INFO] [stdout] ...   |
[INFO] [stdout] 291 | |     BitsEnum::U8
[INFO] [stdout] 292 | | );
[INFO] [stdout]     | |_^
[INFO] [stdout]     |
[INFO] [stdout]     = note: this note originates in the macro `impl_array_djs` (in Nightly builds, run with -Z macro-backtrace for more info)
[INFO] [stdout] 
[INFO] [stdout] note: the above error was encountered while instantiating `fn aph_disjoint_set::DisjointSetArrayU8::<10>::initialize_inplace`
[INFO] [stdout]  --> src/disjoint_set_array.rs:156:11
[INFO] [stdout]   |
[INFO] [stdout] 9 | let djs = DisjointSetArrayU8::initialize_inplace(&mut value);
[INFO] [stdout]   |           ^^^^^^^^^^^^^^^^^^^^^^^^^^^^^^^^^^^^^^^^^^^^^^^^^^
[INFO] [stdout] 
[INFO] [stdout] error: aborting due to 1 previous error
[INFO] [stdout] 
[INFO] [stdout] For more information about this error, try `rustc --explain E0080`.
[INFO] [stdout] Couldn't compile the test.
[INFO] [stdout] ---- src/disjoint_set_array.rs - disjoint_set_array::DisjointSetArrayU64<SIZE>::initialize_inplace (line 150) stdout ----
[INFO] [stdout] error[E0080]: evaluation of `<[u8; 10] as aph_disjoint_set::disjoint_set_array::CompileTest>::COMPILE_TEST` failed
[INFO] [stdout]   --> /opt/rustwide/workdir/src/disjoint_set_array.rs:63:5
[INFO] [stdout]    |
[INFO] [stdout] 63 | /     assert!(
[INFO] [stdout] 64 | |         size_of::<T>() ==
[INFO] [stdout] 65 | |         // We must not have extra place for enum impl.
[INFO] [stdout] 66 | |         size_of::<Stor>() + extra_place_for_flags
[INFO] [stdout] 67 | |     );
[INFO] [stdout]    | |_____^ the evaluated program panicked at 'assertion failed: size_of::<T>() == size_of::<Stor>() + extra_place_for_flags', /opt/rustwide/workdir/src/disjoint_set_array.rs:63:5
[INFO] [stdout]    |
[INFO] [stdout] note: inside `aph_disjoint_set::disjoint_set_array::test_struct_size::<DisjointSetArrayU16<128>, aph_disjoint_set::storage::ArrayStorage<u16, 128>>`
[INFO] [stdout]   --> /opt/rustwide/workdir/src/disjoint_set_array.rs:63:5
[INFO] [stdout]    |
[INFO] [stdout] 63 | /     assert!(
[INFO] [stdout] 64 | |         size_of::<T>() ==
[INFO] [stdout] 65 | |         // We must not have extra place for enum impl.
[INFO] [stdout] 66 | |         size_of::<Stor>() + extra_place_for_flags
[INFO] [stdout] 67 | |     );
[INFO] [stdout]    | |_____^
[INFO] [stdout] note: inside `<[u8; 10] as aph_disjoint_set::disjoint_set_array::CompileTest>::COMPILE_TEST`
[INFO] [stdout]   --> /opt/rustwide/workdir/src/disjoint_set_array.rs:86:9
[INFO] [stdout]    |
[INFO] [stdout] 86 |         test_struct_size::<DisjointSetArrayU16<128>, ArrayStorage<u16, 128>>();
[INFO] [stdout]    |         ^^^^^^^^^^^^^^^^^^^^^^^^^^^^^^^^^^^^^^^^^^^^^^^^^^^^^^^^^^^^^^^^^^^^^^
[INFO] [stdout]    = note: this error originates in the macro `assert` (in Nightly builds, run with -Z macro-backtrace for more info)
[INFO] [stdout] 
[INFO] [stdout] note: erroneous constant encountered
[INFO] [stdout]    --> /opt/rustwide/workdir/src/disjoint_set_array.rs:285:1
[INFO] [stdout]     |
[INFO] [stdout] 285 | / impl_array_djs!(
[INFO] [stdout] 286 | |     DisjointSetArrayU8,
[INFO] [stdout] 287 | |     RoDisjointSetArrayU8,
[INFO] [stdout] 288 | |     common_strct!(ArrayStorage<u8, SIZE>, Impossible, Impossible,Impossible),
[INFO] [stdout] ...   |
[INFO] [stdout] 291 | |     BitsEnum::U8
[INFO] [stdout] 292 | | );
[INFO] [stdout]     | |_^
[INFO] [stdout]     |
[INFO] [stdout]     = note: this note originates in the macro `impl_array_djs` (in Nightly builds, run with -Z macro-backtrace for more info)
[INFO] [stdout] 
[INFO] [stdout] note: the above error was encountered while instantiating `fn aph_disjoint_set::DisjointSetArrayU8::<10>::initialize_inplace`
[INFO] [stdout]  --> src/disjoint_set_array.rs:156:11
[INFO] [stdout]   |
[INFO] [stdout] 9 | let djs = DisjointSetArrayU8::initialize_inplace(&mut value);
[INFO] [stdout]   |           ^^^^^^^^^^^^^^^^^^^^^^^^^^^^^^^^^^^^^^^^^^^^^^^^^^
[INFO] [stdout] 
[INFO] [stdout] error: aborting due to 1 previous error
[INFO] [stdout] 
[INFO] [stdout] For more information about this error, try `rustc --explain E0080`.
[INFO] [stdout] Couldn't compile the test.
[INFO] [stdout] ---- src/disjoint_set_array.rs - disjoint_set_array::DisjointSetArrayU16<SIZE>::initialize_inplace (line 150) stdout ----
[INFO] [stdout] error[E0080]: evaluation of `<[u8; 10] as aph_disjoint_set::disjoint_set_array::CompileTest>::COMPILE_TEST` failed
[INFO] [stdout]   --> /opt/rustwide/workdir/src/disjoint_set_array.rs:63:5
[INFO] [stdout]    |
[INFO] [stdout] 63 | /     assert!(
[INFO] [stdout] 64 | |         size_of::<T>() ==
[INFO] [stdout] 65 | |         // We must not have extra place for enum impl.
[INFO] [stdout] 66 | |         size_of::<Stor>() + extra_place_for_flags
[INFO] [stdout] 67 | |     );
[INFO] [stdout]    | |_____^ the evaluated program panicked at 'assertion failed: size_of::<T>() == size_of::<Stor>() + extra_place_for_flags', /opt/rustwide/workdir/src/disjoint_set_array.rs:63:5
[INFO] [stdout]    |
[INFO] [stdout] note: inside `aph_disjoint_set::disjoint_set_array::test_struct_size::<DisjointSetArrayU16<128>, aph_disjoint_set::storage::ArrayStorage<u16, 128>>`
[INFO] [stdout]   --> /opt/rustwide/workdir/src/disjoint_set_array.rs:63:5
[INFO] [stdout]    |
[INFO] [stdout] 63 | /     assert!(
[INFO] [stdout] 64 | |         size_of::<T>() ==
[INFO] [stdout] 65 | |         // We must not have extra place for enum impl.
[INFO] [stdout] 66 | |         size_of::<Stor>() + extra_place_for_flags
[INFO] [stdout] 67 | |     );
[INFO] [stdout]    | |_____^
[INFO] [stdout] note: inside `<[u8; 10] as aph_disjoint_set::disjoint_set_array::CompileTest>::COMPILE_TEST`
[INFO] [stdout]   --> /opt/rustwide/workdir/src/disjoint_set_array.rs:86:9
[INFO] [stdout]    |
[INFO] [stdout] 86 |         test_struct_size::<DisjointSetArrayU16<128>, ArrayStorage<u16, 128>>();
[INFO] [stdout]    |         ^^^^^^^^^^^^^^^^^^^^^^^^^^^^^^^^^^^^^^^^^^^^^^^^^^^^^^^^^^^^^^^^^^^^^^
[INFO] [stdout]    = note: this error originates in the macro `assert` (in Nightly builds, run with -Z macro-backtrace for more info)
[INFO] [stdout] 
[INFO] [stdout] note: erroneous constant encountered
[INFO] [stdout]    --> /opt/rustwide/workdir/src/disjoint_set_array.rs:285:1
[INFO] [stdout]     |
[INFO] [stdout] 285 | / impl_array_djs!(
[INFO] [stdout] 286 | |     DisjointSetArrayU8,
[INFO] [stdout] 287 | |     RoDisjointSetArrayU8,
[INFO] [stdout] 288 | |     common_strct!(ArrayStorage<u8, SIZE>, Impossible, Impossible,Impossible),
[INFO] [stdout] ...   |
[INFO] [stdout] 291 | |     BitsEnum::U8
[INFO] [stdout] 292 | | );
[INFO] [stdout]     | |_^
[INFO] [stdout]     |
[INFO] [stdout]     = note: this note originates in the macro `impl_array_djs` (in Nightly builds, run with -Z macro-backtrace for more info)
[INFO] [stdout] 
[INFO] [stdout] note: the above error was encountered while instantiating `fn aph_disjoint_set::DisjointSetArrayU8::<10>::initialize_inplace`
[INFO] [stdout]  --> src/disjoint_set_array.rs:156:11
[INFO] [stdout]   |
[INFO] [stdout] 9 | let djs = DisjointSetArrayU8::initialize_inplace(&mut value);
[INFO] [stdout]   |           ^^^^^^^^^^^^^^^^^^^^^^^^^^^^^^^^^^^^^^^^^^^^^^^^^^
[INFO] [stdout] 
[INFO] [stdout] error: aborting due to 1 previous error
[INFO] [stdout] 
[INFO] [stdout] For more information about this error, try `rustc --explain E0080`.
[INFO] [stdout] Couldn't compile the test.
[INFO] [stdout] ---- src/disjoint_set_array.rs - disjoint_set_array::DisjointSetArrayU8<SIZE>::initialize_inplace (line 150) stdout ----
[INFO] [stdout] error[E0080]: evaluation of `<[u8; 10] as aph_disjoint_set::disjoint_set_array::CompileTest>::COMPILE_TEST` failed
[INFO] [stdout]   --> /opt/rustwide/workdir/src/disjoint_set_array.rs:63:5
[INFO] [stdout]    |
[INFO] [stdout] 63 | /     assert!(
[INFO] [stdout] 64 | |         size_of::<T>() ==
[INFO] [stdout] 65 | |         // We must not have extra place for enum impl.
[INFO] [stdout] 66 | |         size_of::<Stor>() + extra_place_for_flags
[INFO] [stdout] 67 | |     );
[INFO] [stdout]    | |_____^ the evaluated program panicked at 'assertion failed: size_of::<T>() == size_of::<Stor>() + extra_place_for_flags', /opt/rustwide/workdir/src/disjoint_set_array.rs:63:5
[INFO] [stdout]    |
[INFO] [stdout] note: inside `aph_disjoint_set::disjoint_set_array::test_struct_size::<DisjointSetArrayU16<128>, aph_disjoint_set::storage::ArrayStorage<u16, 128>>`
[INFO] [stdout]   --> /opt/rustwide/workdir/src/disjoint_set_array.rs:63:5
[INFO] [stdout]    |
[INFO] [stdout] 63 | /     assert!(
[INFO] [stdout] 64 | |         size_of::<T>() ==
[INFO] [stdout] 65 | |         // We must not have extra place for enum impl.
[INFO] [stdout] 66 | |         size_of::<Stor>() + extra_place_for_flags
[INFO] [stdout] 67 | |     );
[INFO] [stdout]    | |_____^
[INFO] [stdout] note: inside `<[u8; 10] as aph_disjoint_set::disjoint_set_array::CompileTest>::COMPILE_TEST`
[INFO] [stdout]   --> /opt/rustwide/workdir/src/disjoint_set_array.rs:86:9
[INFO] [stdout]    |
[INFO] [stdout] 86 |         test_struct_size::<DisjointSetArrayU16<128>, ArrayStorage<u16, 128>>();
[INFO] [stdout]    |         ^^^^^^^^^^^^^^^^^^^^^^^^^^^^^^^^^^^^^^^^^^^^^^^^^^^^^^^^^^^^^^^^^^^^^^
[INFO] [stdout]    = note: this error originates in the macro `assert` (in Nightly builds, run with -Z macro-backtrace for more info)
[INFO] [stdout] 
[INFO] [stdout] note: erroneous constant encountered
[INFO] [stdout]    --> /opt/rustwide/workdir/src/disjoint_set_array.rs:285:1
[INFO] [stdout]     |
[INFO] [stdout] 285 | / impl_array_djs!(
[INFO] [stdout] 286 | |     DisjointSetArrayU8,
[INFO] [stdout] 287 | |     RoDisjointSetArrayU8,
[INFO] [stdout] 288 | |     common_strct!(ArrayStorage<u8, SIZE>, Impossible, Impossible,Impossible),
[INFO] [stdout] ...   |
[INFO] [stdout] 291 | |     BitsEnum::U8
[INFO] [stdout] 292 | | );
[INFO] [stdout]     | |_^
[INFO] [stdout]     |
[INFO] [stdout]     = note: this note originates in the macro `impl_array_djs` (in Nightly builds, run with -Z macro-backtrace for more info)
[INFO] [stdout] 
[INFO] [stdout] note: the above error was encountered while instantiating `fn aph_disjoint_set::DisjointSetArrayU8::<10>::initialize_inplace`
[INFO] [stdout]  --> src/disjoint_set_array.rs:156:11
[INFO] [stdout]   |
[INFO] [stdout] 9 | let djs = DisjointSetArrayU8::initialize_inplace(&mut value);
[INFO] [stdout]   |           ^^^^^^^^^^^^^^^^^^^^^^^^^^^^^^^^^^^^^^^^^^^^^^^^^^
[INFO] [stdout] 
[INFO] [stdout] error: aborting due to 1 previous error
[INFO] [stdout] 
[INFO] [stdout] For more information about this error, try `rustc --explain E0080`.
[INFO] [stdout] Couldn't compile the test.
[INFO] [stdout] 
[INFO] [stdout] failures:
[INFO] [stdout]     src/disjoint_set_array.rs - disjoint_set_array::DisjointSetArrayU16<SIZE>::initialize_inplace (line 150)
[INFO] [stdout]     src/disjoint_set_array.rs - disjoint_set_array::DisjointSetArrayU32<SIZE>::initialize_inplace (line 150)
[INFO] [stdout]     src/disjoint_set_array.rs - disjoint_set_array::DisjointSetArrayU64<SIZE>::initialize_inplace (line 150)
[INFO] [stdout]     src/disjoint_set_array.rs - disjoint_set_array::DisjointSetArrayU8<SIZE>::initialize_inplace (line 150)
[INFO] [stdout] 
[INFO] [stdout] test result: FAILED. 15 passed; 4 failed; 0 ignored; 0 measured; 0 filtered out; finished in 0.29s
[INFO] [stdout] 
[INFO] [stderr] error: doctest failed, to rerun pass `--doc`
[INFO] running `Command { std: "docker" "inspect" "39c757ec51ca877ae376f4b4db33509fc43db0337d70ecf9069989e928086658", kill_on_drop: false }`
[INFO] running `Command { std: "docker" "rm" "-f" "39c757ec51ca877ae376f4b4db33509fc43db0337d70ecf9069989e928086658", kill_on_drop: false }`
[INFO] [stdout] 39c757ec51ca877ae376f4b4db33509fc43db0337d70ecf9069989e928086658
