[INFO] cloning repository https://github.com/fluentlabs-xyz/rwasm
[INFO] running `Command { std: "git" "-c" "credential.helper=" "-c" "credential.helper=/workspace/cargo-home/bin/git-credential-null" "clone" "--bare" "https://github.com/fluentlabs-xyz/rwasm" "/workspace/cache/git-repos/https%3A%2F%2Fgithub.com%2Ffluentlabs-xyz%2Frwasm", kill_on_drop: false }`
[INFO] [stderr] Cloning into bare repository '/workspace/cache/git-repos/https%3A%2F%2Fgithub.com%2Ffluentlabs-xyz%2Frwasm'...
[INFO] running `Command { std: "git" "rev-parse" "HEAD", kill_on_drop: false }`
[INFO] [stdout] 7f1f71385d6cd0e2a879b10a2d8e9924902867c4
[INFO] testing fluentlabs-xyz/rwasm/7f1f71385d6cd0e2a879b10a2d8e9924902867c4 against nightly-2024-10-28+rustflags=-Zrandomize-layout for randomize-layout
[INFO] running `Command { std: "git" "clone" "/workspace/cache/git-repos/https%3A%2F%2Fgithub.com%2Ffluentlabs-xyz%2Frwasm" "/workspace/builds/worker-4-tc2/source", kill_on_drop: false }`
[INFO] [stderr] Cloning into '/workspace/builds/worker-4-tc2/source'...
[INFO] [stderr] done.
[INFO] validating manifest of git repo https://github.com/fluentlabs-xyz/rwasm on toolchain nightly-2024-10-28
[INFO] running `Command { std: CARGO_HOME="/workspace/cargo-home" RUSTUP_HOME="/workspace/rustup-home" "/workspace/cargo-home/bin/cargo" "+nightly-2024-10-28" "metadata" "--manifest-path" "Cargo.toml" "--no-deps", kill_on_drop: false }`
[INFO] removed /workspace/builds/worker-4-tc2/source/rust-toolchain
[INFO] started tweaking git repo https://github.com/fluentlabs-xyz/rwasm
[INFO] finished tweaking git repo https://github.com/fluentlabs-xyz/rwasm
[INFO] tweaked toml for git repo https://github.com/fluentlabs-xyz/rwasm written to /workspace/builds/worker-4-tc2/source/Cargo.toml
[INFO] crate git repo https://github.com/fluentlabs-xyz/rwasm already has a lockfile, it will not be regenerated
[INFO] running `Command { std: CARGO_HOME="/workspace/cargo-home" RUSTUP_HOME="/workspace/rustup-home" "/workspace/cargo-home/bin/cargo" "+nightly-2024-10-28" "fetch" "--manifest-path" "Cargo.toml", kill_on_drop: false }`
[INFO] running `Command { std: "docker" "create" "-v" "/var/lib/crater-agent-workspace/builds/worker-4-tc2/target:/opt/rustwide/target:rw,Z" "-v" "/var/lib/crater-agent-workspace/builds/worker-4-tc2/source:/opt/rustwide/workdir:ro,Z" "-v" "/var/lib/crater-agent-workspace/cargo-home:/opt/rustwide/cargo-home:ro,Z" "-v" "/var/lib/crater-agent-workspace/rustup-home:/opt/rustwide/rustup-home:ro,Z" "-e" "SOURCE_DIR=/opt/rustwide/workdir" "-e" "CARGO_TARGET_DIR=/opt/rustwide/target" "-e" "CARGO_HOME=/opt/rustwide/cargo-home" "-e" "RUSTUP_HOME=/opt/rustwide/rustup-home" "-w" "/opt/rustwide/workdir" "-m" "1610612736" "--user" "0:0" "--network" "none" "ghcr.io/rust-lang/crates-build-env/linux@sha256:4a844ea9eb2546a2d2c7022eacef16ef2e8229c7fbb2c7d4d55a9ceca922f72d" "/opt/rustwide/cargo-home/bin/cargo" "+nightly-2024-10-28" "metadata" "--no-deps" "--format-version=1", kill_on_drop: false }`
[INFO] [stdout] a7260c8cf2c69ecf0ff99c539b740759d488ffd67c95b6f4e0349c1db37fa453
[INFO] running `Command { std: "docker" "start" "-a" "a7260c8cf2c69ecf0ff99c539b740759d488ffd67c95b6f4e0349c1db37fa453", kill_on_drop: false }`
[INFO] running `Command { std: "docker" "inspect" "a7260c8cf2c69ecf0ff99c539b740759d488ffd67c95b6f4e0349c1db37fa453", kill_on_drop: false }`
[INFO] running `Command { std: "docker" "rm" "-f" "a7260c8cf2c69ecf0ff99c539b740759d488ffd67c95b6f4e0349c1db37fa453", kill_on_drop: false }`
[INFO] [stdout] a7260c8cf2c69ecf0ff99c539b740759d488ffd67c95b6f4e0349c1db37fa453
[INFO] running `Command { std: "docker" "create" "-v" "/var/lib/crater-agent-workspace/builds/worker-4-tc2/target:/opt/rustwide/target:rw,Z" "-v" "/var/lib/crater-agent-workspace/builds/worker-4-tc2/source:/opt/rustwide/workdir:ro,Z" "-v" "/var/lib/crater-agent-workspace/cargo-home:/opt/rustwide/cargo-home:ro,Z" "-v" "/var/lib/crater-agent-workspace/rustup-home:/opt/rustwide/rustup-home:ro,Z" "-e" "SOURCE_DIR=/opt/rustwide/workdir" "-e" "CARGO_TARGET_DIR=/opt/rustwide/target" "-e" "CARGO_INCREMENTAL=0" "-e" "RUST_BACKTRACE=full" "-e" "RUSTFLAGS=--cap-lints=forbid -Zrandomize-layout" "-e" "RUSTDOCFLAGS=--cap-lints=forbid" "-e" "CARGO_HOME=/opt/rustwide/cargo-home" "-e" "RUSTUP_HOME=/opt/rustwide/rustup-home" "-w" "/opt/rustwide/workdir" "-m" "1610612736" "--user" "0:0" "--network" "none" "ghcr.io/rust-lang/crates-build-env/linux@sha256:4a844ea9eb2546a2d2c7022eacef16ef2e8229c7fbb2c7d4d55a9ceca922f72d" "/opt/rustwide/cargo-home/bin/cargo" "+nightly-2024-10-28" "build" "--frozen" "--message-format=json", kill_on_drop: false }`
[INFO] [stdout] 600c281eaac991d8f9a64351e8226258214c550b58955a9aa8a360e265cbee03
[INFO] running `Command { std: "docker" "start" "-a" "600c281eaac991d8f9a64351e8226258214c550b58955a9aa8a360e265cbee03", kill_on_drop: false }`
[INFO] [stderr]    Compiling libc v0.2.154
[INFO] [stderr]    Compiling leb128 v0.2.5
[INFO] [stderr]    Compiling ahash v0.8.11
[INFO] [stderr]    Compiling lock_api v0.4.12
[INFO] [stderr]    Compiling smallvec v1.13.2
[INFO] [stderr]    Compiling syn v2.0.60
[INFO] [stderr]    Compiling futures-util v0.3.30
[INFO] [stderr]    Compiling num-traits v0.2.18
[INFO] [stderr]    Compiling unicode-width v0.1.12
[INFO] [stderr]    Compiling libm v0.2.8
[INFO] [stderr]    Compiling wasm-encoder v0.206.0
[INFO] [stderr]    Compiling indexmap-nostd v0.4.0
[INFO] [stderr]    Compiling bumpalo v3.16.0
[INFO] [stderr]    Compiling sdd v0.2.0
[INFO] [stderr]    Compiling wasmparser-nostd v0.100.2
[INFO] [stderr]    Compiling scc v2.1.0
[INFO] [stderr]    Compiling hashbrown v0.14.5
[INFO] [stderr]    Compiling parking_lot_core v0.9.10
[INFO] [stderr]    Compiling parking_lot v0.12.2
[INFO] [stderr]    Compiling wast v206.0.0
[INFO] [stderr]    Compiling wasm-encoder v0.31.1
[INFO] [stderr]    Compiling spin v0.9.8
[INFO] [stderr]    Compiling strum v0.26.2
[INFO] [stderr]    Compiling byteorder v1.5.0
[INFO] [stderr]    Compiling downcast-rs v1.2.1
[INFO] [stderr]    Compiling wast v62.0.1
[INFO] [stdout] error[E0080]: evaluation of constant value failed
[INFO] [stdout]   --> /opt/rustwide/cargo-home/registry/src/index.crates.io-6f17d22bba15001f/wast-206.0.0/src/lexer.rs:64:5
[INFO] [stdout]    |
[INFO] [stdout] 64 |     assert!(std::mem::size_of::<Token>() <= std::mem::size_of::<u64>() * 2);
[INFO] [stdout]    |     ^^^^^^^^^^^^^^^^^^^^^^^^^^^^^^^^^^^^^^^^^^^^^^^^^^^^^^^^^^^^^^^^^^^^^^^ the evaluated program panicked at 'assertion failed: std::mem::size_of::<Token>() <= std::mem::size_of::<u64>() * 2', /opt/rustwide/cargo-home/registry/src/index.crates.io-6f17d22bba15001f/wast-206.0.0/src/lexer.rs:64:5
[INFO] [stdout]    |
[INFO] [stdout]    = note: this error originates in the macro `assert` (in Nightly builds, run with -Z macro-backtrace for more info)
[INFO] [stdout] 
[INFO] [stdout] 
[INFO] [stderr]    Compiling futures-executor v0.3.30
[INFO] [stderr]    Compiling futures v0.3.30
[INFO] [stdout] error[E0080]: evaluation of constant value failed
[INFO] [stdout]   --> /opt/rustwide/cargo-home/registry/src/index.crates.io-6f17d22bba15001f/wast-62.0.1/src/lexer.rs:64:5
[INFO] [stdout]    |
[INFO] [stdout] 64 |     assert!(std::mem::size_of::<Token>() <= std::mem::size_of::<u64>() * 2);
[INFO] [stdout]    |     ^^^^^^^^^^^^^^^^^^^^^^^^^^^^^^^^^^^^^^^^^^^^^^^^^^^^^^^^^^^^^^^^^^^^^^^ the evaluated program panicked at 'assertion failed: std::mem::size_of::<Token>() <= std::mem::size_of::<u64>() * 2', /opt/rustwide/cargo-home/registry/src/index.crates.io-6f17d22bba15001f/wast-62.0.1/src/lexer.rs:64:5
[INFO] [stdout]    |
[INFO] [stdout]    = note: this error originates in the macro `assert` (in Nightly builds, run with -Z macro-backtrace for more info)
[INFO] [stdout] 
[INFO] [stdout] 
[INFO] [stderr]    Compiling strum_macros v0.26.2
[INFO] [stderr]    Compiling serial_test_derive v3.1.1
[INFO] [stderr]    Compiling serial_test v3.1.1
[INFO] [stderr]    Compiling rwasm v0.30.0 (/opt/rustwide/workdir/rwasm)
[INFO] [stdout] For more information about this error, try `rustc --explain E0080`.
[INFO] [stdout] 
[INFO] [stderr] error: could not compile `wast` (lib) due to 1 previous error
[INFO] [stderr] warning: build failed, waiting for other jobs to finish...
[INFO] [stdout] warning: elided lifetime has a name
[INFO] [stdout]    --> rwasm/src/instance/exports.rs:248:82
[INFO] [stdout]     |
[INFO] [stdout] 240 | impl<'instance> ExportsIter<'instance> {
[INFO] [stdout]     |      --------- lifetime `'instance` declared here
[INFO] [stdout] ...
[INFO] [stdout] 248 |     fn convert_item((name, export): (&'instance Box<str>, &'instance Extern)) -> Export {
[INFO] [stdout]     |                                                                                  ^^^^^^ this elided lifetime gets resolved as `'instance`
[INFO] [stdout]     |
[INFO] [stdout]     = note: `#[warn(elided_named_lifetimes)]` on by default
[INFO] [stdout] 
[INFO] [stdout] 
[INFO] [stdout] warning: elided lifetime has a name
[INFO] [stdout]    --> rwasm/src/rwasm/reduced_module.rs:129:67
[INFO] [stdout]     |
[INFO] [stdout] 129 |     pub fn to_module_builder<'a>(&'a self, engine: &'a Engine) -> ModuleBuilder {
[INFO] [stdout]     |                              -- lifetime `'a` declared here       ^^^^^^^^^^^^^ this elided lifetime gets resolved as `'a`
[INFO] [stdout] 
[INFO] [stdout] 
[INFO] [stdout] For more information about this error, try `rustc --explain E0080`.
[INFO] [stdout] 
[INFO] [stderr] error: could not compile `wast` (lib) due to 1 previous error
[INFO] running `Command { std: "docker" "inspect" "600c281eaac991d8f9a64351e8226258214c550b58955a9aa8a360e265cbee03", kill_on_drop: false }`
[INFO] running `Command { std: "docker" "rm" "-f" "600c281eaac991d8f9a64351e8226258214c550b58955a9aa8a360e265cbee03", kill_on_drop: false }`
[INFO] [stdout] 600c281eaac991d8f9a64351e8226258214c550b58955a9aa8a360e265cbee03
