[INFO] cloning repository https://github.com/fdncred/nu_plugin_dt
[INFO] running `Command { std: "git" "-c" "credential.helper=" "-c" "credential.helper=/workspace/cargo-home/bin/git-credential-null" "clone" "--bare" "https://github.com/fdncred/nu_plugin_dt" "/workspace/cache/git-repos/https%3A%2F%2Fgithub.com%2Ffdncred%2Fnu_plugin_dt", kill_on_drop: false }`
[INFO] [stderr] Cloning into bare repository '/workspace/cache/git-repos/https%3A%2F%2Fgithub.com%2Ffdncred%2Fnu_plugin_dt'...
[INFO] running `Command { std: "git" "rev-parse" "HEAD", kill_on_drop: false }`
[INFO] [stdout] f875ca52b247a139a0d0568000da641fc0245ae8
[INFO] testing fdncred/nu_plugin_dt/f875ca52b247a139a0d0568000da641fc0245ae8 against nightly-2024-10-28 for randomize-layout
[INFO] running `Command { std: "git" "clone" "/workspace/cache/git-repos/https%3A%2F%2Fgithub.com%2Ffdncred%2Fnu_plugin_dt" "/workspace/builds/worker-2-tc1/source", kill_on_drop: false }`
[INFO] [stderr] Cloning into '/workspace/builds/worker-2-tc1/source'...
[INFO] [stderr] done.
[INFO] validating manifest of git repo https://github.com/fdncred/nu_plugin_dt on toolchain nightly-2024-10-28
[INFO] running `Command { std: CARGO_HOME="/workspace/cargo-home" RUSTUP_HOME="/workspace/rustup-home" "/workspace/cargo-home/bin/cargo" "+nightly-2024-10-28" "metadata" "--manifest-path" "Cargo.toml" "--no-deps", kill_on_drop: false }`
[INFO] started tweaking git repo https://github.com/fdncred/nu_plugin_dt
[INFO] finished tweaking git repo https://github.com/fdncred/nu_plugin_dt
[INFO] tweaked toml for git repo https://github.com/fdncred/nu_plugin_dt written to /workspace/builds/worker-2-tc1/source/Cargo.toml
[INFO] crate git repo https://github.com/fdncred/nu_plugin_dt already has a lockfile, it will not be regenerated
[INFO] running `Command { std: CARGO_HOME="/workspace/cargo-home" RUSTUP_HOME="/workspace/rustup-home" "/workspace/cargo-home/bin/cargo" "+nightly-2024-10-28" "fetch" "--manifest-path" "Cargo.toml", kill_on_drop: false }`
[INFO] [stderr]     Updating crates.io index
[INFO] [stderr]  Downloading crates ...
[INFO] [stderr]   Downloaded typetag-impl v0.2.18
[INFO] [stderr]   Downloaded rmp v0.8.14
[INFO] [stderr]   Downloaded sys-locale v0.3.1
[INFO] [stderr]   Downloaded nu-utils v0.98.0
[INFO] [stderr]   Downloaded supports-unicode v3.0.0
[INFO] [stderr]   Downloaded pwd v1.4.0
[INFO] [stderr]   Downloaded shadow-rs v0.34.0
[INFO] [stderr]   Downloaded doctest-file v1.0.0
[INFO] [stderr]   Downloaded rkyv_derive v0.7.45
[INFO] [stderr]   Downloaded byte-unit v5.1.4
[INFO] [stderr]   Downloaded os_pipe v1.2.1
[INFO] [stderr]   Downloaded nu-plugin-core v0.98.0
[INFO] [stderr]   Downloaded typetag v0.2.18
[INFO] [stderr]   Downloaded nu-engine v0.98.0
[INFO] [stderr]   Downloaded nu-cmd-lang v0.98.0
[INFO] [stderr]   Downloaded nu-plugin-test-support v0.98.0
[INFO] [stderr]   Downloaded is_debug v1.0.1
[INFO] [stderr]   Downloaded pure-rust-locales v0.8.1
[INFO] [stderr]   Downloaded nu-parser v0.98.0
[INFO] [stderr]   Downloaded recvmsg v1.0.0
[INFO] [stderr]   Downloaded nu-plugin-engine v0.98.0
[INFO] [stderr]   Downloaded interprocess v2.2.1
[INFO] [stderr]   Downloaded rust_decimal v1.36.0
[INFO] [stderr]   Downloaded nu-path v0.98.0
[INFO] [stderr]   Downloaded supports-hyperlinks v3.0.0
[INFO] [stderr]   Downloaded fancy-regex v0.13.0
[INFO] [stderr]   Downloaded owo-colors v4.1.0
[INFO] [stderr]   Downloaded omnipath v0.1.6
[INFO] [stderr]   Downloaded lscolors v0.17.0
[INFO] [stderr]   Downloaded nu-glob v0.98.0
[INFO] [stderr]   Downloaded simdutf8 v0.1.5
[INFO] [stderr]   Downloaded rkyv v0.7.45
[INFO] [stderr]   Downloaded supports-color v3.0.1
[INFO] [stderr]   Downloaded procfs-core v0.16.0
[INFO] [stderr]   Downloaded nu-system v0.98.0
[INFO] [stderr]   Downloaded strip-ansi-escapes v0.2.0
[INFO] [stderr]   Downloaded similar v2.6.0
[INFO] [stderr]   Downloaded nu-derive-value v0.98.0
[INFO] [stderr]   Downloaded nu-protocol v0.98.0
[INFO] [stderr]   Downloaded nu-plugin-protocol v0.98.0
[INFO] [stderr]   Downloaded procfs v0.16.0
[INFO] [stderr]   Downloaded rmp-serde v1.3.0
[INFO] [stderr]   Downloaded is_ci v1.2.0
[INFO] [stderr]   Downloaded nu-ansi-term v0.50.1
[INFO] [stderr]   Downloaded nu-plugin v0.98.0
[INFO] [stderr]   Downloaded libproc v0.14.8
[INFO] running `Command { std: "docker" "create" "-v" "/var/lib/crater-agent-workspace/builds/worker-2-tc1/target:/opt/rustwide/target:rw,Z" "-v" "/var/lib/crater-agent-workspace/builds/worker-2-tc1/source:/opt/rustwide/workdir:ro,Z" "-v" "/var/lib/crater-agent-workspace/cargo-home:/opt/rustwide/cargo-home:ro,Z" "-v" "/var/lib/crater-agent-workspace/rustup-home:/opt/rustwide/rustup-home:ro,Z" "-e" "SOURCE_DIR=/opt/rustwide/workdir" "-e" "CARGO_TARGET_DIR=/opt/rustwide/target" "-e" "CARGO_HOME=/opt/rustwide/cargo-home" "-e" "RUSTUP_HOME=/opt/rustwide/rustup-home" "-w" "/opt/rustwide/workdir" "-m" "1610612736" "--user" "0:0" "--network" "none" "ghcr.io/rust-lang/crates-build-env/linux@sha256:4a844ea9eb2546a2d2c7022eacef16ef2e8229c7fbb2c7d4d55a9ceca922f72d" "/opt/rustwide/cargo-home/bin/cargo" "+nightly-2024-10-28" "metadata" "--no-deps" "--format-version=1", kill_on_drop: false }`
[INFO] [stdout] fe53ad3365562c53d84b1d4ae7c2b7c8afcfc7004acf80441163c3e89d062feb
[INFO] running `Command { std: "docker" "start" "-a" "fe53ad3365562c53d84b1d4ae7c2b7c8afcfc7004acf80441163c3e89d062feb", kill_on_drop: false }`
[INFO] running `Command { std: "docker" "inspect" "fe53ad3365562c53d84b1d4ae7c2b7c8afcfc7004acf80441163c3e89d062feb", kill_on_drop: false }`
[INFO] running `Command { std: "docker" "rm" "-f" "fe53ad3365562c53d84b1d4ae7c2b7c8afcfc7004acf80441163c3e89d062feb", kill_on_drop: false }`
[INFO] [stdout] fe53ad3365562c53d84b1d4ae7c2b7c8afcfc7004acf80441163c3e89d062feb
[INFO] running `Command { std: "docker" "create" "-v" "/var/lib/crater-agent-workspace/builds/worker-2-tc1/target:/opt/rustwide/target:rw,Z" "-v" "/var/lib/crater-agent-workspace/builds/worker-2-tc1/source:/opt/rustwide/workdir:ro,Z" "-v" "/var/lib/crater-agent-workspace/cargo-home:/opt/rustwide/cargo-home:ro,Z" "-v" "/var/lib/crater-agent-workspace/rustup-home:/opt/rustwide/rustup-home:ro,Z" "-e" "SOURCE_DIR=/opt/rustwide/workdir" "-e" "CARGO_TARGET_DIR=/opt/rustwide/target" "-e" "CARGO_INCREMENTAL=0" "-e" "RUST_BACKTRACE=full" "-e" "RUSTFLAGS=--cap-lints=forbid" "-e" "RUSTDOCFLAGS=--cap-lints=forbid" "-e" "CARGO_HOME=/opt/rustwide/cargo-home" "-e" "RUSTUP_HOME=/opt/rustwide/rustup-home" "-w" "/opt/rustwide/workdir" "-m" "1610612736" "--user" "0:0" "--network" "none" "ghcr.io/rust-lang/crates-build-env/linux@sha256:4a844ea9eb2546a2d2c7022eacef16ef2e8229c7fbb2c7d4d55a9ceca922f72d" "/opt/rustwide/cargo-home/bin/cargo" "+nightly-2024-10-28" "build" "--frozen" "--message-format=json", kill_on_drop: false }`
[INFO] [stdout] 6484feb63903dd1fe43d23e28d16a65df59d96acdda7a4347cd0c355805e3e69
[INFO] running `Command { std: "docker" "start" "-a" "6484feb63903dd1fe43d23e28d16a65df59d96acdda7a4347cd0c355805e3e69", kill_on_drop: false }`
[INFO] [stderr]    Compiling proc-macro2 v1.0.86
[INFO] [stderr]    Compiling unicode-ident v1.0.13
[INFO] [stderr]    Compiling version_check v0.9.5
[INFO] [stderr]    Compiling serde v1.0.210
[INFO] [stderr]    Compiling libc v0.2.159
[INFO] [stderr]    Compiling autocfg v1.4.0
[INFO] [stderr]    Compiling crossbeam-utils v0.8.20
[INFO] [stderr]    Compiling bitflags v2.6.0
[INFO] [stderr]    Compiling rustix v0.38.37
[INFO] [stderr]    Compiling once_cell v1.20.1
[INFO] [stderr]    Compiling iana-time-zone v0.1.61
[INFO] [stderr]    Compiling rayon-core v1.12.1
[INFO] [stderr]    Compiling cfg_aliases v0.2.1
[INFO] [stderr]    Compiling num-traits v0.2.19
[INFO] [stderr]    Compiling linux-raw-sys v0.4.14
[INFO] [stderr]    Compiling pure-rust-locales v0.8.1
[INFO] [stderr]    Compiling thiserror v1.0.64
[INFO] [stderr]    Compiling crossbeam-epoch v0.9.18
[INFO] [stderr]    Compiling quote v1.0.37
[INFO] [stderr]    Compiling crossbeam-deque v0.8.5
[INFO] [stderr]    Compiling syn v2.0.79
[INFO] [stderr]    Compiling nix v0.29.0
[INFO] [stderr]    Compiling ahash v0.8.11
[INFO] [stderr]    Compiling proc-macro-error-attr v1.0.4
[INFO] [stderr]    Compiling memchr v2.7.4
[INFO] [stderr]    Compiling paste v1.0.15
[INFO] [stderr]    Compiling either v1.13.0
[INFO] [stderr]    Compiling adler2 v2.0.0
[INFO] [stderr]    Compiling arrayvec v0.7.6
[INFO] [stderr]    Compiling typeid v1.0.2
[INFO] [stderr]    Compiling miniz_oxide v0.8.0
[INFO] [stderr]    Compiling vte_generate_state_changes v0.1.2
[INFO] [stderr]    Compiling unicase v2.7.0
[INFO] [stderr]    Compiling proc-macro-error v1.0.4
[INFO] [stderr]    Compiling crc32fast v1.4.2
[INFO] [stderr]    Compiling utf8parse v0.2.2
[INFO] [stderr]    Compiling procfs v0.16.0
[INFO] [stderr]    Compiling itoa v1.0.11
[INFO] [stderr]    Compiling option-ext v0.2.0
[INFO] [stderr]    Compiling owo-colors v4.1.0
[INFO] [stderr]    Compiling log v0.4.22
[INFO] [stderr]    Compiling zerocopy v0.7.35
[INFO] [stderr]    Compiling hex v0.4.3
[INFO] [stderr]    Compiling rust_decimal v1.36.0
[INFO] [stderr]    Compiling dirs-sys v0.4.1
[INFO] [stderr]    Compiling rayon v1.10.0
[INFO] [stderr]    Compiling flate2 v1.0.34
[INFO] [stderr]    Compiling vte v0.11.1
[INFO] [stderr]    Compiling aho-corasick v1.1.3
[INFO] [stderr]    Compiling unicode-width v0.1.14
[INFO] [stderr]    Compiling is_ci v1.2.0
[INFO] [stderr]    Compiling bit-vec v0.6.3
[INFO] [stderr]    Compiling unicode-linebreak v0.1.5
[INFO] [stderr]    Compiling allocator-api2 v0.2.18
[INFO] [stderr]    Compiling nu-ansi-term v0.50.1
[INFO] [stderr]    Compiling regex-syntax v0.8.5
[INFO] [stderr]    Compiling byteorder v1.5.0
[INFO] [stderr]    Compiling lazy_static v1.5.0
[INFO] [stderr]    Compiling smawk v0.3.2
[INFO] [stderr]    Compiling textwrap v0.16.1
[INFO] [stderr]    Compiling terminal_size v0.3.0
[INFO] [stderr]    Compiling rmp v0.8.14
[INFO] [stderr]    Compiling sysinfo v0.30.13
[INFO] [stderr]    Compiling hashbrown v0.14.5
[INFO] [stderr]    Compiling lscolors v0.17.0
[INFO] [stderr]    Compiling serde_derive v1.0.210
[INFO] [stderr]    Compiling thiserror-impl v1.0.64
[INFO] [stderr]    Compiling typetag-impl v0.2.18
[INFO] [stderr]    Compiling miette-derive v7.2.0
[INFO] [stderr]    Compiling bit-set v0.5.3
[INFO] [stderr]    Compiling supports-color v3.0.1
[INFO] [stderr]    Compiling strip-ansi-escapes v0.2.0
[INFO] [stderr]    Compiling regex-automata v0.4.8
[INFO] [stderr]    Compiling brotli-decompressor v4.0.1
[INFO] [stderr]    Compiling pwd v1.4.0
[INFO] [stderr]    Compiling dirs v5.0.1
[INFO] [stderr]    Compiling num-format v0.4.4
[INFO] [stderr]    Compiling itertools v0.13.0
[INFO] [stderr]    Compiling inventory v0.3.15
[INFO] [stderr]    Compiling hashbrown v0.15.0
[INFO] [stderr]    Compiling heck v0.5.0
[INFO] [stderr]    Compiling utf8-width v0.1.7
[INFO] [stderr]    Compiling supports-hyperlinks v3.0.0
[INFO] [stderr]    Compiling sys-locale v0.3.1
[INFO] [stderr]    Compiling supports-unicode v3.0.0
[INFO] [stderr]    Compiling indexmap v2.6.0
[INFO] [stderr]    Compiling miette v7.2.0
[INFO] [stderr]    Compiling byte-unit v5.1.4
[INFO] [stderr]    Compiling brotli v5.0.0
[INFO] [stderr]    Compiling nu-derive-value v0.98.0
[INFO] [stderr]    Compiling nu-path v0.98.0
[INFO] [stderr]    Compiling lru v0.12.4
[INFO] [stderr]    Compiling os_pipe v1.2.1
[INFO] [stderr]    Compiling bytes v1.7.2
[INFO] [stderr]    Compiling semver v1.0.23
[INFO] [stderr]    Compiling serde_json v1.0.128
[INFO] [stderr]    Compiling doctest-file v1.0.0
[INFO] [stderr]    Compiling ryu v1.0.18
[INFO] [stderr]    Compiling nu-glob v0.98.0
[INFO] [stderr]    Compiling interprocess v2.2.1
[INFO] [stderr]    Compiling fancy-regex v0.13.0
[INFO] [stderr]    Compiling chrono v0.4.38
[INFO] [stderr]    Compiling erased-serde v0.4.5
[INFO] [stderr]    Compiling rmp-serde v1.3.0
[INFO] [stderr]    Compiling nu-utils v0.98.0
[INFO] [stderr]    Compiling jiff v0.1.13
[INFO] [stderr]    Compiling typetag v0.2.18
[INFO] [stderr]    Compiling procfs-core v0.16.0
[INFO] [stderr]    Compiling chrono-humanize v0.2.3
[INFO] [stderr]    Compiling nu-system v0.98.0
[INFO] [stderr]    Compiling nu-protocol v0.98.0
[INFO] [stderr]    Compiling nu-plugin-protocol v0.98.0
[INFO] [stderr]    Compiling nu-engine v0.98.0
[INFO] [stderr]    Compiling nu-plugin-core v0.98.0
[INFO] [stderr]    Compiling nu-plugin v0.98.0
[INFO] [stderr]    Compiling nu_plugin_dt v0.1.0 (/opt/rustwide/workdir)
[INFO] [stderr]     Finished `dev` profile [unoptimized + debuginfo] target(s) in 31.97s
[INFO] running `Command { std: "docker" "inspect" "6484feb63903dd1fe43d23e28d16a65df59d96acdda7a4347cd0c355805e3e69", kill_on_drop: false }`
[INFO] running `Command { std: "docker" "rm" "-f" "6484feb63903dd1fe43d23e28d16a65df59d96acdda7a4347cd0c355805e3e69", kill_on_drop: false }`
[INFO] [stdout] 6484feb63903dd1fe43d23e28d16a65df59d96acdda7a4347cd0c355805e3e69
[INFO] running `Command { std: "docker" "create" "-v" "/var/lib/crater-agent-workspace/builds/worker-2-tc1/target:/opt/rustwide/target:rw,Z" "-v" "/var/lib/crater-agent-workspace/builds/worker-2-tc1/source:/opt/rustwide/workdir:ro,Z" "-v" "/var/lib/crater-agent-workspace/cargo-home:/opt/rustwide/cargo-home:ro,Z" "-v" "/var/lib/crater-agent-workspace/rustup-home:/opt/rustwide/rustup-home:ro,Z" "-e" "SOURCE_DIR=/opt/rustwide/workdir" "-e" "CARGO_TARGET_DIR=/opt/rustwide/target" "-e" "CARGO_INCREMENTAL=0" "-e" "RUST_BACKTRACE=full" "-e" "RUSTFLAGS=--cap-lints=forbid" "-e" "RUSTDOCFLAGS=--cap-lints=forbid" "-e" "CARGO_HOME=/opt/rustwide/cargo-home" "-e" "RUSTUP_HOME=/opt/rustwide/rustup-home" "-w" "/opt/rustwide/workdir" "-m" "1610612736" "--user" "0:0" "--network" "none" "ghcr.io/rust-lang/crates-build-env/linux@sha256:4a844ea9eb2546a2d2c7022eacef16ef2e8229c7fbb2c7d4d55a9ceca922f72d" "/opt/rustwide/cargo-home/bin/cargo" "+nightly-2024-10-28" "test" "--frozen" "--no-run" "--message-format=json", kill_on_drop: false }`
[INFO] [stdout] fac692b6f4f002cdbce675be675f799aec3eff177b66e4aa7123cc83fbbd716c
[INFO] running `Command { std: "docker" "start" "-a" "fac692b6f4f002cdbce675be675f799aec3eff177b66e4aa7123cc83fbbd716c", kill_on_drop: false }`
[INFO] [stderr]    Compiling libc v0.2.159
[INFO] [stderr]    Compiling num_threads v0.1.7
[INFO] [stderr]    Compiling unicode-xid v0.2.6
[INFO] [stderr]    Compiling is_debug v1.0.1
[INFO] [stderr]    Compiling bytesize v1.3.0
[INFO] [stderr]    Compiling nu-engine v0.98.0
[INFO] [stderr]    Compiling nu-plugin-core v0.98.0
[INFO] [stderr]    Compiling similar v2.6.0
[INFO] [stderr]    Compiling const_format_proc_macros v0.2.33
[INFO] [stderr]    Compiling time v0.3.36
[INFO] [stderr]    Compiling const_format v0.2.33
[INFO] [stderr]    Compiling nu-plugin-engine v0.98.0
[INFO] [stderr]    Compiling nu-plugin v0.98.0
[INFO] [stderr]    Compiling nu_plugin_dt v0.1.0 (/opt/rustwide/workdir)
[INFO] [stderr]    Compiling shadow-rs v0.34.0
[INFO] [stderr]    Compiling nu-parser v0.98.0
[INFO] [stderr]    Compiling nu-cmd-lang v0.98.0
[INFO] [stderr]    Compiling nu-plugin-test-support v0.98.0
[INFO] [stderr]     Finished `test` profile [unoptimized + debuginfo] target(s) in 28.75s
[INFO] running `Command { std: "docker" "inspect" "fac692b6f4f002cdbce675be675f799aec3eff177b66e4aa7123cc83fbbd716c", kill_on_drop: false }`
[INFO] running `Command { std: "docker" "rm" "-f" "fac692b6f4f002cdbce675be675f799aec3eff177b66e4aa7123cc83fbbd716c", kill_on_drop: false }`
[INFO] [stdout] fac692b6f4f002cdbce675be675f799aec3eff177b66e4aa7123cc83fbbd716c
[INFO] running `Command { std: "docker" "create" "-v" "/var/lib/crater-agent-workspace/builds/worker-2-tc1/target:/opt/rustwide/target:rw,Z" "-v" "/var/lib/crater-agent-workspace/builds/worker-2-tc1/source:/opt/rustwide/workdir:ro,Z" "-v" "/var/lib/crater-agent-workspace/cargo-home:/opt/rustwide/cargo-home:ro,Z" "-v" "/var/lib/crater-agent-workspace/rustup-home:/opt/rustwide/rustup-home:ro,Z" "-e" "SOURCE_DIR=/opt/rustwide/workdir" "-e" "CARGO_TARGET_DIR=/opt/rustwide/target" "-e" "CARGO_INCREMENTAL=0" "-e" "RUST_BACKTRACE=full" "-e" "RUSTFLAGS=--cap-lints=forbid" "-e" "RUSTDOCFLAGS=--cap-lints=forbid" "-e" "CARGO_HOME=/opt/rustwide/cargo-home" "-e" "RUSTUP_HOME=/opt/rustwide/rustup-home" "-w" "/opt/rustwide/workdir" "-m" "1610612736" "--user" "0:0" "--network" "none" "ghcr.io/rust-lang/crates-build-env/linux@sha256:4a844ea9eb2546a2d2c7022eacef16ef2e8229c7fbb2c7d4d55a9ceca922f72d" "/opt/rustwide/cargo-home/bin/cargo" "+nightly-2024-10-28" "test" "--frozen", kill_on_drop: false }`
[INFO] [stdout] c0da1d7070fc071cdf0435497b758f509da8b65bfa42ba766bb09cb7aefa90b9
[INFO] running `Command { std: "docker" "start" "-a" "c0da1d7070fc071cdf0435497b758f509da8b65bfa42ba766bb09cb7aefa90b9", kill_on_drop: false }`
[INFO] [stderr]     Finished `test` profile [unoptimized + debuginfo] target(s) in 0.23s
[INFO] [stderr]      Running unittests src/lib.rs (/opt/rustwide/target/debug/deps/nu_plugin_dt-57e82471bd979e4d)
[INFO] [stdout] 
[INFO] [stdout] running 29 tests
[INFO] [stdout] test commands::now::test_examples ... ok
[INFO] [stdout] test commands::diff::tests::test_calculate_date_diff_with_invalid_input ... ok
[INFO] [stdout] test commands::diff::tests::test_calculate_date_diff_with_as_unit ... ok
[INFO] [stdout] test commands::diff::tests::test_calculate_date_diff ... ok
[INFO] [stdout] test commands::format::test_examples ... ok
[INFO] [stdout] test commands::diff::tests::test_calculate_date_diff_with_smallest_and_biggest ... ok
[INFO] [stdout] test commands::utils::tests::test_create_nushelly_duration_string ... ok
[INFO] [stdout] test commands::utils::tests::test_get_part_from_zoned_as_i16 ... ok
[INFO] [stdout] test commands::utils::tests::test_get_single_duration_unit_from_span ... ok
[INFO] [stdout] test commands::utils::tests::test_get_unit_abbreviations ... ok
[INFO] [stdout] test commands::utils::tests::test_get_unit_from_unit_string ... ok
[INFO] [stdout] test commands::utcnow::test_examples ... ok
[INFO] [stdout] test commands::utils::tests::test_parse_datetime_string_add_nanos_optionally_case1 ... ok
[INFO] [stdout] test commands::to::test_examples ... FAILED
[INFO] [stdout] test commands::part::test_examples ... ok
[INFO] [stdout] test commands::utils::tests::test_parse_datetime_string_add_nanos_optionally_case10 ... ok
[INFO] [stdout] test commands::utils::tests::test_parse_datetime_string_add_nanos_optionally_case3 ... ok
[INFO] [stdout] test commands::utils::tests::test_parse_datetime_string_add_nanos_optionally_case11 ... ok
[INFO] [stdout] test commands::utils::tests::test_parse_datetime_string_add_nanos_optionally_case2 ... ok
[INFO] [stdout] test commands::diff::tests::test_examples ... ok
[INFO] [stdout] test commands::utils::tests::test_parse_datetime_string_add_nanos_optionally_case4 ... ok
[INFO] [stdout] test commands::utils::tests::test_parse_datetime_string_add_nanos_optionally_case6 ... ok
[INFO] [stdout] test commands::add::test_examples ... FAILED
[INFO] [stdout] test commands::utils::tests::test_parse_number_and_unit_string ... ok
[INFO] [stdout] test commands::utils::tests::test_strptime_relaxed ... ok
[INFO] [stdout] test commands::utils::tests::test_parse_datetime_string_add_nanos_optionally_case5 ... ok
[INFO] [stdout] test commands::utils::tests::test_parse_datetime_string_add_nanos_optionally_case7 ... ok
[INFO] [stdout] test commands::utils::tests::test_parse_datetime_string_add_nanos_optionally_case8 ... ok
[INFO] [stdout] test commands::utils::tests::test_parse_datetime_string_add_nanos_optionally_case9 ... ok
[INFO] [stdout] 
[INFO] [stdout] failures:
[INFO] [stdout] 
[INFO] [stdout] ---- commands::to::test_examples stdout ----
[INFO] [stdout] [1mExample:[0m '07/09/24' | dt to
[INFO] [stdout] [1mDescription:[0m Print the piped in date or datetime in various standard formats
[INFO] [stdout] [1mResult:[0m  Record {
[INFO] [stdout]      val: Record {
[INFO] [stdout]          inner: [
[INFO] [stdout]              (
[INFO] [stdout]                  "rfc9557",
[INFO] [stdout]                  String {
[INFO] [stdout] [31m-[0m[31m                    val: "2024-07-09T00:00:00-05:00[America/Chicago]",
[INFO] [stdout] [0m[32m+[0m[32m                    val: "2024-07-09T00:00:00+00:00[Etc/UTC]",
[INFO] [stdout] [0m                     internal_span: Span {
[INFO] [stdout]                          start: 0,
[INFO] [stdout]                          end: 0,
[INFO] [stdout]                      },
[INFO] [stdout]                  },
[INFO] [stdout]              ),
[INFO] [stdout]              (
[INFO] [stdout]                  "rfc3339",
[INFO] [stdout]                  String {
[INFO] [stdout] [31m-[0m[31m                    val: "2024-07-09T05:00:00Z",
[INFO] [stdout] [0m[32m+[0m[32m                    val: "2024-07-09T00:00:00Z",
[INFO] [stdout] [0m                     internal_span: Span {
[INFO] [stdout]                          start: 0,
[INFO] [stdout]                          end: 0,
[INFO] [stdout]                      },
[INFO] [stdout]                  },
[INFO] [stdout]              ),
[INFO] [stdout]              (
[INFO] [stdout]                  "rfc2822",
[INFO] [stdout]                  String {
[INFO] [stdout] [31m-[0m[31m                    val: "Tue, 9 Jul 2024 00:00:00 -0500",
[INFO] [stdout] [0m[32m+[0m[32m                    val: "Tue, 9 Jul 2024 00:00:00 +0000",
[INFO] [stdout] [0m                     internal_span: Span {
[INFO] [stdout]                          start: 0,
[INFO] [stdout]                          end: 0,
[INFO] [stdout]                      },
[INFO] [stdout]                  },
[INFO] [stdout]              ),
[INFO] [stdout]              (
[INFO] [stdout]                  "iso8601",
[INFO] [stdout]                  String {
[INFO] [stdout] [31m-[0m[31m                    val: "2024-07-09T00:00:00-05:00",
[INFO] [stdout] [0m[32m+[0m[32m                    val: "2024-07-09T00:00:00+00:00",
[INFO] [stdout] [0m                     internal_span: Span {
[INFO] [stdout]                          start: 0,
[INFO] [stdout]                          end: 0,
[INFO] [stdout]                      },
[INFO] [stdout]                  },
[INFO] [stdout]              ),
[INFO] [stdout]          ],
[INFO] [stdout]      },
[INFO] [stdout]      internal_span: Span {
[INFO] [stdout]          start: 0,
[INFO] [stdout]          end: 0,
[INFO] [stdout]      },
[INFO] [stdout]  }
[INFO] [stdout] Error: GenericError { error: "Some examples failed. See the error output for details", msg: "", span: None, help: None, inner: [] }
[INFO] [stdout] 
[INFO] [stdout] ---- commands::add::test_examples stdout ----
[INFO] [stdout] [1mExample:[0m '2017-08-25' | dt add 1d
[INFO] [stdout] [1mDescription:[0m Add jiff duration of 1 day to the provided date string in the local timezone
[INFO] [stdout] [1mResult:[0m  String {
[INFO] [stdout] [31m-[0m[31m    val: "2017-08-26T00:00:00-05:00[America/Chicago]",
[INFO] [stdout] [0m[32m+[0m[32m    val: "2017-08-26T00:00:00+00:00[Etc/UTC]",
[INFO] [stdout] [0m     internal_span: Span {
[INFO] [stdout]          start: 0,
[INFO] [stdout]          end: 0,
[INFO] [stdout]      },
[INFO] [stdout]  }
[INFO] [stdout] [1mExample:[0m '2017-08-25T12:00:00' | dt add T1h
[INFO] [stdout] [1mDescription:[0m Add jiff duration of 1 hour to the provided date and time string in the local timezone
[INFO] [stdout] [1mResult:[0m  String {
[INFO] [stdout] [31m-[0m[31m    val: "2017-08-25T13:00:00-05:00[America/Chicago]",
[INFO] [stdout] [0m[32m+[0m[32m    val: "2017-08-25T13:00:00+00:00[Etc/UTC]",
[INFO] [stdout] [0m     internal_span: Span {
[INFO] [stdout]          start: 0,
[INFO] [stdout]          end: 0,
[INFO] [stdout]      },
[INFO] [stdout]  }
[INFO] [stdout] [1mExample:[0m 2017-08-25 | dt add 2w
[INFO] [stdout] [1mDescription:[0m Add jiff duration of 2 weeks to the provided nushell date in the local timezone
[INFO] [stdout] [1mResult:[0m  String {
[INFO] [stdout] [31m-[0m[31m    val: "2017-09-08T00:00:00-05:00[America/Chicago]",
[INFO] [stdout] [0m[32m+[0m[32m    val: "2017-09-08T00:00:00+00:00[Etc/UTC]",
[INFO] [stdout] [0m     internal_span: Span {
[INFO] [stdout]          start: 0,
[INFO] [stdout]          end: 0,
[INFO] [stdout]      },
[INFO] [stdout]  }
[INFO] [stdout] Error: GenericError { error: "Some examples failed. See the error output for details", msg: "", span: None, help: None, inner: [] }
[INFO] [stdout] 
[INFO] [stdout] 
[INFO] [stdout] failures:
[INFO] [stdout]     commands::add::test_examples
[INFO] [stdout]     commands::to::test_examples
[INFO] [stdout] 
[INFO] [stdout] test result: FAILED. 27 passed; 2 failed; 0 ignored; 0 measured; 0 filtered out; finished in 0.57s
[INFO] [stdout] 
[INFO] [stderr] error: test failed, to rerun pass `--lib`
[INFO] running `Command { std: "docker" "inspect" "c0da1d7070fc071cdf0435497b758f509da8b65bfa42ba766bb09cb7aefa90b9", kill_on_drop: false }`
[INFO] running `Command { std: "docker" "rm" "-f" "c0da1d7070fc071cdf0435497b758f509da8b65bfa42ba766bb09cb7aefa90b9", kill_on_drop: false }`
[INFO] [stdout] c0da1d7070fc071cdf0435497b758f509da8b65bfa42ba766bb09cb7aefa90b9
