[INFO] cloning repository https://github.com/emtee40/alacritty
[INFO] running `Command { std: "git" "-c" "credential.helper=" "-c" "credential.helper=/workspace/cargo-home/bin/git-credential-null" "clone" "--bare" "https://github.com/emtee40/alacritty" "/workspace/cache/git-repos/https%3A%2F%2Fgithub.com%2Femtee40%2Falacritty", kill_on_drop: false }`
[INFO] [stderr] Cloning into bare repository '/workspace/cache/git-repos/https%3A%2F%2Fgithub.com%2Femtee40%2Falacritty'...
[INFO] running `Command { std: "git" "rev-parse" "HEAD", kill_on_drop: false }`
[INFO] [stdout] d4f2f8577f763df059653dfab733dfe6ddc06913
[INFO] testing emtee40/alacritty/d4f2f8577f763df059653dfab733dfe6ddc06913 against nightly-2024-10-28+rustflags=-Zrandomize-layout for randomize-layout
[INFO] running `Command { std: "git" "clone" "/workspace/cache/git-repos/https%3A%2F%2Fgithub.com%2Femtee40%2Falacritty" "/workspace/builds/worker-4-tc2/source", kill_on_drop: false }`
[INFO] [stderr] Cloning into '/workspace/builds/worker-4-tc2/source'...
[INFO] [stderr] done.
[INFO] validating manifest of git repo https://github.com/emtee40/alacritty on toolchain nightly-2024-10-28
[INFO] running `Command { std: CARGO_HOME="/workspace/cargo-home" RUSTUP_HOME="/workspace/rustup-home" "/workspace/cargo-home/bin/cargo" "+nightly-2024-10-28" "metadata" "--manifest-path" "Cargo.toml" "--no-deps", kill_on_drop: false }`
[INFO] started tweaking git repo https://github.com/emtee40/alacritty
[INFO] finished tweaking git repo https://github.com/emtee40/alacritty
[INFO] tweaked toml for git repo https://github.com/emtee40/alacritty written to /workspace/builds/worker-4-tc2/source/Cargo.toml
[INFO] crate git repo https://github.com/emtee40/alacritty already has a lockfile, it will not be regenerated
[INFO] running `Command { std: CARGO_HOME="/workspace/cargo-home" RUSTUP_HOME="/workspace/rustup-home" "/workspace/cargo-home/bin/cargo" "+nightly-2024-10-28" "fetch" "--manifest-path" "Cargo.toml", kill_on_drop: false }`
[INFO] running `Command { std: "docker" "create" "-v" "/var/lib/crater-agent-workspace/builds/worker-4-tc2/target:/opt/rustwide/target:rw,Z" "-v" "/var/lib/crater-agent-workspace/builds/worker-4-tc2/source:/opt/rustwide/workdir:ro,Z" "-v" "/var/lib/crater-agent-workspace/cargo-home:/opt/rustwide/cargo-home:ro,Z" "-v" "/var/lib/crater-agent-workspace/rustup-home:/opt/rustwide/rustup-home:ro,Z" "-e" "SOURCE_DIR=/opt/rustwide/workdir" "-e" "CARGO_TARGET_DIR=/opt/rustwide/target" "-e" "CARGO_HOME=/opt/rustwide/cargo-home" "-e" "RUSTUP_HOME=/opt/rustwide/rustup-home" "-w" "/opt/rustwide/workdir" "-m" "1610612736" "--user" "0:0" "--network" "none" "ghcr.io/rust-lang/crates-build-env/linux@sha256:4a844ea9eb2546a2d2c7022eacef16ef2e8229c7fbb2c7d4d55a9ceca922f72d" "/opt/rustwide/cargo-home/bin/cargo" "+nightly-2024-10-28" "metadata" "--no-deps" "--format-version=1", kill_on_drop: false }`
[INFO] [stdout] fd44b83fd087c9c8685de540b9bddc607c459ad9cb8f005663c3afd6655b577f
[INFO] running `Command { std: "docker" "start" "-a" "fd44b83fd087c9c8685de540b9bddc607c459ad9cb8f005663c3afd6655b577f", kill_on_drop: false }`
[INFO] running `Command { std: "docker" "inspect" "fd44b83fd087c9c8685de540b9bddc607c459ad9cb8f005663c3afd6655b577f", kill_on_drop: false }`
[INFO] running `Command { std: "docker" "rm" "-f" "fd44b83fd087c9c8685de540b9bddc607c459ad9cb8f005663c3afd6655b577f", kill_on_drop: false }`
[INFO] [stdout] fd44b83fd087c9c8685de540b9bddc607c459ad9cb8f005663c3afd6655b577f
[INFO] running `Command { std: "docker" "create" "-v" "/var/lib/crater-agent-workspace/builds/worker-4-tc2/target:/opt/rustwide/target:rw,Z" "-v" "/var/lib/crater-agent-workspace/builds/worker-4-tc2/source:/opt/rustwide/workdir:ro,Z" "-v" "/var/lib/crater-agent-workspace/cargo-home:/opt/rustwide/cargo-home:ro,Z" "-v" "/var/lib/crater-agent-workspace/rustup-home:/opt/rustwide/rustup-home:ro,Z" "-e" "SOURCE_DIR=/opt/rustwide/workdir" "-e" "CARGO_TARGET_DIR=/opt/rustwide/target" "-e" "CARGO_INCREMENTAL=0" "-e" "RUST_BACKTRACE=full" "-e" "RUSTFLAGS=--cap-lints=forbid -Zrandomize-layout" "-e" "RUSTDOCFLAGS=--cap-lints=forbid" "-e" "CARGO_HOME=/opt/rustwide/cargo-home" "-e" "RUSTUP_HOME=/opt/rustwide/rustup-home" "-w" "/opt/rustwide/workdir" "-m" "1610612736" "--user" "0:0" "--network" "none" "ghcr.io/rust-lang/crates-build-env/linux@sha256:4a844ea9eb2546a2d2c7022eacef16ef2e8229c7fbb2c7d4d55a9ceca922f72d" "/opt/rustwide/cargo-home/bin/cargo" "+nightly-2024-10-28" "build" "--frozen" "--message-format=json", kill_on_drop: false }`
[INFO] [stdout] 67a0d254ccfd1e41abdf77ab2d26f34957eed6277d8e55caa9a9b204e341dd3d
[INFO] running `Command { std: "docker" "start" "-a" "67a0d254ccfd1e41abdf77ab2d26f34957eed6277d8e55caa9a9b204e341dd3d", kill_on_drop: false }`
[INFO] [stderr]    Compiling proc-macro2 v1.0.79
[INFO] [stderr]    Compiling unicode-ident v1.0.12
[INFO] [stderr]    Compiling serde v1.0.197
[INFO] [stderr]    Compiling pkg-config v0.3.30
[INFO] [stderr]    Compiling libc v0.2.153
[INFO] [stderr]    Compiling cc v1.0.90
[INFO] [stderr]    Compiling itoa v1.0.10
[INFO] [stderr]    Compiling rustix v0.38.25
[INFO] [stderr]    Compiling once_cell v1.19.0
[INFO] [stderr]    Compiling linux-raw-sys v0.4.13
[INFO] [stderr]    Compiling smallvec v1.13.1
[INFO] [stderr]    Compiling downcast-rs v1.2.0
[INFO] [stderr]    Compiling memchr v2.7.1
[INFO] [stderr]    Compiling scoped-tls v1.0.1
[INFO] [stderr]    Compiling libloading v0.8.3
[INFO] [stderr]    Compiling khronos_api v3.1.0
[INFO] [stderr]    Compiling log v0.4.21
[INFO] [stderr]    Compiling xml-rs v0.8.19
[INFO] [stderr]    Compiling tracing-core v0.1.32
[INFO] [stderr]    Compiling pin-project-lite v0.2.13
[INFO] [stderr]    Compiling dlib v0.5.2
[INFO] [stderr]    Compiling slab v0.4.9
[INFO] [stderr]    Compiling thiserror v1.0.58
[INFO] [stderr]    Compiling xcursor v0.3.5
[INFO] [stderr]    Compiling smithay-client-toolkit v0.18.1
[INFO] [stderr]    Compiling cfg_aliases v0.1.1
[INFO] [stderr]    Compiling utf8parse v0.2.1
[INFO] [stderr]    Compiling xkeysym v0.2.0
[INFO] [stderr]    Compiling hashbrown v0.14.3
[INFO] [stderr]    Compiling equivalent v1.0.1
[INFO] [stderr]    Compiling lock_api v0.4.11
[INFO] [stderr]    Compiling bytemuck v1.15.0
[INFO] [stderr]    Compiling crossbeam-utils v0.8.19
[INFO] [stderr]    Compiling tracing v0.1.40
[INFO] [stderr]    Compiling as-raw-xcb-connection v1.0.1
[INFO] [stderr]    Compiling quick-xml v0.31.0
[INFO] [stderr]    Compiling simd-adler32 v0.3.7
[INFO] [stderr]    Compiling wayland-sys v0.31.1
[INFO] [stderr]    Compiling cmake v0.1.50
[INFO] [stderr]    Compiling servo-fontconfig-sys v5.1.0
[INFO] [stderr]    Compiling x11-dl v2.21.0
[INFO] [stderr]    Compiling crossfont v0.7.0
[INFO] [stderr]    Compiling quote v1.0.35
[INFO] [stderr]    Compiling gl_generator v0.14.0
[INFO] [stderr]    Compiling crc32fast v1.4.0
[INFO] [stderr]    Compiling strict-num v0.1.1
[INFO] [stderr]    Compiling foreign-types-shared v0.3.1
[INFO] [stderr]    Compiling x11rb-protocol v0.13.0
[INFO] [stderr]    Compiling arrayref v0.3.7
[INFO] [stderr]    Compiling parking_lot_core v0.9.9
[INFO] [stderr]    Compiling syn v2.0.53
[INFO] [stderr]    Compiling memmap2 v0.9.4
[INFO] [stderr]    Compiling indexmap v2.2.5
[INFO] [stderr]    Compiling version_check v0.9.4
[INFO] [stderr]    Compiling tiny-skia-path v0.11.4
[INFO] [stderr]    Compiling anstyle-parse v0.2.3
[INFO] [stderr]    Compiling colorchoice v1.0.0
[INFO] [stderr]    Compiling adler v1.0.2
[INFO] [stderr]    Compiling signal-hook v0.3.17
[INFO] [stderr]    Compiling anstyle v1.0.6
[INFO] [stderr]    Compiling scopeguard v1.2.0
[INFO] [stderr]    Compiling winnow v0.6.5
[INFO] [stderr]    Compiling anstyle-query v1.0.0
[INFO] [stderr]    Compiling arrayvec v0.7.4
[INFO] [stderr]    Compiling miniz_oxide v0.7.2
[INFO] [stderr]    Compiling ahash v0.8.11
[INFO] [stderr]    Compiling wayland-backend v0.3.3
[INFO] [stderr]    Compiling freetype-sys v0.13.1
[INFO] [stderr]    Compiling expat-sys v2.1.6
[INFO] [stderr]    Compiling glutin_glx_sys v0.5.0
[INFO] [stderr]    Compiling glutin_egl_sys v0.6.0
[INFO] [stderr]    Compiling wayland-scanner v0.31.1
[INFO] [stderr]    Compiling anstream v0.6.13
[INFO] [stderr]    Compiling vte_generate_state_changes v0.1.1
[INFO] [stderr]    Compiling aho-corasick v1.1.2
[INFO] [stderr]    Compiling inotify-sys v0.1.5
[INFO] [stderr]    Compiling getrandom v0.2.12
[INFO] [stderr]    Compiling freetype-rs v0.26.0
[INFO] [stderr]    Compiling signal-hook-registry v1.4.1
[INFO] [stderr]    Compiling servo-fontconfig v0.5.1
[INFO] [stderr]    Compiling glutin v0.31.3
[INFO] [stderr]    Compiling winit v0.29.15
[INFO] [stderr]    Compiling clap_lex v0.6.0
[INFO] [stderr]    Compiling heck v0.4.1
[INFO] [stderr]    Compiling ryu v1.0.17
[INFO] [stderr]    Compiling serde_json v1.0.114
[INFO] [stderr]    Compiling raw-window-handle v0.5.2
[INFO] [stderr]    Compiling zerocopy v0.7.32
[INFO] [stderr]    Compiling strsim v0.10.0
[INFO] [stderr]    Compiling same-file v1.0.6
[INFO] [stderr]    Compiling regex-syntax v0.8.2
[INFO] [stderr]    Compiling crossbeam-channel v0.5.12
[INFO] [stderr]    Compiling inotify v0.9.6
[INFO] [stderr]    Compiling clap_builder v4.4.11
[INFO] [stderr]    Compiling walkdir v2.5.0
[INFO] [stderr]    Compiling flate2 v1.0.28
[INFO] [stderr]    Compiling parking_lot v0.12.1
[INFO] [stderr]    Compiling alacritty v0.14.0-dev (/opt/rustwide/workdir/alacritty)
[INFO] [stderr]    Compiling filetime v0.2.22
[INFO] [stderr]    Compiling fdeflate v0.3.4
[INFO] [stderr]    Compiling percent-encoding v2.3.1
[INFO] [stderr]    Compiling unicode-width v0.1.11
[INFO] [stderr]    Compiling base64 v0.22.0
[INFO] [stderr]    Compiling home v0.5.5
[INFO] [stderr]    Compiling unsafe-libyaml v0.2.11
[INFO] [stderr]    Compiling xdg v2.5.2
[INFO] [stderr]    Compiling png v0.17.13
[INFO] [stderr]    Compiling serde_derive v1.0.197
[INFO] [stderr]    Compiling thiserror-impl v1.0.58
[INFO] [stderr]    Compiling foreign-types-macros v0.2.3
[INFO] [stderr]    Compiling clap_derive v4.4.7
[INFO] [stderr]    Compiling alacritty_config_derive v0.2.3-dev (/opt/rustwide/workdir/alacritty_config_derive)
[INFO] [stderr]    Compiling regex-automata v0.4.6
[INFO] [stderr]    Compiling foreign-types v0.5.0
[INFO] [stderr]    Compiling clap v4.4.11
[INFO] [stderr]    Compiling bitflags v2.4.2
[INFO] [stderr]    Compiling cursor-icon v1.1.0
[INFO] [stderr]    Compiling toml_datetime v0.6.5
[INFO] [stderr]    Compiling serde_spanned v0.6.5
[INFO] [stderr]    Compiling smol_str v0.2.1
[INFO] [stderr]    Compiling serde_yaml v0.9.33
[INFO] [stderr]    Compiling toml_edit v0.22.7
[INFO] [stderr]    Compiling tiny-skia v0.11.4
[INFO] [stderr]    Compiling mio v0.8.11
[INFO] [stderr]    Compiling vte v0.13.0
[INFO] [stderr]    Compiling xkbcommon-dl v0.4.2
[INFO] [stderr]    Compiling notify v6.1.1
[INFO] [stderr]    Compiling toml v0.8.11
[INFO] [stderr]    Compiling alacritty_config v0.2.1-dev (/opt/rustwide/workdir/alacritty_config)
[INFO] [stderr]    Compiling polling v3.3.0
[INFO] [stderr]    Compiling x11rb v0.13.0
[INFO] [stderr]    Compiling rustix-openpty v0.1.1
[INFO] [stderr]    Compiling calloop v0.12.4
[INFO] [stderr]    Compiling alacritty_terminal v0.22.1-dev (/opt/rustwide/workdir/alacritty_terminal)
[INFO] [stderr]    Compiling wayland-client v0.31.2
[INFO] [stderr]    Compiling wayland-csd-frame v0.3.0
[INFO] [stderr]    Compiling x11-clipboard v0.9.2
[INFO] [stderr]    Compiling wayland-protocols v0.31.2
[INFO] [stderr]    Compiling calloop-wayland-source v0.2.0
[INFO] [stderr]    Compiling wayland-cursor v0.31.1
[INFO] [stderr]    Compiling wayland-protocols-wlr v0.2.0
[INFO] [stderr]    Compiling wayland-protocols-plasma v0.2.0
[INFO] [stderr]    Compiling smithay-clipboard v0.7.1
[INFO] [stderr]    Compiling sctk-adwaita v0.8.1
[INFO] [stderr]    Compiling copypasta v0.10.1
[INFO] [stdout] warning: field `event_loop` is never read
[INFO] [stdout]    --> alacritty/src/event.rs:220:9
[INFO] [stdout]     |
[INFO] [stdout] 209 | pub struct ActionContext<'a, N, T> {
[INFO] [stdout]     |            ------------- field in this struct
[INFO] [stdout] ...
[INFO] [stdout] 220 |     pub event_loop: &'a EventLoopWindowTarget<Event>,
[INFO] [stdout]     |         ^^^^^^^^^^
[INFO] [stdout]     |
[INFO] [stdout]     = note: `#[warn(dead_code)]` on by default
[INFO] [stdout] 
[INFO] [stdout] 
[INFO] [stdout] warning: field `lines_scrolled` is never read
[INFO] [stdout]     --> alacritty/src/event.rs:1216:9
[INFO] [stdout]      |
[INFO] [stdout] 1207 | pub struct Mouse {
[INFO] [stdout]      |            ----- field in this struct
[INFO] [stdout] ...
[INFO] [stdout] 1216 |     pub lines_scrolled: f32,
[INFO] [stdout]      |         ^^^^^^^^^^^^^^
[INFO] [stdout]      |
[INFO] [stdout]      = note: `Mouse` has a derived impl for the trait `Debug`, but this is intentionally ignored during dead code analysis
[INFO] [stdout] 
[INFO] [stdout] 
[INFO] [stderr]     Finished `dev` profile [unoptimized + debuginfo] target(s) in 28.80s
[INFO] running `Command { std: "docker" "inspect" "67a0d254ccfd1e41abdf77ab2d26f34957eed6277d8e55caa9a9b204e341dd3d", kill_on_drop: false }`
[INFO] running `Command { std: "docker" "rm" "-f" "67a0d254ccfd1e41abdf77ab2d26f34957eed6277d8e55caa9a9b204e341dd3d", kill_on_drop: false }`
[INFO] [stdout] 67a0d254ccfd1e41abdf77ab2d26f34957eed6277d8e55caa9a9b204e341dd3d
[INFO] running `Command { std: "docker" "create" "-v" "/var/lib/crater-agent-workspace/builds/worker-4-tc2/target:/opt/rustwide/target:rw,Z" "-v" "/var/lib/crater-agent-workspace/builds/worker-4-tc2/source:/opt/rustwide/workdir:ro,Z" "-v" "/var/lib/crater-agent-workspace/cargo-home:/opt/rustwide/cargo-home:ro,Z" "-v" "/var/lib/crater-agent-workspace/rustup-home:/opt/rustwide/rustup-home:ro,Z" "-e" "SOURCE_DIR=/opt/rustwide/workdir" "-e" "CARGO_TARGET_DIR=/opt/rustwide/target" "-e" "CARGO_INCREMENTAL=0" "-e" "RUST_BACKTRACE=full" "-e" "RUSTFLAGS=--cap-lints=forbid -Zrandomize-layout" "-e" "RUSTDOCFLAGS=--cap-lints=forbid" "-e" "CARGO_HOME=/opt/rustwide/cargo-home" "-e" "RUSTUP_HOME=/opt/rustwide/rustup-home" "-w" "/opt/rustwide/workdir" "-m" "1610612736" "--user" "0:0" "--network" "none" "ghcr.io/rust-lang/crates-build-env/linux@sha256:4a844ea9eb2546a2d2c7022eacef16ef2e8229c7fbb2c7d4d55a9ceca922f72d" "/opt/rustwide/cargo-home/bin/cargo" "+nightly-2024-10-28" "test" "--frozen" "--no-run" "--message-format=json", kill_on_drop: false }`
[INFO] [stdout] f591566ee494251b487bd8d797c449c51cc5e375cdcf99da752e496197fcf8e0
[INFO] running `Command { std: "docker" "start" "-a" "f591566ee494251b487bd8d797c449c51cc5e375cdcf99da752e496197fcf8e0", kill_on_drop: false }`
[INFO] [stderr]    Compiling proc-macro2 v1.0.79
[INFO] [stderr]    Compiling unicode-ident v1.0.12
[INFO] [stderr]    Compiling serde v1.0.197
[INFO] [stderr]    Compiling quote v1.0.35
[INFO] [stderr]    Compiling syn v2.0.53
[INFO] [stderr]    Compiling wayland-scanner v0.31.1
[INFO] [stderr]    Compiling vte_generate_state_changes v0.1.1
[INFO] [stderr]    Compiling serde_derive v1.0.197
[INFO] [stderr]    Compiling thiserror-impl v1.0.58
[INFO] [stderr]    Compiling alacritty_config_derive v0.2.3-dev (/opt/rustwide/workdir/alacritty_config_derive)
[INFO] [stderr]    Compiling foreign-types-macros v0.2.3
[INFO] [stderr]    Compiling clap_derive v4.4.7
[INFO] [stderr]    Compiling foreign-types v0.5.0
[INFO] [stderr]    Compiling thiserror v1.0.58
[INFO] [stderr]    Compiling clap v4.4.11
[INFO] [stderr]    Compiling clap_complete v4.4.4
[INFO] [stderr]    Compiling log v0.4.21
[INFO] [stderr]    Compiling bitflags v2.4.2
[INFO] [stderr]    Compiling cursor-icon v1.1.0
[INFO] [stderr]    Compiling toml_datetime v0.6.5
[INFO] [stderr]    Compiling serde_spanned v0.6.5
[INFO] [stderr]    Compiling serde_json v1.0.114
[INFO] [stderr]    Compiling smol_str v0.2.1
[INFO] [stderr]    Compiling serde_yaml v0.9.33
[INFO] [stderr]    Compiling toml_edit v0.22.7
[INFO] [stderr]    Compiling rustix v0.38.25
[INFO] [stderr]    Compiling wayland-sys v0.31.1
[INFO] [stderr]    Compiling vte v0.13.0
[INFO] [stderr]    Compiling crossfont v0.7.0
[INFO] [stderr]    Compiling tiny-skia v0.11.4
[INFO] [stderr]    Compiling xkbcommon-dl v0.4.2
[INFO] [stderr]    Compiling mio v0.8.11
[INFO] [stderr]    Compiling gl_generator v0.14.0
[INFO] [stderr]    Compiling notify v6.1.1
[INFO] [stderr]    Compiling glutin_egl_sys v0.6.0
[INFO] [stderr]    Compiling glutin_glx_sys v0.5.0
[INFO] [stderr]    Compiling alacritty v0.14.0-dev (/opt/rustwide/workdir/alacritty)
[INFO] [stderr]    Compiling glutin v0.31.3
[INFO] [stderr]    Compiling toml v0.8.11
[INFO] [stderr]    Compiling alacritty_config v0.2.1-dev (/opt/rustwide/workdir/alacritty_config)
[INFO] [stdout] warning: creating a mutable reference to mutable static is discouraged
[INFO] [stdout]   --> alacritty_config_derive/tests/config.rs:88:9
[INFO] [stdout]    |
[INFO] [stdout] 88 |         LOGGER.as_mut().unwrap()
[INFO] [stdout]    |         ^^^^^^^^^^^^^^^ mutable reference to mutable static
[INFO] [stdout]    |
[INFO] [stdout]    = note: for more information, see <https://doc.rust-lang.org/nightly/edition-guide/rust-2024/static-mut-references.html>
[INFO] [stdout]    = note: mutable references to mutable statics are dangerous; it's undefined behavior if any other pointer to the static is used or if any other reference is created for the static while the mutable reference lives
[INFO] [stdout]    = note: `#[warn(static_mut_refs)]` on by default
[INFO] [stdout] 
[INFO] [stdout] 
[INFO] [stderr]    Compiling wayland-backend v0.3.3
[INFO] [stderr]    Compiling polling v3.3.0
[INFO] [stderr]    Compiling rustix-openpty v0.1.1
[INFO] [stderr]    Compiling x11rb v0.13.0
[INFO] [stderr]    Compiling calloop v0.12.4
[INFO] [stderr]    Compiling alacritty_terminal v0.22.1-dev (/opt/rustwide/workdir/alacritty_terminal)
[INFO] [stderr]    Compiling wayland-client v0.31.2
[INFO] [stderr]    Compiling wayland-csd-frame v0.3.0
[INFO] [stderr]    Compiling x11-clipboard v0.9.2
[INFO] [stderr]    Compiling wayland-protocols v0.31.2
[INFO] [stderr]    Compiling calloop-wayland-source v0.2.0
[INFO] [stderr]    Compiling wayland-cursor v0.31.1
[INFO] [stderr]    Compiling wayland-protocols-wlr v0.2.0
[INFO] [stderr]    Compiling wayland-protocols-plasma v0.2.0
[INFO] [stderr]    Compiling smithay-client-toolkit v0.18.1
[INFO] [stderr]    Compiling sctk-adwaita v0.8.1
[INFO] [stderr]    Compiling smithay-clipboard v0.7.1
[INFO] [stderr]    Compiling copypasta v0.10.1
[INFO] [stderr]    Compiling winit v0.29.15
[INFO] [stdout] warning: field `event_loop` is never read
[INFO] [stdout]    --> alacritty/src/event.rs:220:9
[INFO] [stdout]     |
[INFO] [stdout] 209 | pub struct ActionContext<'a, N, T> {
[INFO] [stdout]     |            ------------- field in this struct
[INFO] [stdout] ...
[INFO] [stdout] 220 |     pub event_loop: &'a EventLoopWindowTarget<Event>,
[INFO] [stdout]     |         ^^^^^^^^^^
[INFO] [stdout]     |
[INFO] [stdout]     = note: `#[warn(dead_code)]` on by default
[INFO] [stdout] 
[INFO] [stdout] 
[INFO] [stdout] warning: field `lines_scrolled` is never read
[INFO] [stdout]     --> alacritty/src/event.rs:1216:9
[INFO] [stdout]      |
[INFO] [stdout] 1207 | pub struct Mouse {
[INFO] [stdout]      |            ----- field in this struct
[INFO] [stdout] ...
[INFO] [stdout] 1216 |     pub lines_scrolled: f32,
[INFO] [stdout]      |         ^^^^^^^^^^^^^^
[INFO] [stdout]      |
[INFO] [stdout]      = note: `Mouse` has a derived impl for the trait `Debug`, but this is intentionally ignored during dead code analysis
[INFO] [stdout] 
[INFO] [stdout] 
[INFO] [stderr]     Finished `test` profile [unoptimized + debuginfo] target(s) in 23.40s
[INFO] running `Command { std: "docker" "inspect" "f591566ee494251b487bd8d797c449c51cc5e375cdcf99da752e496197fcf8e0", kill_on_drop: false }`
[INFO] running `Command { std: "docker" "rm" "-f" "f591566ee494251b487bd8d797c449c51cc5e375cdcf99da752e496197fcf8e0", kill_on_drop: false }`
[INFO] [stdout] f591566ee494251b487bd8d797c449c51cc5e375cdcf99da752e496197fcf8e0
[INFO] running `Command { std: "docker" "create" "-v" "/var/lib/crater-agent-workspace/builds/worker-4-tc2/target:/opt/rustwide/target:rw,Z" "-v" "/var/lib/crater-agent-workspace/builds/worker-4-tc2/source:/opt/rustwide/workdir:ro,Z" "-v" "/var/lib/crater-agent-workspace/cargo-home:/opt/rustwide/cargo-home:ro,Z" "-v" "/var/lib/crater-agent-workspace/rustup-home:/opt/rustwide/rustup-home:ro,Z" "-e" "SOURCE_DIR=/opt/rustwide/workdir" "-e" "CARGO_TARGET_DIR=/opt/rustwide/target" "-e" "CARGO_INCREMENTAL=0" "-e" "RUST_BACKTRACE=full" "-e" "RUSTFLAGS=--cap-lints=forbid -Zrandomize-layout" "-e" "RUSTDOCFLAGS=--cap-lints=forbid" "-e" "CARGO_HOME=/opt/rustwide/cargo-home" "-e" "RUSTUP_HOME=/opt/rustwide/rustup-home" "-w" "/opt/rustwide/workdir" "-m" "1610612736" "--user" "0:0" "--network" "none" "ghcr.io/rust-lang/crates-build-env/linux@sha256:4a844ea9eb2546a2d2c7022eacef16ef2e8229c7fbb2c7d4d55a9ceca922f72d" "/opt/rustwide/cargo-home/bin/cargo" "+nightly-2024-10-28" "test" "--frozen", kill_on_drop: false }`
[INFO] [stdout] fce687592e619d14e7f27350c74238b71e723b4812f34cbc5260969c4632c2ae
[INFO] running `Command { std: "docker" "start" "-a" "fce687592e619d14e7f27350c74238b71e723b4812f34cbc5260969c4632c2ae", kill_on_drop: false }`
[INFO] [stderr] warning: creating a mutable reference to mutable static is discouraged
[INFO] [stderr]   --> alacritty_config_derive/tests/config.rs:88:9
[INFO] [stderr]    |
[INFO] [stderr] 88 |         LOGGER.as_mut().unwrap()
[INFO] [stderr]    |         ^^^^^^^^^^^^^^^ mutable reference to mutable static
[INFO] [stderr]    |
[INFO] [stderr]    = note: for more information, see <https://doc.rust-lang.org/nightly/edition-guide/rust-2024/static-mut-references.html>
[INFO] [stderr]    = note: mutable references to mutable statics are dangerous; it's undefined behavior if any other pointer to the static is used or if any other reference is created for the static while the mutable reference lives
[INFO] [stderr]    = note: `#[warn(static_mut_refs)]` on by default
[INFO] [stderr] 
[INFO] [stderr] warning: `alacritty_config_derive` (test "config") generated 1 warning
[INFO] [stderr] warning: field `event_loop` is never read
[INFO] [stderr]    --> alacritty/src/event.rs:220:9
[INFO] [stderr]     |
[INFO] [stderr] 209 | pub struct ActionContext<'a, N, T> {
[INFO] [stderr]     |            ------------- field in this struct
[INFO] [stderr] ...
[INFO] [stderr] 220 |     pub event_loop: &'a EventLoopWindowTarget<Event>,
[INFO] [stderr]     |         ^^^^^^^^^^
[INFO] [stderr]     |
[INFO] [stderr]     = note: `#[warn(dead_code)]` on by default
[INFO] [stderr] 
[INFO] [stderr] warning: field `lines_scrolled` is never read
[INFO] [stderr]     --> alacritty/src/event.rs:1216:9
[INFO] [stderr]      |
[INFO] [stderr] 1207 | pub struct Mouse {
[INFO] [stderr]      |            ----- field in this struct
[INFO] [stderr] ...
[INFO] [stderr] 1216 |     pub lines_scrolled: f32,
[INFO] [stderr]      |         ^^^^^^^^^^^^^^
[INFO] [stderr]      |
[INFO] [stderr]      = note: `Mouse` has a derived impl for the trait `Debug`, but this is intentionally ignored during dead code analysis
[INFO] [stderr] 
[INFO] [stderr] warning: `alacritty` (bin "alacritty" test) generated 2 warnings
[INFO] [stderr]     Finished `test` profile [unoptimized + debuginfo] target(s) in 0.13s
[INFO] [stderr]      Running unittests src/main.rs (/opt/rustwide/target/debug/deps/alacritty-7a70743653c85a7c)
[INFO] [stdout] 
[INFO] [stdout] running 79 tests
[INFO] [stdout] test cli::tests::dynamic_title_ignoring_options_by_default ... ok
[INFO] [stdout] test cli::tests::dynamic_title_overridden_by_options ... ok
[INFO] [stdout] test cli::tests::dynamic_title_not_overridden_by_config ... ok
[INFO] [stdout] test cli::tests::invalid_hex_to_decimal ... ok
[INFO] [stdout] test cli::tests::invalid_option_as_value ... ok
[INFO] [stdout] test cli::tests::float_option_as_value ... ok
[INFO] [stdout] test cli::tests::parse_general_class ... ok
[INFO] [stdout] test cli::tests::parse_instance_class ... ok
[INFO] [stdout] test cli::tests::parse_invalid_class ... ok
[INFO] [stdout] test cli::tests::valid_decimal ... ok
[INFO] [stdout] test cli::tests::valid_hex_to_decimal ... ok
[INFO] [stdout] test config::bindings::tests::binding_matches_different_action ... ok
[INFO] [stdout] test config::bindings::tests::binding_matches_identical_mode ... ok
[INFO] [stdout] test config::bindings::tests::binding_matches_itself ... ok
[INFO] [stdout] test cli::tests::valid_option_as_value ... ok
[INFO] [stdout] test config::bindings::tests::binding_matches_mode_notmode ... ok
[INFO] [stdout] test config::bindings::tests::binding_matches_modes ... ok
[INFO] [stdout] test config::bindings::tests::binding_matches_notmodes ... ok
[INFO] [stdout] test config::bindings::tests::binding_mismatches_notmode ... ok
[INFO] [stdout] test config::bindings::tests::binding_matches_partial_intersection ... ok
[INFO] [stdout] test config::bindings::tests::binding_trigger_input ... ok
[INFO] [stdout] test config::bindings::tests::binding_trigger_modes ... ok
[INFO] [stdout] test config::bindings::tests::binding_mismatches_unrelated ... ok
[INFO] [stdout] test config::bindings::tests::binding_without_mode_matches_any_mode ... ok
[INFO] [stdout] test config::bindings::tests::binding_trigger_mods ... ok
[INFO] [stdout] test config::bindings::tests::mods_binding_requires_strict_match ... ok
[INFO] [stdout] test config::serde_utils::tests::merge_sequence ... ok
[INFO] [stdout] test config::serde_utils::tests::merge_primitive ... ok
[INFO] [stdout] test config::serde_utils::tests::merge_tables ... ok
[INFO] [stdout] test config::bindings::tests::binding_trigger_notmodes ... ok
[INFO] [stdout] test config::tests::empty_yaml_to_toml ... ok
[INFO] [stdout] test config::tests::empty_config ... ok
[INFO] [stdout] test config::bindings::tests::binding_with_mode_matches_empty_mode ... ok
[INFO] [stdout] test display::damage::tests::damage_rect_math ... ok
[INFO] [stdout] test display::hint::tests::hint_label_generation ... ok
[INFO] [stdout] test config::tests::yaml_with_nulls ... ok
[INFO] [stdout] test display::damage::tests::add_viewport_damage ... ok
[INFO] [stdout] test display::hint::tests::collect_unique_hyperlinks ... ok
[INFO] [stdout] test input::tests::process_binding_fail_with_extra_mods ... ok
[INFO] [stdout] test input::tests::double_click_failed ... ok
[INFO] [stdout] test input::tests::process_binding_nomode_nomod_require_appcursor ... ok
[INFO] [stdout] test input::tests::multi_click_separate_buttons ... ok
[INFO] [stdout] test cli::tests::completions ... ok
[INFO] [stdout] test input::tests::process_binding_nomode_controlmod ... ok
[INFO] [stdout] test input::tests::process_binding_nomode_nomod_require_not_appcursor ... ok
[INFO] [stdout] test input::tests::process_binding_appcursormode_appkeypadmode_nomod_require_appcursor ... ok
[INFO] [stdout] test input::tests::double_click ... ok
[INFO] [stdout] test input::tests::process_binding_appcursormode_nomod_require_appcursor ... ok
[INFO] [stdout] test input::tests::process_binding_nomode_shiftmod_require_shift ... ok
[INFO] [stdout] test message_bar::tests::appends_close_button ... ok
[INFO] [stdout] test message_bar::tests::empty_with_shortterm ... ok
[INFO] [stdout] test message_bar::tests::hide_button_when_too_narrow ... ok
[INFO] [stdout] test input::tests::single_click ... ok
[INFO] [stdout] test input::tests::process_binding_nomode_nomod_require_shift ... ok
[INFO] [stdout] test input::tests::single_right_click ... ok
[INFO] [stdout] test input::tests::triple_click ... ok
[INFO] [stdout] test input::tests::single_middle_click ... ok
[INFO] [stdout] test message_bar::tests::add_newline_for_button ... ok
[INFO] [stdout] test message_bar::tests::multiline_close_button_first_line ... ok
[INFO] [stdout] test message_bar::tests::pop ... ok
[INFO] [stdout] test input::tests::triple_click_failed ... ok
[INFO] [stdout] test message_bar::tests::remove_target ... ok
[INFO] [stdout] test message_bar::tests::hide_truncated_when_too_narrow ... ok
[INFO] [stdout] test message_bar::tests::splits_on_newline ... ok
[INFO] [stdout] test message_bar::tests::truncates_long_messages ... ok
[INFO] [stdout] test message_bar::tests::wrap_on_words ... ok
[INFO] [stdout] test message_bar::tests::remove_duplicates ... ok
[INFO] [stdout] test message_bar::tests::strip_whitespace_at_linebreak ... ok
[INFO] [stdout] test renderer::text::builtin_font::tests::builtin_powerline_glyphs_coverage ... ok
[INFO] [stdout] test message_bar::tests::splits_on_length ... ok
[INFO] [stdout] test migrate::tests::move_values ... ok
[INFO] [stdout] test message_bar::tests::wrap_with_unicode ... ok
[INFO] [stdout] test string::tests::into_shortened_with_shortener ... ok
[INFO] [stdout] test string::tests::into_shortened_without_shortener ... ok
[INFO] [stdout] test renderer::text::builtin_font::tests::builtin_line_drawing_glyphs_coverage ... ok
[INFO] [stdout] test display::hint::tests::closed_bracket_does_not_result_in_infinite_iterator ... ok
[INFO] [stdout] test config::ui_config::tests::negative_url_parsing_regex_test ... ok
[INFO] [stdout] test display::hint::tests::visible_regex_match_covers_entire_viewport ... ok
[INFO] [stdout] test config::ui_config::tests::positive_url_parsing_regex_test ... ok
[INFO] [stdout] 
[INFO] [stdout] test result: ok. 79 passed; 0 failed; 0 ignored; 0 measured; 0 filtered out; finished in 0.07s
[INFO] [stdout] 
[INFO] [stderr]      Running unittests src/lib.rs (/opt/rustwide/target/debug/deps/alacritty_config-bf7b3b2c78581f09)
[INFO] [stdout] 
[INFO] [stdout] running 1 test
[INFO] [stdout] test tests::replace_option ... ok
[INFO] [stdout] 
[INFO] [stdout] test result: ok. 1 passed; 0 failed; 0 ignored; 0 measured; 0 filtered out; finished in 0.00s
[INFO] [stdout] 
[INFO] [stderr]      Running unittests src/lib.rs (/opt/rustwide/target/debug/deps/alacritty_config_derive-19a3dbc9e38e0cef)
[INFO] [stdout] 
[INFO] [stdout] running 0 tests
[INFO] [stdout] 
[INFO] [stdout] test result: ok. 0 passed; 0 failed; 0 ignored; 0 measured; 0 filtered out; finished in 0.00s
[INFO] [stdout] 
[INFO] [stderr]      Running tests/config.rs (/opt/rustwide/target/debug/deps/config-0e898cbb09784ee9)
[INFO] [stdout] 
[INFO] [stdout] running 7 tests
[INFO] [stdout] test field_replacement ... ok
[INFO] [stdout] test replace_derive ... ok
[INFO] [stdout] test config_deserialize ... ok
[INFO] [stdout] test replace_derive_using_alias ... ok
[INFO] [stdout] test replace_flatten_using_alias ... ok
[INFO] [stdout] test replace_derive_using_multiple_aliases ... ok
[INFO] [stdout] test replace_flatten ... ok
[INFO] [stdout] 
[INFO] [stdout] test result: ok. 7 passed; 0 failed; 0 ignored; 0 measured; 0 filtered out; finished in 0.01s
[INFO] [stdout] 
[INFO] [stderr]      Running unittests src/lib.rs (/opt/rustwide/target/debug/deps/alacritty_terminal-3ea34bcba946ef00)
[INFO] [stdout] 
[INFO] [stdout] running 125 tests
[INFO] [stdout] test grid::storage::tests::rotate_wrap_zero ... ok
[INFO] [stdout] test grid::storage::tests::grow_after_zero ... ok
[INFO] [stdout] test grid::storage::tests::grow_before_zero ... ok
[INFO] [stdout] test grid::storage::tests::initialize ... ok
[INFO] [stdout] test grid::storage::tests::indexing ... ok
[INFO] [stdout] test grid::storage::tests::shrink_after_zero ... ok
[INFO] [stdout] test grid::storage::tests::rotate ... ok
[INFO] [stdout] test grid::storage::tests::shrink_before_and_after_zero ... ok
[INFO] [stdout] test grid::storage::tests::shrink_before_zero ... ok
[INFO] [stdout] test grid::storage::tests::shrink_then_grow ... ok
[INFO] [stdout] test grid::storage::tests::with_capacity ... ok
[INFO] [stdout] test grid::tests::grow_reflow ... ok
[INFO] [stdout] test grid::storage::tests::truncate_invisible_lines_beginning ... ok
[INFO] [stdout] test grid::storage::tests::truncate_invisible_lines ... ok
[INFO] [stdout] test grid::tests::grow_reflow_multiline ... ok
[INFO] [stdout] test grid::tests::scroll_down ... ok
[INFO] [stdout] test grid::tests::grow_reflow_disabled ... ok
[INFO] [stdout] test grid::tests::scroll_up ... ok
[INFO] [stdout] test grid::tests::shrink_reflow ... ok
[INFO] [stdout] test grid::tests::shrink_reflow_disabled ... ok
[INFO] [stdout] test grid::tests::shrink_reflow_twice ... ok
[INFO] [stdout] test grid::tests::test_iter ... ok
[INFO] [stdout] test index::tests::add ... ok
[INFO] [stdout] test index::tests::add_clamp ... ok
[INFO] [stdout] test index::tests::add_grid_clamp ... ok
[INFO] [stdout] test index::tests::add_none_clamp ... ok
[INFO] [stdout] test index::tests::add_wrap ... ok
[INFO] [stdout] test index::tests::location_ordering ... ok
[INFO] [stdout] test index::tests::sub ... ok
[INFO] [stdout] test index::tests::sub_clamp ... ok
[INFO] [stdout] test index::tests::sub_grid_clamp ... ok
[INFO] [stdout] test index::tests::sub_none_clamp ... ok
[INFO] [stdout] test index::tests::sub_wrap ... ok
[INFO] [stdout] test grid::tests::scroll_down_with_history ... ok
[INFO] [stdout] test grid::tests::shrink_reflow_empty_cell_inside_line ... ok
[INFO] [stdout] test selection::tests::across_adjacent_lines_upward_final_cell_exclusive ... ok
[INFO] [stdout] test selection::tests::between_adjacent_cells_left_to_right ... ok
[INFO] [stdout] test selection::tests::between_adjacent_cells_right_to_left ... ok
[INFO] [stdout] test selection::tests::block_is_empty ... ok
[INFO] [stdout] test selection::tests::block_selection ... ok
[INFO] [stdout] test selection::tests::line_selection ... ok
[INFO] [stdout] test selection::tests::range_intersection ... ok
[INFO] [stdout] test selection::tests::rotate_in_region_down ... ok
[INFO] [stdout] test selection::tests::rotate_in_region_up ... ok
[INFO] [stdout] test selection::tests::rotate_in_region_up_block ... ok
[INFO] [stdout] test selection::tests::selection_bigger_then_smaller ... ok
[INFO] [stdout] test selection::tests::semantic_selection ... ok
[INFO] [stdout] test selection::tests::simple_is_empty ... ok
[INFO] [stdout] test selection::tests::simple_selection ... ok
[INFO] [stdout] test selection::tests::single_cell_left_to_right ... ok
[INFO] [stdout] test term::cell::tests::line_length_works ... ok
[INFO] [stdout] test term::cell::tests::line_length_works_with_wrapline ... ok
[INFO] [stdout] test term::search::tests::end_on_fullwidth ... ok
[INFO] [stdout] test selection::tests::single_cell_right_to_left ... ok
[INFO] [stdout] test term::search::tests::leading_spacer ... ok
[INFO] [stdout] test term::search::tests::empty_match ... ok
[INFO] [stdout] test term::search::tests::anchored_empty ... ok
[INFO] [stdout] test term::search::tests::empty_match_multibyte ... ok
[INFO] [stdout] test term::search::tests::fullwidth ... ok
[INFO] [stdout] test term::search::tests::empty_match_multiline ... ok
[INFO] [stdout] test term::search::tests::include_linebreak_right ... ok
[INFO] [stdout] test term::search::tests::end_on_multibyte_unicode ... ok
[INFO] [stdout] test term::search::tests::include_linebreak_left ... ok
[INFO] [stdout] test term::search::tests::greed_is_good ... ok
[INFO] [stdout] test term::search::tests::newline_breaking_semantic ... ok
[INFO] [stdout] test term::search::tests::no_match_right ... ok
[INFO] [stdout] test term::search::tests::no_match_left ... ok
[INFO] [stdout] test term::search::tests::reverse_search_dead_recovery ... ok
[INFO] [stdout] test term::tests::block_selection_works ... ok
[INFO] [stdout] test term::search::tests::wrap_around_to_another_end ... ok
[INFO] [stdout] test term::search::tests::wrapping ... ok
[INFO] [stdout] test term::tests::clearing_scrollback_resets_display_offset ... ok
[INFO] [stdout] test term::search::tests::regex_left ... ok
[INFO] [stdout] test term::search::tests::multiline ... ok
[INFO] [stdout] test term::search::tests::wide_without_spacer ... ok
[INFO] [stdout] test term::search::tests::regex_right ... ok
[INFO] [stdout] test term::tests::clearing_scrollback_sets_vi_cursor_into_viewport ... ok
[INFO] [stdout] test term::search::tests::multibyte_unicode ... ok
[INFO] [stdout] test term::tests::clearing_viewport_with_vi_mode_keeps_history_position ... ok
[INFO] [stdout] test term::tests::clearing_viewport_keeps_history_position ... ok
[INFO] [stdout] test term::search::tests::skip_dead_cell ... ok
[INFO] [stdout] test term::search::tests::singlecell_fullwidth ... ok
[INFO] [stdout] test term::tests::clear_saved_lines ... ok
[INFO] [stdout] test term::tests::damage_cursor_movements ... ok
[INFO] [stdout] test term::search::tests::wrapping_into_fullwidth ... ok
[INFO] [stdout] test term::search::tests::nested_regex ... ok
[INFO] [stdout] test term::tests::damage_public_usage ... ok
[INFO] [stdout] test term::tests::parse_cargo_version ... ok
[INFO] [stdout] test term::tests::input_line_drawing_character ... ok
[INFO] [stdout] test term::tests::semantic_selection_works ... ok
[INFO] [stdout] test term::tests::line_selection_works ... ok
[INFO] [stdout] test term::tests::simple_selection_works ... ok
[INFO] [stdout] test term::tests::vi_cursor_keep_pos_on_scrollback_buffer ... ok
[INFO] [stdout] test term::tests::scroll_display_page_down ... ok
[INFO] [stdout] test term::search::tests::nfa_compile_error ... ok
[INFO] [stdout] test term::tests::scroll_display_page_up ... ok
[INFO] [stdout] test vi_mode::tests::motion_bracket ... ok
[INFO] [stdout] test vi_mode::tests::motion_first_occupied ... ok
[INFO] [stdout] test tty::unix::test_get_pw_entry ... ok
[INFO] [stdout] test vi_mode::tests::motion_semantic_left_end ... ok
[INFO] [stdout] test vi_mode::tests::motion_semantic_left_start ... ok
[INFO] [stdout] test vi_mode::tests::motion_semantic_right_end ... ok
[INFO] [stdout] test vi_mode::tests::motion_high_middle_low ... ok
[INFO] [stdout] test term::tests::grid_serde ... ok
[INFO] [stdout] test vi_mode::tests::motion_simple ... ok
[INFO] [stdout] test vi_mode::tests::motion_semantic_right_start ... ok
[INFO] [stdout] test vi_mode::tests::motion_start_end ... ok
[INFO] [stdout] test vi_mode::tests::scroll_over_bottom ... ok
[INFO] [stdout] test vi_mode::tests::motion_word ... ok
[INFO] [stdout] test term::tests::window_title ... ok
[INFO] [stdout] test term::tests::full_damage ... ok
[INFO] [stdout] test vi_mode::tests::scroll_over_top ... ok
[INFO] [stdout] test vi_mode::tests::semantic_wide ... ok
[INFO] [stdout] test vi_mode::tests::simple_wide ... ok
[INFO] [stdout] test vi_mode::tests::scroll_semantic ... ok
[INFO] [stdout] test vi_mode::tests::scroll_word ... ok
[INFO] [stdout] test term::tests::shrink_lines_updates_active_cursor_pos ... ok
[INFO] [stdout] test term::tests::grow_lines_updates_active_cursor_pos ... ok
[INFO] [stdout] test term::tests::grow_lines_updates_inactive_cursor_pos ... ok
[INFO] [stdout] test vi_mode::tests::word_wide ... ok
[INFO] [stdout] test vi_mode::tests::scroll_simple ... ok
[INFO] [stdout] test term::tests::shrink_lines_updates_inactive_cursor_pos ... ok
[INFO] [stdout] test grid::storage::tests::indexing_above_inner_len - should panic ... ok
[INFO] [stdout] test term::cell::tests::cell_size_is_below_cap ... FAILED
[INFO] [stdout] test term::search::tests::runtime_cache_error ... ok
[INFO] [stdout] 
[INFO] [stdout] failures:
[INFO] [stdout] 
[INFO] [stdout] ---- term::cell::tests::cell_size_is_below_cap stdout ----
[INFO] [stdout] thread 'term::cell::tests::cell_size_is_below_cap' panicked at alacritty_terminal/src/term/cell.rs:307:9:
[INFO] [stdout] assertion failed: mem::size_of::<Cell>() <= EXPECTED_CELL_SIZE
[INFO] [stdout] stack backtrace:
[INFO] [stdout]    0:     0x64be1fc80a4a - std::backtrace_rs::backtrace::libunwind::trace::h207520d6e9873551
[INFO] [stdout]                                at /rustc/df4ca44d3fbc9301ee17f30f4d474e6ae4b05252/library/std/src/../../backtrace/src/backtrace/libunwind.rs:116:5
[INFO] [stdout]    1:     0x64be1fc80a4a - std::backtrace_rs::backtrace::trace_unsynchronized::h2ed7433f370e3eca
[INFO] [stdout]                                at /rustc/df4ca44d3fbc9301ee17f30f4d474e6ae4b05252/library/std/src/../../backtrace/src/backtrace/mod.rs:66:5
[INFO] [stdout]    2:     0x64be1fc80a4a - std::sys::backtrace::_print_fmt::h916fac51166b18d7
[INFO] [stdout]                                at /rustc/df4ca44d3fbc9301ee17f30f4d474e6ae4b05252/library/std/src/sys/backtrace.rs:66:9
[INFO] [stdout]    3:     0x64be1fc80a4a - <std::sys::backtrace::BacktraceLock::print::DisplayBacktrace as core::fmt::Display>::fmt::ha0a4c9b8ce3802e6
[INFO] [stdout]                                at /rustc/df4ca44d3fbc9301ee17f30f4d474e6ae4b05252/library/std/src/sys/backtrace.rs:39:26
[INFO] [stdout]    4:     0x64be1fca72f3 - core::fmt::rt::Argument::fmt::h4cfc8587d52b3eb5
[INFO] [stdout]                                at /rustc/df4ca44d3fbc9301ee17f30f4d474e6ae4b05252/library/core/src/fmt/rt.rs:177:76
[INFO] [stdout]    5:     0x64be1fca72f3 - core::fmt::write::h522cc39e5b36ae9f
[INFO] [stdout]                                at /rustc/df4ca44d3fbc9301ee17f30f4d474e6ae4b05252/library/core/src/fmt/mod.rs:1190:21
[INFO] [stdout]    6:     0x64be1fc7d6b3 - std::io::Write::write_fmt::h7d3c26752da97734
[INFO] [stdout]                                at /rustc/df4ca44d3fbc9301ee17f30f4d474e6ae4b05252/library/std/src/io/mod.rs:1839:15
[INFO] [stdout]    7:     0x64be1fc80892 - std::sys::backtrace::BacktraceLock::print::h4b9e00b29e9c0942
[INFO] [stdout]                                at /rustc/df4ca44d3fbc9301ee17f30f4d474e6ae4b05252/library/std/src/sys/backtrace.rs:42:9
[INFO] [stdout]    8:     0x64be1fc81eda - std::panicking::default_hook::{{closure}}::hb59b88280d0324d9
[INFO] [stdout]                                at /rustc/df4ca44d3fbc9301ee17f30f4d474e6ae4b05252/library/std/src/panicking.rs:268:22
[INFO] [stdout]    9:     0x64be1fc81ce4 - std::panicking::default_hook::he1dd496665be4a29
[INFO] [stdout]                                at /rustc/df4ca44d3fbc9301ee17f30f4d474e6ae4b05252/library/std/src/panicking.rs:292:9
[INFO] [stdout]   10:     0x64be1fb6db19 - <alloc::boxed::Box<F,A> as core::ops::function::Fn<Args>>::call::h4ff71de18744e1dc
[INFO] [stdout]                                at /rustc/df4ca44d3fbc9301ee17f30f4d474e6ae4b05252/library/alloc/src/boxed.rs:2468:9
[INFO] [stdout]   11:     0x64be1fb6db19 - test::test_main::{{closure}}::hcf7c055ce117aa81
[INFO] [stdout]                                at /rustc/df4ca44d3fbc9301ee17f30f4d474e6ae4b05252/library/test/src/lib.rs:133:21
[INFO] [stdout]   12:     0x64be1fc825d8 - <alloc::boxed::Box<F,A> as core::ops::function::Fn<Args>>::call::h1d66c6bbd60c9692
[INFO] [stdout]                                at /rustc/df4ca44d3fbc9301ee17f30f4d474e6ae4b05252/library/alloc/src/boxed.rs:2468:9
[INFO] [stdout]   13:     0x64be1fc825d8 - std::panicking::rust_panic_with_hook::h2ff17fe8f26dfcf8
[INFO] [stdout]                                at /rustc/df4ca44d3fbc9301ee17f30f4d474e6ae4b05252/library/std/src/panicking.rs:809:13
[INFO] [stdout]   14:     0x64be1fc82366 - std::panicking::begin_panic_handler::{{closure}}::h4fad77951c07e101
[INFO] [stdout]                                at /rustc/df4ca44d3fbc9301ee17f30f4d474e6ae4b05252/library/std/src/panicking.rs:667:13
[INFO] [stdout]   15:     0x64be1fc80f29 - std::sys::backtrace::__rust_end_short_backtrace::hb1a25b3da5d0ea08
[INFO] [stdout]                                at /rustc/df4ca44d3fbc9301ee17f30f4d474e6ae4b05252/library/std/src/sys/backtrace.rs:170:18
[INFO] [stdout]   16:     0x64be1fc8202c - rust_begin_unwind
[INFO] [stdout]                                at /rustc/df4ca44d3fbc9301ee17f30f4d474e6ae4b05252/library/std/src/panicking.rs:665:5
[INFO] [stdout]   17:     0x64be1fca5c70 - core::panicking::panic_fmt::ha9db07b529f9b256
[INFO] [stdout]                                at /rustc/df4ca44d3fbc9301ee17f30f4d474e6ae4b05252/library/core/src/panicking.rs:75:14
[INFO] [stdout]   18:     0x64be1fca5cfc - core::panicking::panic::h993086813d94accc
[INFO] [stdout]                                at /rustc/df4ca44d3fbc9301ee17f30f4d474e6ae4b05252/library/core/src/panicking.rs:152:5
[INFO] [stdout]   19:     0x64be1faa8e78 - alacritty_terminal::term::cell::tests::cell_size_is_below_cap::h43ccc7674b676e0e
[INFO] [stdout]                                at /opt/rustwide/workdir/alacritty_terminal/src/term/cell.rs:307:9
[INFO] [stdout]   20:     0x64be1faa8e37 - alacritty_terminal::term::cell::tests::cell_size_is_below_cap::{{closure}}::hb95d0708a77b1043
[INFO] [stdout]                                at /opt/rustwide/workdir/alacritty_terminal/src/term/cell.rs:302:32
[INFO] [stdout]   21:     0x64be1fb09746 - core::ops::function::FnOnce::call_once::h7203a4aa9b50db93
[INFO] [stdout]                                at /rustc/df4ca44d3fbc9301ee17f30f4d474e6ae4b05252/library/core/src/ops/function.rs:250:5
[INFO] [stdout]   22:     0x64be1fb723eb - core::ops::function::FnOnce::call_once::h22c3ba5715e93f05
[INFO] [stdout]                                at /rustc/df4ca44d3fbc9301ee17f30f4d474e6ae4b05252/library/core/src/ops/function.rs:250:5
[INFO] [stdout]   23:     0x64be1fb723eb - test::__rust_begin_short_backtrace::h8e82d8113d0da17f
[INFO] [stdout]                                at /rustc/df4ca44d3fbc9301ee17f30f4d474e6ae4b05252/library/test/src/lib.rs:621:18
[INFO] [stdout]   24:     0x64be1fb71d67 - test::run_test_in_process::{{closure}}::h33235f4f20b7b7c7
[INFO] [stdout]                                at /rustc/df4ca44d3fbc9301ee17f30f4d474e6ae4b05252/library/test/src/lib.rs:644:60
[INFO] [stdout]   25:     0x64be1fb71d67 - <core::panic::unwind_safe::AssertUnwindSafe<F> as core::ops::function::FnOnce<()>>::call_once::hb5043206310c586f
[INFO] [stdout]                                at /rustc/df4ca44d3fbc9301ee17f30f4d474e6ae4b05252/library/core/src/panic/unwind_safe.rs:272:9
[INFO] [stdout]   26:     0x64be1fb71d67 - std::panicking::try::do_call::h9ad4731a60ab23e2
[INFO] [stdout]                                at /rustc/df4ca44d3fbc9301ee17f30f4d474e6ae4b05252/library/std/src/panicking.rs:557:40
[INFO] [stdout]   27:     0x64be1fb71d67 - std::panicking::try::h3824d23db772a716
[INFO] [stdout]                                at /rustc/df4ca44d3fbc9301ee17f30f4d474e6ae4b05252/library/std/src/panicking.rs:520:19
[INFO] [stdout]   28:     0x64be1fb71d67 - std::panic::catch_unwind::h5afd514605fde46b
[INFO] [stdout]                                at /rustc/df4ca44d3fbc9301ee17f30f4d474e6ae4b05252/library/std/src/panic.rs:358:14
[INFO] [stdout]   29:     0x64be1fb71d67 - test::run_test_in_process::h0d5cbfa7067d1720
[INFO] [stdout]                                at /rustc/df4ca44d3fbc9301ee17f30f4d474e6ae4b05252/library/test/src/lib.rs:644:27
[INFO] [stdout]   30:     0x64be1fb71d67 - test::run_test::{{closure}}::h708eb8872708115d
[INFO] [stdout]                                at /rustc/df4ca44d3fbc9301ee17f30f4d474e6ae4b05252/library/test/src/lib.rs:565:43
[INFO] [stdout]   31:     0x64be1fb35484 - test::run_test::{{closure}}::h392c51cee94713ab
[INFO] [stdout]                                at /rustc/df4ca44d3fbc9301ee17f30f4d474e6ae4b05252/library/test/src/lib.rs:595:41
[INFO] [stdout]   32:     0x64be1fb35484 - std::sys::backtrace::__rust_begin_short_backtrace::h2f40290710935a8b
[INFO] [stdout]                                at /rustc/df4ca44d3fbc9301ee17f30f4d474e6ae4b05252/library/std/src/sys/backtrace.rs:154:18
[INFO] [stdout]   33:     0x64be1fb38c2e - std::thread::Builder::spawn_unchecked_::{{closure}}::{{closure}}::h3fd968d89053a903
[INFO] [stdout]                                at /rustc/df4ca44d3fbc9301ee17f30f4d474e6ae4b05252/library/std/src/thread/mod.rs:541:17
[INFO] [stdout]   34:     0x64be1fb38c2e - <core::panic::unwind_safe::AssertUnwindSafe<F> as core::ops::function::FnOnce<()>>::call_once::h743f637ba4229880
[INFO] [stdout]                                at /rustc/df4ca44d3fbc9301ee17f30f4d474e6ae4b05252/library/core/src/panic/unwind_safe.rs:272:9
[INFO] [stdout]   35:     0x64be1fb38c2e - std::panicking::try::do_call::h07440897322525a6
[INFO] [stdout]                                at /rustc/df4ca44d3fbc9301ee17f30f4d474e6ae4b05252/library/std/src/panicking.rs:557:40
[INFO] [stdout]   36:     0x64be1fb38c2e - std::panicking::try::he5a2e00188156637
[INFO] [stdout]                                at /rustc/df4ca44d3fbc9301ee17f30f4d474e6ae4b05252/library/std/src/panicking.rs:520:19
[INFO] [stdout]   37:     0x64be1fb38c2e - std::panic::catch_unwind::hbaf3cae49b3c6433
[INFO] [stdout]                                at /rustc/df4ca44d3fbc9301ee17f30f4d474e6ae4b05252/library/std/src/panic.rs:358:14
[INFO] [stdout]   38:     0x64be1fb38c2e - std::thread::Builder::spawn_unchecked_::{{closure}}::h8e141ea224820bce
[INFO] [stdout]                                at /rustc/df4ca44d3fbc9301ee17f30f4d474e6ae4b05252/library/std/src/thread/mod.rs:540:30
[INFO] [stdout]   39:     0x64be1fb38c2e - core::ops::function::FnOnce::call_once{{vtable.shim}}::h90d312fedd7b8ea8
[INFO] [stdout]                                at /rustc/df4ca44d3fbc9301ee17f30f4d474e6ae4b05252/library/core/src/ops/function.rs:250:5
[INFO] [stdout]   40:     0x64be1fc863cb - <alloc::boxed::Box<F,A> as core::ops::function::FnOnce<Args>>::call_once::h69aa08ddb6adb8b6
[INFO] [stdout]                                at /rustc/df4ca44d3fbc9301ee17f30f4d474e6ae4b05252/library/alloc/src/boxed.rs:2454:9
[INFO] [stdout]   41:     0x64be1fc863cb - <alloc::boxed::Box<F,A> as core::ops::function::FnOnce<Args>>::call_once::h5aa36efdb79c806f
[INFO] [stdout]                                at /rustc/df4ca44d3fbc9301ee17f30f4d474e6ae4b05252/library/alloc/src/boxed.rs:2454:9
[INFO] [stdout]   42:     0x64be1fc863cb - std::sys::pal::unix::thread::Thread::new::thread_start::h6cd80a1b4be5158d
[INFO] [stdout]                                at /rustc/df4ca44d3fbc9301ee17f30f4d474e6ae4b05252/library/std/src/sys/pal/unix/thread.rs:105:17
[INFO] [stdout]   43:     0x70afa63c2ac3 - <unknown>
[INFO] [stdout]   44:     0x70afa6453a04 - clone
[INFO] [stdout]   45:                0x0 - <unknown>
[INFO] [stdout] 
[INFO] [stdout] 
[INFO] [stdout] failures:
[INFO] [stdout]     term::cell::tests::cell_size_is_below_cap
[INFO] [stdout] 
[INFO] [stdout] test result: FAILED. 124 passed; 1 failed; 0 ignored; 0 measured; 0 filtered out; finished in 4.47s
[INFO] [stdout] 
[INFO] [stderr] error: test failed, to rerun pass `-p alacritty_terminal --lib`
[INFO] running `Command { std: "docker" "inspect" "fce687592e619d14e7f27350c74238b71e723b4812f34cbc5260969c4632c2ae", kill_on_drop: false }`
[INFO] running `Command { std: "docker" "rm" "-f" "fce687592e619d14e7f27350c74238b71e723b4812f34cbc5260969c4632c2ae", kill_on_drop: false }`
[INFO] [stdout] fce687592e619d14e7f27350c74238b71e723b4812f34cbc5260969c4632c2ae
