[INFO] cloning repository https://github.com/domenicquirl/cstree
[INFO] running `Command { std: "git" "-c" "credential.helper=" "-c" "credential.helper=/workspace/cargo-home/bin/git-credential-null" "clone" "--bare" "https://github.com/domenicquirl/cstree" "/workspace/cache/git-repos/https%3A%2F%2Fgithub.com%2Fdomenicquirl%2Fcstree", kill_on_drop: false }`
[INFO] [stderr] Cloning into bare repository '/workspace/cache/git-repos/https%3A%2F%2Fgithub.com%2Fdomenicquirl%2Fcstree'...
[INFO] running `Command { std: "git" "rev-parse" "HEAD", kill_on_drop: false }`
[INFO] [stdout] d602fe22eb4459b67b1c0136299a3851822da745
[INFO] testing domenicquirl/cstree/d602fe22eb4459b67b1c0136299a3851822da745 against nightly-2024-10-28+rustflags=-Zrandomize-layout for randomize-layout
[INFO] running `Command { std: "git" "clone" "/workspace/cache/git-repos/https%3A%2F%2Fgithub.com%2Fdomenicquirl%2Fcstree" "/workspace/builds/worker-4-tc2/source", kill_on_drop: false }`
[INFO] [stderr] Cloning into '/workspace/builds/worker-4-tc2/source'...
[INFO] [stderr] done.
[INFO] validating manifest of git repo https://github.com/domenicquirl/cstree on toolchain nightly-2024-10-28
[INFO] running `Command { std: CARGO_HOME="/workspace/cargo-home" RUSTUP_HOME="/workspace/rustup-home" "/workspace/cargo-home/bin/cargo" "+nightly-2024-10-28" "metadata" "--manifest-path" "Cargo.toml" "--no-deps", kill_on_drop: false }`
[INFO] started tweaking git repo https://github.com/domenicquirl/cstree
[INFO] finished tweaking git repo https://github.com/domenicquirl/cstree
[INFO] tweaked toml for git repo https://github.com/domenicquirl/cstree written to /workspace/builds/worker-4-tc2/source/Cargo.toml
[INFO] running `Command { std: CARGO_HOME="/workspace/cargo-home" RUSTUP_HOME="/workspace/rustup-home" "/workspace/cargo-home/bin/cargo" "+nightly-2024-10-28" "generate-lockfile" "--manifest-path" "Cargo.toml", kill_on_drop: false }`
[INFO] [stderr]     Updating crates.io index
[INFO] [stderr]      Locking 105 packages to latest compatible versions
[INFO] running `Command { std: CARGO_HOME="/workspace/cargo-home" RUSTUP_HOME="/workspace/rustup-home" "/workspace/cargo-home/bin/cargo" "+nightly-2024-10-28" "fetch" "--manifest-path" "Cargo.toml", kill_on_drop: false }`
[INFO] running `Command { std: "docker" "create" "-v" "/var/lib/crater-agent-workspace/builds/worker-4-tc2/target:/opt/rustwide/target:rw,Z" "-v" "/var/lib/crater-agent-workspace/builds/worker-4-tc2/source:/opt/rustwide/workdir:ro,Z" "-v" "/var/lib/crater-agent-workspace/cargo-home:/opt/rustwide/cargo-home:ro,Z" "-v" "/var/lib/crater-agent-workspace/rustup-home:/opt/rustwide/rustup-home:ro,Z" "-e" "SOURCE_DIR=/opt/rustwide/workdir" "-e" "CARGO_TARGET_DIR=/opt/rustwide/target" "-e" "CARGO_HOME=/opt/rustwide/cargo-home" "-e" "RUSTUP_HOME=/opt/rustwide/rustup-home" "-w" "/opt/rustwide/workdir" "-m" "1610612736" "--user" "0:0" "--network" "none" "ghcr.io/rust-lang/crates-build-env/linux@sha256:4a844ea9eb2546a2d2c7022eacef16ef2e8229c7fbb2c7d4d55a9ceca922f72d" "/opt/rustwide/cargo-home/bin/cargo" "+nightly-2024-10-28" "metadata" "--no-deps" "--format-version=1", kill_on_drop: false }`
[INFO] [stdout] 192466b9bbcaa6b9af03bda22f24bec8bffa08f530bd71e5086303d2aa2ec496
[INFO] running `Command { std: "docker" "start" "-a" "192466b9bbcaa6b9af03bda22f24bec8bffa08f530bd71e5086303d2aa2ec496", kill_on_drop: false }`
[INFO] running `Command { std: "docker" "inspect" "192466b9bbcaa6b9af03bda22f24bec8bffa08f530bd71e5086303d2aa2ec496", kill_on_drop: false }`
[INFO] running `Command { std: "docker" "rm" "-f" "192466b9bbcaa6b9af03bda22f24bec8bffa08f530bd71e5086303d2aa2ec496", kill_on_drop: false }`
[INFO] [stdout] 192466b9bbcaa6b9af03bda22f24bec8bffa08f530bd71e5086303d2aa2ec496
[INFO] running `Command { std: "docker" "create" "-v" "/var/lib/crater-agent-workspace/builds/worker-4-tc2/target:/opt/rustwide/target:rw,Z" "-v" "/var/lib/crater-agent-workspace/builds/worker-4-tc2/source:/opt/rustwide/workdir:ro,Z" "-v" "/var/lib/crater-agent-workspace/cargo-home:/opt/rustwide/cargo-home:ro,Z" "-v" "/var/lib/crater-agent-workspace/rustup-home:/opt/rustwide/rustup-home:ro,Z" "-e" "SOURCE_DIR=/opt/rustwide/workdir" "-e" "CARGO_TARGET_DIR=/opt/rustwide/target" "-e" "CARGO_INCREMENTAL=0" "-e" "RUST_BACKTRACE=full" "-e" "RUSTFLAGS=--cap-lints=forbid -Zrandomize-layout" "-e" "RUSTDOCFLAGS=--cap-lints=forbid" "-e" "CARGO_HOME=/opt/rustwide/cargo-home" "-e" "RUSTUP_HOME=/opt/rustwide/rustup-home" "-w" "/opt/rustwide/workdir" "-m" "1610612736" "--user" "0:0" "--network" "none" "ghcr.io/rust-lang/crates-build-env/linux@sha256:4a844ea9eb2546a2d2c7022eacef16ef2e8229c7fbb2c7d4d55a9ceca922f72d" "/opt/rustwide/cargo-home/bin/cargo" "+nightly-2024-10-28" "build" "--frozen" "--message-format=json", kill_on_drop: false }`
[INFO] [stdout] 29acf7e1ce497023aed222fef156bde4ef754bfb94d2775de869270e76d1271e
[INFO] running `Command { std: "docker" "start" "-a" "29acf7e1ce497023aed222fef156bde4ef754bfb94d2775de869270e76d1271e", kill_on_drop: false }`
[INFO] [stderr]    Compiling proc-macro2 v1.0.89
[INFO] [stderr]    Compiling autocfg v1.4.0
[INFO] [stderr]    Compiling libc v0.2.161
[INFO] [stderr]    Compiling unicode-ident v1.0.13
[INFO] [stderr]    Compiling parking_lot_core v0.9.10
[INFO] [stderr]    Compiling cfg-if v1.0.0
[INFO] [stderr]    Compiling smallvec v1.13.2
[INFO] [stderr]    Compiling scopeguard v1.2.0
[INFO] [stderr]    Compiling hashbrown v0.15.0
[INFO] [stderr]    Compiling stable_deref_trait v1.2.0
[INFO] [stderr]    Compiling equivalent v1.0.1
[INFO] [stderr]    Compiling byteorder v1.5.0
[INFO] [stderr]    Compiling text-size v1.1.1
[INFO] [stderr]    Compiling sptr v0.3.2
[INFO] [stderr]    Compiling triomphe v0.1.14
[INFO] [stderr]    Compiling fxhash v0.2.1
[INFO] [stderr]    Compiling lock_api v0.4.12
[INFO] [stderr]    Compiling indexmap v2.6.0
[INFO] [stderr]    Compiling quote v1.0.37
[INFO] [stderr]    Compiling syn v2.0.87
[INFO] [stderr]    Compiling parking_lot v0.12.3
[INFO] [stderr]    Compiling cstree_derive v0.12.2 (/opt/rustwide/workdir/cstree-derive)
[INFO] [stderr]    Compiling cstree v0.12.2 (/opt/rustwide/workdir/cstree)
[INFO] [stdout] warning: unused import: `sptr::Strict`
[INFO] [stdout]  --> cstree/src/green/token.rs:8:5
[INFO] [stdout]   |
[INFO] [stdout] 8 | use sptr::Strict;
[INFO] [stdout]   |     ^^^^^^^^^^^^
[INFO] [stdout]   |
[INFO] [stdout]   = note: `#[warn(unused_imports)]` on by default
[INFO] [stdout] 
[INFO] [stdout] 
[INFO] [stdout] warning: unused import: `sptr::Strict`
[INFO] [stdout]  --> cstree/src/green/element.rs:7:5
[INFO] [stdout]   |
[INFO] [stdout] 7 | use sptr::Strict;
[INFO] [stdout]   |     ^^^^^^^^^^^^
[INFO] [stdout] 
[INFO] [stdout] 
[INFO] [stderr]     Finished `dev` profile [unoptimized + debuginfo] target(s) in 2.92s
[INFO] running `Command { std: "docker" "inspect" "29acf7e1ce497023aed222fef156bde4ef754bfb94d2775de869270e76d1271e", kill_on_drop: false }`
[INFO] running `Command { std: "docker" "rm" "-f" "29acf7e1ce497023aed222fef156bde4ef754bfb94d2775de869270e76d1271e", kill_on_drop: false }`
[INFO] [stdout] 29acf7e1ce497023aed222fef156bde4ef754bfb94d2775de869270e76d1271e
[INFO] running `Command { std: "docker" "create" "-v" "/var/lib/crater-agent-workspace/builds/worker-4-tc2/target:/opt/rustwide/target:rw,Z" "-v" "/var/lib/crater-agent-workspace/builds/worker-4-tc2/source:/opt/rustwide/workdir:ro,Z" "-v" "/var/lib/crater-agent-workspace/cargo-home:/opt/rustwide/cargo-home:ro,Z" "-v" "/var/lib/crater-agent-workspace/rustup-home:/opt/rustwide/rustup-home:ro,Z" "-e" "SOURCE_DIR=/opt/rustwide/workdir" "-e" "CARGO_TARGET_DIR=/opt/rustwide/target" "-e" "CARGO_INCREMENTAL=0" "-e" "RUST_BACKTRACE=full" "-e" "RUSTFLAGS=--cap-lints=forbid -Zrandomize-layout" "-e" "RUSTDOCFLAGS=--cap-lints=forbid" "-e" "CARGO_HOME=/opt/rustwide/cargo-home" "-e" "RUSTUP_HOME=/opt/rustwide/rustup-home" "-w" "/opt/rustwide/workdir" "-m" "1610612736" "--user" "0:0" "--network" "none" "ghcr.io/rust-lang/crates-build-env/linux@sha256:4a844ea9eb2546a2d2c7022eacef16ef2e8229c7fbb2c7d4d55a9ceca922f72d" "/opt/rustwide/cargo-home/bin/cargo" "+nightly-2024-10-28" "test" "--frozen" "--no-run" "--message-format=json", kill_on_drop: false }`
[INFO] [stdout] 13d9be193ec1679b43dae08deeac1bcd7e08e72212bce89cf0c46b43895d996f
[INFO] running `Command { std: "docker" "start" "-a" "13d9be193ec1679b43dae08deeac1bcd7e08e72212bce89cf0c46b43895d996f", kill_on_drop: false }`
[INFO] [stderr] warning: invalid feature `salsa_2022_compat` in required-features of target `salsa`: `salsa_2022_compat` is not present in [features] section
[INFO] [stderr]    Compiling serde v1.0.214
[INFO] [stderr]    Compiling memchr v2.7.4
[INFO] [stderr]    Compiling crossbeam-utils v0.8.20
[INFO] [stderr]    Compiling serde_json v1.0.132
[INFO] [stderr]    Compiling itoa v1.0.11
[INFO] [stderr]    Compiling ryu v1.0.18
[INFO] [stderr]    Compiling num-traits v0.2.19
[INFO] [stderr]    Compiling regex-syntax v0.8.5
[INFO] [stderr]    Compiling rayon-core v1.12.1
[INFO] [stderr]    Compiling either v1.13.0
[INFO] [stderr]    Compiling half v2.4.1
[INFO] [stderr]    Compiling anstyle v1.0.10
[INFO] [stderr]    Compiling plotters-backend v0.3.7
[INFO] [stderr]    Compiling serde_derive v1.0.214
[INFO] [stderr]    Compiling cstree_derive v0.12.2 (/opt/rustwide/workdir/cstree-derive)
[INFO] [stderr]    Compiling ciborium-io v0.2.2
[INFO] [stderr]    Compiling clap_lex v0.7.2
[INFO] [stderr]    Compiling same-file v1.0.6
[INFO] [stderr]    Compiling cast v0.3.0
[INFO] [stderr]    Compiling is-terminal v0.4.13
[INFO] [stderr]    Compiling walkdir v2.5.0
[INFO] [stderr]    Compiling itertools v0.10.5
[INFO] [stderr]    Compiling clap_builder v4.5.20
[INFO] [stderr]    Compiling oorandom v11.1.4
[INFO] [stderr]    Compiling plotters-svg v0.3.7
[INFO] [stderr]    Compiling ciborium-ll v0.2.2
[INFO] [stderr]    Compiling anes v0.1.6
[INFO] [stderr]    Compiling once_cell v1.20.2
[INFO] [stderr]    Compiling winnow v0.6.20
[INFO] [stderr]    Compiling target-triple v0.1.3
[INFO] [stderr]    Compiling termcolor v1.4.1
[INFO] [stderr]    Compiling dissimilar v1.0.9
[INFO] [stderr]    Compiling cstree v0.12.2 (/opt/rustwide/workdir/cstree)
[INFO] [stderr]    Compiling glob v0.3.1
[INFO] [stderr]    Compiling aho-corasick v1.1.3
[INFO] [stderr]    Compiling crossbeam-epoch v0.9.18
[INFO] [stdout] warning: unused import: `sptr::Strict`
[INFO] [stdout]  --> cstree/src/green/token.rs:8:5
[INFO] [stdout]   |
[INFO] [stdout] 8 | use sptr::Strict;
[INFO] [stdout]   |     ^^^^^^^^^^^^
[INFO] [stdout]   |
[INFO] [stdout]   = note: `#[warn(unused_imports)]` on by default
[INFO] [stdout] 
[INFO] [stdout] 
[INFO] [stdout] warning: unused import: `sptr::Strict`
[INFO] [stdout]  --> cstree/src/green/element.rs:7:5
[INFO] [stdout]   |
[INFO] [stdout] 7 | use sptr::Strict;
[INFO] [stdout]   |     ^^^^^^^^^^^^
[INFO] [stdout] 
[INFO] [stdout] 
[INFO] [stdout] warning: unused import: `sptr::Strict`
[INFO] [stdout]  --> cstree/src/green/token.rs:8:5
[INFO] [stdout]   |
[INFO] [stdout] 8 | use sptr::Strict;
[INFO] [stdout]   |     ^^^^^^^^^^^^
[INFO] [stdout]   |
[INFO] [stdout]   = note: `#[warn(unused_imports)]` on by default
[INFO] [stdout] 
[INFO] [stdout] 
[INFO] [stdout] warning: unused import: `sptr::Strict`
[INFO] [stdout]  --> cstree/src/green/element.rs:7:5
[INFO] [stdout]   |
[INFO] [stdout] 7 | use sptr::Strict;
[INFO] [stdout]   |     ^^^^^^^^^^^^
[INFO] [stdout] 
[INFO] [stdout] 
[INFO] [stderr]    Compiling crossbeam-deque v0.8.5
[INFO] [stderr]    Compiling plotters v0.3.7
[INFO] [stderr]    Compiling rayon v1.10.0
[INFO] [stderr]    Compiling criterion-plot v0.5.0
[INFO] [stderr]    Compiling clap v4.5.20
[INFO] [stderr]    Compiling regex-automata v0.4.8
[INFO] [stderr]    Compiling regex v1.11.1
[INFO] [stderr]    Compiling m_lexer v0.0.4
[INFO] [stderr]    Compiling ciborium v0.2.2
[INFO] [stderr]    Compiling serde_test v1.0.177
[INFO] [stderr]    Compiling toml_datetime v0.6.8
[INFO] [stderr]    Compiling serde_spanned v0.6.8
[INFO] [stderr]    Compiling toml_edit v0.22.22
[INFO] [stderr]    Compiling tinytemplate v1.2.1
[INFO] [stderr]    Compiling criterion v0.5.1
[INFO] [stderr]    Compiling toml v0.8.19
[INFO] [stderr]    Compiling trybuild v1.0.101
[INFO] [stderr]    Compiling cstree_test_suite v0.0.0 (/opt/rustwide/workdir/test_suite)
[INFO] [stdout] warning: unused import: `sptr::Strict`
[INFO] [stdout]  --> cstree/src/green/element.rs:7:5
[INFO] [stdout]   |
[INFO] [stdout] 7 | use sptr::Strict;
[INFO] [stdout]   |     ^^^^^^^^^^^^
[INFO] [stdout]   |
[INFO] [stdout]   = note: `#[warn(unused_imports)]` on by default
[INFO] [stdout] 
[INFO] [stdout] 
[INFO] [stdout] warning: unused import: `sptr::Strict`
[INFO] [stdout]  --> cstree/src/green/token.rs:8:5
[INFO] [stdout]   |
[INFO] [stdout] 8 | use sptr::Strict;
[INFO] [stdout]   |     ^^^^^^^^^^^^
[INFO] [stdout] 
[INFO] [stdout] 
[INFO] [stderr]     Finished `test` profile [unoptimized + debuginfo] target(s) in 13.12s
[INFO] running `Command { std: "docker" "inspect" "13d9be193ec1679b43dae08deeac1bcd7e08e72212bce89cf0c46b43895d996f", kill_on_drop: false }`
[INFO] running `Command { std: "docker" "rm" "-f" "13d9be193ec1679b43dae08deeac1bcd7e08e72212bce89cf0c46b43895d996f", kill_on_drop: false }`
[INFO] [stdout] 13d9be193ec1679b43dae08deeac1bcd7e08e72212bce89cf0c46b43895d996f
[INFO] running `Command { std: "docker" "create" "-v" "/var/lib/crater-agent-workspace/builds/worker-4-tc2/target:/opt/rustwide/target:rw,Z" "-v" "/var/lib/crater-agent-workspace/builds/worker-4-tc2/source:/opt/rustwide/workdir:ro,Z" "-v" "/var/lib/crater-agent-workspace/cargo-home:/opt/rustwide/cargo-home:ro,Z" "-v" "/var/lib/crater-agent-workspace/rustup-home:/opt/rustwide/rustup-home:ro,Z" "-e" "SOURCE_DIR=/opt/rustwide/workdir" "-e" "CARGO_TARGET_DIR=/opt/rustwide/target" "-e" "CARGO_INCREMENTAL=0" "-e" "RUST_BACKTRACE=full" "-e" "RUSTFLAGS=--cap-lints=forbid -Zrandomize-layout" "-e" "RUSTDOCFLAGS=--cap-lints=forbid" "-e" "CARGO_HOME=/opt/rustwide/cargo-home" "-e" "RUSTUP_HOME=/opt/rustwide/rustup-home" "-w" "/opt/rustwide/workdir" "-m" "1610612736" "--user" "0:0" "--network" "none" "ghcr.io/rust-lang/crates-build-env/linux@sha256:4a844ea9eb2546a2d2c7022eacef16ef2e8229c7fbb2c7d4d55a9ceca922f72d" "/opt/rustwide/cargo-home/bin/cargo" "+nightly-2024-10-28" "test" "--frozen", kill_on_drop: false }`
[INFO] [stdout] 8cebc980d635eca41d5e2203e7f4f9b36359da31fa0b7d5ba6fa67b340ddd0cd
[INFO] running `Command { std: "docker" "start" "-a" "8cebc980d635eca41d5e2203e7f4f9b36359da31fa0b7d5ba6fa67b340ddd0cd", kill_on_drop: false }`
[INFO] [stderr] warning: invalid feature `salsa_2022_compat` in required-features of target `salsa`: `salsa_2022_compat` is not present in [features] section
[INFO] [stderr] warning: unused import: `sptr::Strict`
[INFO] [stderr]  --> cstree/src/green/token.rs:8:5
[INFO] [stderr]   |
[INFO] [stderr] 8 | use sptr::Strict;
[INFO] [stderr]   |     ^^^^^^^^^^^^
[INFO] [stderr]   |
[INFO] [stderr]   = note: `#[warn(unused_imports)]` on by default
[INFO] [stderr] 
[INFO] [stderr] warning: unused import: `sptr::Strict`
[INFO] [stderr]  --> cstree/src/green/element.rs:7:5
[INFO] [stderr]   |
[INFO] [stderr] 7 | use sptr::Strict;
[INFO] [stderr]   |     ^^^^^^^^^^^^
[INFO] [stderr] 
[INFO] [stderr] warning: `cstree` (lib) generated 2 warnings
[INFO] [stderr] warning: `cstree` (lib) generated 2 warnings (2 duplicates)
[INFO] [stderr] warning: unused import: `sptr::Strict`
[INFO] [stderr]  --> cstree/src/green/element.rs:7:5
[INFO] [stderr]   |
[INFO] [stderr] 7 | use sptr::Strict;
[INFO] [stderr]   |     ^^^^^^^^^^^^
[INFO] [stderr]   |
[INFO] [stderr]   = note: `#[warn(unused_imports)]` on by default
[INFO] [stderr] 
[INFO] [stderr] warning: unused import: `sptr::Strict`
[INFO] [stderr]  --> cstree/src/green/token.rs:8:5
[INFO] [stderr]   |
[INFO] [stderr] 8 | use sptr::Strict;
[INFO] [stderr]   |     ^^^^^^^^^^^^
[INFO] [stderr] 
[INFO] [stderr] warning: `cstree` (lib test) generated 2 warnings
[INFO] [stderr]     Finished `test` profile [unoptimized + debuginfo] target(s) in 0.07s
[INFO] [stderr]      Running unittests src/lib.rs (/opt/rustwide/target/debug/deps/cstree-abeb58eaed8efe84)
[INFO] [stdout] 
[INFO] [stdout] running 5 tests
[INFO] [stdout] test green::tests::assert_green_sizes ... ok
[INFO] [stdout] test green::tests::assert_send_sync ... ok
[INFO] [stdout] test syntax::tests::assert_send_sync ... ok
[INFO] [stdout] test syntax::text::tests::test_text_equality ... ok
[INFO] [stdout] test syntax::tests::assert_syntax_sizes ... FAILED
[INFO] [stdout] 
[INFO] [stdout] failures:
[INFO] [stdout] 
[INFO] [stdout] ---- syntax::tests::assert_syntax_sizes stdout ----
[INFO] [stdout] thread 'syntax::tests::assert_syntax_sizes' panicked at cstree/src/syntax/mod.rs:67:9:
[INFO] [stdout] assertion `left == right` failed
[INFO] [stdout]   left: 24
[INFO] [stdout]  right: 16
[INFO] [stdout] stack backtrace:
[INFO] [stdout]    0:     0x6448358dffca - std::backtrace_rs::backtrace::libunwind::trace::h207520d6e9873551
[INFO] [stdout]                                at /rustc/df4ca44d3fbc9301ee17f30f4d474e6ae4b05252/library/std/src/../../backtrace/src/backtrace/libunwind.rs:116:5
[INFO] [stdout]    1:     0x6448358dffca - std::backtrace_rs::backtrace::trace_unsynchronized::h2ed7433f370e3eca
[INFO] [stdout]                                at /rustc/df4ca44d3fbc9301ee17f30f4d474e6ae4b05252/library/std/src/../../backtrace/src/backtrace/mod.rs:66:5
[INFO] [stdout]    2:     0x6448358dffca - std::sys::backtrace::_print_fmt::h916fac51166b18d7
[INFO] [stdout]                                at /rustc/df4ca44d3fbc9301ee17f30f4d474e6ae4b05252/library/std/src/sys/backtrace.rs:66:9
[INFO] [stdout]    3:     0x6448358dffca - <std::sys::backtrace::BacktraceLock::print::DisplayBacktrace as core::fmt::Display>::fmt::ha0a4c9b8ce3802e6
[INFO] [stdout]                                at /rustc/df4ca44d3fbc9301ee17f30f4d474e6ae4b05252/library/std/src/sys/backtrace.rs:39:26
[INFO] [stdout]    4:     0x644835906613 - core::fmt::rt::Argument::fmt::h4cfc8587d52b3eb5
[INFO] [stdout]                                at /rustc/df4ca44d3fbc9301ee17f30f4d474e6ae4b05252/library/core/src/fmt/rt.rs:177:76
[INFO] [stdout]    5:     0x644835906613 - core::fmt::write::h522cc39e5b36ae9f
[INFO] [stdout]                                at /rustc/df4ca44d3fbc9301ee17f30f4d474e6ae4b05252/library/core/src/fmt/mod.rs:1190:21
[INFO] [stdout]    6:     0x6448358dcc33 - std::io::Write::write_fmt::h7d3c26752da97734
[INFO] [stdout]                                at /rustc/df4ca44d3fbc9301ee17f30f4d474e6ae4b05252/library/std/src/io/mod.rs:1839:15
[INFO] [stdout]    7:     0x6448358dfe12 - std::sys::backtrace::BacktraceLock::print::h4b9e00b29e9c0942
[INFO] [stdout]                                at /rustc/df4ca44d3fbc9301ee17f30f4d474e6ae4b05252/library/std/src/sys/backtrace.rs:42:9
[INFO] [stdout]    8:     0x6448358e145a - std::panicking::default_hook::{{closure}}::hb59b88280d0324d9
[INFO] [stdout]                                at /rustc/df4ca44d3fbc9301ee17f30f4d474e6ae4b05252/library/std/src/panicking.rs:268:22
[INFO] [stdout]    9:     0x6448358e1264 - std::panicking::default_hook::he1dd496665be4a29
[INFO] [stdout]                                at /rustc/df4ca44d3fbc9301ee17f30f4d474e6ae4b05252/library/std/src/panicking.rs:292:9
[INFO] [stdout]   10:     0x644835899389 - <alloc::boxed::Box<F,A> as core::ops::function::Fn<Args>>::call::h4ff71de18744e1dc
[INFO] [stdout]                                at /rustc/df4ca44d3fbc9301ee17f30f4d474e6ae4b05252/library/alloc/src/boxed.rs:2468:9
[INFO] [stdout]   11:     0x644835899389 - test::test_main::{{closure}}::hcf7c055ce117aa81
[INFO] [stdout]                                at /rustc/df4ca44d3fbc9301ee17f30f4d474e6ae4b05252/library/test/src/lib.rs:133:21
[INFO] [stdout]   12:     0x6448358e1b58 - <alloc::boxed::Box<F,A> as core::ops::function::Fn<Args>>::call::h1d66c6bbd60c9692
[INFO] [stdout]                                at /rustc/df4ca44d3fbc9301ee17f30f4d474e6ae4b05252/library/alloc/src/boxed.rs:2468:9
[INFO] [stdout]   13:     0x6448358e1b58 - std::panicking::rust_panic_with_hook::h2ff17fe8f26dfcf8
[INFO] [stdout]                                at /rustc/df4ca44d3fbc9301ee17f30f4d474e6ae4b05252/library/std/src/panicking.rs:809:13
[INFO] [stdout]   14:     0x6448358e191a - std::panicking::begin_panic_handler::{{closure}}::h4fad77951c07e101
[INFO] [stdout]                                at /rustc/df4ca44d3fbc9301ee17f30f4d474e6ae4b05252/library/std/src/panicking.rs:674:13
[INFO] [stdout]   15:     0x6448358e04a9 - std::sys::backtrace::__rust_end_short_backtrace::hb1a25b3da5d0ea08
[INFO] [stdout]                                at /rustc/df4ca44d3fbc9301ee17f30f4d474e6ae4b05252/library/std/src/sys/backtrace.rs:170:18
[INFO] [stdout]   16:     0x6448358e15ac - rust_begin_unwind
[INFO] [stdout]                                at /rustc/df4ca44d3fbc9301ee17f30f4d474e6ae4b05252/library/std/src/panicking.rs:665:5
[INFO] [stdout]   17:     0x644835905010 - core::panicking::panic_fmt::ha9db07b529f9b256
[INFO] [stdout]                                at /rustc/df4ca44d3fbc9301ee17f30f4d474e6ae4b05252/library/core/src/panicking.rs:75:14
[INFO] [stdout]   18:     0x6448359053db - core::panicking::assert_failed_inner::h04f38944d74a80a8
[INFO] [stdout]   19:     0x6448358a604b - core::panicking::assert_failed::h684366b9e517083a
[INFO] [stdout]                                at /rustc/df4ca44d3fbc9301ee17f30f4d474e6ae4b05252/library/core/src/panicking.rs:377:5
[INFO] [stdout]   20:     0x644835852850 - cstree::syntax::tests::assert_syntax_sizes::h53843cd8ca27e683
[INFO] [stdout]                                at /opt/rustwide/workdir/cstree/src/syntax/mod.rs:67:9
[INFO] [stdout]   21:     0x6448358526b7 - cstree::syntax::tests::assert_syntax_sizes::{{closure}}::he0c2a660a55044eb
[INFO] [stdout]                                at /opt/rustwide/workdir/cstree/src/syntax/mod.rs:60:29
[INFO] [stdout]   22:     0x64483585a856 - core::ops::function::FnOnce::call_once::h76699f4e2c991204
[INFO] [stdout]                                at /rustc/df4ca44d3fbc9301ee17f30f4d474e6ae4b05252/library/core/src/ops/function.rs:250:5
[INFO] [stdout]   23:     0x64483589dc5b - core::ops::function::FnOnce::call_once::h22c3ba5715e93f05
[INFO] [stdout]                                at /rustc/df4ca44d3fbc9301ee17f30f4d474e6ae4b05252/library/core/src/ops/function.rs:250:5
[INFO] [stdout]   24:     0x64483589dc5b - test::__rust_begin_short_backtrace::h8e82d8113d0da17f
[INFO] [stdout]                                at /rustc/df4ca44d3fbc9301ee17f30f4d474e6ae4b05252/library/test/src/lib.rs:621:18
[INFO] [stdout]   25:     0x64483589d5d7 - test::run_test_in_process::{{closure}}::h33235f4f20b7b7c7
[INFO] [stdout]                                at /rustc/df4ca44d3fbc9301ee17f30f4d474e6ae4b05252/library/test/src/lib.rs:644:60
[INFO] [stdout]   26:     0x64483589d5d7 - <core::panic::unwind_safe::AssertUnwindSafe<F> as core::ops::function::FnOnce<()>>::call_once::hb5043206310c586f
[INFO] [stdout]                                at /rustc/df4ca44d3fbc9301ee17f30f4d474e6ae4b05252/library/core/src/panic/unwind_safe.rs:272:9
[INFO] [stdout]   27:     0x64483589d5d7 - std::panicking::try::do_call::h9ad4731a60ab23e2
[INFO] [stdout]                                at /rustc/df4ca44d3fbc9301ee17f30f4d474e6ae4b05252/library/std/src/panicking.rs:557:40
[INFO] [stdout]   28:     0x64483589d5d7 - std::panicking::try::h3824d23db772a716
[INFO] [stdout]                                at /rustc/df4ca44d3fbc9301ee17f30f4d474e6ae4b05252/library/std/src/panicking.rs:520:19
[INFO] [stdout]   29:     0x64483589d5d7 - std::panic::catch_unwind::h5afd514605fde46b
[INFO] [stdout]                                at /rustc/df4ca44d3fbc9301ee17f30f4d474e6ae4b05252/library/std/src/panic.rs:358:14
[INFO] [stdout]   30:     0x64483589d5d7 - test::run_test_in_process::h0d5cbfa7067d1720
[INFO] [stdout]                                at /rustc/df4ca44d3fbc9301ee17f30f4d474e6ae4b05252/library/test/src/lib.rs:644:27
[INFO] [stdout]   31:     0x64483589d5d7 - test::run_test::{{closure}}::h708eb8872708115d
[INFO] [stdout]                                at /rustc/df4ca44d3fbc9301ee17f30f4d474e6ae4b05252/library/test/src/lib.rs:565:43
[INFO] [stdout]   32:     0x644835860cf4 - test::run_test::{{closure}}::h392c51cee94713ab
[INFO] [stdout]                                at /rustc/df4ca44d3fbc9301ee17f30f4d474e6ae4b05252/library/test/src/lib.rs:595:41
[INFO] [stdout]   33:     0x644835860cf4 - std::sys::backtrace::__rust_begin_short_backtrace::h2f40290710935a8b
[INFO] [stdout]                                at /rustc/df4ca44d3fbc9301ee17f30f4d474e6ae4b05252/library/std/src/sys/backtrace.rs:154:18
[INFO] [stdout]   34:     0x64483586449e - std::thread::Builder::spawn_unchecked_::{{closure}}::{{closure}}::h3fd968d89053a903
[INFO] [stdout]                                at /rustc/df4ca44d3fbc9301ee17f30f4d474e6ae4b05252/library/std/src/thread/mod.rs:541:17
[INFO] [stdout]   35:     0x64483586449e - <core::panic::unwind_safe::AssertUnwindSafe<F> as core::ops::function::FnOnce<()>>::call_once::h743f637ba4229880
[INFO] [stdout]                                at /rustc/df4ca44d3fbc9301ee17f30f4d474e6ae4b05252/library/core/src/panic/unwind_safe.rs:272:9
[INFO] [stdout]   36:     0x64483586449e - std::panicking::try::do_call::h07440897322525a6
[INFO] [stdout]                                at /rustc/df4ca44d3fbc9301ee17f30f4d474e6ae4b05252/library/std/src/panicking.rs:557:40
[INFO] [stdout]   37:     0x64483586449e - std::panicking::try::he5a2e00188156637
[INFO] [stdout]                                at /rustc/df4ca44d3fbc9301ee17f30f4d474e6ae4b05252/library/std/src/panicking.rs:520:19
[INFO] [stdout]   38:     0x64483586449e - std::panic::catch_unwind::hbaf3cae49b3c6433
[INFO] [stdout]                                at /rustc/df4ca44d3fbc9301ee17f30f4d474e6ae4b05252/library/std/src/panic.rs:358:14
[INFO] [stdout]   39:     0x64483586449e - std::thread::Builder::spawn_unchecked_::{{closure}}::h8e141ea224820bce
[INFO] [stdout]                                at /rustc/df4ca44d3fbc9301ee17f30f4d474e6ae4b05252/library/std/src/thread/mod.rs:540:30
[INFO] [stdout]   40:     0x64483586449e - core::ops::function::FnOnce::call_once{{vtable.shim}}::h90d312fedd7b8ea8
[INFO] [stdout]                                at /rustc/df4ca44d3fbc9301ee17f30f4d474e6ae4b05252/library/core/src/ops/function.rs:250:5
[INFO] [stdout]   41:     0x6448358e594b - <alloc::boxed::Box<F,A> as core::ops::function::FnOnce<Args>>::call_once::h69aa08ddb6adb8b6
[INFO] [stdout]                                at /rustc/df4ca44d3fbc9301ee17f30f4d474e6ae4b05252/library/alloc/src/boxed.rs:2454:9
[INFO] [stdout]   42:     0x6448358e594b - <alloc::boxed::Box<F,A> as core::ops::function::FnOnce<Args>>::call_once::h5aa36efdb79c806f
[INFO] [stdout]                                at /rustc/df4ca44d3fbc9301ee17f30f4d474e6ae4b05252/library/alloc/src/boxed.rs:2454:9
[INFO] [stdout]   43:     0x6448358e594b - std::sys::pal::unix::thread::Thread::new::thread_start::h6cd80a1b4be5158d
[INFO] [stdout]                                at /rustc/df4ca44d3fbc9301ee17f30f4d474e6ae4b05252/library/std/src/sys/pal/unix/thread.rs:105:17
[INFO] [stdout]   44:     0x706a21ce7ac3 - <unknown>
[INFO] [stdout]   45:     0x706a21d78a04 - clone
[INFO] [stdout]   46:                0x0 - <unknown>
[INFO] [stdout] 
[INFO] [stdout] 
[INFO] [stdout] failures:
[INFO] [stdout]     syntax::tests::assert_syntax_sizes
[INFO] [stdout] 
[INFO] [stdout] test result: FAILED. 4 passed; 1 failed; 0 ignored; 0 measured; 0 filtered out; finished in 0.01s
[INFO] [stdout] 
[INFO] [stderr] error: test failed, to rerun pass `-p cstree --lib`
[INFO] running `Command { std: "docker" "inspect" "8cebc980d635eca41d5e2203e7f4f9b36359da31fa0b7d5ba6fa67b340ddd0cd", kill_on_drop: false }`
[INFO] running `Command { std: "docker" "rm" "-f" "8cebc980d635eca41d5e2203e7f4f9b36359da31fa0b7d5ba6fa67b340ddd0cd", kill_on_drop: false }`
[INFO] [stdout] 8cebc980d635eca41d5e2203e7f4f9b36359da31fa0b7d5ba6fa67b340ddd0cd
