[INFO] cloning repository https://github.com/djudd/human-name
[INFO] running `Command { std: "git" "-c" "credential.helper=" "-c" "credential.helper=/workspace/cargo-home/bin/git-credential-null" "clone" "--bare" "https://github.com/djudd/human-name" "/workspace/cache/git-repos/https%3A%2F%2Fgithub.com%2Fdjudd%2Fhuman-name", kill_on_drop: false }`
[INFO] [stderr] Cloning into bare repository '/workspace/cache/git-repos/https%3A%2F%2Fgithub.com%2Fdjudd%2Fhuman-name'...
[INFO] running `Command { std: "git" "rev-parse" "HEAD", kill_on_drop: false }`
[INFO] [stdout] 47a639ba8ccb4cf2b2bab8a28dc59cf06e343968
[INFO] testing djudd/human-name/47a639ba8ccb4cf2b2bab8a28dc59cf06e343968 against nightly-2024-10-28+rustflags=-Zrandomize-layout for randomize-layout
[INFO] running `Command { std: "git" "clone" "/workspace/cache/git-repos/https%3A%2F%2Fgithub.com%2Fdjudd%2Fhuman-name" "/workspace/builds/worker-1-tc2/source", kill_on_drop: false }`
[INFO] [stderr] Cloning into '/workspace/builds/worker-1-tc2/source'...
[INFO] [stderr] done.
[INFO] validating manifest of git repo https://github.com/djudd/human-name on toolchain nightly-2024-10-28
[INFO] running `Command { std: CARGO_HOME="/workspace/cargo-home" RUSTUP_HOME="/workspace/rustup-home" "/workspace/cargo-home/bin/cargo" "+nightly-2024-10-28" "metadata" "--manifest-path" "Cargo.toml" "--no-deps", kill_on_drop: false }`
[INFO] started tweaking git repo https://github.com/djudd/human-name
[INFO] finished tweaking git repo https://github.com/djudd/human-name
[INFO] tweaked toml for git repo https://github.com/djudd/human-name written to /workspace/builds/worker-1-tc2/source/Cargo.toml
[INFO] crate git repo https://github.com/djudd/human-name already has a lockfile, it will not be regenerated
[INFO] running `Command { std: CARGO_HOME="/workspace/cargo-home" RUSTUP_HOME="/workspace/rustup-home" "/workspace/cargo-home/bin/cargo" "+nightly-2024-10-28" "fetch" "--manifest-path" "Cargo.toml", kill_on_drop: false }`
[INFO] running `Command { std: "docker" "create" "-v" "/var/lib/crater-agent-workspace/builds/worker-1-tc2/target:/opt/rustwide/target:rw,Z" "-v" "/var/lib/crater-agent-workspace/builds/worker-1-tc2/source:/opt/rustwide/workdir:ro,Z" "-v" "/var/lib/crater-agent-workspace/cargo-home:/opt/rustwide/cargo-home:ro,Z" "-v" "/var/lib/crater-agent-workspace/rustup-home:/opt/rustwide/rustup-home:ro,Z" "-e" "SOURCE_DIR=/opt/rustwide/workdir" "-e" "CARGO_TARGET_DIR=/opt/rustwide/target" "-e" "CARGO_HOME=/opt/rustwide/cargo-home" "-e" "RUSTUP_HOME=/opt/rustwide/rustup-home" "-w" "/opt/rustwide/workdir" "-m" "1610612736" "--user" "0:0" "--network" "none" "ghcr.io/rust-lang/crates-build-env/linux@sha256:4a844ea9eb2546a2d2c7022eacef16ef2e8229c7fbb2c7d4d55a9ceca922f72d" "/opt/rustwide/cargo-home/bin/cargo" "+nightly-2024-10-28" "metadata" "--no-deps" "--format-version=1", kill_on_drop: false }`
[INFO] [stdout] f64438840d89a56b675d3542c312dbbcada70e66ebcccc7eab358c4fa48b63d8
[INFO] running `Command { std: "docker" "start" "-a" "f64438840d89a56b675d3542c312dbbcada70e66ebcccc7eab358c4fa48b63d8", kill_on_drop: false }`
[INFO] running `Command { std: "docker" "inspect" "f64438840d89a56b675d3542c312dbbcada70e66ebcccc7eab358c4fa48b63d8", kill_on_drop: false }`
[INFO] running `Command { std: "docker" "rm" "-f" "f64438840d89a56b675d3542c312dbbcada70e66ebcccc7eab358c4fa48b63d8", kill_on_drop: false }`
[INFO] [stdout] f64438840d89a56b675d3542c312dbbcada70e66ebcccc7eab358c4fa48b63d8
[INFO] running `Command { std: "docker" "create" "-v" "/var/lib/crater-agent-workspace/builds/worker-1-tc2/target:/opt/rustwide/target:rw,Z" "-v" "/var/lib/crater-agent-workspace/builds/worker-1-tc2/source:/opt/rustwide/workdir:ro,Z" "-v" "/var/lib/crater-agent-workspace/cargo-home:/opt/rustwide/cargo-home:ro,Z" "-v" "/var/lib/crater-agent-workspace/rustup-home:/opt/rustwide/rustup-home:ro,Z" "-e" "SOURCE_DIR=/opt/rustwide/workdir" "-e" "CARGO_TARGET_DIR=/opt/rustwide/target" "-e" "CARGO_INCREMENTAL=0" "-e" "RUST_BACKTRACE=full" "-e" "RUSTFLAGS=--cap-lints=forbid -Zrandomize-layout" "-e" "RUSTDOCFLAGS=--cap-lints=forbid" "-e" "CARGO_HOME=/opt/rustwide/cargo-home" "-e" "RUSTUP_HOME=/opt/rustwide/rustup-home" "-w" "/opt/rustwide/workdir" "-m" "1610612736" "--user" "0:0" "--network" "none" "ghcr.io/rust-lang/crates-build-env/linux@sha256:4a844ea9eb2546a2d2c7022eacef16ef2e8229c7fbb2c7d4d55a9ceca922f72d" "/opt/rustwide/cargo-home/bin/cargo" "+nightly-2024-10-28" "build" "--frozen" "--message-format=json", kill_on_drop: false }`
[INFO] [stdout] a6a860442e0cadcc73bf4aed73f6ec0caaf476c5ccbdf4ec6b6df0f448f2e509
[INFO] running `Command { std: "docker" "start" "-a" "a6a860442e0cadcc73bf4aed73f6ec0caaf476c5ccbdf4ec6b6df0f448f2e509", kill_on_drop: false }`
[INFO] [stderr]    Compiling proc-macro2 v1.0.87
[INFO] [stderr]    Compiling unicode-ident v1.0.13
[INFO] [stderr]    Compiling siphasher v0.3.11
[INFO] [stderr]    Compiling serde v1.0.210
[INFO] [stderr]    Compiling rand_core v0.6.4
[INFO] [stderr]    Compiling serde_json v1.0.128
[INFO] [stderr]    Compiling ryu v1.0.18
[INFO] [stderr]    Compiling itoa v1.0.11
[INFO] [stderr]    Compiling rustversion v1.0.17
[INFO] [stderr]    Compiling memchr v2.7.4
[INFO] [stderr]    Compiling unicode-case-mapping v0.4.0
[INFO] [stderr]    Compiling tinyvec_macros v0.1.1
[INFO] [stderr]    Compiling crossbeam-utils v0.8.20
[INFO] [stderr]    Compiling static_assertions v1.1.0
[INFO] [stderr]    Compiling cfg-if v1.0.0
[INFO] [stderr]    Compiling unidecode v0.3.0
[INFO] [stderr]    Compiling tinyvec v1.8.0
[INFO] [stderr]    Compiling unicode-segmentation v1.12.0
[INFO] [stderr]    Compiling smallvec v1.13.2
[INFO] [stderr]    Compiling rand v0.8.5
[INFO] [stderr]    Compiling phf_shared v0.11.2
[INFO] [stderr]    Compiling phf v0.11.2
[INFO] [stderr]    Compiling phf_generator v0.11.2
[INFO] [stderr]    Compiling castaway v0.2.3
[INFO] [stderr]    Compiling quote v1.0.37
[INFO] [stderr]    Compiling phf_codegen v0.11.2
[INFO] [stderr]    Compiling syn v2.0.79
[INFO] [stderr]    Compiling unicode-normalization v0.1.24
[INFO] [stderr]    Compiling serde_derive v1.0.210
[INFO] [stderr]    Compiling compact_str v0.7.1
[INFO] [stderr]    Compiling human_name v2.0.4 (/opt/rustwide/workdir)
[INFO] [stdout] warning: elided lifetime has a name
[INFO] [stdout]    --> src/lib.rs:676:16
[INFO] [stdout]     |
[INFO] [stdout] 673 |     fn word_iter<'a>(
[INFO] [stdout]     |                  -- lifetime `'a` declared here
[INFO] [stdout] ...
[INFO] [stdout] 676 |     ) -> Words<'_, impl Iterator<Item = Location> + DoubleEndedIterator + ExactSizeIterator + '_>
[INFO] [stdout]     |                ^^ this elided lifetime gets resolved as `'a`
[INFO] [stdout]     |
[INFO] [stdout]     = note: `#[warn(elided_named_lifetimes)]` on by default
[INFO] [stdout] 
[INFO] [stdout] 
[INFO] [stdout] warning: elided lifetime has a name
[INFO] [stdout]    --> src/lib.rs:676:95
[INFO] [stdout]     |
[INFO] [stdout] 673 |     fn word_iter<'a>(
[INFO] [stdout]     |                  -- lifetime `'a` declared here
[INFO] [stdout] ...
[INFO] [stdout] 676 |     ) -> Words<'_, impl Iterator<Item = Location> + DoubleEndedIterator + ExactSizeIterator + '_>
[INFO] [stdout]     |                                                                                               ^^ this elided lifetime gets resolved as `'a`
[INFO] [stdout] 
[INFO] [stdout] 
[INFO] [stderr]     Finished `dev` profile [unoptimized + debuginfo] target(s) in 10.34s
[INFO] running `Command { std: "docker" "inspect" "a6a860442e0cadcc73bf4aed73f6ec0caaf476c5ccbdf4ec6b6df0f448f2e509", kill_on_drop: false }`
[INFO] running `Command { std: "docker" "rm" "-f" "a6a860442e0cadcc73bf4aed73f6ec0caaf476c5ccbdf4ec6b6df0f448f2e509", kill_on_drop: false }`
[INFO] [stdout] a6a860442e0cadcc73bf4aed73f6ec0caaf476c5ccbdf4ec6b6df0f448f2e509
[INFO] running `Command { std: "docker" "create" "-v" "/var/lib/crater-agent-workspace/builds/worker-1-tc2/target:/opt/rustwide/target:rw,Z" "-v" "/var/lib/crater-agent-workspace/builds/worker-1-tc2/source:/opt/rustwide/workdir:ro,Z" "-v" "/var/lib/crater-agent-workspace/cargo-home:/opt/rustwide/cargo-home:ro,Z" "-v" "/var/lib/crater-agent-workspace/rustup-home:/opt/rustwide/rustup-home:ro,Z" "-e" "SOURCE_DIR=/opt/rustwide/workdir" "-e" "CARGO_TARGET_DIR=/opt/rustwide/target" "-e" "CARGO_INCREMENTAL=0" "-e" "RUST_BACKTRACE=full" "-e" "RUSTFLAGS=--cap-lints=forbid -Zrandomize-layout" "-e" "RUSTDOCFLAGS=--cap-lints=forbid" "-e" "CARGO_HOME=/opt/rustwide/cargo-home" "-e" "RUSTUP_HOME=/opt/rustwide/rustup-home" "-w" "/opt/rustwide/workdir" "-m" "1610612736" "--user" "0:0" "--network" "none" "ghcr.io/rust-lang/crates-build-env/linux@sha256:4a844ea9eb2546a2d2c7022eacef16ef2e8229c7fbb2c7d4d55a9ceca922f72d" "/opt/rustwide/cargo-home/bin/cargo" "+nightly-2024-10-28" "test" "--frozen" "--no-run" "--message-format=json", kill_on_drop: false }`
[INFO] [stdout] 0f45db2be5bda17f6cf03256f33b6a06566b7a128ea7b5e508394c8848eb6da9
[INFO] running `Command { std: "docker" "start" "-a" "0f45db2be5bda17f6cf03256f33b6a06566b7a128ea7b5e508394c8848eb6da9", kill_on_drop: false }`
[INFO] [stderr]    Compiling syn v1.0.109
[INFO] [stderr]    Compiling pin-utils v0.1.0
[INFO] [stdout] warning: elided lifetime has a name
[INFO] [stdout]    --> src/lib.rs:676:16
[INFO] [stdout]     |
[INFO] [stdout] 673 |     fn word_iter<'a>(
[INFO] [stdout]     |                  -- lifetime `'a` declared here
[INFO] [stdout] ...
[INFO] [stdout] 676 |     ) -> Words<'_, impl Iterator<Item = Location> + DoubleEndedIterator + ExactSizeIterator + '_>
[INFO] [stdout]     |                ^^ this elided lifetime gets resolved as `'a`
[INFO] [stdout]     |
[INFO] [stdout]     = note: `#[warn(elided_named_lifetimes)]` on by default
[INFO] [stdout] 
[INFO] [stdout] 
[INFO] [stdout] warning: elided lifetime has a name
[INFO] [stdout]    --> src/lib.rs:676:95
[INFO] [stdout]     |
[INFO] [stdout] 673 |     fn word_iter<'a>(
[INFO] [stdout]     |                  -- lifetime `'a` declared here
[INFO] [stdout] ...
[INFO] [stdout] 676 |     ) -> Words<'_, impl Iterator<Item = Location> + DoubleEndedIterator + ExactSizeIterator + '_>
[INFO] [stdout]     |                                                                                               ^^ this elided lifetime gets resolved as `'a`
[INFO] [stdout] 
[INFO] [stdout] 
[INFO] [stderr]    Compiling alloc_counter_macro v0.0.2
[INFO] [stderr]    Compiling alloc_counter v0.0.4
[INFO] [stderr]    Compiling human_name v2.0.4 (/opt/rustwide/workdir)
[INFO] [stdout] warning: elided lifetime has a name
[INFO] [stdout]    --> src/lib.rs:676:16
[INFO] [stdout]     |
[INFO] [stdout] 673 |     fn word_iter<'a>(
[INFO] [stdout]     |                  -- lifetime `'a` declared here
[INFO] [stdout] ...
[INFO] [stdout] 676 |     ) -> Words<'_, impl Iterator<Item = Location> + DoubleEndedIterator + ExactSizeIterator + '_>
[INFO] [stdout]     |                ^^ this elided lifetime gets resolved as `'a`
[INFO] [stdout]     |
[INFO] [stdout]     = note: `#[warn(elided_named_lifetimes)]` on by default
[INFO] [stdout] 
[INFO] [stdout] 
[INFO] [stdout] warning: elided lifetime has a name
[INFO] [stdout]    --> src/lib.rs:676:95
[INFO] [stdout]     |
[INFO] [stdout] 673 |     fn word_iter<'a>(
[INFO] [stdout]     |                  -- lifetime `'a` declared here
[INFO] [stdout] ...
[INFO] [stdout] 676 |     ) -> Words<'_, impl Iterator<Item = Location> + DoubleEndedIterator + ExactSizeIterator + '_>
[INFO] [stdout]     |                                                                                               ^^ this elided lifetime gets resolved as `'a`
[INFO] [stdout] 
[INFO] [stdout] 
[INFO] [stderr]     Finished `test` profile [unoptimized + debuginfo] target(s) in 5.85s
[INFO] running `Command { std: "docker" "inspect" "0f45db2be5bda17f6cf03256f33b6a06566b7a128ea7b5e508394c8848eb6da9", kill_on_drop: false }`
[INFO] running `Command { std: "docker" "rm" "-f" "0f45db2be5bda17f6cf03256f33b6a06566b7a128ea7b5e508394c8848eb6da9", kill_on_drop: false }`
[INFO] [stdout] 0f45db2be5bda17f6cf03256f33b6a06566b7a128ea7b5e508394c8848eb6da9
[INFO] running `Command { std: "docker" "create" "-v" "/var/lib/crater-agent-workspace/builds/worker-1-tc2/target:/opt/rustwide/target:rw,Z" "-v" "/var/lib/crater-agent-workspace/builds/worker-1-tc2/source:/opt/rustwide/workdir:ro,Z" "-v" "/var/lib/crater-agent-workspace/cargo-home:/opt/rustwide/cargo-home:ro,Z" "-v" "/var/lib/crater-agent-workspace/rustup-home:/opt/rustwide/rustup-home:ro,Z" "-e" "SOURCE_DIR=/opt/rustwide/workdir" "-e" "CARGO_TARGET_DIR=/opt/rustwide/target" "-e" "CARGO_INCREMENTAL=0" "-e" "RUST_BACKTRACE=full" "-e" "RUSTFLAGS=--cap-lints=forbid -Zrandomize-layout" "-e" "RUSTDOCFLAGS=--cap-lints=forbid" "-e" "CARGO_HOME=/opt/rustwide/cargo-home" "-e" "RUSTUP_HOME=/opt/rustwide/rustup-home" "-w" "/opt/rustwide/workdir" "-m" "1610612736" "--user" "0:0" "--network" "none" "ghcr.io/rust-lang/crates-build-env/linux@sha256:4a844ea9eb2546a2d2c7022eacef16ef2e8229c7fbb2c7d4d55a9ceca922f72d" "/opt/rustwide/cargo-home/bin/cargo" "+nightly-2024-10-28" "test" "--frozen", kill_on_drop: false }`
[INFO] [stdout] d6871bfdc46d980987e5afdb9e63f5908526e492eb57f18d71704fef802ac64f
[INFO] running `Command { std: "docker" "start" "-a" "d6871bfdc46d980987e5afdb9e63f5908526e492eb57f18d71704fef802ac64f", kill_on_drop: false }`
[INFO] [stderr] warning: elided lifetime has a name
[INFO] [stderr]    --> src/lib.rs:676:16
[INFO] [stderr]     |
[INFO] [stderr] 673 |     fn word_iter<'a>(
[INFO] [stderr]     |                  -- lifetime `'a` declared here
[INFO] [stderr] ...
[INFO] [stderr] 676 |     ) -> Words<'_, impl Iterator<Item = Location> + DoubleEndedIterator + ExactSizeIterator + '_>
[INFO] [stderr]     |                ^^ this elided lifetime gets resolved as `'a`
[INFO] [stderr]     |
[INFO] [stderr]     = note: `#[warn(elided_named_lifetimes)]` on by default
[INFO] [stderr] 
[INFO] [stderr] warning: elided lifetime has a name
[INFO] [stderr]    --> src/lib.rs:676:95
[INFO] [stderr]     |
[INFO] [stderr] 673 |     fn word_iter<'a>(
[INFO] [stderr]     |                  -- lifetime `'a` declared here
[INFO] [stderr] ...
[INFO] [stderr] 676 |     ) -> Words<'_, impl Iterator<Item = Location> + DoubleEndedIterator + ExactSizeIterator + '_>
[INFO] [stderr]     |                                                                                               ^^ this elided lifetime gets resolved as `'a`
[INFO] [stderr] 
[INFO] [stderr] warning: `human_name` (lib) generated 2 warnings
[INFO] [stderr] warning: `human_name` (lib test) generated 2 warnings (2 duplicates)
[INFO] [stderr]     Finished `test` profile [unoptimized + debuginfo] target(s) in 0.18s
[INFO] [stderr]      Running unittests src/lib.rs (/opt/rustwide/target/debug/deps/human_name-187179fd7e8afb03)
[INFO] [stdout] 
[INFO] [stdout] running 97 tests
[INFO] [stdout] test case::tests::capitalization ... ok
[INFO] [stdout] test case::tests::prefix ... ok
[INFO] [stdout] test case::tests::suffix ... ok
[INFO] [stdout] test comparison::tests::bug ... ok
[INFO] [stdout] test comparison::tests::non_bmp_alphas_simple ... ok
[INFO] [stdout] test namecase::tests::conjunction ... ok
[INFO] [stdout] test comparison::tests::non_bmp_alphas_with_middle_initial ... ok
[INFO] [stdout] test namecase::tests::machlin ... ok
[INFO] [stdout] test namecase::tests::maciej ... ok
[INFO] [stdout] test namecase::tests::macmurdo ... ok
[INFO] [stdout] test namecase::tests::mach ... ok
[INFO] [stdout] test namecase::tests::mcallen ... ok
[INFO] [stdout] test namecase::tests::particle ... ok
[INFO] [stdout] test namecase::tests::simple ... ok
[INFO] [stdout] test namecase::tests::al_amir ... ok
[INFO] [stdout] test namepart::tests::abbreviated_ascii ... ok
[INFO] [stdout] test features::tests::sequential_alphas ... ok
[INFO] [stdout] test namecase::tests::macadaidh ... ok
[INFO] [stdout] test namepart::tests::junk ... ok
[INFO] [stdout] test namepart::tests::no_vowels ... ok
[INFO] [stdout] test namepart::tests::one_word ... ok
[INFO] [stdout] test namepart::tests::double_abbreviated_double_ascii ... ok
[INFO] [stdout] test namepart::tests::only_junk ... ok
[INFO] [stdout] test namepart::tests::single_ascii ... ok
[INFO] [stdout] test namepart::tests::abbreviated_double_ascii ... ok
[INFO] [stdout] test namepart::tests::single_han ... ok
[INFO] [stdout] test namepart::tests::two_words ... ok
[INFO] [stdout] test namepart::tests::vowelless_surname ... ok
[INFO] [stdout] test nickname::tests::unmatched_quote ... ok
[INFO] [stdout] test namepart::tests::word ... ok
[INFO] [stdout] test nickname::tests::matching_nicks ... ok
[INFO] [stdout] test nickname::tests::nick_and_name ... ok
[INFO] [stdout] test nickname::tests::non_bmp_alphas ... ok
[INFO] [stdout] test namepart::tests::two_letters ... ok
[INFO] [stdout] test nickname::tests::nonmatching_names ... ok
[INFO] [stdout] test nickname::tests::nonmatching_nicks ... ok
[INFO] [stdout] test nickname::tests::strip_nothing ... ok
[INFO] [stdout] test nickname::tests::strip_parens ... ok
[INFO] [stdout] test nickname::tests::strip_quotes ... ok
[INFO] [stdout] test nickname::tests::unmatched_parens ... ok
[INFO] [stdout] test nickname::tests::unspaced_quotes ... ok
[INFO] [stdout] test nickname::tests::variants ... ok
[INFO] [stdout] test parse::tests::et_al ... ok
[INFO] [stdout] test parse::tests::first_last ... ok
[INFO] [stdout] test parse::tests::initial_last ... ok
[INFO] [stdout] test parse::tests::honorifics ... ok
[INFO] [stdout] test parse::tests::last_first ... ok
[INFO] [stdout] test parse::tests::intermediate_suffix ... ok
[INFO] [stdout] test parse::tests::suffix ... ok
[INFO] [stdout] test parse::tests::suffix_comma ... ok
[INFO] [stdout] test suffix::tests::doe ... ok
[INFO] [stdout] test suffix::tests::i ... ok
[INFO] [stdout] test suffix::tests::iv ... ok
[INFO] [stdout] test suffix::tests::jr ... ok
[INFO] [stdout] test surname::tests::conjunction_after_nothing ... ok
[INFO] [stdout] test surname::tests::conjunction_after_one ... ok
[INFO] [stdout] test surname::tests::conjunction_after_two ... ok
[INFO] [stdout] test surname::tests::one_word ... ok
[INFO] [stdout] test surname::tests::conjunction_and_particle ... ok
[INFO] [stdout] test surname::tests::particle_after_one ... ok
[INFO] [stdout] test surname::tests::particle_and_conjunction ... ok
[INFO] [stdout] test surname::tests::particle_after_nothing ... ok
[INFO] [stdout] test surname::tests::two_words ... ok
[INFO] [stdout] test surname::tests::three_words ... ok
[INFO] [stdout] test tests::fast_path_parse_does_not_allocate ... ok
[INFO] [stdout] test tests::fast_path_eq_does_not_allocate ... ok
[INFO] [stdout] test tests::eq_empty_transliterated_initials ... ok
[INFO] [stdout] test tests::digits ... ok
[INFO] [stdout] test tests::parse_high_proportion_of_combining_chars ... ok
[INFO] [stdout] test title::tests::canonicalize_esq_suffix ... ok
[INFO] [stdout] test tests::stops_being_nfkd ... ok
[INFO] [stdout] test tests::parse_very_long_honorific_prefix ... ok
[INFO] [stdout] test tests::emojis ... ok
[INFO] [stdout] test title::tests::canonicalize_doctor_prefix ... ok
[INFO] [stdout] test title::tests::canonicalize_prof_prefix ... ok
[INFO] [stdout] test tests::eq_non_alphanumeric_initials ... ok
[INFO] [stdout] test title::tests::canonicalize_md_suffix ... ok
[INFO] [stdout] test title::tests::canonicalize_unrecognized_prefix ... ok
[INFO] [stdout] test title::tests::canonicalize_mister_prefix ... ok
[INFO] [stdout] test title::tests::canonicalize_unrecognized_suffix ... ok
[INFO] [stdout] test title::tests::canonicalize_mrs_prefix ... ok
[INFO] [stdout] test title::tests::canonicalize_phd_suffix ... ok
[INFO] [stdout] test title::tests::find_prefix_len_multi_word ... ok
[INFO] [stdout] test suffix::tests::jr_dot ... ok
[INFO] [stdout] test parse::tests::last_initial ... ok
[INFO] [stdout] test title::tests::find_prefix_len_abbr ... ok
[INFO] [stdout] test title::tests::find_prefix_len_multi_abbr ... ok
[INFO] [stdout] test title::tests::canonicalize_sir_prefix ... ok
[INFO] [stdout] test tests::non_bmp_alphas ... ok
[INFO] [stdout] test title::tests::find_prefix_len_short ... ok
[INFO] [stdout] test title::tests::find_prefix_len_none ... ok
[INFO] [stdout] test title::tests::find_prefix_len_word ... ok
[INFO] [stdout] test title::tests::is_postfix_title_abbr ... ok
[INFO] [stdout] test title::tests::is_postfix_title_esq ... ok
[INFO] [stdout] test title::tests::is_postfix_title_initialism ... ok
[INFO] [stdout] test title::tests::is_postfix_title_et_al ... ok
[INFO] [stdout] test tests::struct_size ... FAILED
[INFO] [stdout] 
[INFO] [stdout] failures:
[INFO] [stdout] 
[INFO] [stdout] ---- tests::struct_size stdout ----
[INFO] [stdout] thread 'tests::struct_size' panicked at src/lib.rs:709:9:
[INFO] [stdout] assertion `left == right` failed
[INFO] [stdout]   left: 80
[INFO] [stdout]  right: 88
[INFO] [stdout] stack backtrace:
[INFO] [stdout]    0:     0x5eea6cc7e77a - std::backtrace_rs::backtrace::libunwind::trace::h207520d6e9873551
[INFO] [stdout]                                at /rustc/df4ca44d3fbc9301ee17f30f4d474e6ae4b05252/library/std/src/../../backtrace/src/backtrace/libunwind.rs:116:5
[INFO] [stdout]    1:     0x5eea6cc7e77a - std::backtrace_rs::backtrace::trace_unsynchronized::h2ed7433f370e3eca
[INFO] [stdout]                                at /rustc/df4ca44d3fbc9301ee17f30f4d474e6ae4b05252/library/std/src/../../backtrace/src/backtrace/mod.rs:66:5
[INFO] [stdout]    2:     0x5eea6cc7e77a - std::sys::backtrace::_print_fmt::h916fac51166b18d7
[INFO] [stdout]                                at /rustc/df4ca44d3fbc9301ee17f30f4d474e6ae4b05252/library/std/src/sys/backtrace.rs:66:9
[INFO] [stdout]    3:     0x5eea6cc7e77a - <std::sys::backtrace::BacktraceLock::print::DisplayBacktrace as core::fmt::Display>::fmt::ha0a4c9b8ce3802e6
[INFO] [stdout]                                at /rustc/df4ca44d3fbc9301ee17f30f4d474e6ae4b05252/library/std/src/sys/backtrace.rs:39:26
[INFO] [stderr] error: test failed, to rerun pass `--lib`
[INFO] [stdout]    4:     0x5eea6cca61e3 - core::fmt::rt::Argument::fmt::h4cfc8587d52b3eb5
[INFO] [stdout]                                at /rustc/df4ca44d3fbc9301ee17f30f4d474e6ae4b05252/library/core/src/fmt/rt.rs:177:76
[INFO] [stdout]    5:     0x5eea6cca61e3 - core::fmt::write::h522cc39e5b36ae9f
[INFO] [stdout]                                at /rustc/df4ca44d3fbc9301ee17f30f4d474e6ae4b05252/library/core/src/fmt/mod.rs:1190:21
[INFO] [stdout]    6:     0x5eea6cc7b343 - std::io::Write::write_fmt::h7d3c26752da97734
[INFO] [stdout]                                at /rustc/df4ca44d3fbc9301ee17f30f4d474e6ae4b05252/library/std/src/io/mod.rs:1839:15
[INFO] [stdout]    7:     0x5eea6cc7e5c2 - std::sys::backtrace::BacktraceLock::print::h4b9e00b29e9c0942
[INFO] [stdout]                                at /rustc/df4ca44d3fbc9301ee17f30f4d474e6ae4b05252/library/std/src/sys/backtrace.rs:42:9
[INFO] [stdout]    8:     0x5eea6cc7fa5a - std::panicking::default_hook::{{closure}}::hb59b88280d0324d9
[INFO] [stdout]                                at /rustc/df4ca44d3fbc9301ee17f30f4d474e6ae4b05252/library/std/src/panicking.rs:268:22
[INFO] [stdout]    9:     0x5eea6cc7f864 - std::panicking::default_hook::he1dd496665be4a29
[INFO] [stdout]                                at /rustc/df4ca44d3fbc9301ee17f30f4d474e6ae4b05252/library/std/src/panicking.rs:292:9
[INFO] [stdout]   10:     0x5eea6cc38899 - <alloc::boxed::Box<F,A> as core::ops::function::Fn<Args>>::call::h4ff71de18744e1dc
[INFO] [stdout]                                at /rustc/df4ca44d3fbc9301ee17f30f4d474e6ae4b05252/library/alloc/src/boxed.rs:2468:9
[INFO] [stdout]   11:     0x5eea6cc38899 - test::test_main::{{closure}}::hcf7c055ce117aa81
[INFO] [stdout]                                at /rustc/df4ca44d3fbc9301ee17f30f4d474e6ae4b05252/library/test/src/lib.rs:133:21
[INFO] [stdout]   12:     0x5eea6cc80158 - <alloc::boxed::Box<F,A> as core::ops::function::Fn<Args>>::call::h1d66c6bbd60c9692
[INFO] [stdout]                                at /rustc/df4ca44d3fbc9301ee17f30f4d474e6ae4b05252/library/alloc/src/boxed.rs:2468:9
[INFO] [stdout]   13:     0x5eea6cc80158 - std::panicking::rust_panic_with_hook::h2ff17fe8f26dfcf8
[INFO] [stdout]                                at /rustc/df4ca44d3fbc9301ee17f30f4d474e6ae4b05252/library/std/src/panicking.rs:809:13
[INFO] [stdout]   14:     0x5eea6cc7ff1a - std::panicking::begin_panic_handler::{{closure}}::h4fad77951c07e101
[INFO] [stdout]                                at /rustc/df4ca44d3fbc9301ee17f30f4d474e6ae4b05252/library/std/src/panicking.rs:674:13
[INFO] [stdout]   15:     0x5eea6cc7ec59 - std::sys::backtrace::__rust_end_short_backtrace::hb1a25b3da5d0ea08
[INFO] [stdout]                                at /rustc/df4ca44d3fbc9301ee17f30f4d474e6ae4b05252/library/std/src/sys/backtrace.rs:170:18
[INFO] [stdout]   16:     0x5eea6cc7fbac - rust_begin_unwind
[INFO] [stdout]                                at /rustc/df4ca44d3fbc9301ee17f30f4d474e6ae4b05252/library/std/src/panicking.rs:665:5
[INFO] [stdout]   17:     0x5eea6cca4be0 - core::panicking::panic_fmt::ha9db07b529f9b256
[INFO] [stdout]                                at /rustc/df4ca44d3fbc9301ee17f30f4d474e6ae4b05252/library/core/src/panicking.rs:75:14
[INFO] [stdout]   18:     0x5eea6cca4fab - core::panicking::assert_failed_inner::h04f38944d74a80a8
[INFO] [stdout]   19:     0x5eea6cc52889 - core::panicking::assert_failed::hf7f729a2a7f118c1
[INFO] [stdout]                                at /rustc/df4ca44d3fbc9301ee17f30f4d474e6ae4b05252/library/core/src/panicking.rs:377:5
[INFO] [stdout]   20:     0x5eea6cbd0a18 - human_name::tests::struct_size::h84447cd67ce7ab72
[INFO] [stdout]                                at /opt/rustwide/workdir/src/lib.rs:709:9
[INFO] [stdout]   21:     0x5eea6cbd0997 - human_name::tests::struct_size::{{closure}}::haed2b5c58c17cbed
[INFO] [stdout]                                at /opt/rustwide/workdir/src/lib.rs:708:21
[INFO] [stdout]   22:     0x5eea6cbedeb6 - core::ops::function::FnOnce::call_once::h08b92b0243f37d96
[INFO] [stdout]                                at /rustc/df4ca44d3fbc9301ee17f30f4d474e6ae4b05252/library/core/src/ops/function.rs:250:5
[INFO] [stdout]   23:     0x5eea6cc3d16b - core::ops::function::FnOnce::call_once::h22c3ba5715e93f05
[INFO] [stdout]                                at /rustc/df4ca44d3fbc9301ee17f30f4d474e6ae4b05252/library/core/src/ops/function.rs:250:5
[INFO] [stdout]   24:     0x5eea6cc3d16b - test::__rust_begin_short_backtrace::h8e82d8113d0da17f
[INFO] [stdout]                                at /rustc/df4ca44d3fbc9301ee17f30f4d474e6ae4b05252/library/test/src/lib.rs:621:18
[INFO] [stdout]   25:     0x5eea6cc3cae7 - test::run_test_in_process::{{closure}}::h33235f4f20b7b7c7
[INFO] [stdout]                                at /rustc/df4ca44d3fbc9301ee17f30f4d474e6ae4b05252/library/test/src/lib.rs:644:60
[INFO] [stdout]   26:     0x5eea6cc3cae7 - <core::panic::unwind_safe::AssertUnwindSafe<F> as core::ops::function::FnOnce<()>>::call_once::hb5043206310c586f
[INFO] [stdout]                                at /rustc/df4ca44d3fbc9301ee17f30f4d474e6ae4b05252/library/core/src/panic/unwind_safe.rs:272:9
[INFO] [stdout]   27:     0x5eea6cc3cae7 - std::panicking::try::do_call::h9ad4731a60ab23e2
[INFO] [stdout]                                at /rustc/df4ca44d3fbc9301ee17f30f4d474e6ae4b05252/library/std/src/panicking.rs:557:40
[INFO] [stdout]   28:     0x5eea6cc3cae7 - std::panicking::try::h3824d23db772a716
[INFO] [stdout]                                at /rustc/df4ca44d3fbc9301ee17f30f4d474e6ae4b05252/library/std/src/panicking.rs:520:19
[INFO] [stdout]   29:     0x5eea6cc3cae7 - std::panic::catch_unwind::h5afd514605fde46b
[INFO] [stdout]                                at /rustc/df4ca44d3fbc9301ee17f30f4d474e6ae4b05252/library/std/src/panic.rs:358:14
[INFO] [stdout]   30:     0x5eea6cc3cae7 - test::run_test_in_process::h0d5cbfa7067d1720
[INFO] [stdout]                                at /rustc/df4ca44d3fbc9301ee17f30f4d474e6ae4b05252/library/test/src/lib.rs:644:27
[INFO] [stdout]   31:     0x5eea6cc3cae7 - test::run_test::{{closure}}::h708eb8872708115d
[INFO] [stdout]                                at /rustc/df4ca44d3fbc9301ee17f30f4d474e6ae4b05252/library/test/src/lib.rs:565:43
[INFO] [stdout]   32:     0x5eea6cc00204 - test::run_test::{{closure}}::h392c51cee94713ab
[INFO] [stdout]                                at /rustc/df4ca44d3fbc9301ee17f30f4d474e6ae4b05252/library/test/src/lib.rs:595:41
[INFO] [stdout]   33:     0x5eea6cc00204 - std::sys::backtrace::__rust_begin_short_backtrace::h2f40290710935a8b
[INFO] [stdout]                                at /rustc/df4ca44d3fbc9301ee17f30f4d474e6ae4b05252/library/std/src/sys/backtrace.rs:154:18
[INFO] [stdout]   34:     0x5eea6cc039ae - std::thread::Builder::spawn_unchecked_::{{closure}}::{{closure}}::h3fd968d89053a903
[INFO] [stdout]                                at /rustc/df4ca44d3fbc9301ee17f30f4d474e6ae4b05252/library/std/src/thread/mod.rs:541:17
[INFO] [stdout]   35:     0x5eea6cc039ae - <core::panic::unwind_safe::AssertUnwindSafe<F> as core::ops::function::FnOnce<()>>::call_once::h743f637ba4229880
[INFO] [stdout]                                at /rustc/df4ca44d3fbc9301ee17f30f4d474e6ae4b05252/library/core/src/panic/unwind_safe.rs:272:9
[INFO] [stdout]   36:     0x5eea6cc039ae - std::panicking::try::do_call::h07440897322525a6
[INFO] [stdout]                                at /rustc/df4ca44d3fbc9301ee17f30f4d474e6ae4b05252/library/std/src/panicking.rs:557:40
[INFO] [stdout]   37:     0x5eea6cc039ae - std::panicking::try::he5a2e00188156637
[INFO] [stdout]                                at /rustc/df4ca44d3fbc9301ee17f30f4d474e6ae4b05252/library/std/src/panicking.rs:520:19
[INFO] [stdout]   38:     0x5eea6cc039ae - std::panic::catch_unwind::hbaf3cae49b3c6433
[INFO] [stdout]                                at /rustc/df4ca44d3fbc9301ee17f30f4d474e6ae4b05252/library/std/src/panic.rs:358:14
[INFO] [stdout]   39:     0x5eea6cc039ae - std::thread::Builder::spawn_unchecked_::{{closure}}::h8e141ea224820bce
[INFO] [stdout]                                at /rustc/df4ca44d3fbc9301ee17f30f4d474e6ae4b05252/library/std/src/thread/mod.rs:540:30
[INFO] [stdout]   40:     0x5eea6cc039ae - core::ops::function::FnOnce::call_once{{vtable.shim}}::h90d312fedd7b8ea8
[INFO] [stdout]                                at /rustc/df4ca44d3fbc9301ee17f30f4d474e6ae4b05252/library/core/src/ops/function.rs:250:5
[INFO] [stdout]   41:     0x5eea6cc83f4b - <alloc::boxed::Box<F,A> as core::ops::function::FnOnce<Args>>::call_once::h69aa08ddb6adb8b6
[INFO] [stdout]                                at /rustc/df4ca44d3fbc9301ee17f30f4d474e6ae4b05252/library/alloc/src/boxed.rs:2454:9
[INFO] [stdout]   42:     0x5eea6cc83f4b - <alloc::boxed::Box<F,A> as core::ops::function::FnOnce<Args>>::call_once::h5aa36efdb79c806f
[INFO] [stdout]                                at /rustc/df4ca44d3fbc9301ee17f30f4d474e6ae4b05252/library/alloc/src/boxed.rs:2454:9
[INFO] [stdout]   43:     0x5eea6cc83f4b - std::sys::pal::unix::thread::Thread::new::thread_start::h6cd80a1b4be5158d
[INFO] [stdout]                                at /rustc/df4ca44d3fbc9301ee17f30f4d474e6ae4b05252/library/std/src/sys/pal/unix/thread.rs:105:17
[INFO] [stdout]   44:     0x7f2745439ac3 - <unknown>
[INFO] [stdout]   45:     0x7f27454caa04 - clone
[INFO] [stdout]   46:                0x0 - <unknown>
[INFO] [stdout] 
[INFO] [stdout] 
[INFO] [stdout] failures:
[INFO] [stdout]     tests::struct_size
[INFO] [stdout] 
[INFO] [stdout] test result: FAILED. 96 passed; 1 failed; 0 ignored; 0 measured; 0 filtered out; finished in 0.06s
[INFO] [stdout] 
[INFO] running `Command { std: "docker" "inspect" "d6871bfdc46d980987e5afdb9e63f5908526e492eb57f18d71704fef802ac64f", kill_on_drop: false }`
[INFO] running `Command { std: "docker" "rm" "-f" "d6871bfdc46d980987e5afdb9e63f5908526e492eb57f18d71704fef802ac64f", kill_on_drop: false }`
[INFO] [stdout] d6871bfdc46d980987e5afdb9e63f5908526e492eb57f18d71704fef802ac64f
