[INFO] cloning repository https://github.com/dearshuto/alacrittyx
[INFO] running `Command { std: "git" "-c" "credential.helper=" "-c" "credential.helper=/workspace/cargo-home/bin/git-credential-null" "clone" "--bare" "https://github.com/dearshuto/alacrittyx" "/workspace/cache/git-repos/https%3A%2F%2Fgithub.com%2Fdearshuto%2Falacrittyx", kill_on_drop: false }`
[INFO] [stderr] Cloning into bare repository '/workspace/cache/git-repos/https%3A%2F%2Fgithub.com%2Fdearshuto%2Falacrittyx'...
[INFO] running `Command { std: "git" "rev-parse" "HEAD", kill_on_drop: false }`
[INFO] [stdout] edf4df66c9afcb9593eaeaaf34d5c80c66925adc
[INFO] testing dearshuto/alacrittyx/edf4df66c9afcb9593eaeaaf34d5c80c66925adc against nightly-2024-10-28+rustflags=-Zrandomize-layout for randomize-layout
[INFO] running `Command { std: "git" "clone" "/workspace/cache/git-repos/https%3A%2F%2Fgithub.com%2Fdearshuto%2Falacrittyx" "/workspace/builds/worker-6-tc2/source", kill_on_drop: false }`
[INFO] [stderr] Cloning into '/workspace/builds/worker-6-tc2/source'...
[INFO] [stderr] done.
[INFO] validating manifest of git repo https://github.com/dearshuto/alacrittyx on toolchain nightly-2024-10-28
[INFO] running `Command { std: CARGO_HOME="/workspace/cargo-home" RUSTUP_HOME="/workspace/rustup-home" "/workspace/cargo-home/bin/cargo" "+nightly-2024-10-28" "metadata" "--manifest-path" "Cargo.toml" "--no-deps", kill_on_drop: false }`
[INFO] started tweaking git repo https://github.com/dearshuto/alacrittyx
[INFO] finished tweaking git repo https://github.com/dearshuto/alacrittyx
[INFO] tweaked toml for git repo https://github.com/dearshuto/alacrittyx written to /workspace/builds/worker-6-tc2/source/Cargo.toml
[INFO] crate git repo https://github.com/dearshuto/alacrittyx already has a lockfile, it will not be regenerated
[INFO] running `Command { std: CARGO_HOME="/workspace/cargo-home" RUSTUP_HOME="/workspace/rustup-home" "/workspace/cargo-home/bin/cargo" "+nightly-2024-10-28" "fetch" "--manifest-path" "Cargo.toml", kill_on_drop: false }`
[INFO] running `Command { std: "docker" "create" "-v" "/var/lib/crater-agent-workspace/builds/worker-6-tc2/target:/opt/rustwide/target:rw,Z" "-v" "/var/lib/crater-agent-workspace/builds/worker-6-tc2/source:/opt/rustwide/workdir:ro,Z" "-v" "/var/lib/crater-agent-workspace/cargo-home:/opt/rustwide/cargo-home:ro,Z" "-v" "/var/lib/crater-agent-workspace/rustup-home:/opt/rustwide/rustup-home:ro,Z" "-e" "SOURCE_DIR=/opt/rustwide/workdir" "-e" "CARGO_TARGET_DIR=/opt/rustwide/target" "-e" "CARGO_HOME=/opt/rustwide/cargo-home" "-e" "RUSTUP_HOME=/opt/rustwide/rustup-home" "-w" "/opt/rustwide/workdir" "-m" "1610612736" "--user" "0:0" "--network" "none" "ghcr.io/rust-lang/crates-build-env/linux@sha256:4a844ea9eb2546a2d2c7022eacef16ef2e8229c7fbb2c7d4d55a9ceca922f72d" "/opt/rustwide/cargo-home/bin/cargo" "+nightly-2024-10-28" "metadata" "--no-deps" "--format-version=1", kill_on_drop: false }`
[INFO] [stdout] 0c2cb0452ed2ec57ce16d8d28e09e4082897c143cb54cb565c13b7b92e1020b8
[INFO] running `Command { std: "docker" "start" "-a" "0c2cb0452ed2ec57ce16d8d28e09e4082897c143cb54cb565c13b7b92e1020b8", kill_on_drop: false }`
[INFO] running `Command { std: "docker" "inspect" "0c2cb0452ed2ec57ce16d8d28e09e4082897c143cb54cb565c13b7b92e1020b8", kill_on_drop: false }`
[INFO] running `Command { std: "docker" "rm" "-f" "0c2cb0452ed2ec57ce16d8d28e09e4082897c143cb54cb565c13b7b92e1020b8", kill_on_drop: false }`
[INFO] [stdout] 0c2cb0452ed2ec57ce16d8d28e09e4082897c143cb54cb565c13b7b92e1020b8
[INFO] running `Command { std: "docker" "create" "-v" "/var/lib/crater-agent-workspace/builds/worker-6-tc2/target:/opt/rustwide/target:rw,Z" "-v" "/var/lib/crater-agent-workspace/builds/worker-6-tc2/source:/opt/rustwide/workdir:ro,Z" "-v" "/var/lib/crater-agent-workspace/cargo-home:/opt/rustwide/cargo-home:ro,Z" "-v" "/var/lib/crater-agent-workspace/rustup-home:/opt/rustwide/rustup-home:ro,Z" "-e" "SOURCE_DIR=/opt/rustwide/workdir" "-e" "CARGO_TARGET_DIR=/opt/rustwide/target" "-e" "CARGO_INCREMENTAL=0" "-e" "RUST_BACKTRACE=full" "-e" "RUSTFLAGS=--cap-lints=forbid -Zrandomize-layout" "-e" "RUSTDOCFLAGS=--cap-lints=forbid" "-e" "CARGO_HOME=/opt/rustwide/cargo-home" "-e" "RUSTUP_HOME=/opt/rustwide/rustup-home" "-w" "/opt/rustwide/workdir" "-m" "1610612736" "--user" "0:0" "--network" "none" "ghcr.io/rust-lang/crates-build-env/linux@sha256:4a844ea9eb2546a2d2c7022eacef16ef2e8229c7fbb2c7d4d55a9ceca922f72d" "/opt/rustwide/cargo-home/bin/cargo" "+nightly-2024-10-28" "build" "--frozen" "--message-format=json", kill_on_drop: false }`
[INFO] [stdout] 4e49e51e90c8c6dd2ec635c87e726d35cc840bc57e6d748423a39622994fe9f4
[INFO] running `Command { std: "docker" "start" "-a" "4e49e51e90c8c6dd2ec635c87e726d35cc840bc57e6d748423a39622994fe9f4", kill_on_drop: false }`
[INFO] [stderr]    Compiling libc v0.2.146
[INFO] [stderr]    Compiling proc-macro2 v1.0.60
[INFO] [stderr]    Compiling unicode-ident v1.0.9
[INFO] [stderr]    Compiling quote v1.0.28
[INFO] [stderr]    Compiling pkg-config v0.3.27
[INFO] [stderr]    Compiling serde v1.0.164
[INFO] [stderr]    Compiling xml-rs v0.8.14
[INFO] [stderr]    Compiling memoffset v0.6.5
[INFO] [stderr]    Compiling cc v1.0.79
[INFO] [stderr]    Compiling libloading v0.8.0
[INFO] [stderr]    Compiling once_cell v1.18.0
[INFO] [stderr]    Compiling khronos_api v3.1.0
[INFO] [stderr]    Compiling dlib v0.5.2
[INFO] [stderr]    Compiling smallvec v1.10.0
[INFO] [stderr]    Compiling memchr v2.5.0
[INFO] [stderr]    Compiling wayland-sys v0.29.5
[INFO] [stderr]    Compiling minimal-lexical v0.2.1
[INFO] [stderr]    Compiling cmake v0.1.50
[INFO] [stderr]    Compiling gl_generator v0.14.0
[INFO] [stderr]    Compiling syn v2.0.18
[INFO] [stderr]    Compiling wayland-scanner v0.29.5
[INFO] [stderr]    Compiling scoped-tls v1.0.1
[INFO] [stderr]    Compiling thiserror v1.0.40
[INFO] [stderr]    Compiling io-lifetimes v1.0.11
[INFO] [stderr]    Compiling freetype-sys v0.13.1
[INFO] [stderr]    Compiling expat-sys v2.1.6
[INFO] [stderr]    Compiling simd-adler32 v0.3.5
[INFO] [stderr]    Compiling nom v7.1.3
[INFO] [stderr]    Compiling indexmap v1.9.3
[INFO] [stderr]    Compiling smithay-client-toolkit v0.16.0
[INFO] [stderr]    Compiling servo-fontconfig-sys v5.1.0
[INFO] [stderr]    Compiling nix v0.24.3
[INFO] [stderr]    Compiling nix v0.25.1
[INFO] [stderr]    Compiling utf8parse v0.2.1
[INFO] [stderr]    Compiling rustix v0.37.19
[INFO] [stderr]    Compiling hashbrown v0.12.3
[INFO] [stderr]    Compiling miniz_oxide v0.7.1
[INFO] [stderr]    Compiling net2 v0.2.38
[INFO] [stderr]    Compiling wayland-client v0.29.5
[INFO] [stderr]    Compiling wayland-protocols v0.29.5
[INFO] [stderr]    Compiling memmap2 v0.5.10
[INFO] [stderr]    Compiling iovec v0.1.4
[INFO] [stderr]    Compiling x11-dl v2.21.0
[INFO] [stderr]    Compiling linux-raw-sys v0.3.8
[INFO] [stderr]    Compiling xcursor v0.3.4
[INFO] [stderr]    Compiling flate2 v1.0.26
[INFO] [stderr]    Compiling fdeflate v0.3.0
[INFO] [stderr]    Compiling crossfont v0.5.1
[INFO] [stderr]    Compiling winnow v0.4.6
[INFO] [stderr]    Compiling foreign-types-shared v0.3.1
[INFO] [stderr]    Compiling crossbeam-utils v0.8.15
[INFO] [stderr]    Compiling strict-num v0.1.1
[INFO] [stderr]    Compiling arrayref v0.3.7
[INFO] [stderr]    Compiling signal-hook v0.3.15
[INFO] [stderr]    Compiling bytemuck v1.13.1
[INFO] [stderr]    Compiling parking_lot_core v0.9.8
[INFO] [stderr]    Compiling png v0.17.9
[INFO] [stderr]    Compiling tiny-skia-path v0.8.4
[INFO] [stderr]    Compiling lock_api v0.4.10
[INFO] [stderr]    Compiling servo-fontconfig v0.5.1
[INFO] [stderr]    Compiling is-terminal v0.4.7
[INFO] [stderr]    Compiling wayland-commons v0.29.5
[INFO] [stderr]    Compiling serde_derive v1.0.164
[INFO] [stderr]    Compiling thiserror-impl v1.0.40
[INFO] [stderr]    Compiling foreign-types-macros v0.2.3
[INFO] [stderr]    Compiling x11rb-protocol v0.10.0
[INFO] [stderr]    Compiling foreign-types v0.5.0
[INFO] [stderr]    Compiling freetype-rs v0.26.0
[INFO] [stderr]    Compiling anstyle-parse v0.2.0
[INFO] [stderr]    Compiling signal-hook-registry v1.4.1
[INFO] [stderr]    Compiling gethostname v0.2.3
[INFO] [stderr]    Compiling glutin_glx_sys v0.4.0
[INFO] [stderr]    Compiling wayland-cursor v0.29.5
[INFO] [stderr]    Compiling glutin_egl_sys v0.5.0
[INFO] [stderr]    Compiling wayland-sys v0.30.1
[INFO] [stderr]    Compiling ryu v1.0.13
[INFO] [stderr]    Compiling colorchoice v1.0.0
[INFO] [stderr]    Compiling arrayvec v0.7.2
[INFO] [stderr]    Compiling anstyle v1.0.0
[INFO] [stderr]    Compiling linked-hash-map v0.5.6
[INFO] [stderr]    Compiling anstyle-query v1.0.0
[INFO] [stderr]    Compiling anstream v0.3.2
[INFO] [stderr]    Compiling tiny-skia v0.8.4
[INFO] [stderr]    Compiling yaml-rust v0.4.5
[INFO] [stderr]    Compiling winit v0.28.6
[INFO] [stderr]    Compiling glutin v0.30.9
[INFO] [stderr]    Compiling inotify-sys v0.1.5
[INFO] [stderr]    Compiling vte_generate_state_changes v0.1.1
[INFO] [stderr]    Compiling serde_json v1.0.96
[INFO] [stderr]    Compiling clap_lex v0.5.0
[INFO] [stderr]    Compiling regex-syntax v0.6.29
[INFO] [stderr]    Compiling home v0.5.5
[INFO] [stderr]    Compiling strsim v0.10.0
[INFO] [stderr]    Compiling raw-window-handle v0.5.2
[INFO] [stderr]    Compiling lazycell v1.3.0
[INFO] [stderr]    Compiling clap_derive v4.3.2
[INFO] [stderr]    Compiling clap_builder v4.3.3
[INFO] [stderr]    Compiling nix v0.26.2
[INFO] [stderr]    Compiling walkdir v2.3.3
[INFO] [stderr]    Compiling regex-automata v0.1.10
[INFO] [stderr]    Compiling log v0.4.19
[INFO] [stderr]    Compiling serde_spanned v0.6.2
[INFO] [stderr]    Compiling toml_datetime v0.6.2
[INFO] [stderr]    Compiling calloop v0.10.6
[INFO] [stderr]    Compiling mio v0.6.23
[INFO] [stderr]    Compiling toml_edit v0.19.10
[INFO] [stderr]    Compiling x11rb v0.10.1
[INFO] [stderr]    Compiling mio v0.8.8
[INFO] [stderr]    Compiling mio-uds v0.6.8
[INFO] [stderr]    Compiling signal-hook-mio v0.2.3
[INFO] [stderr]    Compiling mio-extras v2.0.6
[INFO] [stderr]    Compiling vte v0.11.1
[INFO] [stderr]    Compiling serde_yaml v0.8.26
[INFO] [stderr]    Compiling x11-clipboard v0.7.1
[INFO] [stderr]    Compiling bitflags v2.3.1
[INFO] [stderr]    Compiling inotify v0.9.6
[INFO] [stderr]    Compiling toml v0.7.4
[INFO] [stderr]    Compiling crossbeam-channel v0.5.8
[INFO] [stderr]    Compiling parking_lot v0.12.1
[INFO] [stderr]    Compiling alacritty_config v0.1.2-dev (/opt/rustwide/workdir/alacritty_config)
[INFO] [stderr]    Compiling alacritty_config_derive v0.2.2-dev (/opt/rustwide/workdir/alacritty_config_derive)
[INFO] [stderr]    Compiling filetime v0.2.21
[INFO] [stderr]    Compiling alacritty v0.13.0-dev (/opt/rustwide/workdir/alacritty)
[INFO] [stdout] warning: unexpected `cfg` condition value: `cargo-clippy`
[INFO] [stdout]  --> alacritty_config_derive/src/lib.rs:2:13
[INFO] [stdout]   |
[INFO] [stdout] 2 | #![cfg_attr(feature = "cargo-clippy", deny(warnings))]
[INFO] [stdout]   |             ^^^^^^^^^^^^^^^^^^^^^^^^ help: remove the condition
[INFO] [stdout]   |
[INFO] [stdout]   = note: no expected values for `feature`
[INFO] [stdout]   = help: consider adding `cargo-clippy` as a feature in `Cargo.toml`
[INFO] [stdout]   = note: see <https://doc.rust-lang.org/nightly/rustc/check-cfg/cargo-specifics.html> for more information about checking conditional configuration
[INFO] [stdout]   = note: `#[warn(unexpected_cfgs)]` on by default
[INFO] [stdout] 
[INFO] [stdout] 
[INFO] [stderr]    Compiling instant v0.1.12
[INFO] [stderr]    Compiling libloading v0.7.4
[INFO] [stderr]    Compiling base64 v0.13.1
[INFO] [stderr]    Compiling percent-encoding v2.3.0
[INFO] [stderr]    Compiling itoa v1.0.6
[INFO] [stderr]    Compiling notify v5.2.0
[INFO] [stderr]    Compiling alacritty_terminal v0.19.2-dev (/opt/rustwide/workdir/alacritty_terminal)
[INFO] [stdout] warning: unexpected `cfg` condition value: `cargo-clippy`
[INFO] [stdout]  --> alacritty_terminal/src/lib.rs:5:13
[INFO] [stdout]   |
[INFO] [stdout] 5 | #![cfg_attr(feature = "cargo-clippy", deny(warnings))]
[INFO] [stdout]   |             ^^^^^^^^^^^^^^^^^^^^^^^^ help: remove the condition
[INFO] [stdout]   |
[INFO] [stdout]   = note: no expected values for `feature`
[INFO] [stdout]   = help: consider adding `cargo-clippy` as a feature in `Cargo.toml`
[INFO] [stdout]   = note: see <https://doc.rust-lang.org/nightly/rustc/check-cfg/cargo-specifics.html> for more information about checking conditional configuration
[INFO] [stdout]   = note: `#[warn(unexpected_cfgs)]` on by default
[INFO] [stdout] 
[INFO] [stdout] 
[INFO] [stderr]    Compiling clap v4.3.3
[INFO] [stderr]    Compiling xdg v2.5.0
[INFO] [stderr]    Compiling smithay-clipboard v0.6.6
[INFO] [stderr]    Compiling sctk-adwaita v0.5.4
[INFO] [stderr]    Compiling copypasta v0.8.2
[INFO] [stdout] warning: unexpected `cfg` condition value: `cargo-clippy`
[INFO] [stdout]  --> alacritty/src/main.rs:5:13
[INFO] [stdout]   |
[INFO] [stdout] 5 | #![cfg_attr(feature = "cargo-clippy", deny(warnings))]
[INFO] [stdout]   |             ^^^^^^^^^^^^^^^^^^^^^^^^
[INFO] [stdout]   |
[INFO] [stdout]   = note: expected values for `feature` are: `default`, `nightly`, `png`, `wayland`, `wayland-client`, `x11`, and `x11-dl`
[INFO] [stdout]   = help: consider adding `cargo-clippy` as a feature in `Cargo.toml`
[INFO] [stdout]   = note: see <https://doc.rust-lang.org/nightly/rustc/check-cfg/cargo-specifics.html> for more information about checking conditional configuration
[INFO] [stdout]   = note: `#[warn(unexpected_cfgs)]` on by default
[INFO] [stdout] 
[INFO] [stdout] 
[INFO] [stdout] warning: unused import: `Binding`
[INFO] [stdout]   --> alacritty/src/config/mod.rs:29:13
[INFO] [stdout]    |
[INFO] [stdout] 29 |     Action, Binding, BindingMode, Key, MouseAction, SearchAction, ViAction,
[INFO] [stdout]    |             ^^^^^^^
[INFO] [stdout]    |
[INFO] [stdout]    = note: `#[warn(unused_imports)]` on by default
[INFO] [stdout] 
[INFO] [stdout] 
[INFO] [stdout] warning: field `lines_scrolled` is never read
[INFO] [stdout]     --> alacritty/src/event.rs:1126:9
[INFO] [stdout]      |
[INFO] [stdout] 1117 | pub struct Mouse {
[INFO] [stdout]      |            ----- field in this struct
[INFO] [stdout] ...
[INFO] [stdout] 1126 |     pub lines_scrolled: f32,
[INFO] [stdout]      |         ^^^^^^^^^^^^^^
[INFO] [stdout]      |
[INFO] [stdout]      = note: `Mouse` has a derived impl for the trait `Debug`, but this is intentionally ignored during dead code analysis
[INFO] [stdout]      = note: `#[warn(dead_code)]` on by default
[INFO] [stdout] 
[INFO] [stdout] 
[INFO] [stdout] warning: method `event_loop` is never used
[INFO] [stdout]    --> alacritty/src/input.rs:106:8
[INFO] [stdout]     |
[INFO] [stdout] 78  | pub trait ActionContext<T: EventListener> {
[INFO] [stdout]     |           ------------- method in this trait
[INFO] [stdout] ...
[INFO] [stdout] 106 |     fn event_loop(&self) -> &EventLoopWindowTarget<Event>;
[INFO] [stdout]     |        ^^^^^^^^^^
[INFO] [stdout] 
[INFO] [stdout] 
[INFO] [stderr]     Finished `dev` profile [unoptimized + debuginfo] target(s) in 46.01s
[INFO] running `Command { std: "docker" "inspect" "4e49e51e90c8c6dd2ec635c87e726d35cc840bc57e6d748423a39622994fe9f4", kill_on_drop: false }`
[INFO] running `Command { std: "docker" "rm" "-f" "4e49e51e90c8c6dd2ec635c87e726d35cc840bc57e6d748423a39622994fe9f4", kill_on_drop: false }`
[INFO] [stdout] 4e49e51e90c8c6dd2ec635c87e726d35cc840bc57e6d748423a39622994fe9f4
[INFO] running `Command { std: "docker" "create" "-v" "/var/lib/crater-agent-workspace/builds/worker-6-tc2/target:/opt/rustwide/target:rw,Z" "-v" "/var/lib/crater-agent-workspace/builds/worker-6-tc2/source:/opt/rustwide/workdir:ro,Z" "-v" "/var/lib/crater-agent-workspace/cargo-home:/opt/rustwide/cargo-home:ro,Z" "-v" "/var/lib/crater-agent-workspace/rustup-home:/opt/rustwide/rustup-home:ro,Z" "-e" "SOURCE_DIR=/opt/rustwide/workdir" "-e" "CARGO_TARGET_DIR=/opt/rustwide/target" "-e" "CARGO_INCREMENTAL=0" "-e" "RUST_BACKTRACE=full" "-e" "RUSTFLAGS=--cap-lints=forbid -Zrandomize-layout" "-e" "RUSTDOCFLAGS=--cap-lints=forbid" "-e" "CARGO_HOME=/opt/rustwide/cargo-home" "-e" "RUSTUP_HOME=/opt/rustwide/rustup-home" "-w" "/opt/rustwide/workdir" "-m" "1610612736" "--user" "0:0" "--network" "none" "ghcr.io/rust-lang/crates-build-env/linux@sha256:4a844ea9eb2546a2d2c7022eacef16ef2e8229c7fbb2c7d4d55a9ceca922f72d" "/opt/rustwide/cargo-home/bin/cargo" "+nightly-2024-10-28" "test" "--frozen" "--no-run" "--message-format=json", kill_on_drop: false }`
[INFO] [stdout] 92dc3c36ec9373d41e448212cf85234fdefb0d5237cd3082e57d9baf2fffdb09
[INFO] running `Command { std: "docker" "start" "-a" "92dc3c36ec9373d41e448212cf85234fdefb0d5237cd3082e57d9baf2fffdb09", kill_on_drop: false }`
[INFO] [stderr]    Compiling proc-macro2 v1.0.60
[INFO] [stderr]    Compiling unicode-ident v1.0.9
[INFO] [stderr]    Compiling quote v1.0.28
[INFO] [stderr]    Compiling serde v1.0.164
[INFO] [stderr]    Compiling syn v2.0.18
[INFO] [stderr]    Compiling wayland-scanner v0.29.5
[INFO] [stderr]    Compiling vte_generate_state_changes v0.1.1
[INFO] [stderr]    Compiling wayland-client v0.29.5
[INFO] [stderr]    Compiling wayland-protocols v0.29.5
[INFO] [stderr]    Compiling winit v0.28.6
[INFO] [stderr]    Compiling serde_derive v1.0.164
[INFO] [stderr]    Compiling thiserror-impl v1.0.40
[INFO] [stderr]    Compiling alacritty_config_derive v0.2.2-dev (/opt/rustwide/workdir/alacritty_config_derive)
[INFO] [stderr]    Compiling foreign-types-macros v0.2.3
[INFO] [stderr]    Compiling clap_derive v4.3.2
[INFO] [stdout] warning: unexpected `cfg` condition value: `cargo-clippy`
[INFO] [stdout]  --> alacritty_config_derive/src/lib.rs:2:13
[INFO] [stdout]   |
[INFO] [stdout] 2 | #![cfg_attr(feature = "cargo-clippy", deny(warnings))]
[INFO] [stdout]   |             ^^^^^^^^^^^^^^^^^^^^^^^^ help: remove the condition
[INFO] [stdout]   |
[INFO] [stdout]   = note: no expected values for `feature`
[INFO] [stdout]   = help: consider adding `cargo-clippy` as a feature in `Cargo.toml`
[INFO] [stdout]   = note: see <https://doc.rust-lang.org/nightly/rustc/check-cfg/cargo-specifics.html> for more information about checking conditional configuration
[INFO] [stdout]   = note: `#[warn(unexpected_cfgs)]` on by default
[INFO] [stdout] 
[INFO] [stdout] 
[INFO] [stderr]    Compiling foreign-types v0.5.0
[INFO] [stderr]    Compiling thiserror v1.0.40
[INFO] [stderr]    Compiling wayland-cursor v0.29.5
[INFO] [stderr]    Compiling clap v4.3.3
[INFO] [stderr]    Compiling clap_complete v4.3.1
[INFO] [stderr]    Compiling log v0.4.19
[INFO] [stderr]    Compiling toml_datetime v0.6.2
[INFO] [stderr]    Compiling serde_spanned v0.6.2
[INFO] [stderr]    Compiling serde_yaml v0.8.26
[INFO] [stderr]    Compiling bitflags v2.3.1
[INFO] [stderr]    Compiling toml_edit v0.19.10
[INFO] [stderr]    Compiling mio v0.6.23
[INFO] [stderr]    Compiling calloop v0.10.6
[INFO] [stderr]    Compiling vte v0.11.1
[INFO] [stderr]    Compiling gl_generator v0.14.0
[INFO] [stderr]    Compiling mio-uds v0.6.8
[INFO] [stderr]    Compiling mio-extras v2.0.6
[INFO] [stderr]    Compiling signal-hook-mio v0.2.3
[INFO] [stderr]    Compiling glutin_egl_sys v0.5.0
[INFO] [stderr]    Compiling glutin_glx_sys v0.4.0
[INFO] [stderr]    Compiling serde_json v1.0.96
[INFO] [stderr]    Compiling crossfont v0.5.1
[INFO] [stderr]    Compiling mio v0.8.8
[INFO] [stderr]    Compiling alacritty v0.13.0-dev (/opt/rustwide/workdir/alacritty)
[INFO] [stderr]    Compiling toml v0.7.4
[INFO] [stderr]    Compiling wayland-sys v0.30.1
[INFO] [stderr]    Compiling notify v5.2.0
[INFO] [stderr]    Compiling alacritty_config v0.1.2-dev (/opt/rustwide/workdir/alacritty_config)
[INFO] [stderr]    Compiling alacritty_terminal v0.19.2-dev (/opt/rustwide/workdir/alacritty_terminal)
[INFO] [stderr]    Compiling glutin v0.30.9
[INFO] [stdout] warning: unexpected `cfg` condition value: `cargo-clippy`
[INFO] [stdout]  --> alacritty_terminal/src/lib.rs:5:13
[INFO] [stdout]   |
[INFO] [stdout] 5 | #![cfg_attr(feature = "cargo-clippy", deny(warnings))]
[INFO] [stdout]   |             ^^^^^^^^^^^^^^^^^^^^^^^^ help: remove the condition
[INFO] [stdout]   |
[INFO] [stdout]   = note: no expected values for `feature`
[INFO] [stdout]   = help: consider adding `cargo-clippy` as a feature in `Cargo.toml`
[INFO] [stdout]   = note: see <https://doc.rust-lang.org/nightly/rustc/check-cfg/cargo-specifics.html> for more information about checking conditional configuration
[INFO] [stdout]   = note: `#[warn(unexpected_cfgs)]` on by default
[INFO] [stdout] 
[INFO] [stdout] 
[INFO] [stdout] warning: creating a mutable reference to mutable static is discouraged
[INFO] [stdout]   --> alacritty_config_derive/tests/config.rs:83:9
[INFO] [stdout]    |
[INFO] [stdout] 83 |         LOGGER.as_mut().unwrap()
[INFO] [stdout]    |         ^^^^^^^^^^^^^^^ mutable reference to mutable static
[INFO] [stdout]    |
[INFO] [stdout]    = note: for more information, see <https://doc.rust-lang.org/nightly/edition-guide/rust-2024/static-mut-references.html>
[INFO] [stdout]    = note: mutable references to mutable statics are dangerous; it's undefined behavior if any other pointer to the static is used or if any other reference is created for the static while the mutable reference lives
[INFO] [stdout]    = note: `#[warn(static_mut_refs)]` on by default
[INFO] [stdout] 
[INFO] [stdout] 
[INFO] [stdout] warning: unexpected `cfg` condition value: `cargo-clippy`
[INFO] [stdout]  --> alacritty_config_derive/src/lib.rs:2:13
[INFO] [stdout]   |
[INFO] [stdout] 2 | #![cfg_attr(feature = "cargo-clippy", deny(warnings))]
[INFO] [stdout]   |             ^^^^^^^^^^^^^^^^^^^^^^^^ help: remove the condition
[INFO] [stdout]   |
[INFO] [stdout]   = note: no expected values for `feature`
[INFO] [stdout]   = help: consider adding `cargo-clippy` as a feature in `Cargo.toml`
[INFO] [stdout]   = note: see <https://doc.rust-lang.org/nightly/rustc/check-cfg/cargo-specifics.html> for more information about checking conditional configuration
[INFO] [stdout]   = note: `#[warn(unexpected_cfgs)]` on by default
[INFO] [stdout] 
[INFO] [stdout] 
[INFO] [stdout] warning: unexpected `cfg` condition value: `cargo-clippy`
[INFO] [stdout]  --> alacritty_terminal/src/lib.rs:5:13
[INFO] [stdout]   |
[INFO] [stdout] 5 | #![cfg_attr(feature = "cargo-clippy", deny(warnings))]
[INFO] [stdout]   |             ^^^^^^^^^^^^^^^^^^^^^^^^ help: remove the condition
[INFO] [stdout]   |
[INFO] [stdout]   = note: no expected values for `feature`
[INFO] [stdout]   = help: consider adding `cargo-clippy` as a feature in `Cargo.toml`
[INFO] [stdout]   = note: see <https://doc.rust-lang.org/nightly/rustc/check-cfg/cargo-specifics.html> for more information about checking conditional configuration
[INFO] [stdout]   = note: `#[warn(unexpected_cfgs)]` on by default
[INFO] [stdout] 
[INFO] [stdout] 
[INFO] [stderr]    Compiling smithay-client-toolkit v0.16.0
[INFO] [stderr]    Compiling sctk-adwaita v0.5.4
[INFO] [stderr]    Compiling smithay-clipboard v0.6.6
[INFO] [stderr]    Compiling copypasta v0.8.2
[INFO] [stdout] warning: unexpected `cfg` condition value: `cargo-clippy`
[INFO] [stdout]  --> alacritty/src/main.rs:5:13
[INFO] [stdout]   |
[INFO] [stdout] 5 | #![cfg_attr(feature = "cargo-clippy", deny(warnings))]
[INFO] [stdout]   |             ^^^^^^^^^^^^^^^^^^^^^^^^
[INFO] [stdout]   |
[INFO] [stdout]   = note: expected values for `feature` are: `default`, `nightly`, `png`, `wayland`, `wayland-client`, `x11`, and `x11-dl`
[INFO] [stdout]   = help: consider adding `cargo-clippy` as a feature in `Cargo.toml`
[INFO] [stdout]   = note: see <https://doc.rust-lang.org/nightly/rustc/check-cfg/cargo-specifics.html> for more information about checking conditional configuration
[INFO] [stdout]   = note: `#[warn(unexpected_cfgs)]` on by default
[INFO] [stdout] 
[INFO] [stdout] 
[INFO] [stdout] warning: unused import: `crate::config::mouse::Mouse`
[INFO] [stdout]   --> alacritty/src/config/mod.rs:32:9
[INFO] [stdout]    |
[INFO] [stdout] 32 | pub use crate::config::mouse::Mouse;
[INFO] [stdout]    |         ^^^^^^^^^^^^^^^^^^^^^^^^^^^
[INFO] [stdout]    |
[INFO] [stdout]    = note: `#[warn(unused_imports)]` on by default
[INFO] [stdout] 
[INFO] [stdout] 
[INFO] [stdout] warning: field `lines_scrolled` is never read
[INFO] [stdout]     --> alacritty/src/event.rs:1126:9
[INFO] [stdout]      |
[INFO] [stdout] 1117 | pub struct Mouse {
[INFO] [stdout]      |            ----- field in this struct
[INFO] [stdout] ...
[INFO] [stdout] 1126 |     pub lines_scrolled: f32,
[INFO] [stdout]      |         ^^^^^^^^^^^^^^
[INFO] [stdout]      |
[INFO] [stdout]      = note: `Mouse` has a derived impl for the trait `Debug`, but this is intentionally ignored during dead code analysis
[INFO] [stdout]      = note: `#[warn(dead_code)]` on by default
[INFO] [stdout] 
[INFO] [stdout] 
[INFO] [stdout] warning: method `event_loop` is never used
[INFO] [stdout]    --> alacritty/src/input.rs:106:8
[INFO] [stdout]     |
[INFO] [stdout] 78  | pub trait ActionContext<T: EventListener> {
[INFO] [stdout]     |           ------------- method in this trait
[INFO] [stdout] ...
[INFO] [stdout] 106 |     fn event_loop(&self) -> &EventLoopWindowTarget<Event>;
[INFO] [stdout]     |        ^^^^^^^^^^
[INFO] [stdout] 
[INFO] [stdout] 
[INFO] [stderr]     Finished `test` profile [unoptimized + debuginfo] target(s) in 41.12s
[INFO] running `Command { std: "docker" "inspect" "92dc3c36ec9373d41e448212cf85234fdefb0d5237cd3082e57d9baf2fffdb09", kill_on_drop: false }`
[INFO] running `Command { std: "docker" "rm" "-f" "92dc3c36ec9373d41e448212cf85234fdefb0d5237cd3082e57d9baf2fffdb09", kill_on_drop: false }`
[INFO] [stdout] 92dc3c36ec9373d41e448212cf85234fdefb0d5237cd3082e57d9baf2fffdb09
[INFO] running `Command { std: "docker" "create" "-v" "/var/lib/crater-agent-workspace/builds/worker-6-tc2/target:/opt/rustwide/target:rw,Z" "-v" "/var/lib/crater-agent-workspace/builds/worker-6-tc2/source:/opt/rustwide/workdir:ro,Z" "-v" "/var/lib/crater-agent-workspace/cargo-home:/opt/rustwide/cargo-home:ro,Z" "-v" "/var/lib/crater-agent-workspace/rustup-home:/opt/rustwide/rustup-home:ro,Z" "-e" "SOURCE_DIR=/opt/rustwide/workdir" "-e" "CARGO_TARGET_DIR=/opt/rustwide/target" "-e" "CARGO_INCREMENTAL=0" "-e" "RUST_BACKTRACE=full" "-e" "RUSTFLAGS=--cap-lints=forbid -Zrandomize-layout" "-e" "RUSTDOCFLAGS=--cap-lints=forbid" "-e" "CARGO_HOME=/opt/rustwide/cargo-home" "-e" "RUSTUP_HOME=/opt/rustwide/rustup-home" "-w" "/opt/rustwide/workdir" "-m" "1610612736" "--user" "0:0" "--network" "none" "ghcr.io/rust-lang/crates-build-env/linux@sha256:4a844ea9eb2546a2d2c7022eacef16ef2e8229c7fbb2c7d4d55a9ceca922f72d" "/opt/rustwide/cargo-home/bin/cargo" "+nightly-2024-10-28" "test" "--frozen", kill_on_drop: false }`
[INFO] [stdout] 0e17a782d4d10721fbfa2aeca7a56c6ccae643424e5d568074081619f2e6bbd0
[INFO] running `Command { std: "docker" "start" "-a" "0e17a782d4d10721fbfa2aeca7a56c6ccae643424e5d568074081619f2e6bbd0", kill_on_drop: false }`
[INFO] [stderr] warning: unexpected `cfg` condition value: `cargo-clippy`
[INFO] [stderr]  --> alacritty_config_derive/src/lib.rs:2:13
[INFO] [stderr]   |
[INFO] [stderr] 2 | #![cfg_attr(feature = "cargo-clippy", deny(warnings))]
[INFO] [stderr]   |             ^^^^^^^^^^^^^^^^^^^^^^^^ help: remove the condition
[INFO] [stderr]   |
[INFO] [stderr]   = note: no expected values for `feature`
[INFO] [stderr]   = help: consider adding `cargo-clippy` as a feature in `Cargo.toml`
[INFO] [stderr]   = note: see <https://doc.rust-lang.org/nightly/rustc/check-cfg/cargo-specifics.html> for more information about checking conditional configuration
[INFO] [stderr]   = note: `#[warn(unexpected_cfgs)]` on by default
[INFO] [stderr] 
[INFO] [stderr] warning: `alacritty_config_derive` (lib) generated 1 warning
[INFO] [stderr] warning: unexpected `cfg` condition value: `cargo-clippy`
[INFO] [stderr]  --> alacritty_terminal/src/lib.rs:5:13
[INFO] [stderr]   |
[INFO] [stderr] 5 | #![cfg_attr(feature = "cargo-clippy", deny(warnings))]
[INFO] [stderr]   |             ^^^^^^^^^^^^^^^^^^^^^^^^ help: remove the condition
[INFO] [stderr]   |
[INFO] [stderr]   = note: no expected values for `feature`
[INFO] [stderr]   = help: consider adding `cargo-clippy` as a feature in `Cargo.toml`
[INFO] [stderr]   = note: see <https://doc.rust-lang.org/nightly/rustc/check-cfg/cargo-specifics.html> for more information about checking conditional configuration
[INFO] [stderr]   = note: `#[warn(unexpected_cfgs)]` on by default
[INFO] [stderr] 
[INFO] [stderr] warning: `alacritty_terminal` (lib) generated 1 warning
[INFO] [stderr] warning: creating a mutable reference to mutable static is discouraged
[INFO] [stderr]   --> alacritty_config_derive/tests/config.rs:83:9
[INFO] [stderr]    |
[INFO] [stderr] 83 |         LOGGER.as_mut().unwrap()
[INFO] [stderr]    |         ^^^^^^^^^^^^^^^ mutable reference to mutable static
[INFO] [stderr]    |
[INFO] [stderr]    = note: for more information, see <https://doc.rust-lang.org/nightly/edition-guide/rust-2024/static-mut-references.html>
[INFO] [stderr]    = note: mutable references to mutable statics are dangerous; it's undefined behavior if any other pointer to the static is used or if any other reference is created for the static while the mutable reference lives
[INFO] [stderr]    = note: `#[warn(static_mut_refs)]` on by default
[INFO] [stderr] 
[INFO] [stderr] warning: `alacritty_config_derive` (test "config") generated 1 warning
[INFO] [stderr] warning: `alacritty_config_derive` (lib test) generated 1 warning (1 duplicate)
[INFO] [stderr] warning: unexpected `cfg` condition value: `cargo-clippy`
[INFO] [stderr]  --> alacritty/src/main.rs:5:13
[INFO] [stderr]   |
[INFO] [stderr] 5 | #![cfg_attr(feature = "cargo-clippy", deny(warnings))]
[INFO] [stderr]   |             ^^^^^^^^^^^^^^^^^^^^^^^^
[INFO] [stderr]   |
[INFO] [stderr]   = note: expected values for `feature` are: `default`, `nightly`, `png`, `wayland`, `wayland-client`, `x11`, and `x11-dl`
[INFO] [stderr]   = help: consider adding `cargo-clippy` as a feature in `Cargo.toml`
[INFO] [stderr]   = note: see <https://doc.rust-lang.org/nightly/rustc/check-cfg/cargo-specifics.html> for more information about checking conditional configuration
[INFO] [stderr]   = note: `#[warn(unexpected_cfgs)]` on by default
[INFO] [stderr] 
[INFO] [stderr] warning: unused import: `crate::config::mouse::Mouse`
[INFO] [stderr]   --> alacritty/src/config/mod.rs:32:9
[INFO] [stderr]    |
[INFO] [stderr] 32 | pub use crate::config::mouse::Mouse;
[INFO] [stderr]    |         ^^^^^^^^^^^^^^^^^^^^^^^^^^^
[INFO] [stderr]    |
[INFO] [stderr]    = note: `#[warn(unused_imports)]` on by default
[INFO] [stderr] 
[INFO] [stderr] warning: field `lines_scrolled` is never read
[INFO] [stderr]     --> alacritty/src/event.rs:1126:9
[INFO] [stderr]      |
[INFO] [stderr] 1117 | pub struct Mouse {
[INFO] [stderr]      |            ----- field in this struct
[INFO] [stderr] ...
[INFO] [stderr] 1126 |     pub lines_scrolled: f32,
[INFO] [stderr]      |         ^^^^^^^^^^^^^^
[INFO] [stderr]      |
[INFO] [stderr]      = note: `Mouse` has a derived impl for the trait `Debug`, but this is intentionally ignored during dead code analysis
[INFO] [stderr]      = note: `#[warn(dead_code)]` on by default
[INFO] [stderr] 
[INFO] [stderr] warning: method `event_loop` is never used
[INFO] [stderr]    --> alacritty/src/input.rs:106:8
[INFO] [stderr]     |
[INFO] [stderr] 78  | pub trait ActionContext<T: EventListener> {
[INFO] [stderr]     |           ------------- method in this trait
[INFO] [stderr] ...
[INFO] [stderr] 106 |     fn event_loop(&self) -> &EventLoopWindowTarget<Event>;
[INFO] [stderr]     |        ^^^^^^^^^^
[INFO] [stderr] 
[INFO] [stderr] warning: `alacritty` (bin "alacritty" test) generated 4 warnings (run `cargo fix --bin "alacritty" --tests` to apply 1 suggestion)
[INFO] [stderr] warning: `alacritty_terminal` (lib test) generated 1 warning (1 duplicate)
[INFO] [stderr]     Finished `test` profile [unoptimized + debuginfo] target(s) in 0.18s
[INFO] [stderr]      Running unittests src/main.rs (/opt/rustwide/target/debug/deps/alacritty-831b0bfbbdd47ad6)
[INFO] [stdout] 
[INFO] [stdout] running 73 tests
[INFO] [stdout] test cli::tests::dynamic_title_ignoring_options_by_default ... ok
[INFO] [stdout] test cli::tests::dynamic_title_not_overridden_by_config ... ok
[INFO] [stdout] test cli::tests::dynamic_title_overridden_by_options ... ok
[INFO] [stdout] test cli::tests::invalid_hex_to_decimal ... ok
[INFO] [stdout] test cli::tests::parse_general_class ... ok
[INFO] [stdout] test cli::tests::float_option_as_value ... ok
[INFO] [stdout] test cli::tests::invalid_option_as_value ... ok
[INFO] [stdout] test cli::tests::parse_instance_class ... ok
[INFO] [stdout] test cli::tests::parse_invalid_class ... ok
[INFO] [stdout] test cli::tests::valid_decimal ... ok
[INFO] [stdout] test cli::tests::valid_hex_to_decimal ... ok
[INFO] [stdout] test config::bindings::tests::binding_matches_different_action ... ok
[INFO] [stdout] test config::bindings::tests::binding_matches_identical_mode ... ok
[INFO] [stdout] test config::bindings::tests::binding_matches_itself ... ok
[INFO] [stdout] test config::bindings::tests::binding_matches_modes ... ok
[INFO] [stdout] test config::bindings::tests::binding_matches_mode_notmode ... ok
[INFO] [stdout] test cli::tests::valid_option_as_value ... ok
[INFO] [stdout] test config::bindings::tests::binding_matches_notmodes ... ok
[INFO] [stdout] test config::bindings::tests::binding_matches_partial_intersection ... ok
[INFO] [stdout] test config::bindings::tests::binding_mismatches_notmode ... ok
[INFO] [stdout] test config::bindings::tests::binding_trigger_modes ... ok
[INFO] [stdout] test config::bindings::tests::binding_trigger_mods ... ok
[INFO] [stdout] test config::bindings::tests::binding_mismatches_unrelated ... ok
[INFO] [stdout] test config::bindings::tests::binding_trigger_notmodes ... ok
[INFO] [stdout] test config::bindings::tests::binding_with_mode_matches_empty_mode ... ok
[INFO] [stdout] test config::bindings::tests::mods_binding_requires_strict_match ... ok
[INFO] [stdout] test config::serde_utils::tests::merge_primitive ... ok
[INFO] [stdout] test config::serde_utils::tests::merge_sequence ... ok
[INFO] [stdout] test config::serde_utils::tests::merge_tables ... ok
[INFO] [stdout] test display::damage::tests::damage_rect_math ... ok
[INFO] [stdout] test display::hint::tests::hint_label_generation ... ok
[INFO] [stdout] test display::hint::tests::collect_unique_hyperlinks ... ok
[INFO] [stdout] test config::bindings::tests::binding_trigger_input ... ok
[INFO] [stdout] test config::tests::empty_config ... ok
[INFO] [stdout] test config::bindings::tests::binding_without_mode_matches_any_mode ... ok
[INFO] [stdout] test input::tests::multi_click_separate_buttons ... ok
[INFO] [stdout] test input::tests::process_binding_appcursormode_nomod_require_appcursor ... ok
[INFO] [stdout] test input::tests::process_binding_appcursormode_appkeypadmode_nomod_require_appcursor ... ok
[INFO] [stdout] test input::tests::double_click ... ok
[INFO] [stdout] test input::tests::double_click_failed ... ok
[INFO] [stdout] test input::tests::process_binding_fail_with_extra_mods ... ok
[INFO] [stdout] test cli::tests::completions ... ok
[INFO] [stdout] test input::tests::process_binding_nomode_controlmod ... ok
[INFO] [stdout] test input::tests::process_binding_nomode_nomod_require_not_appcursor ... ok
[INFO] [stdout] test input::tests::process_binding_nomode_nomod_require_shift ... ok
[INFO] [stdout] test input::tests::process_binding_nomode_nomod_require_appcursor ... ok
[INFO] [stdout] test input::tests::process_binding_nomode_shiftmod_require_shift ... ok
[INFO] [stdout] test message_bar::tests::add_newline_for_button ... ok
[INFO] [stdout] test input::tests::single_right_click ... ok
[INFO] [stdout] test input::tests::single_middle_click ... ok
[INFO] [stdout] test input::tests::triple_click_failed ... ok
[INFO] [stdout] test input::tests::triple_click ... ok
[INFO] [stdout] test message_bar::tests::hide_truncated_when_too_narrow ... ok
[INFO] [stdout] test message_bar::tests::appends_close_button ... ok
[INFO] [stdout] test message_bar::tests::empty_with_shortterm ... ok
[INFO] [stdout] test message_bar::tests::hide_button_when_too_narrow ... ok
[INFO] [stdout] test message_bar::tests::remove_duplicates ... ok
[INFO] [stdout] test message_bar::tests::pop ... ok
[INFO] [stdout] test input::tests::single_click ... ok
[INFO] [stdout] test message_bar::tests::multiline_close_button_first_line ... ok
[INFO] [stdout] test message_bar::tests::remove_target ... ok
[INFO] [stdout] test message_bar::tests::strip_whitespace_at_linebreak ... ok
[INFO] [stdout] test message_bar::tests::splits_on_length ... ok
[INFO] [stdout] test message_bar::tests::wrap_on_words ... ok
[INFO] [stdout] test message_bar::tests::truncates_long_messages ... ok
[INFO] [stdout] test display::hint::tests::closed_bracket_does_not_result_in_infinite_iterator ... ok
[INFO] [stdout] test message_bar::tests::splits_on_newline ... ok
[INFO] [stdout] test message_bar::tests::wrap_with_unicode ... ok
[INFO] [stdout] test string::tests::into_shortened_with_shortener ... ok
[INFO] [stdout] test migrate::tests::move_values ... ok
[INFO] [stdout] test string::tests::into_shortened_without_shortener ... ok
[INFO] [stdout] test renderer::text::builtin_font::tests::builtin_line_drawing_glyphs_coverage ... ok
[INFO] [stdout] test display::hint::tests::visible_regex_match_covers_entire_viewport ... ok
[INFO] [stdout] 
[INFO] [stdout] test result: ok. 73 passed; 0 failed; 0 ignored; 0 measured; 0 filtered out; finished in 0.03s
[INFO] [stdout] 
[INFO] [stderr]      Running unittests src/lib.rs (/opt/rustwide/target/debug/deps/alacritty_config-684b59de1fc72565)
[INFO] [stdout] 
[INFO] [stdout] running 0 tests
[INFO] [stdout] 
[INFO] [stdout] test result: ok. 0 passed; 0 failed; 0 ignored; 0 measured; 0 filtered out; finished in 0.00s
[INFO] [stdout] 
[INFO] [stderr]      Running unittests src/lib.rs (/opt/rustwide/target/debug/deps/alacritty_config_derive-f957037a9152579f)
[INFO] [stdout] 
[INFO] [stdout] running 0 tests
[INFO] [stdout] 
[INFO] [stdout] test result: ok. 0 passed; 0 failed; 0 ignored; 0 measured; 0 filtered out; finished in 0.00s
[INFO] [stdout] 
[INFO] [stderr]      Running tests/config.rs (/opt/rustwide/target/debug/deps/config-525719f395c6e104)
[INFO] [stdout] 
[INFO] [stdout] running 4 tests
[INFO] [stdout] test field_replacement ... ok
[INFO] [stdout] test replace_derive ... ok
[INFO] [stdout] test replace_flatten ... ok
[INFO] [stdout] test config_deserialize ... ok
[INFO] [stdout] 
[INFO] [stdout] test result: ok. 4 passed; 0 failed; 0 ignored; 0 measured; 0 filtered out; finished in 0.00s
[INFO] [stdout] 
[INFO] [stderr]      Running unittests src/lib.rs (/opt/rustwide/target/debug/deps/alacritty_terminal-8125dcef2bb03687)
[INFO] [stdout] 
[INFO] [stdout] running 115 tests
[INFO] [stdout] test grid::storage::tests::indexing ... ok
[INFO] [stdout] test grid::storage::tests::rotate ... ok
[INFO] [stdout] test grid::storage::tests::rotate_wrap_zero ... ok
[INFO] [stdout] test grid::storage::tests::grow_after_zero ... ok
[INFO] [stdout] test grid::storage::tests::initialize ... ok
[INFO] [stdout] test grid::storage::tests::shrink_after_zero ... ok
[INFO] [stdout] test grid::storage::tests::shrink_before_zero ... ok
[INFO] [stdout] test grid::storage::tests::grow_before_zero ... ok
[INFO] [stdout] test grid::storage::tests::shrink_before_and_after_zero ... ok
[INFO] [stdout] test grid::storage::tests::truncate_invisible_lines ... ok
[INFO] [stdout] test grid::storage::tests::shrink_then_grow ... ok
[INFO] [stdout] test grid::storage::tests::truncate_invisible_lines_beginning ... ok
[INFO] [stdout] test grid::storage::tests::with_capacity ... ok
[INFO] [stdout] test grid::tests::grow_reflow_disabled ... ok
[INFO] [stdout] test grid::tests::grow_reflow_multiline ... ok
[INFO] [stdout] test grid::tests::scroll_down ... ok
[INFO] [stdout] test grid::tests::grow_reflow ... ok
[INFO] [stdout] test grid::tests::shrink_reflow ... ok
[INFO] [stdout] test grid::tests::shrink_reflow_empty_cell_inside_line ... ok
[INFO] [stdout] test grid::tests::shrink_reflow_disabled ... ok
[INFO] [stdout] test grid::tests::shrink_reflow_twice ... ok
[INFO] [stdout] test index::tests::add ... ok
[INFO] [stdout] test grid::tests::test_iter ... ok
[INFO] [stdout] test grid::tests::scroll_up ... ok
[INFO] [stdout] test grid::tests::scroll_down_with_history ... ok
[INFO] [stdout] test index::tests::add_grid_clamp ... ok
[INFO] [stdout] test index::tests::add_clamp ... ok
[INFO] [stdout] test index::tests::add_none_clamp ... ok
[INFO] [stdout] test index::tests::sub ... ok
[INFO] [stdout] test index::tests::sub_clamp ... ok
[INFO] [stdout] test index::tests::add_wrap ... ok
[INFO] [stdout] test index::tests::location_ordering ... ok
[INFO] [stdout] test index::tests::sub_wrap ... ok
[INFO] [stdout] test selection::tests::across_adjacent_lines_upward_final_cell_exclusive ... ok
[INFO] [stdout] test selection::tests::between_adjacent_cells_left_to_right ... ok
[INFO] [stdout] test index::tests::sub_grid_clamp ... ok
[INFO] [stdout] test selection::tests::rotate_in_region_down ... ok
[INFO] [stdout] test selection::tests::block_selection ... ok
[INFO] [stdout] test selection::tests::between_adjacent_cells_right_to_left ... ok
[INFO] [stdout] test index::tests::sub_none_clamp ... ok
[INFO] [stdout] test selection::tests::rotate_in_region_up ... ok
[INFO] [stdout] test selection::tests::line_selection ... ok
[INFO] [stdout] test selection::tests::block_is_empty ... ok
[INFO] [stdout] test selection::tests::rotate_in_region_up_block ... ok
[INFO] [stdout] test selection::tests::semantic_selection ... ok
[INFO] [stdout] test selection::tests::selection_bigger_then_smaller ... ok
[INFO] [stdout] test selection::tests::range_intersection ... ok
[INFO] [stdout] test selection::tests::single_cell_right_to_left ... ok
[INFO] [stdout] test selection::tests::simple_is_empty ... ok
[INFO] [stdout] test selection::tests::simple_selection ... ok
[INFO] [stdout] test selection::tests::single_cell_left_to_right ... ok
[INFO] [stdout] test term::cell::tests::line_length_works ... ok
[INFO] [stdout] test term::cell::tests::line_length_works_with_wrapline ... ok
[INFO] [stdout] test term::search::tests::end_on_fullwidth ... ok
[INFO] [stdout] test term::search::tests::include_linebreak_left ... ok
[INFO] [stdout] test term::search::tests::fullwidth ... ok
[INFO] [stdout] test term::search::tests::include_linebreak_right ... ok
[INFO] [stdout] test term::search::tests::leading_spacer ... ok
[INFO] [stdout] test term::search::tests::no_match_left ... ok
[INFO] [stdout] test term::search::tests::no_match_right ... ok
[INFO] [stdout] test term::search::tests::regex_left ... ok
[INFO] [stdout] test term::search::tests::multibyte_unicode ... ok
[INFO] [stdout] test term::search::tests::reverse_search_dead_recovery ... ok
[INFO] [stdout] test term::search::tests::regex_right ... ok
[INFO] [stdout] test term::search::tests::singlecell_fullwidth ... ok
[INFO] [stdout] test term::search::tests::wrapping ... ok
[INFO] [stdout] test term::search::tests::skip_dead_cell ... ok
[INFO] [stdout] test term::search::tests::wide_without_spacer ... ok
[INFO] [stdout] test term::tests::block_selection_works ... ok
[INFO] [stdout] test term::search::tests::wrap_around_to_another_end ... ok
[INFO] [stdout] test term::tests::clearing_scrollback_resets_display_offset ... ok
[INFO] [stdout] test term::tests::clear_saved_lines ... ok
[INFO] [stdout] test term::tests::clearing_scrollback_sets_vi_cursor_into_viewport ... ok
[INFO] [stdout] test term::tests::damage_cursor_movements ... ok
[INFO] [stdout] test term::tests::damage_public_usage ... ok
[INFO] [stdout] test term::tests::clearing_viewport_with_vi_mode_keeps_history_position ... ok
[INFO] [stdout] test term::tests::clearing_viewport_keeps_history_position ... ok
[INFO] [stdout] test term::search::tests::nested_regex ... ok
[INFO] [stdout] test term::search::tests::wrapping_into_fullwidth ... ok
[INFO] [stdout] test term::tests::input_line_drawing_character ... ok
[INFO] [stdout] test term::tests::parse_cargo_version ... ok
[INFO] [stdout] test term::tests::line_selection_works ... ok
[INFO] [stdout] test term::tests::scroll_display_page_down ... ok
[INFO] [stdout] test term::tests::scroll_display_page_up ... ok
[INFO] [stdout] test term::tests::semantic_selection_works ... ok
[INFO] [stdout] test term::tests::shrink_lines_updates_active_cursor_pos ... ok
[INFO] [stdout] test term::tests::simple_selection_works ... ok
[INFO] [stdout] test grid::storage::tests::indexing_above_inner_len - should panic ... ok
[INFO] [stdout] test term::tests::vi_cursor_keep_pos_on_scrollback_buffer ... ok
[INFO] [stdout] test term::tests::full_damage ... ok
[INFO] [stdout] test term::tests::window_title ... ok
[INFO] [stdout] test tty::unix::test_get_pw_entry ... ok
[INFO] [stdout] test term::cell::tests::cell_size_is_below_cap ... FAILED
[INFO] [stdout] test vi_mode::tests::motion_bracket ... ok
[INFO] [stdout] test vi_mode::tests::motion_first_occupied ... ok
[INFO] [stdout] test vi_mode::tests::motion_high_middle_low ... ok
[INFO] [stdout] test vi_mode::tests::motion_semantic_left_start ... ok
[INFO] [stdout] test vi_mode::tests::motion_semantic_right_start ... ok
[INFO] [stdout] test vi_mode::tests::motion_semantic_left_end ... ok
[INFO] [stdout] test vi_mode::tests::motion_semantic_right_end ... ok
[INFO] [stdout] test vi_mode::tests::motion_simple ... ok
[INFO] [stdout] test vi_mode::tests::motion_start_end ... ok
[INFO] [stdout] test vi_mode::tests::motion_word ... ok
[INFO] [stdout] test vi_mode::tests::scroll_over_top ... ok
[INFO] [stdout] test vi_mode::tests::scroll_over_bottom ... ok
[INFO] [stdout] test vi_mode::tests::scroll_simple ... ok
[INFO] [stdout] test term::tests::grid_serde ... ok
[INFO] [stdout] test vi_mode::tests::scroll_semantic ... ok
[INFO] [stdout] test vi_mode::tests::simple_wide ... ok
[INFO] [stdout] test vi_mode::tests::word_wide ... ok
[INFO] [stdout] test vi_mode::tests::semantic_wide ... ok
[INFO] [stdout] test vi_mode::tests::scroll_word ... ok
[INFO] [stdout] test term::tests::shrink_lines_updates_inactive_cursor_pos ... ok
[INFO] [stdout] test term::tests::grow_lines_updates_active_cursor_pos ... ok
[INFO] [stdout] test term::tests::grow_lines_updates_inactive_cursor_pos ... ok
[INFO] [stdout] 
[INFO] [stdout] failures:
[INFO] [stdout] 
[INFO] [stdout] ---- term::cell::tests::cell_size_is_below_cap stdout ----
[INFO] [stdout] thread 'term::cell::tests::cell_size_is_below_cap' panicked at alacritty_terminal/src/term/cell.rs:302:9:
[INFO] [stdout] assertion failed: mem::size_of::<Cell>() <= EXPECTED_CELL_SIZE
[INFO] [stdout] stack backtrace:
[INFO] [stdout]    0:     0x6273065d6a5a - std::backtrace_rs::backtrace::libunwind::trace::h207520d6e9873551
[INFO] [stdout]                                at /rustc/df4ca44d3fbc9301ee17f30f4d474e6ae4b05252/library/std/src/../../backtrace/src/backtrace/libunwind.rs:116:5
[INFO] [stdout]    1:     0x6273065d6a5a - std::backtrace_rs::backtrace::trace_unsynchronized::h2ed7433f370e3eca
[INFO] [stdout]                                at /rustc/df4ca44d3fbc9301ee17f30f4d474e6ae4b05252/library/std/src/../../backtrace/src/backtrace/mod.rs:66:5
[INFO] [stdout]    2:     0x6273065d6a5a - std::sys::backtrace::_print_fmt::h916fac51166b18d7
[INFO] [stdout]                                at /rustc/df4ca44d3fbc9301ee17f30f4d474e6ae4b05252/library/std/src/sys/backtrace.rs:66:9
[INFO] [stdout]    3:     0x6273065d6a5a - <std::sys::backtrace::BacktraceLock::print::DisplayBacktrace as core::fmt::Display>::fmt::ha0a4c9b8ce3802e6
[INFO] [stdout]                                at /rustc/df4ca44d3fbc9301ee17f30f4d474e6ae4b05252/library/std/src/sys/backtrace.rs:39:26
[INFO] [stdout]    4:     0x6273065fd223 - core::fmt::rt::Argument::fmt::h4cfc8587d52b3eb5
[INFO] [stdout]                                at /rustc/df4ca44d3fbc9301ee17f30f4d474e6ae4b05252/library/core/src/fmt/rt.rs:177:76
[INFO] [stdout]    5:     0x6273065fd223 - core::fmt::write::h522cc39e5b36ae9f
[INFO] [stdout]                                at /rustc/df4ca44d3fbc9301ee17f30f4d474e6ae4b05252/library/core/src/fmt/mod.rs:1190:21
[INFO] [stdout]    6:     0x6273065d36c3 - std::io::Write::write_fmt::h7d3c26752da97734
[INFO] [stdout]                                at /rustc/df4ca44d3fbc9301ee17f30f4d474e6ae4b05252/library/std/src/io/mod.rs:1839:15
[INFO] [stdout]    7:     0x6273065d68a2 - std::sys::backtrace::BacktraceLock::print::h4b9e00b29e9c0942
[INFO] [stdout]                                at /rustc/df4ca44d3fbc9301ee17f30f4d474e6ae4b05252/library/std/src/sys/backtrace.rs:42:9
[INFO] [stdout]    8:     0x6273065d7eea - std::panicking::default_hook::{{closure}}::hb59b88280d0324d9
[INFO] [stdout]                                at /rustc/df4ca44d3fbc9301ee17f30f4d474e6ae4b05252/library/std/src/panicking.rs:268:22
[INFO] [stdout]    9:     0x6273065d7cf4 - std::panicking::default_hook::he1dd496665be4a29
[INFO] [stdout]                                at /rustc/df4ca44d3fbc9301ee17f30f4d474e6ae4b05252/library/std/src/panicking.rs:292:9
[INFO] [stdout]   10:     0x6273064f3919 - <alloc::boxed::Box<F,A> as core::ops::function::Fn<Args>>::call::h4ff71de18744e1dc
[INFO] [stdout]                                at /rustc/df4ca44d3fbc9301ee17f30f4d474e6ae4b05252/library/alloc/src/boxed.rs:2468:9
[INFO] [stdout]   11:     0x6273064f3919 - test::test_main::{{closure}}::hcf7c055ce117aa81
[INFO] [stdout]                                at /rustc/df4ca44d3fbc9301ee17f30f4d474e6ae4b05252/library/test/src/lib.rs:133:21
[INFO] [stdout]   12:     0x6273065d85e8 - <alloc::boxed::Box<F,A> as core::ops::function::Fn<Args>>::call::h1d66c6bbd60c9692
[INFO] [stdout]                                at /rustc/df4ca44d3fbc9301ee17f30f4d474e6ae4b05252/library/alloc/src/boxed.rs:2468:9
[INFO] [stdout]   13:     0x6273065d85e8 - std::panicking::rust_panic_with_hook::h2ff17fe8f26dfcf8
[INFO] [stdout]                                at /rustc/df4ca44d3fbc9301ee17f30f4d474e6ae4b05252/library/std/src/panicking.rs:809:13
[INFO] [stdout]   14:     0x6273065d8376 - std::panicking::begin_panic_handler::{{closure}}::h4fad77951c07e101
[INFO] [stdout]                                at /rustc/df4ca44d3fbc9301ee17f30f4d474e6ae4b05252/library/std/src/panicking.rs:667:13
[INFO] [stdout]   15:     0x6273065d6f39 - std::sys::backtrace::__rust_end_short_backtrace::hb1a25b3da5d0ea08
[INFO] [stdout]                                at /rustc/df4ca44d3fbc9301ee17f30f4d474e6ae4b05252/library/std/src/sys/backtrace.rs:170:18
[INFO] [stdout]   16:     0x6273065d803c - rust_begin_unwind
[INFO] [stdout]                                at /rustc/df4ca44d3fbc9301ee17f30f4d474e6ae4b05252/library/std/src/panicking.rs:665:5
[INFO] [stdout]   17:     0x6273065fbbe0 - core::panicking::panic_fmt::ha9db07b529f9b256
[INFO] [stdout]                                at /rustc/df4ca44d3fbc9301ee17f30f4d474e6ae4b05252/library/core/src/panicking.rs:75:14
[INFO] [stdout]   18:     0x6273065fbc6c - core::panicking::panic::h993086813d94accc
[INFO] [stdout]                                at /rustc/df4ca44d3fbc9301ee17f30f4d474e6ae4b05252/library/core/src/panicking.rs:152:5
[INFO] [stdout]   19:     0x627306449548 - alacritty_terminal::term::cell::tests::cell_size_is_below_cap::h6f874508b4781f8d
[INFO] [stdout]                                at /opt/rustwide/workdir/alacritty_terminal/src/term/cell.rs:302:9
[INFO] [stdout]   20:     0x627306449507 - alacritty_terminal::term::cell::tests::cell_size_is_below_cap::{{closure}}::h94d3cce4ad83635b
[INFO] [stdout]                                at /opt/rustwide/workdir/alacritty_terminal/src/term/cell.rs:297:32
[INFO] [stdout]   21:     0x627306437a66 - core::ops::function::FnOnce::call_once::hb133e1aaaa26d67e
[INFO] [stdout]                                at /rustc/df4ca44d3fbc9301ee17f30f4d474e6ae4b05252/library/core/src/ops/function.rs:250:5
[INFO] [stdout]   22:     0x6273064f81eb - core::ops::function::FnOnce::call_once::h22c3ba5715e93f05
[INFO] [stdout]                                at /rustc/df4ca44d3fbc9301ee17f30f4d474e6ae4b05252/library/core/src/ops/function.rs:250:5
[INFO] [stdout]   23:     0x6273064f81eb - test::__rust_begin_short_backtrace::h8e82d8113d0da17f
[INFO] [stdout]                                at /rustc/df4ca44d3fbc9301ee17f30f4d474e6ae4b05252/library/test/src/lib.rs:621:18
[INFO] [stdout]   24:     0x6273064f7b67 - test::run_test_in_process::{{closure}}::h33235f4f20b7b7c7
[INFO] [stdout]                                at /rustc/df4ca44d3fbc9301ee17f30f4d474e6ae4b05252/library/test/src/lib.rs:644:60
[INFO] [stdout]   25:     0x6273064f7b67 - <core::panic::unwind_safe::AssertUnwindSafe<F> as core::ops::function::FnOnce<()>>::call_once::hb5043206310c586f
[INFO] [stdout]                                at /rustc/df4ca44d3fbc9301ee17f30f4d474e6ae4b05252/library/core/src/panic/unwind_safe.rs:272:9
[INFO] [stdout]   26:     0x6273064f7b67 - std::panicking::try::do_call::h9ad4731a60ab23e2
[INFO] [stdout]                                at /rustc/df4ca44d3fbc9301ee17f30f4d474e6ae4b05252/library/std/src/panicking.rs:557:40
[INFO] [stdout]   27:     0x6273064f7b67 - std::panicking::try::h3824d23db772a716
[INFO] [stdout]                                at /rustc/df4ca44d3fbc9301ee17f30f4d474e6ae4b05252/library/std/src/panicking.rs:520:19
[INFO] [stdout]   28:     0x6273064f7b67 - std::panic::catch_unwind::h5afd514605fde46b
[INFO] [stdout]                                at /rustc/df4ca44d3fbc9301ee17f30f4d474e6ae4b05252/library/std/src/panic.rs:358:14
[INFO] [stdout]   29:     0x6273064f7b67 - test::run_test_in_process::h0d5cbfa7067d1720
[INFO] [stdout]                                at /rustc/df4ca44d3fbc9301ee17f30f4d474e6ae4b05252/library/test/src/lib.rs:644:27
[INFO] [stdout]   30:     0x6273064f7b67 - test::run_test::{{closure}}::h708eb8872708115d
[INFO] [stdout]                                at /rustc/df4ca44d3fbc9301ee17f30f4d474e6ae4b05252/library/test/src/lib.rs:565:43
[INFO] [stdout]   31:     0x6273064bb284 - test::run_test::{{closure}}::h392c51cee94713ab
[INFO] [stdout]                                at /rustc/df4ca44d3fbc9301ee17f30f4d474e6ae4b05252/library/test/src/lib.rs:595:41
[INFO] [stdout]   32:     0x6273064bb284 - std::sys::backtrace::__rust_begin_short_backtrace::h2f40290710935a8b
[INFO] [stdout]                                at /rustc/df4ca44d3fbc9301ee17f30f4d474e6ae4b05252/library/std/src/sys/backtrace.rs:154:18
[INFO] [stdout]   33:     0x6273064bea2e - std::thread::Builder::spawn_unchecked_::{{closure}}::{{closure}}::h3fd968d89053a903
[INFO] [stdout]                                at /rustc/df4ca44d3fbc9301ee17f30f4d474e6ae4b05252/library/std/src/thread/mod.rs:541:17
[INFO] [stdout]   34:     0x6273064bea2e - <core::panic::unwind_safe::AssertUnwindSafe<F> as core::ops::function::FnOnce<()>>::call_once::h743f637ba4229880
[INFO] [stdout]                                at /rustc/df4ca44d3fbc9301ee17f30f4d474e6ae4b05252/library/core/src/panic/unwind_safe.rs:272:9
[INFO] [stdout]   35:     0x6273064bea2e - std::panicking::try::do_call::h07440897322525a6
[INFO] [stdout]                                at /rustc/df4ca44d3fbc9301ee17f30f4d474e6ae4b05252/library/std/src/panicking.rs:557:40
[INFO] [stdout]   36:     0x6273064bea2e - std::panicking::try::he5a2e00188156637
[INFO] [stdout]                                at /rustc/df4ca44d3fbc9301ee17f30f4d474e6ae4b05252/library/std/src/panicking.rs:520:19
[INFO] [stdout]   37:     0x6273064bea2e - std::panic::catch_unwind::hbaf3cae49b3c6433
[INFO] [stdout]                                at /rustc/df4ca44d3fbc9301ee17f30f4d474e6ae4b05252/library/std/src/panic.rs:358:14
[INFO] [stdout]   38:     0x6273064bea2e - std::thread::Builder::spawn_unchecked_::{{closure}}::h8e141ea224820bce
[INFO] [stdout]                                at /rustc/df4ca44d3fbc9301ee17f30f4d474e6ae4b05252/library/std/src/thread/mod.rs:540:30
[INFO] [stdout]   39:     0x6273064bea2e - core::ops::function::FnOnce::call_once{{vtable.shim}}::h90d312fedd7b8ea8
[INFO] [stdout]                                at /rustc/df4ca44d3fbc9301ee17f30f4d474e6ae4b05252/library/core/src/ops/function.rs:250:5
[INFO] [stdout]   40:     0x6273065dc3db - <alloc::boxed::Box<F,A> as core::ops::function::FnOnce<Args>>::call_once::h69aa08ddb6adb8b6
[INFO] [stdout]                                at /rustc/df4ca44d3fbc9301ee17f30f4d474e6ae4b05252/library/alloc/src/boxed.rs:2454:9
[INFO] [stdout]   41:     0x6273065dc3db - <alloc::boxed::Box<F,A> as core::ops::function::FnOnce<Args>>::call_once::h5aa36efdb79c806f
[INFO] [stdout]                                at /rustc/df4ca44d3fbc9301ee17f30f4d474e6ae4b05252/library/alloc/src/boxed.rs:2454:9
[INFO] [stdout]   42:     0x6273065dc3db - std::sys::pal::unix::thread::Thread::new::thread_start::h6cd80a1b4be5158d
[INFO] [stdout]                                at /rustc/df4ca44d3fbc9301ee17f30f4d474e6ae4b05252/library/std/src/sys/pal/unix/thread.rs:105:17
[INFO] [stdout]   43:     0x767ed92fbac3 - <unknown>
[INFO] [stdout]   44:     0x767ed938ca04 - clone
[INFO] [stdout]   45:                0x0 - <unknown>
[INFO] [stdout] 
[INFO] [stdout] 
[INFO] [stdout] failures:
[INFO] [stdout]     term::cell::tests::cell_size_is_below_cap
[INFO] [stdout] 
[INFO] [stdout] test result: FAILED. 114 passed; 1 failed; 0 ignored; 0 measured; 0 filtered out; finished in 0.05s
[INFO] [stdout] 
[INFO] [stderr] error: test failed, to rerun pass `-p alacritty_terminal --lib`
[INFO] running `Command { std: "docker" "inspect" "0e17a782d4d10721fbfa2aeca7a56c6ccae643424e5d568074081619f2e6bbd0", kill_on_drop: false }`
[INFO] running `Command { std: "docker" "rm" "-f" "0e17a782d4d10721fbfa2aeca7a56c6ccae643424e5d568074081619f2e6bbd0", kill_on_drop: false }`
[INFO] [stdout] 0e17a782d4d10721fbfa2aeca7a56c6ccae643424e5d568074081619f2e6bbd0
