[INFO] cloning repository https://github.com/d702e20/OnTheFlyATL
[INFO] running `Command { std: "git" "-c" "credential.helper=" "-c" "credential.helper=/workspace/cargo-home/bin/git-credential-null" "clone" "--bare" "https://github.com/d702e20/OnTheFlyATL" "/workspace/cache/git-repos/https%3A%2F%2Fgithub.com%2Fd702e20%2FOnTheFlyATL", kill_on_drop: false }`
[INFO] [stderr] Cloning into bare repository '/workspace/cache/git-repos/https%3A%2F%2Fgithub.com%2Fd702e20%2FOnTheFlyATL'...
[INFO] running `Command { std: "git" "rev-parse" "HEAD", kill_on_drop: false }`
[INFO] [stdout] b52e4e0ed3d32000f36c00a50d3eeb0e046cfe3a
[INFO] testing d702e20/OnTheFlyATL/b52e4e0ed3d32000f36c00a50d3eeb0e046cfe3a against nightly-2024-10-28+rustflags=-Zrandomize-layout for randomize-layout
[INFO] running `Command { std: "git" "clone" "/workspace/cache/git-repos/https%3A%2F%2Fgithub.com%2Fd702e20%2FOnTheFlyATL" "/workspace/builds/worker-1-tc2/source", kill_on_drop: false }`
[INFO] [stderr] Cloning into '/workspace/builds/worker-1-tc2/source'...
[INFO] [stderr] done.
[INFO] validating manifest of git repo https://github.com/d702e20/OnTheFlyATL on toolchain nightly-2024-10-28
[INFO] running `Command { std: CARGO_HOME="/workspace/cargo-home" RUSTUP_HOME="/workspace/rustup-home" "/workspace/cargo-home/bin/cargo" "+nightly-2024-10-28" "metadata" "--manifest-path" "Cargo.toml" "--no-deps", kill_on_drop: false }`
[INFO] started tweaking git repo https://github.com/d702e20/OnTheFlyATL
[INFO] finished tweaking git repo https://github.com/d702e20/OnTheFlyATL
[INFO] tweaked toml for git repo https://github.com/d702e20/OnTheFlyATL written to /workspace/builds/worker-1-tc2/source/Cargo.toml
[INFO] running `Command { std: CARGO_HOME="/workspace/cargo-home" RUSTUP_HOME="/workspace/rustup-home" "/workspace/cargo-home/bin/cargo" "+nightly-2024-10-28" "generate-lockfile" "--manifest-path" "Cargo.toml", kill_on_drop: false }`
[INFO] [stderr]     Updating crates.io index
[INFO] [stderr]      Locking 139 packages to latest compatible versions
[INFO] [stderr]       Adding clap v2.34.0 (available: v4.5.20)
[INFO] [stderr]       Adding joinery v2.1.0 (available: v3.1.0)
[INFO] [stderr]       Adding priority-queue v1.4.0 (available: v2.1.1)
[INFO] [stderr]       Adding tracing-subscriber v0.2.25 (available: v0.3.18)
[INFO] running `Command { std: CARGO_HOME="/workspace/cargo-home" RUSTUP_HOME="/workspace/rustup-home" "/workspace/cargo-home/bin/cargo" "+nightly-2024-10-28" "fetch" "--manifest-path" "Cargo.toml", kill_on_drop: false }`
[INFO] running `Command { std: "docker" "create" "-v" "/var/lib/crater-agent-workspace/builds/worker-1-tc2/target:/opt/rustwide/target:rw,Z" "-v" "/var/lib/crater-agent-workspace/builds/worker-1-tc2/source:/opt/rustwide/workdir:ro,Z" "-v" "/var/lib/crater-agent-workspace/cargo-home:/opt/rustwide/cargo-home:ro,Z" "-v" "/var/lib/crater-agent-workspace/rustup-home:/opt/rustwide/rustup-home:ro,Z" "-e" "SOURCE_DIR=/opt/rustwide/workdir" "-e" "CARGO_TARGET_DIR=/opt/rustwide/target" "-e" "CARGO_HOME=/opt/rustwide/cargo-home" "-e" "RUSTUP_HOME=/opt/rustwide/rustup-home" "-w" "/opt/rustwide/workdir" "-m" "1610612736" "--user" "0:0" "--network" "none" "ghcr.io/rust-lang/crates-build-env/linux@sha256:4a844ea9eb2546a2d2c7022eacef16ef2e8229c7fbb2c7d4d55a9ceca922f72d" "/opt/rustwide/cargo-home/bin/cargo" "+nightly-2024-10-28" "metadata" "--no-deps" "--format-version=1", kill_on_drop: false }`
[INFO] [stdout] 6490985977f31860339de17cc0f7b7e09f9e63ac82ce142f37eecb5472abc718
[INFO] running `Command { std: "docker" "start" "-a" "6490985977f31860339de17cc0f7b7e09f9e63ac82ce142f37eecb5472abc718", kill_on_drop: false }`
[INFO] running `Command { std: "docker" "inspect" "6490985977f31860339de17cc0f7b7e09f9e63ac82ce142f37eecb5472abc718", kill_on_drop: false }`
[INFO] running `Command { std: "docker" "rm" "-f" "6490985977f31860339de17cc0f7b7e09f9e63ac82ce142f37eecb5472abc718", kill_on_drop: false }`
[INFO] [stdout] 6490985977f31860339de17cc0f7b7e09f9e63ac82ce142f37eecb5472abc718
[INFO] running `Command { std: "docker" "create" "-v" "/var/lib/crater-agent-workspace/builds/worker-1-tc2/target:/opt/rustwide/target:rw,Z" "-v" "/var/lib/crater-agent-workspace/builds/worker-1-tc2/source:/opt/rustwide/workdir:ro,Z" "-v" "/var/lib/crater-agent-workspace/cargo-home:/opt/rustwide/cargo-home:ro,Z" "-v" "/var/lib/crater-agent-workspace/rustup-home:/opt/rustwide/rustup-home:ro,Z" "-e" "SOURCE_DIR=/opt/rustwide/workdir" "-e" "CARGO_TARGET_DIR=/opt/rustwide/target" "-e" "CARGO_INCREMENTAL=0" "-e" "RUST_BACKTRACE=full" "-e" "RUSTFLAGS=--cap-lints=forbid -Zrandomize-layout" "-e" "RUSTDOCFLAGS=--cap-lints=forbid" "-e" "CARGO_HOME=/opt/rustwide/cargo-home" "-e" "RUSTUP_HOME=/opt/rustwide/rustup-home" "-w" "/opt/rustwide/workdir" "-m" "1610612736" "--user" "0:0" "--network" "none" "ghcr.io/rust-lang/crates-build-env/linux@sha256:4a844ea9eb2546a2d2c7022eacef16ef2e8229c7fbb2c7d4d55a9ceca922f72d" "/opt/rustwide/cargo-home/bin/cargo" "+nightly-2024-10-28" "build" "--frozen" "--message-format=json", kill_on_drop: false }`
[INFO] [stdout] 56cef44aa1da8f6f5fb1814dbd9f16768b6cd80eaf78b55430f6457571cf4ea7
[INFO] running `Command { std: "docker" "start" "-a" "56cef44aa1da8f6f5fb1814dbd9f16768b6cd80eaf78b55430f6457571cf4ea7", kill_on_drop: false }`
[INFO] [stderr]    Compiling autocfg v1.4.0
[INFO] [stderr]    Compiling proc-macro2 v1.0.89
[INFO] [stderr]    Compiling unicode-ident v1.0.13
[INFO] [stderr]    Compiling libc v0.2.161
[INFO] [stderr]    Compiling once_cell v1.20.2
[INFO] [stderr]    Compiling regex-syntax v0.8.5
[INFO] [stderr]    Compiling serde v1.0.214
[INFO] [stderr]    Compiling rawpointer v0.2.1
[INFO] [stderr]    Compiling ndarray v0.13.1
[INFO] [stderr]    Compiling byteorder v1.5.0
[INFO] [stderr]    Compiling crossbeam-utils v0.8.20
[INFO] [stderr]    Compiling regex-syntax v0.6.29
[INFO] [stderr]    Compiling hashbrown v0.12.3
[INFO] [stderr]    Compiling serde_json v1.0.132
[INFO] [stderr]    Compiling pin-project-lite v0.2.15
[INFO] [stderr]    Compiling unicode-width v0.1.14
[INFO] [stderr]    Compiling matrixmultiply v0.2.4
[INFO] [stderr]    Compiling ansi_term v0.12.1
[INFO] [stderr]    Compiling ryu v1.0.18
[INFO] [stderr]    Compiling iana-time-zone v0.1.61
[INFO] [stderr]    Compiling tracing-core v0.1.32
[INFO] [stderr]    Compiling itoa v1.0.11
[INFO] [stderr]    Compiling lazy_static v1.5.0
[INFO] [stderr]    Compiling thread_local v1.1.8
[INFO] [stderr]    Compiling textwrap v0.11.0
[INFO] [stderr]    Compiling sharded-slab v0.1.7
[INFO] [stderr]    Compiling float-ord v0.3.2
[INFO] [stderr]    Compiling vec_map v0.8.2
[INFO] [stderr]    Compiling strsim v0.8.0
[INFO] [stderr]    Compiling joinery v2.1.0
[INFO] [stderr]    Compiling num-traits v0.2.19
[INFO] [stderr]    Compiling num-complex v0.2.4
[INFO] [stderr]    Compiling indexmap v1.9.3
[INFO] [stderr]    Compiling priority-queue v1.4.0
[INFO] [stderr]    Compiling tracing-log v0.1.4
[INFO] [stderr]    Compiling crossbeam-channel v0.5.13
[INFO] [stderr]    Compiling quote v1.0.37
[INFO] [stderr]    Compiling syn v2.0.87
[INFO] [stderr]    Compiling getrandom v0.2.15
[INFO] [stderr]    Compiling atty v0.2.14
[INFO] [stderr]    Compiling num_cpus v1.16.0
[INFO] [stderr]    Compiling clap v2.34.0
[INFO] [stderr]    Compiling rand_core v0.6.4
[INFO] [stderr]    Compiling num-integer v0.1.46
[INFO] [stderr]    Compiling num-traits v0.1.43
[INFO] [stderr]    Compiling chrono v0.4.38
[INFO] [stderr]    Compiling regex-automata v0.1.10
[INFO] [stderr]    Compiling regex-automata v0.4.8
[INFO] [stderr]    Compiling matchers v0.0.1
[INFO] [stderr]    Compiling sprs v0.7.1
[INFO] [stderr]    Compiling bstr v1.10.0
[INFO] [stderr]    Compiling regex v1.11.1
[INFO] [stderr]    Compiling minilp v0.2.2
[INFO] [stderr]    Compiling serde_derive v1.0.214
[INFO] [stderr]    Compiling zerocopy-derive v0.7.35
[INFO] [stderr]    Compiling tracing-attributes v0.1.27
[INFO] [stderr]    Compiling git-version-macro v0.3.9
[INFO] [stderr]    Compiling pom v3.4.0
[INFO] [stderr]    Compiling git-version v0.3.9
[INFO] [stderr]    Compiling zerocopy v0.7.35
[INFO] [stderr]    Compiling tracing v0.1.40
[INFO] [stderr]    Compiling ppv-lite86 v0.2.20
[INFO] [stderr]    Compiling rand_chacha v0.3.1
[INFO] [stderr]    Compiling rand v0.8.5
[INFO] [stderr]    Compiling tracing-serde v0.1.3
[INFO] [stderr]    Compiling cgaal-engine v2.0.1 (/opt/rustwide/workdir/cgaal-engine)
[INFO] [stdout] warning: elided lifetime has a name
[INFO] [stdout]   --> cgaal-engine/src/edg/atledg/pmoves.rs:85:57
[INFO] [stdout]    |
[INFO] [stdout] 83 | impl<'a> PartialMoveIterator<'a> {
[INFO] [stdout]    |      -- lifetime `'a` declared here
[INFO] [stdout] 84 |     /// Create a new PartialMoveIterator
[INFO] [stdout] 85 |     pub(crate) fn new(partial_move: &'a PartialMove) -> PartialMoveIterator {
[INFO] [stdout]    |                                                         ^^^^^^^^^^^^^^^^^^^ this elided lifetime gets resolved as `'a`
[INFO] [stdout]    |
[INFO] [stdout]    = note: `#[warn(elided_named_lifetimes)]` on by default
[INFO] [stdout] 
[INFO] [stdout] 
[INFO] [stderr]    Compiling tracing-subscriber v0.2.25
[INFO] [stderr]    Compiling cgaal v2.0.3 (/opt/rustwide/workdir/cgaal-cli)
[INFO] [stderr]     Finished `dev` profile [unoptimized + debuginfo] target(s) in 11.63s
[INFO] running `Command { std: "docker" "inspect" "56cef44aa1da8f6f5fb1814dbd9f16768b6cd80eaf78b55430f6457571cf4ea7", kill_on_drop: false }`
[INFO] running `Command { std: "docker" "rm" "-f" "56cef44aa1da8f6f5fb1814dbd9f16768b6cd80eaf78b55430f6457571cf4ea7", kill_on_drop: false }`
[INFO] [stdout] 56cef44aa1da8f6f5fb1814dbd9f16768b6cd80eaf78b55430f6457571cf4ea7
[INFO] running `Command { std: "docker" "create" "-v" "/var/lib/crater-agent-workspace/builds/worker-1-tc2/target:/opt/rustwide/target:rw,Z" "-v" "/var/lib/crater-agent-workspace/builds/worker-1-tc2/source:/opt/rustwide/workdir:ro,Z" "-v" "/var/lib/crater-agent-workspace/cargo-home:/opt/rustwide/cargo-home:ro,Z" "-v" "/var/lib/crater-agent-workspace/rustup-home:/opt/rustwide/rustup-home:ro,Z" "-e" "SOURCE_DIR=/opt/rustwide/workdir" "-e" "CARGO_TARGET_DIR=/opt/rustwide/target" "-e" "CARGO_INCREMENTAL=0" "-e" "RUST_BACKTRACE=full" "-e" "RUSTFLAGS=--cap-lints=forbid -Zrandomize-layout" "-e" "RUSTDOCFLAGS=--cap-lints=forbid" "-e" "CARGO_HOME=/opt/rustwide/cargo-home" "-e" "RUSTUP_HOME=/opt/rustwide/rustup-home" "-w" "/opt/rustwide/workdir" "-m" "1610612736" "--user" "0:0" "--network" "none" "ghcr.io/rust-lang/crates-build-env/linux@sha256:4a844ea9eb2546a2d2c7022eacef16ef2e8229c7fbb2c7d4d55a9ceca922f72d" "/opt/rustwide/cargo-home/bin/cargo" "+nightly-2024-10-28" "test" "--frozen" "--no-run" "--message-format=json", kill_on_drop: false }`
[INFO] [stdout] 178416a209f50a48af6e918d0f336329b7cf0c51d8322b997c508327b6003a86
[INFO] running `Command { std: "docker" "start" "-a" "178416a209f50a48af6e918d0f336329b7cf0c51d8322b997c508327b6003a86", kill_on_drop: false }`
[INFO] [stderr]    Compiling crossbeam-utils v0.8.20
[INFO] [stderr]    Compiling serde v1.0.214
[INFO] [stderr]    Compiling rayon-core v1.12.1
[INFO] [stderr]    Compiling either v1.13.0
[INFO] [stderr]    Compiling half v2.4.1
[INFO] [stderr]    Compiling ciborium-io v0.2.2
[INFO] [stderr]    Compiling plotters-backend v0.3.7
[INFO] [stderr]    Compiling anstyle v1.0.10
[INFO] [stderr]    Compiling matchers v0.1.0
[INFO] [stderr]    Compiling cast v0.3.0
[INFO] [stderr]    Compiling same-file v1.0.6
[INFO] [stderr]    Compiling test-log-macros v0.2.16
[INFO] [stderr]    Compiling is-terminal v0.4.13
[INFO] [stderr]    Compiling oorandom v11.1.4
[INFO] [stderr]    Compiling anes v0.1.6
[INFO] [stderr]    Compiling walkdir v2.5.0
[INFO] [stderr]    Compiling tracing-subscriber v0.3.18
[INFO] [stderr]    Compiling itertools v0.10.5
[INFO] [stderr]    Compiling clap_builder v4.5.20
[INFO] [stderr]    Compiling plotters-svg v0.3.7
[INFO] [stderr]    Compiling ciborium-ll v0.2.2
[INFO] [stderr]    Compiling plotters v0.3.7
[INFO] [stderr]    Compiling crossbeam-epoch v0.9.18
[INFO] [stderr]    Compiling crossbeam-channel v0.5.13
[INFO] [stderr]    Compiling crossbeam-deque v0.8.5
[INFO] [stderr]    Compiling test-log v0.2.16
[INFO] [stderr]    Compiling rayon v1.10.0
[INFO] [stderr]    Compiling criterion-plot v0.5.0
[INFO] [stderr]    Compiling clap v4.5.20
[INFO] [stderr]    Compiling serde_json v1.0.132
[INFO] [stderr]    Compiling tracing-serde v0.1.3
[INFO] [stderr]    Compiling ciborium v0.2.2
[INFO] [stderr]    Compiling cgaal-engine v2.0.1 (/opt/rustwide/workdir/cgaal-engine)
[INFO] [stdout] warning: elided lifetime has a name
[INFO] [stdout]   --> cgaal-engine/src/edg/atledg/pmoves.rs:85:57
[INFO] [stdout]    |
[INFO] [stdout] 83 | impl<'a> PartialMoveIterator<'a> {
[INFO] [stdout]    |      -- lifetime `'a` declared here
[INFO] [stdout] 84 |     /// Create a new PartialMoveIterator
[INFO] [stdout] 85 |     pub(crate) fn new(partial_move: &'a PartialMove) -> PartialMoveIterator {
[INFO] [stdout]    |                                                         ^^^^^^^^^^^^^^^^^^^ this elided lifetime gets resolved as `'a`
[INFO] [stdout]    |
[INFO] [stdout]    = note: `#[warn(elided_named_lifetimes)]` on by default
[INFO] [stdout] 
[INFO] [stdout] 
[INFO] [stderr]    Compiling tinytemplate v1.2.1
[INFO] [stderr]    Compiling tracing-subscriber v0.2.25
[INFO] [stderr]    Compiling criterion v0.5.1
[INFO] [stderr]    Compiling cgaal v2.0.3 (/opt/rustwide/workdir/cgaal-cli)
[INFO] [stdout] warning: elided lifetime has a name
[INFO] [stdout]   --> cgaal-engine/src/edg/atledg/pmoves.rs:85:57
[INFO] [stdout]    |
[INFO] [stdout] 83 | impl<'a> PartialMoveIterator<'a> {
[INFO] [stdout]    |      -- lifetime `'a` declared here
[INFO] [stdout] 84 |     /// Create a new PartialMoveIterator
[INFO] [stdout] 85 |     pub(crate) fn new(partial_move: &'a PartialMove) -> PartialMoveIterator {
[INFO] [stdout]    |                                                         ^^^^^^^^^^^^^^^^^^^ this elided lifetime gets resolved as `'a`
[INFO] [stdout]    |
[INFO] [stdout]    = note: `#[warn(elided_named_lifetimes)]` on by default
[INFO] [stdout] 
[INFO] [stdout] 
[INFO] [stderr]     Finished `test` profile [unoptimized + debuginfo] target(s) in 18.95s
[INFO] running `Command { std: "docker" "inspect" "178416a209f50a48af6e918d0f336329b7cf0c51d8322b997c508327b6003a86", kill_on_drop: false }`
[INFO] running `Command { std: "docker" "rm" "-f" "178416a209f50a48af6e918d0f336329b7cf0c51d8322b997c508327b6003a86", kill_on_drop: false }`
[INFO] [stdout] 178416a209f50a48af6e918d0f336329b7cf0c51d8322b997c508327b6003a86
[INFO] running `Command { std: "docker" "create" "-v" "/var/lib/crater-agent-workspace/builds/worker-1-tc2/target:/opt/rustwide/target:rw,Z" "-v" "/var/lib/crater-agent-workspace/builds/worker-1-tc2/source:/opt/rustwide/workdir:ro,Z" "-v" "/var/lib/crater-agent-workspace/cargo-home:/opt/rustwide/cargo-home:ro,Z" "-v" "/var/lib/crater-agent-workspace/rustup-home:/opt/rustwide/rustup-home:ro,Z" "-e" "SOURCE_DIR=/opt/rustwide/workdir" "-e" "CARGO_TARGET_DIR=/opt/rustwide/target" "-e" "CARGO_INCREMENTAL=0" "-e" "RUST_BACKTRACE=full" "-e" "RUSTFLAGS=--cap-lints=forbid -Zrandomize-layout" "-e" "RUSTDOCFLAGS=--cap-lints=forbid" "-e" "CARGO_HOME=/opt/rustwide/cargo-home" "-e" "RUSTUP_HOME=/opt/rustwide/rustup-home" "-w" "/opt/rustwide/workdir" "-m" "1610612736" "--user" "0:0" "--network" "none" "ghcr.io/rust-lang/crates-build-env/linux@sha256:4a844ea9eb2546a2d2c7022eacef16ef2e8229c7fbb2c7d4d55a9ceca922f72d" "/opt/rustwide/cargo-home/bin/cargo" "+nightly-2024-10-28" "test" "--frozen", kill_on_drop: false }`
[INFO] [stdout] 8e7a99ee55bd402197e590816e6a234dc0ca482199360123eab2ed3c456258ca
[INFO] running `Command { std: "docker" "start" "-a" "8e7a99ee55bd402197e590816e6a234dc0ca482199360123eab2ed3c456258ca", kill_on_drop: false }`
[INFO] [stderr] warning: elided lifetime has a name
[INFO] [stderr]   --> cgaal-engine/src/edg/atledg/pmoves.rs:85:57
[INFO] [stderr]    |
[INFO] [stderr] 83 | impl<'a> PartialMoveIterator<'a> {
[INFO] [stderr]    |      -- lifetime `'a` declared here
[INFO] [stderr] 84 |     /// Create a new PartialMoveIterator
[INFO] [stderr] 85 |     pub(crate) fn new(partial_move: &'a PartialMove) -> PartialMoveIterator {
[INFO] [stderr]    |                                                         ^^^^^^^^^^^^^^^^^^^ this elided lifetime gets resolved as `'a`
[INFO] [stderr]    |
[INFO] [stderr]    = note: `#[warn(elided_named_lifetimes)]` on by default
[INFO] [stderr] 
[INFO] [stderr] warning: `cgaal-engine` (lib) generated 1 warning
[INFO] [stderr] warning: `cgaal-engine` (lib test) generated 1 warning (1 duplicate)
[INFO] [stderr]     Finished `test` profile [unoptimized + debuginfo] target(s) in 0.08s
[INFO] [stderr]      Running unittests src/main.rs (/opt/rustwide/target/debug/deps/cgaal-22f6ed4e3611ff1c)
[INFO] [stdout] 
[INFO] [stdout] running 0 tests
[INFO] [stdout] 
[INFO] [stdout] test result: ok. 0 passed; 0 failed; 0 ignored; 0 measured; 0 filtered out; finished in 0.00s
[INFO] [stdout] 
[INFO] [stderr]      Running unittests src/lib.rs (/opt/rustwide/target/debug/deps/cgaal_engine-fb882349f9d52e29)
[INFO] [stdout] 
[INFO] [stdout] running 125 tests
[INFO] [stdout] test algorithms::certain_zero::search_strategy::linear_constraints::test::non_linear_constraint_01 ... ok
[INFO] [stdout] test algorithms::certain_zero::search_strategy::composite::test::composite_search_strategy_001 ... ok
[INFO] [stdout] test algorithms::certain_zero::search_strategy::linear_constraints::test::non_linear_constraint_02 ... ok
[INFO] [stdout] test algorithms::certain_zero::search_strategy::linear_constraints::test::non_linear_constraint_03 ... ok
[INFO] [stdout] test algorithms::certain_zero::search_strategy::linear_constraints::test::non_linear_constraint_04 ... ok
[INFO] [stdout] test algorithms::certain_zero::search_strategy::linear_constraints::test::non_linear_constraint_05 ... ok
[INFO] [stdout] test algorithms::certain_zero::search_strategy::linear_constraints::test::normal_linear_constraint_01 ... ok
[INFO] [stdout] test algorithms::certain_zero::search_strategy::linear_constraints::test::normal_linear_constraint_02 ... ok
[INFO] [stdout] test algorithms::certain_zero::search_strategy::linear_constraints::test::normal_linear_constraint_03 ... ok
[INFO] [stdout] test algorithms::certain_zero::search_strategy::linear_constraints::test::normal_linear_constraint_04 ... ok
[INFO] [stdout] test algorithms::certain_zero::search_strategy::linear_constraints::test::normal_linear_constraint_06 ... ok
[INFO] [stdout] test algorithms::certain_zero::search_strategy::linear_constraints::test::normal_linear_constraint_05 ... ok
[INFO] [stdout] test algorithms::certain_zero::search_strategy::linear_constraints::test::other_linear_constraint_01 ... ok
[INFO] [stdout] test algorithms::certain_zero::search_strategy::linear_constraints::test::other_linear_constraint_02 ... ok
[INFO] [stdout] test algorithms::certain_zero::search_strategy::linear_constraints::test::other_linear_constraint_05 ... ok
[INFO] [stdout] test algorithms::certain_zero::search_strategy::linear_constraints::test::other_linear_constraint_03 ... ok
[INFO] [stdout] test algorithms::certain_zero::search_strategy::linear_constraints::test::simple_comparison_01 ... ok
[INFO] [stdout] test algorithms::certain_zero::search_strategy::linear_constraints::test::simple_comparison_02 ... ok
[INFO] [stdout] test algorithms::certain_zero::search_strategy::linear_constraints::test::simple_comparison_03 ... ok
[INFO] [stdout] test algorithms::certain_zero::search_strategy::linear_constraints::test::other_linear_constraint_04 ... ok
[INFO] [stdout] test algorithms::certain_zero::search_strategy::linear_constraints::test::simple_comparison_04 ... ok
[INFO] [stdout] test algorithms::certain_zero::test::test_dcz_empty_hyper_edge ... ok
[INFO] [stdout] test algorithms::certain_zero::test::test_dcz_no_successors ... ok
[INFO] [stdout] test algorithms::global::multithread::test::test_multi_global_algorithm_empty_hyper_edge ... ok
[INFO] [stdout] test algorithms::certain_zero::test::test_dcz_general_06 ... ok
[INFO] [stdout] test algorithms::certain_zero::test::test_dcz_negation_01 ... ok
[INFO] [stdout] test algorithms::certain_zero::test::test_dcz_negation_03 ... ok
[INFO] [stdout] test algorithms::certain_zero::test::test_dcz_general_01 ... ok
[INFO] [stdout] test algorithms::certain_zero::test::test_dcz_general_04 ... ok
[INFO] [stdout] test algorithms::certain_zero::test::test_dcz_negation_04 ... ok
[INFO] [stdout] test algorithms::global::multithread::test::test_multi_global_algorithm_general_01 ... ok
[INFO] [stdout] test algorithms::certain_zero::test::test_dcz_general_08 ... ok
[INFO] [stdout] test algorithms::certain_zero::test::test_dcz_general_07 ... ok
[INFO] [stdout] test algorithms::certain_zero::test::test_dcz_general_05 ... ok
[INFO] [stdout] test algorithms::global::multithread::test::test_multi_global_algorithm_negation_01 ... ok
[INFO] [stdout] test algorithms::global::multithread::test::test_multi_global_algorithm_general_06 ... ok
[INFO] [stdout] test algorithms::global::multithread::test::test_multi_global_algorithm_general_02 ... ok
[INFO] [stdout] test algorithms::global::multithread::test::test_multi_global_algorithm_general_04 ... ok
[INFO] [stdout] test algorithms::certain_zero::test::test_dcz_general_02 ... ok
[INFO] [stdout] test algorithms::global::multithread::test::test_multi_global_algorithm_general_08 ... ok
[INFO] [stdout] test algorithms::global::multithread::test::test_multi_global_algorithm_general_05 ... ok
[INFO] [stdout] test algorithms::global::multithread::test::test_multi_global_algorithm_no_successors ... ok
[INFO] [stdout] test algorithms::global::singlethread::test::test_global_algorithm_general_04 ... ok
[INFO] [stdout] test algorithms::global::singlethread::test::test_global_algorithm_general_05 ... ok
[INFO] [stdout] test algorithms::global::singlethread::test::test_global_algorithm_general_06 ... ok
[INFO] [stdout] test algorithms::global::singlethread::test::test_global_algorithm_general_07 ... ok
[INFO] [stdout] test algorithms::global::singlethread::test::test_global_algorithm_general_03 ... ok
[INFO] [stdout] test algorithms::global::singlethread::test::test_global_algorithm_general_08 ... ok
[INFO] [stdout] test algorithms::global::singlethread::test::test_global_algorithm_negation_01 ... ok
[INFO] [stdout] test algorithms::global::singlethread::test::test_global_algorithm_negation_03 ... ok
[INFO] [stdout] test algorithms::global::singlethread::test::test_global_algorithm_negation_02 ... ok
[INFO] [stdout] test algorithms::global::singlethread::test::test_global_algorithm_negation_04 ... ok
[INFO] [stdout] test algorithms::global::singlethread::test::test_global_algorithm_negation_05 ... ok
[INFO] [stdout] test algorithms::global::singlethread::test::test_global_algorithm_negation_to_undecided_01 ... ok
[INFO] [stdout] test algorithms::certain_zero::test::test_dcz_negation_02 ... ok
[INFO] [stdout] test algorithms::global::multithread::test::test_multi_global_algorithm_negation_04 ... ok
[INFO] [stdout] test algorithms::global::singlethread::test::test_global_algorithm_empty_hyper_edge ... ok
[INFO] [stdout] test algorithms::global::singlethread::test::test_global_algorithm_general_02 ... ok
[INFO] [stdout] test algorithms::global::singlethread::test::test_global_algorithm_general_01 ... ok
[INFO] [stdout] test algorithms::global::multithread::test::test_multi_global_algorithm_negation_05 ... ok
[INFO] [stdout] test algorithms::solve_set::test::test_mss_avoid_double_counting_01 ... ok
[INFO] [stdout] test algorithms::global::multithread::test::test_multi_global_algorithm_general_03 ... ok
[INFO] [stdout] test algorithms::solve_set::test::test_mss_avoid_double_counting_02 ... ok
[INFO] [stdout] test algorithms::global::singlethread::test::test_global_algorithm_no_successors ... ok
[INFO] [stdout] test algorithms::certain_zero::test::test_dcz_negation_05 ... ok
[INFO] [stdout] test algorithms::solve_set::test::test_mss_basic_01 ... ok
[INFO] [stdout] test algorithms::solve_set::test::test_mss_basic_03 ... ok
[INFO] [stdout] test algorithms::solve_set::test::test_mss_basic_02 ... ok
[INFO] [stdout] test algorithms::solve_set::test::test_mss_basic_04 ... ok
[INFO] [stdout] test algorithms::certain_zero::test::test_dcz_general_03 ... ok
[INFO] [stdout] test algorithms::global::multithread::test::test_multi_global_algorithm_general_07 ... ok
[INFO] [stdout] test algorithms::solve_set::test::test_mss_basic_05 ... ok
[INFO] [stdout] test algorithms::global::multithread::test::test_multi_global_algorithm_negation_02 ... ok
[INFO] [stdout] test algorithms::global::multithread::test::test_multi_global_algorithm_negation_03 ... ok
[INFO] [stdout] test algorithms::solve_set::test::test_mss_basic_06 ... ok
[INFO] [stdout] test algorithms::solve_set::test::test_mss_basic_07 ... ok
[INFO] [stdout] test algorithms::solve_set::test::test_mss_basic_08 ... ok
[INFO] [stdout] test algorithms::solve_set::test::test_mss_basic_09 ... ok
[INFO] [stdout] test algorithms::solve_set::test::test_mss_basic_10 ... ok
[INFO] [stdout] test algorithms::global::multithread::test::test_multi_global_algorithm_negation_to_undecided_01 ... ok
[INFO] [stdout] test algorithms::solve_set::test::test_mss_basic_12 ... ok
[INFO] [stdout] test algorithms::certain_zero::test::test_dcz_negation_to_undecided_01 ... ok
[INFO] [stdout] test algorithms::solve_set::test::test_mss_basic_11 ... ok
[INFO] [stdout] test atl::test::test_display_01 ... ok
[INFO] [stdout] test algorithms::solve_set::test::test_mss_uncertainty_03 ... ok
[INFO] [stdout] test edg::atledg::pmoves::test::partial_move_iterator_01 ... ok
[INFO] [stdout] test algorithms::solve_set::test::test_mss_uncertainty_02 ... ok
[INFO] [stdout] test edg::atledg::pmoves::test::delta_iterator_01 ... ok
[INFO] [stdout] test algorithms::solve_set::test::test_mss_uncertainty_01 ... ok
[INFO] [stdout] test edg::atledg::pmoves::test::vars_iterator_01 ... ok
[INFO] [stdout] test game_structure::lcgs::eval::test::test_max ... ok
[INFO] [stdout] test algorithms::solve_set::test::test_mss_uncertainty_05 ... ok
[INFO] [stdout] test algorithms::solve_set::test::test_mss_uncertainty_04 ... ok
[INFO] [stdout] test edg::atledg::pmoves::test::vars_iterator_02 ... ok
[INFO] [stdout] test edg::atledg::pmoves::test::vars_iterator_03 ... ok
[INFO] [stdout] test game_structure::lcgs::eval::test::test_min ... ok
[INFO] [stdout] test game_structure::lcgs::intermediate::test::test_initial_state_01 ... ok
[INFO] [stdout] test game_structure::lcgs::intermediate::test::test_initial_state_02 ... ok
[INFO] [stdout] test game_structure::lcgs::intermediate::test::test_labels_02 ... ok
[INFO] [stdout] test game_structure::lcgs::intermediate::test::test_labels_01 ... ok
[INFO] [stdout] test game_structure::lcgs::intermediate::test::test_labels_03 ... ok
[INFO] [stdout] test game_structure::lcgs::intermediate::test::test_negation_const_01 ... ok
[INFO] [stdout] test game_structure::lcgs::intermediate::test::test_move_count_01 ... ok
[INFO] [stdout] test game_structure::lcgs::intermediate::test::test_relabeling_02 ... ok
[INFO] [stdout] test game_structure::lcgs::intermediate::test::test_state_translation_01 ... ok
[INFO] [stdout] test game_structure::lcgs::intermediate::test::test_relabeling_03 ... ok
[INFO] [stdout] test game_structure::lcgs::intermediate::test::test_state_translation_05 ... ok
[INFO] [stdout] test game_structure::lcgs::intermediate::test::test_players_01 ... ok
[INFO] [stdout] test game_structure::lcgs::intermediate::test::test_state_translation_02 ... ok
[INFO] [stdout] test game_structure::lcgs::intermediate::test::test_state_translation_04 ... ok
[INFO] [stdout] test game_structure::lcgs::intermediate::test::test_state_translation_03 ... ok
[INFO] [stdout] test game_structure::lcgs::relabeling::test::test_relabeling_expr_01 ... ok
[INFO] [stdout] test game_structure::lcgs::intermediate::test::test_transition_02 ... ok
[INFO] [stdout] test game_structure::lcgs::relabeling::test::test_relabeling_expr_02 ... ok
[INFO] [stdout] test game_structure::lcgs::intermediate::test::test_transition_03 ... ok
[INFO] [stdout] test game_structure::lcgs::relabeling::test::test_relabeling_expr_03 ... ok
[INFO] [stdout] test game_structure::lcgs::relabeling::test::test_relabeling_label_01 ... ok
[INFO] [stdout] test game_structure::lcgs::intermediate::test::test_symbol_02 ... ok
[INFO] [stdout] test game_structure::lcgs::intermediate::test::test_relabeling_01 ... ok
[INFO] [stdout] test game_structure::lcgs::intermediate::test::test_symbol_01 ... ok
[INFO] [stdout] test parsing::errors::tests::error_fmt_001 ... ok
[INFO] [stdout] test parsing::errors::tests::error_fmt_002 ... ok
[INFO] [stdout] test parsing::lexer::tests::lexing_001 ... ok
[INFO] [stdout] test game_structure::lcgs::intermediate::test::test_transition_01 ... ok
[INFO] [stdout] test parsing::lexer::tests::lexing_002 ... ok
[INFO] [stdout] 
[INFO] [stdout] test result: ok. 125 passed; 0 failed; 0 ignored; 0 measured; 0 filtered out; finished in 0.12s
[INFO] [stdout] 
[INFO] [stderr]      Running tests/parsing_expr.rs (/opt/rustwide/target/debug/deps/parsing_expr-536247d3ea833db4)
[INFO] [stdout] 
[INFO] [stdout] running 21 tests
[INFO] [stdout] test atl_expr_002 ... ok
[INFO] [stdout] test atl_expr_001 ... ok
[INFO] [stdout] test atl_expr_003 ... ok
[INFO] [stdout] test atl_expr_004 ... ok
[INFO] [stdout] test atl_expr_005 ... ok
[INFO] [stdout] test basic_expr_001 ... ok
[INFO] [stdout] test atl_expr_erroneous_batch ... ok
[INFO] [stdout] test atl_expr_batch ... ok
[INFO] [stdout] test basic_expr_002 ... ok
[INFO] [stdout] test basic_expr_003 ... ok
[INFO] [stdout] test erroneous_expr_001 ... ok
[INFO] [stdout] test basic_expr_004 ... ok
[INFO] [stdout] test erroneous_expr_002 ... ok
[INFO] [stdout] test erroneous_expr_004 ... ok
[INFO] [stdout] test erroneous_expr_005 ... ok
[INFO] [stdout] test erroneous_expr_003 ... ok
[INFO] [stdout] test erroneous_expr_006 ... ok
[INFO] [stdout] test erroneous_expr_008 ... ok
[INFO] [stdout] test erroneous_expr_007 ... ok
[INFO] [stdout] test expr_batch ... ok
[INFO] [stdout] test expr_erroneous_batch ... ok
[INFO] [stdout] 
[INFO] [stdout] test result: ok. 21 passed; 0 failed; 0 ignored; 0 measured; 0 filtered out; finished in 0.00s
[INFO] [stdout] 
[INFO] [stderr]      Running tests/parsing_lcgs.rs (/opt/rustwide/target/debug/deps/parsing_lcgs-ec544fa1c3281a30)
[INFO] [stdout] 
[INFO] [stdout] running 10 tests
[INFO] [stdout] test action_decl_001 ... ok
[INFO] [stdout] test const_decl_001 ... ok
[INFO] [stdout] test player_decl_001 ... ok
[INFO] [stdout] test lcgs_batch ... ok
[INFO] [stdout] test lcgs_erroneous_batch ... ok
[INFO] [stdout] test state_var_decl_001 ... ok
[INFO] [stdout] test state_label_decl_001 ... ok
[INFO] [stdout] test template_decl_001 ... ok
[INFO] [stdout] test player_decl_002 ... ok
[INFO] [stdout] test template_decl_002 ... ok
[INFO] [stdout] 
[INFO] [stdout] test result: ok. 10 passed; 0 failed; 0 ignored; 0 measured; 0 filtered out; finished in 0.00s
[INFO] [stdout] 
[INFO] [stderr]      Running tests/partial_strategy_synthesis.rs (/opt/rustwide/target/debug/deps/partial_strategy_synthesis-3faf6805132068f4)
[INFO] [stdout] 
[INFO] [stdout] running 19 tests
[INFO] [stdout] test strat_syn_despite_next_false ... ok
[INFO] [stdout] test strat_syn_despite_next_true ... ok
[INFO] [stdout] test strat_syn_enforce_next_true ... ok
[INFO] [stdout] test strat_syn_enforce_next_false ... ok
[INFO] [stdout] test strat_syn_despite_eventually_true ... ok
[INFO] [stdout] test strat_syn_despite_until_false ... ok
[INFO] [stdout] test strat_syn_enforce_invariant_false ... ok
[INFO] [stdout] test test_strat_syn_no_strat_needed ... ok
[INFO] [stdout] test strat_syn_enforce_eventually_undecided ... ok
[INFO] [stdout] test strat_syn_enforce_until_true ... ok
[INFO] [stdout] test strat_syn_despite_invariant_false ... ok
[INFO] [stdout] test strat_syn_despite_eventually_undecided ... ok
[INFO] [stdout] test strat_syn_enforce_eventually_true ... ok
[INFO] [stdout] test strat_syn_enforce_until_undecided ... ok
[INFO] [stdout] test strat_syn_despite_until_undecided ... ok
[INFO] [stdout] test strat_syn_despite_invariant_true ... ok
[INFO] [stdout] test strat_syn_enforce_invariant_true ... ok
[INFO] [stdout] test strat_syn_despite_until_true ... FAILED
[INFO] [stdout] test strat_syn_unsupported_formula ... ok
[INFO] [stdout] 
[INFO] [stdout] failures:
[INFO] [stdout] 
[INFO] [stdout] ---- strat_syn_despite_until_true stdout ----
[INFO] [stdout] thread 'dz_worker_0' panicked at /opt/rustwide/workdir/cgaal-engine/src/algorithms/certain_zero/com.rs:74:33:
[INFO] [stdout] Send to worker 2 failed
[INFO] [stdout] stack backtrace:
[INFO] [stdout]    0:     0x60b41ec66bca - std::backtrace_rs::backtrace::libunwind::trace::h207520d6e9873551
[INFO] [stdout]                                at /rustc/df4ca44d3fbc9301ee17f30f4d474e6ae4b05252/library/std/src/../../backtrace/src/backtrace/libunwind.rs:116:5
[INFO] [stdout]    1:     0x60b41ec66bca - std::backtrace_rs::backtrace::trace_unsynchronized::h2ed7433f370e3eca
[INFO] [stdout]                                at /rustc/df4ca44d3fbc9301ee17f30f4d474e6ae4b05252/library/std/src/../../backtrace/src/backtrace/mod.rs:66:5
[INFO] [stdout]    2:     0x60b41ec66bca - std::sys::backtrace::_print_fmt::h916fac51166b18d7
[INFO] [stdout]                                at /rustc/df4ca44d3fbc9301ee17f30f4d474e6ae4b05252/library/std/src/sys/backtrace.rs:66:9
[INFO] [stdout]    3:     0x60b41ec66bca - <std::sys::backtrace::BacktraceLock::print::DisplayBacktrace as core::fmt::Display>::fmt::ha0a4c9b8ce3802e6
[INFO] [stdout]                                at /rustc/df4ca44d3fbc9301ee17f30f4d474e6ae4b05252/library/std/src/sys/backtrace.rs:39:26
[INFO] [stdout]    4:     0x60b41ec8d663 - core::fmt::rt::Argument::fmt::h4cfc8587d52b3eb5
[INFO] [stdout]                                at /rustc/df4ca44d3fbc9301ee17f30f4d474e6ae4b05252/library/core/src/fmt/rt.rs:177:76
[INFO] [stdout]    5:     0x60b41ec8d663 - core::fmt::write::h522cc39e5b36ae9f
[INFO] [stdout]                                at /rustc/df4ca44d3fbc9301ee17f30f4d474e6ae4b05252/library/core/src/fmt/mod.rs:1190:21
[INFO] [stdout]    6:     0x60b41ec63823 - std::io::Write::write_fmt::h7d3c26752da97734
[INFO] [stdout]                                at /rustc/df4ca44d3fbc9301ee17f30f4d474e6ae4b05252/library/std/src/io/mod.rs:1839:15
[INFO] [stdout]    7:     0x60b41ec66a12 - std::sys::backtrace::BacktraceLock::print::h4b9e00b29e9c0942
[INFO] [stdout]                                at /rustc/df4ca44d3fbc9301ee17f30f4d474e6ae4b05252/library/std/src/sys/backtrace.rs:42:9
[INFO] [stdout]    8:     0x60b41ec6805a - std::panicking::default_hook::{{closure}}::hb59b88280d0324d9
[INFO] [stdout]                                at /rustc/df4ca44d3fbc9301ee17f30f4d474e6ae4b05252/library/std/src/panicking.rs:268:22
[INFO] [stdout]    9:     0x60b41ec67e64 - std::panicking::default_hook::he1dd496665be4a29
[INFO] [stdout]                                at /rustc/df4ca44d3fbc9301ee17f30f4d474e6ae4b05252/library/std/src/panicking.rs:292:9
[INFO] [stdout]   10:     0x60b41ebb98f9 - <alloc::boxed::Box<F,A> as core::ops::function::Fn<Args>>::call::h4ff71de18744e1dc
[INFO] [stdout]                                at /rustc/df4ca44d3fbc9301ee17f30f4d474e6ae4b05252/library/alloc/src/boxed.rs:2468:9
[INFO] [stdout]   11:     0x60b41ebb98f9 - test::test_main::{{closure}}::hcf7c055ce117aa81
[INFO] [stdout]                                at /rustc/df4ca44d3fbc9301ee17f30f4d474e6ae4b05252/library/test/src/lib.rs:133:21
[INFO] [stdout]   12:     0x60b41ec68758 - <alloc::boxed::Box<F,A> as core::ops::function::Fn<Args>>::call::h1d66c6bbd60c9692
[INFO] [stdout]                                at /rustc/df4ca44d3fbc9301ee17f30f4d474e6ae4b05252/library/alloc/src/boxed.rs:2468:9
[INFO] [stdout]   13:     0x60b41ec68758 - std::panicking::rust_panic_with_hook::h2ff17fe8f26dfcf8
[INFO] [stdout]                                at /rustc/df4ca44d3fbc9301ee17f30f4d474e6ae4b05252/library/std/src/panicking.rs:809:13
[INFO] [stdout]   14:     0x60b41ec6851a - std::panicking::begin_panic_handler::{{closure}}::h4fad77951c07e101
[INFO] [stdout]                                at /rustc/df4ca44d3fbc9301ee17f30f4d474e6ae4b05252/library/std/src/panicking.rs:674:13
[INFO] [stdout]   15:     0x60b41ec670a9 - std::sys::backtrace::__rust_end_short_backtrace::hb1a25b3da5d0ea08
[INFO] [stdout]                                at /rustc/df4ca44d3fbc9301ee17f30f4d474e6ae4b05252/library/std/src/sys/backtrace.rs:170:18
[INFO] [stdout]   16:     0x60b41ec681ac - rust_begin_unwind
[INFO] [stdout]                                at /rustc/df4ca44d3fbc9301ee17f30f4d474e6ae4b05252/library/std/src/panicking.rs:665:5
[INFO] [stdout]   17:     0x60b41ec8bcf0 - core::panicking::panic_fmt::ha9db07b529f9b256
[INFO] [stdout]                                at /rustc/df4ca44d3fbc9301ee17f30f4d474e6ae4b05252/library/core/src/panicking.rs:75:14
[INFO] [stdout]   18:     0x60b41eb2fa51 - <cgaal_engine::algorithms::certain_zero::com::ChannelBroker<V> as cgaal_engine::algorithms::certain_zero::com::Broker<V>>::send::{{closure}}::hc03e034494f206dd
[INFO] [stdout]                                at /opt/rustwide/workdir/cgaal-engine/src/algorithms/certain_zero/com.rs:74:33
[INFO] [stdout]   19:     0x60b41eb3d526 - core::result::Result<T,E>::unwrap_or_else::hb9995fa7c0373a1c
[INFO] [stdout]                                at /rustc/df4ca44d3fbc9301ee17f30f4d474e6ae4b05252/library/core/src/result.rs:1457:23
[INFO] [stdout]   20:     0x60b41eb2f93b - <cgaal_engine::algorithms::certain_zero::com::ChannelBroker<V> as cgaal_engine::algorithms::certain_zero::com::Broker<V>>::send::h4638d678d2a45948
[INFO] [stdout]                                at /opt/rustwide/workdir/cgaal-engine/src/algorithms/certain_zero/com.rs:70:9
[INFO] [stdout]   21:     0x60b41eb2e220 - cgaal_engine::algorithms::certain_zero::Worker<B,G,V,S>::explore::hd889cfddf8b7befd
[INFO] [stdout]                                at /opt/rustwide/workdir/cgaal-engine/src/algorithms/certain_zero/mod.rs:531:13
[INFO] [stdout]   22:     0x60b41eb27187 - cgaal_engine::algorithms::certain_zero::Worker<B,G,V,S>::process_hyper_edge::heb402f693544fe6a
[INFO] [stdout]                                at /opt/rustwide/workdir/cgaal-engine/src/algorithms/certain_zero/mod.rs:588:21
[INFO] [stdout]   23:     0x60b41eb22e5d - cgaal_engine::algorithms::certain_zero::Worker<B,G,V,S>::process_edge::haa3c81b71d0b032c
[INFO] [stdout]                                at /opt/rustwide/workdir/cgaal-engine/src/algorithms/certain_zero/mod.rs:441:17
[INFO] [stdout]   24:     0x60b41eb23966 - cgaal_engine::algorithms::certain_zero::Worker<B,G,V,S>::process_task::hc4c8eb035624d5d5
[INFO] [stdout]                                at /opt/rustwide/workdir/cgaal-engine/src/algorithms/certain_zero/mod.rs:430:13
[INFO] [stdout]   25:     0x60b41eb2d8ee - cgaal_engine::algorithms::certain_zero::Worker<B,G,V,S>::run::h94028d6baddf543e
[INFO] [stdout]                                at /opt/rustwide/workdir/cgaal-engine/src/algorithms/certain_zero/mod.rs:277:16
[INFO] [stdout]   26:     0x60b41eb1fe5f - cgaal_engine::algorithms::certain_zero::distributed_certain_zero::{{closure}}::h25b01560e95f35bf
[INFO] [stdout]                                at /opt/rustwide/workdir/cgaal-engine/src/algorithms/certain_zero/mod.rs:61:13
[INFO] [stdout]   27:     0x60b41eb54e36 - std::sys::backtrace::__rust_begin_short_backtrace::h6d9601e9e3fa7483
[INFO] [stdout]                                at /rustc/df4ca44d3fbc9301ee17f30f4d474e6ae4b05252/library/std/src/sys/backtrace.rs:154:18
[INFO] [stdout]   28:     0x60b41eb6c78f - std::thread::Builder::spawn_unchecked_::{{closure}}::{{closure}}::ha9b614160f573d9c
[INFO] [stdout]                                at /rustc/df4ca44d3fbc9301ee17f30f4d474e6ae4b05252/library/std/src/thread/mod.rs:541:17
[INFO] [stdout]   29:     0x60b41eb665c3 - <core::panic::unwind_safe::AssertUnwindSafe<F> as core::ops::function::FnOnce<()>>::call_once::hed238d91ac6745ad
[INFO] [stdout]                                at /rustc/df4ca44d3fbc9301ee17f30f4d474e6ae4b05252/library/core/src/panic/unwind_safe.rs:272:9
[INFO] [stdout]   30:     0x60b41eb45bd3 - std::panicking::try::do_call::hd2cc09a2453fe04b
[INFO] [stdout]                                at /rustc/df4ca44d3fbc9301ee17f30f4d474e6ae4b05252/library/std/src/panicking.rs:557:40
[INFO] [stdout]   31:     0x60b41eb7127b - __rust_try
[INFO] [stdout]   32:     0x60b41eb6c3e0 - std::panicking::try::h3e4361a7c91a9fc2
[INFO] [stdout]                                at /rustc/df4ca44d3fbc9301ee17f30f4d474e6ae4b05252/library/std/src/panicking.rs:520:19
[INFO] [stdout]   33:     0x60b41eb6c3e0 - std::panic::catch_unwind::h56f20e754847b73d
[INFO] [stdout]                                at /rustc/df4ca44d3fbc9301ee17f30f4d474e6ae4b05252/library/std/src/panic.rs:358:14
[INFO] [stdout]   34:     0x60b41eb6c3e0 - std::thread::Builder::spawn_unchecked_::{{closure}}::hf0dc6c88a11a4029
[INFO] [stdout]                                at /rustc/df4ca44d3fbc9301ee17f30f4d474e6ae4b05252/library/std/src/thread/mod.rs:540:30
[INFO] [stdout]   35:     0x60b41eb5612e - core::ops::function::FnOnce::call_once{{vtable.shim}}::hadb6b41bc96fe686
[INFO] [stdout]                                at /rustc/df4ca44d3fbc9301ee17f30f4d474e6ae4b05252/library/core/src/ops/function.rs:250:5
[INFO] [stdout]   36:     0x60b41ec6c64b - <alloc::boxed::Box<F,A> as core::ops::function::FnOnce<Args>>::call_once::h69aa08ddb6adb8b6
[INFO] [stdout]                                at /rustc/df4ca44d3fbc9301ee17f30f4d474e6ae4b05252/library/alloc/src/boxed.rs:2454:9
[INFO] [stdout]   37:     0x60b41ec6c64b - <alloc::boxed::Box<F,A> as core::ops::function::FnOnce<Args>>::call_once::h5aa36efdb79c806f
[INFO] [stdout]                                at /rustc/df4ca44d3fbc9301ee17f30f4d474e6ae4b05252/library/alloc/src/boxed.rs:2454:9
[INFO] [stdout]   38:     0x60b41ec6c64b - std::sys::pal::unix::thread::Thread::new::thread_start::h6cd80a1b4be5158d
[INFO] [stdout]                                at /rustc/df4ca44d3fbc9301ee17f30f4d474e6ae4b05252/library/std/src/sys/pal/unix/thread.rs:105:17
[INFO] [stdout]   39:     0x7e0d59723ac3 - <unknown>
[INFO] [stdout]   40:     0x7e0d597b4a04 - clone
[INFO] [stdout]   41:                0x0 - <unknown>
[INFO] [stdout] thread 'strat_syn_despite_until_true' panicked at /opt/rustwide/workdir/cgaal-engine/src/algorithms/certain_zero/mod.rs:87:18:
[INFO] [stdout] Error receiving the assignment table: RecvError
[INFO] [stdout] stack backtrace:
[INFO] [stdout]    0:     0x60b41ec66bca - std::backtrace_rs::backtrace::libunwind::trace::h207520d6e9873551
[INFO] [stdout]                                at /rustc/df4ca44d3fbc9301ee17f30f4d474e6ae4b05252/library/std/src/../../backtrace/src/backtrace/libunwind.rs:116:5
[INFO] [stdout]    1:     0x60b41ec66bca - std::backtrace_rs::backtrace::trace_unsynchronized::h2ed7433f370e3eca
[INFO] [stdout]                                at /rustc/df4ca44d3fbc9301ee17f30f4d474e6ae4b05252/library/std/src/../../backtrace/src/backtrace/mod.rs:66:5
[INFO] [stdout]    2:     0x60b41ec66bca - std::sys::backtrace::_print_fmt::h916fac51166b18d7
[INFO] [stdout]                                at /rustc/df4ca44d3fbc9301ee17f30f4d474e6ae4b05252/library/std/src/sys/backtrace.rs:66:9
[INFO] [stdout]    3:     0x60b41ec66bca - <std::sys::backtrace::BacktraceLock::print::DisplayBacktrace as core::fmt::Display>::fmt::ha0a4c9b8ce3802e6
[INFO] [stdout]                                at /rustc/df4ca44d3fbc9301ee17f30f4d474e6ae4b05252/library/std/src/sys/backtrace.rs:39:26
[INFO] [stdout]    4:     0x60b41ec8d663 - core::fmt::rt::Argument::fmt::h4cfc8587d52b3eb5
[INFO] [stdout]                                at /rustc/df4ca44d3fbc9301ee17f30f4d474e6ae4b05252/library/core/src/fmt/rt.rs:177:76
[INFO] [stdout]    5:     0x60b41ec8d663 - core::fmt::write::h522cc39e5b36ae9f
[INFO] [stdout]                                at /rustc/df4ca44d3fbc9301ee17f30f4d474e6ae4b05252/library/core/src/fmt/mod.rs:1190:21
[INFO] [stdout]    6:     0x60b41ec63823 - std::io::Write::write_fmt::h7d3c26752da97734
[INFO] [stdout]                                at /rustc/df4ca44d3fbc9301ee17f30f4d474e6ae4b05252/library/std/src/io/mod.rs:1839:15
[INFO] [stdout]    7:     0x60b41ec66a12 - std::sys::backtrace::BacktraceLock::print::h4b9e00b29e9c0942
[INFO] [stdout]                                at /rustc/df4ca44d3fbc9301ee17f30f4d474e6ae4b05252/library/std/src/sys/backtrace.rs:42:9
[INFO] [stdout]    8:     0x60b41ec6805a - std::panicking::default_hook::{{closure}}::hb59b88280d0324d9
[INFO] [stdout]                                at /rustc/df4ca44d3fbc9301ee17f30f4d474e6ae4b05252/library/std/src/panicking.rs:268:22
[INFO] [stdout]    9:     0x60b41ec67e64 - std::panicking::default_hook::he1dd496665be4a29
[INFO] [stdout]                                at /rustc/df4ca44d3fbc9301ee17f30f4d474e6ae4b05252/library/std/src/panicking.rs:292:9
[INFO] [stdout]   10:     0x60b41ebb98f9 - <alloc::boxed::Box<F,A> as core::ops::function::Fn<Args>>::call::h4ff71de18744e1dc
[INFO] [stdout]                                at /rustc/df4ca44d3fbc9301ee17f30f4d474e6ae4b05252/library/alloc/src/boxed.rs:2468:9
[INFO] [stdout]   11:     0x60b41ebb98f9 - test::test_main::{{closure}}::hcf7c055ce117aa81
[INFO] [stdout]                                at /rustc/df4ca44d3fbc9301ee17f30f4d474e6ae4b05252/library/test/src/lib.rs:133:21
[INFO] [stdout]   12:     0x60b41ec68758 - <alloc::boxed::Box<F,A> as core::ops::function::Fn<Args>>::call::h1d66c6bbd60c9692
[INFO] [stdout]                                at /rustc/df4ca44d3fbc9301ee17f30f4d474e6ae4b05252/library/alloc/src/boxed.rs:2468:9
[INFO] [stdout]   13:     0x60b41ec68758 - std::panicking::rust_panic_with_hook::h2ff17fe8f26dfcf8
[INFO] [stdout]                                at /rustc/df4ca44d3fbc9301ee17f30f4d474e6ae4b05252/library/std/src/panicking.rs:809:13
[INFO] [stdout]   14:     0x60b41ec6851a - std::panicking::begin_panic_handler::{{closure}}::h4fad77951c07e101
[INFO] [stdout]                                at /rustc/df4ca44d3fbc9301ee17f30f4d474e6ae4b05252/library/std/src/panicking.rs:674:13
[INFO] [stdout]   15:     0x60b41ec670a9 - std::sys::backtrace::__rust_end_short_backtrace::hb1a25b3da5d0ea08
[INFO] [stdout]                                at /rustc/df4ca44d3fbc9301ee17f30f4d474e6ae4b05252/library/std/src/sys/backtrace.rs:170:18
[INFO] [stdout]   16:     0x60b41ec681ac - rust_begin_unwind
[INFO] [stdout]                                at /rustc/df4ca44d3fbc9301ee17f30f4d474e6ae4b05252/library/std/src/panicking.rs:665:5
[INFO] [stdout]   17:     0x60b41ec8bcf0 - core::panicking::panic_fmt::ha9db07b529f9b256
[INFO] [stdout]                                at /rustc/df4ca44d3fbc9301ee17f30f4d474e6ae4b05252/library/core/src/panicking.rs:75:14
[INFO] [stdout]   18:     0x60b41ec8c136 - core::result::unwrap_failed::h5e8218e4d4338b8a
[INFO] [stdout]                                at /rustc/df4ca44d3fbc9301ee17f30f4d474e6ae4b05252/library/core/src/result.rs:1698:5
[INFO] [stdout]   19:     0x60b41eb3daed - core::result::Result<T,E>::expect::h9587a9af936914ab
[INFO] [stdout]                                at /rustc/df4ca44d3fbc9301ee17f30f4d474e6ae4b05252/library/core/src/result.rs:1060:23
[INFO] [stdout]   20:     0x60b41eb1f097 - cgaal_engine::algorithms::certain_zero::distributed_certain_zero::heb1efee71ab1d863
[INFO] [stdout]                                at /opt/rustwide/workdir/cgaal-engine/src/algorithms/certain_zero/mod.rs:85:31
[INFO] [stdout]   21:     0x60b41eb15235 - partial_strategy_synthesis::strat_syn_despite_until_true::h63ec5cc8743fabe2
[INFO] [stdout]                                at /opt/rustwide/workdir/cgaal-engine/tests/partial_strategy_synthesis.rs:161:19
[INFO] [stdout]   22:     0x60b41eb14cb7 - partial_strategy_synthesis::strat_syn_despite_until_true::{{closure}}::h6b8ce31f17722b6b
[INFO] [stdout]                                at /opt/rustwide/workdir/cgaal-engine/tests/partial_strategy_synthesis.rs:370:34
[INFO] [stdout]   23:     0x60b41eb56e56 - core::ops::function::FnOnce::call_once::ha74c6c3c9a3bb1b6
[INFO] [stdout]                                at /rustc/df4ca44d3fbc9301ee17f30f4d474e6ae4b05252/library/core/src/ops/function.rs:250:5
[INFO] [stdout]   24:     0x60b41ebbe1cb - core::ops::function::FnOnce::call_once::h22c3ba5715e93f05
[INFO] [stdout]                                at /rustc/df4ca44d3fbc9301ee17f30f4d474e6ae4b05252/library/core/src/ops/function.rs:250:5
[INFO] [stdout]   25:     0x60b41ebbe1cb - test::__rust_begin_short_backtrace::h8e82d8113d0da17f
[INFO] [stdout]                                at /rustc/df4ca44d3fbc9301ee17f30f4d474e6ae4b05252/library/test/src/lib.rs:621:18
[INFO] [stdout]   26:     0x60b41ebbdb47 - test::run_test_in_process::{{closure}}::h33235f4f20b7b7c7
[INFO] [stdout]                                at /rustc/df4ca44d3fbc9301ee17f30f4d474e6ae4b05252/library/test/src/lib.rs:644:60
[INFO] [stdout]   27:     0x60b41ebbdb47 - <core::panic::unwind_safe::AssertUnwindSafe<F> as core::ops::function::FnOnce<()>>::call_once::hb5043206310c586f
[INFO] [stdout]                                at /rustc/df4ca44d3fbc9301ee17f30f4d474e6ae4b05252/library/core/src/panic/unwind_safe.rs:272:9
[INFO] [stdout]   28:     0x60b41ebbdb47 - std::panicking::try::do_call::h9ad4731a60ab23e2
[INFO] [stdout]                                at /rustc/df4ca44d3fbc9301ee17f30f4d474e6ae4b05252/library/std/src/panicking.rs:557:40
[INFO] [stdout]   29:     0x60b41ebbdb47 - std::panicking::try::h3824d23db772a716
[INFO] [stdout]                                at /rustc/df4ca44d3fbc9301ee17f30f4d474e6ae4b05252/library/std/src/panicking.rs:520:19
[INFO] [stdout]   30:     0x60b41ebbdb47 - std::panic::catch_unwind::h5afd514605fde46b
[INFO] [stdout]                                at /rustc/df4ca44d3fbc9301ee17f30f4d474e6ae4b05252/library/std/src/panic.rs:358:14
[INFO] [stdout]   31:     0x60b41ebbdb47 - test::run_test_in_process::h0d5cbfa7067d1720
[INFO] [stdout]                                at /rustc/df4ca44d3fbc9301ee17f30f4d474e6ae4b05252/library/test/src/lib.rs:644:27
[INFO] [stdout]   32:     0x60b41ebbdb47 - test::run_test::{{closure}}::h708eb8872708115d
[INFO] [stdout]                                at /rustc/df4ca44d3fbc9301ee17f30f4d474e6ae4b05252/library/test/src/lib.rs:565:43
[INFO] [stdout]   33:     0x60b41eb81264 - test::run_test::{{closure}}::h392c51cee94713ab
[INFO] [stdout]                                at /rustc/df4ca44d3fbc9301ee17f30f4d474e6ae4b05252/library/test/src/lib.rs:595:41
[INFO] [stdout]   34:     0x60b41eb81264 - std::sys::backtrace::__rust_begin_short_backtrace::h2f40290710935a8b
[INFO] [stdout]                                at /rustc/df4ca44d3fbc9301ee17f30f4d474e6ae4b05252/library/std/src/sys/backtrace.rs:154:18
[INFO] [stdout]   35:     0x60b41eb84a0e - std::thread::Builder::spawn_unchecked_::{{closure}}::{{closure}}::h3fd968d89053a903
[INFO] [stdout]                                at /rustc/df4ca44d3fbc9301ee17f30f4d474e6ae4b05252/library/std/src/thread/mod.rs:541:17
[INFO] [stdout]   36:     0x60b41eb84a0e - <core::panic::unwind_safe::AssertUnwindSafe<F> as core::ops::function::FnOnce<()>>::call_once::h743f637ba4229880
[INFO] [stdout]                                at /rustc/df4ca44d3fbc9301ee17f30f4d474e6ae4b05252/library/core/src/panic/unwind_safe.rs:272:9
[INFO] [stdout]   37:     0x60b41eb84a0e - std::panicking::try::do_call::h07440897322525a6
[INFO] [stdout]                                at /rustc/df4ca44d3fbc9301ee17f30f4d474e6ae4b05252/library/std/src/panicking.rs:557:40
[INFO] [stdout]   38:     0x60b41eb84a0e - std::panicking::try::he5a2e00188156637
[INFO] [stdout]                                at /rustc/df4ca44d3fbc9301ee17f30f4d474e6ae4b05252/library/std/src/panicking.rs:520:19
[INFO] [stdout]   39:     0x60b41eb84a0e - std::panic::catch_unwind::hbaf3cae49b3c6433
[INFO] [stdout]                                at /rustc/df4ca44d3fbc9301ee17f30f4d474e6ae4b05252/library/std/src/panic.rs:358:14
[INFO] [stdout]   40:     0x60b41eb84a0e - std::thread::Builder::spawn_unchecked_::{{closure}}::h8e141ea224820bce
[INFO] [stdout]                                at /rustc/df4ca44d3fbc9301ee17f30f4d474e6ae4b05252/library/std/src/thread/mod.rs:540:30
[INFO] [stdout]   41:     0x60b41eb84a0e - core::ops::function::FnOnce::call_once{{vtable.shim}}::h90d312fedd7b8ea8
[INFO] [stdout]                                at /rustc/df4ca44d3fbc9301ee17f30f4d474e6ae4b05252/library/core/src/ops/function.rs:250:5
[INFO] [stdout]   42:     0x60b41ec6c64b - <alloc::boxed::Box<F,A> as core::ops::function::FnOnce<Args>>::call_once::h69aa08ddb6adb8b6
[INFO] [stdout]                                at /rustc/df4ca44d3fbc9301ee17f30f4d474e6ae4b05252/library/alloc/src/boxed.rs:2454:9
[INFO] [stdout]   43:     0x60b41ec6c64b - <alloc::boxed::Box<F,A> as core::ops::function::FnOnce<Args>>::call_once::h5aa36efdb79c806f
[INFO] [stdout]                                at /rustc/df4ca44d3fbc9301ee17f30f4d474e6ae4b05252/library/alloc/src/boxed.rs:2454:9
[INFO] [stdout]   44:     0x60b41ec6c64b - std::sys::pal::unix::thread::Thread::new::thread_start::h6cd80a1b4be5158d
[INFO] [stdout]                                at /rustc/df4ca44d3fbc9301ee17f30f4d474e6ae4b05252/library/std/src/sys/pal/unix/thread.rs:105:17
[INFO] [stdout]   45:     0x7e0d59723ac3 - <unknown>
[INFO] [stdout]   46:     0x7e0d597b4a04 - clone
[INFO] [stdout]   47:                0x0 - <unknown>
[INFO] [stdout] 
[INFO] [stdout] 
[INFO] [stdout] failures:
[INFO] [stdout]     strat_syn_despite_until_true
[INFO] [stdout] 
[INFO] [stdout] test result: FAILED. 18 passed; 1 failed; 0 ignored; 0 measured; 0 filtered out; finished in 0.04s
[INFO] [stdout] 
[INFO] [stderr] error: test failed, to rerun pass `-p cgaal-engine --test partial_strategy_synthesis`
[INFO] running `Command { std: "docker" "inspect" "8e7a99ee55bd402197e590816e6a234dc0ca482199360123eab2ed3c456258ca", kill_on_drop: false }`
[INFO] running `Command { std: "docker" "rm" "-f" "8e7a99ee55bd402197e590816e6a234dc0ca482199360123eab2ed3c456258ca", kill_on_drop: false }`
[INFO] [stdout] 8e7a99ee55bd402197e590816e6a234dc0ca482199360123eab2ed3c456258ca
