[INFO] cloning repository https://github.com/cduvray/jwt-authorizer
[INFO] running `Command { std: "git" "-c" "credential.helper=" "-c" "credential.helper=/workspace/cargo-home/bin/git-credential-null" "clone" "--bare" "https://github.com/cduvray/jwt-authorizer" "/workspace/cache/git-repos/https%3A%2F%2Fgithub.com%2Fcduvray%2Fjwt-authorizer", kill_on_drop: false }`
[INFO] [stderr] Cloning into bare repository '/workspace/cache/git-repos/https%3A%2F%2Fgithub.com%2Fcduvray%2Fjwt-authorizer'...
[INFO] running `Command { std: "git" "rev-parse" "HEAD", kill_on_drop: false }`
[INFO] [stdout] 10a926c25b717f3bf7f62c406fa1eda300c2b698
[INFO] testing cduvray/jwt-authorizer/10a926c25b717f3bf7f62c406fa1eda300c2b698 against nightly-2024-10-28+rustflags=-Zrandomize-layout for randomize-layout
[INFO] running `Command { std: "git" "clone" "/workspace/cache/git-repos/https%3A%2F%2Fgithub.com%2Fcduvray%2Fjwt-authorizer" "/workspace/builds/worker-1-tc2/source", kill_on_drop: false }`
[INFO] [stderr] Cloning into '/workspace/builds/worker-1-tc2/source'...
[INFO] [stderr] done.
[INFO] validating manifest of git repo https://github.com/cduvray/jwt-authorizer on toolchain nightly-2024-10-28
[INFO] running `Command { std: CARGO_HOME="/workspace/cargo-home" RUSTUP_HOME="/workspace/rustup-home" "/workspace/cargo-home/bin/cargo" "+nightly-2024-10-28" "metadata" "--manifest-path" "Cargo.toml" "--no-deps", kill_on_drop: false }`
[INFO] started tweaking git repo https://github.com/cduvray/jwt-authorizer
[INFO] finished tweaking git repo https://github.com/cduvray/jwt-authorizer
[INFO] tweaked toml for git repo https://github.com/cduvray/jwt-authorizer written to /workspace/builds/worker-1-tc2/source/Cargo.toml
[INFO] running `Command { std: CARGO_HOME="/workspace/cargo-home" RUSTUP_HOME="/workspace/rustup-home" "/workspace/cargo-home/bin/cargo" "+nightly-2024-10-28" "generate-lockfile" "--manifest-path" "Cargo.toml", kill_on_drop: false }`
[INFO] [stderr]     Updating crates.io index
[INFO] [stderr]      Locking 241 packages to latest compatible versions
[INFO] [stderr]       Adding josekit v0.8.7 (available: v0.10.0)
[INFO] [stderr]       Adding tower v0.4.13 (available: v0.5.1)
[INFO] [stderr]       Adding tower-http v0.5.2 (available: v0.6.1)
[INFO] running `Command { std: CARGO_HOME="/workspace/cargo-home" RUSTUP_HOME="/workspace/rustup-home" "/workspace/cargo-home/bin/cargo" "+nightly-2024-10-28" "fetch" "--manifest-path" "Cargo.toml", kill_on_drop: false }`
[INFO] running `Command { std: "docker" "create" "-v" "/var/lib/crater-agent-workspace/builds/worker-1-tc2/target:/opt/rustwide/target:rw,Z" "-v" "/var/lib/crater-agent-workspace/builds/worker-1-tc2/source:/opt/rustwide/workdir:ro,Z" "-v" "/var/lib/crater-agent-workspace/cargo-home:/opt/rustwide/cargo-home:ro,Z" "-v" "/var/lib/crater-agent-workspace/rustup-home:/opt/rustwide/rustup-home:ro,Z" "-e" "SOURCE_DIR=/opt/rustwide/workdir" "-e" "CARGO_TARGET_DIR=/opt/rustwide/target" "-e" "CARGO_HOME=/opt/rustwide/cargo-home" "-e" "RUSTUP_HOME=/opt/rustwide/rustup-home" "-w" "/opt/rustwide/workdir" "-m" "1610612736" "--user" "0:0" "--network" "none" "ghcr.io/rust-lang/crates-build-env/linux@sha256:4a844ea9eb2546a2d2c7022eacef16ef2e8229c7fbb2c7d4d55a9ceca922f72d" "/opt/rustwide/cargo-home/bin/cargo" "+nightly-2024-10-28" "metadata" "--no-deps" "--format-version=1", kill_on_drop: false }`
[INFO] [stdout] b13aa48c1da2b4821abda481cceb158e8902953b845c02afe59156b550655e0a
[INFO] running `Command { std: "docker" "start" "-a" "b13aa48c1da2b4821abda481cceb158e8902953b845c02afe59156b550655e0a", kill_on_drop: false }`
[INFO] running `Command { std: "docker" "inspect" "b13aa48c1da2b4821abda481cceb158e8902953b845c02afe59156b550655e0a", kill_on_drop: false }`
[INFO] running `Command { std: "docker" "rm" "-f" "b13aa48c1da2b4821abda481cceb158e8902953b845c02afe59156b550655e0a", kill_on_drop: false }`
[INFO] [stdout] b13aa48c1da2b4821abda481cceb158e8902953b845c02afe59156b550655e0a
[INFO] running `Command { std: "docker" "create" "-v" "/var/lib/crater-agent-workspace/builds/worker-1-tc2/target:/opt/rustwide/target:rw,Z" "-v" "/var/lib/crater-agent-workspace/builds/worker-1-tc2/source:/opt/rustwide/workdir:ro,Z" "-v" "/var/lib/crater-agent-workspace/cargo-home:/opt/rustwide/cargo-home:ro,Z" "-v" "/var/lib/crater-agent-workspace/rustup-home:/opt/rustwide/rustup-home:ro,Z" "-e" "SOURCE_DIR=/opt/rustwide/workdir" "-e" "CARGO_TARGET_DIR=/opt/rustwide/target" "-e" "CARGO_INCREMENTAL=0" "-e" "RUST_BACKTRACE=full" "-e" "RUSTFLAGS=--cap-lints=forbid -Zrandomize-layout" "-e" "RUSTDOCFLAGS=--cap-lints=forbid" "-e" "CARGO_HOME=/opt/rustwide/cargo-home" "-e" "RUSTUP_HOME=/opt/rustwide/rustup-home" "-w" "/opt/rustwide/workdir" "-m" "1610612736" "--user" "0:0" "--network" "none" "ghcr.io/rust-lang/crates-build-env/linux@sha256:4a844ea9eb2546a2d2c7022eacef16ef2e8229c7fbb2c7d4d55a9ceca922f72d" "/opt/rustwide/cargo-home/bin/cargo" "+nightly-2024-10-28" "build" "--frozen" "--message-format=json", kill_on_drop: false }`
[INFO] [stdout] bdd35782105cdb71376b3069e42d705153fcab859bfb764381f7d2f62e1d9234
[INFO] running `Command { std: "docker" "start" "-a" "bdd35782105cdb71376b3069e42d705153fcab859bfb764381f7d2f62e1d9234", kill_on_drop: false }`
[INFO] [stderr]    Compiling proc-macro2 v1.0.89
[INFO] [stderr]    Compiling unicode-ident v1.0.13
[INFO] [stderr]    Compiling autocfg v1.4.0
[INFO] [stderr]    Compiling cfg-if v1.0.0
[INFO] [stderr]    Compiling libc v0.2.161
[INFO] [stderr]    Compiling itoa v1.0.11
[INFO] [stderr]    Compiling once_cell v1.20.2
[INFO] [stderr]    Compiling bytes v1.8.0
[INFO] [stderr]    Compiling shlex v1.3.0
[INFO] [stderr]    Compiling pin-project-lite v0.2.15
[INFO] [stderr]    Compiling log v0.4.22
[INFO] [stderr]    Compiling futures-core v0.3.31
[INFO] [stderr]    Compiling cc v1.1.34
[INFO] [stderr]    Compiling fnv v1.0.7
[INFO] [stderr]    Compiling parking_lot_core v0.9.10
[INFO] [stderr]    Compiling smallvec v1.13.2
[INFO] [stderr]    Compiling tracing-core v0.1.32
[INFO] [stderr]    Compiling slab v0.4.9
[INFO] [stderr]    Compiling lock_api v0.4.12
[INFO] [stderr]    Compiling http v1.1.0
[INFO] [stderr]    Compiling scopeguard v1.2.0
[INFO] [stderr]    Compiling quote v1.0.37
[INFO] [stderr]    Compiling pkg-config v0.3.31
[INFO] [stderr]    Compiling syn v2.0.87
[INFO] [stderr]    Compiling vcpkg v0.2.15
[INFO] [stderr]    Compiling signal-hook-registry v1.4.2
[INFO] [stderr]    Compiling mio v1.0.2
[INFO] [stderr]    Compiling parking_lot v0.12.3
[INFO] [stderr]    Compiling socket2 v0.5.7
[INFO] [stderr]    Compiling futures-task v0.3.31
[INFO] [stderr]    Compiling hashbrown v0.15.0
[INFO] [stderr]    Compiling pin-utils v0.1.0
[INFO] [stderr]    Compiling equivalent v1.0.1
[INFO] [stderr]    Compiling memchr v2.7.4
[INFO] [stderr]    Compiling serde v1.0.214
[INFO] [stderr]    Compiling http-body v1.0.1
[INFO] [stderr]    Compiling openssl-sys v0.9.104
[INFO] [stderr]    Compiling typenum v1.17.0
[INFO] [stderr]    Compiling version_check v0.9.5
[INFO] [stderr]    Compiling num-traits v0.2.19
[INFO] [stderr]    Compiling foreign-types-shared v0.1.1
[INFO] [stderr]    Compiling openssl v0.10.68
[INFO] [stderr]    Compiling tower-service v0.3.3
[INFO] [stderr]    Compiling futures-sink v0.3.31
[INFO] [stderr]    Compiling bitflags v2.6.0
[INFO] [stderr]    Compiling indexmap v2.6.0
[INFO] [stderr]    Compiling httparse v1.9.5
[INFO] [stderr]    Compiling generic-array v0.14.7
[INFO] [stderr]    Compiling foreign-types v0.3.2
[INFO] [stderr]    Compiling ryu v1.0.18
[INFO] [stderr]    Compiling httpdate v1.0.3
[INFO] [stderr]    Compiling serde_json v1.0.132
[INFO] [stderr]    Compiling try-lock v0.2.5
[INFO] [stderr]    Compiling atomic-waker v1.1.2
[INFO] [stderr]    Compiling want v0.3.1
[INFO] [stderr]    Compiling futures-channel v0.3.31
[INFO] [stderr]    Compiling num-conv v0.1.0
[INFO] [stderr]    Compiling thiserror v1.0.66
[INFO] [stderr]    Compiling mime v0.3.17
[INFO] [stderr]    Compiling native-tls v0.2.12
[INFO] [stderr]    Compiling tinyvec_macros v0.1.1
[INFO] [stderr]    Compiling time-core v0.1.2
[INFO] [stderr]    Compiling percent-encoding v2.3.1
[INFO] [stderr]    Compiling powerfmt v0.2.0
[INFO] [stderr]    Compiling time-macros v0.2.18
[INFO] [stderr]    Compiling deranged v0.3.11
[INFO] [stderr]    Compiling form_urlencoded v1.2.1
[INFO] [stderr]    Compiling tinyvec v1.8.0
[INFO] [stderr]    Compiling base64 v0.22.1
[INFO] [stderr]    Compiling tower-layer v0.3.3
[INFO] [stderr]    Compiling openssl-probe v0.1.5
[INFO] [stderr]    Compiling rustversion v1.0.18
[INFO] [stderr]    Compiling block-buffer v0.10.4
[INFO] [stderr]    Compiling crypto-common v0.1.6
[INFO] [stderr]    Compiling num-integer v0.1.46
[INFO] [stderr]    Compiling aho-corasick v1.1.3
[INFO] [stderr]    Compiling ring v0.17.8
[INFO] [stderr]    Compiling sync_wrapper v1.0.1
[INFO] [stderr]    Compiling base64 v0.21.7
[INFO] [stderr]    Compiling unicode-bidi v0.3.17
[INFO] [stderr]    Compiling regex-syntax v0.8.5
[INFO] [stderr]    Compiling unicode-normalization v0.1.24
[INFO] [stderr]    Compiling num-bigint v0.4.6
[INFO] [stderr]    Compiling idna v0.5.0
[INFO] [stderr]    Compiling time v0.3.36
[INFO] [stderr]    Compiling digest v0.10.7
[INFO] [stderr]    Compiling getrandom v0.2.15
[INFO] [stderr]    Compiling spin v0.9.8
[INFO] [stderr]    Compiling cpufeatures v0.2.14
[INFO] [stderr]    Compiling anyhow v1.0.92
[INFO] [stderr]    Compiling regex-syntax v0.6.29
[INFO] [stderr]    Compiling rustls-pki-types v1.10.0
[INFO] [stderr]    Compiling regex-automata v0.4.8
[INFO] [stderr]    Compiling untrusted v0.9.0
[INFO] [stderr]    Compiling adler2 v2.0.0
[INFO] [stderr]    Compiling sync_wrapper v0.1.2
[INFO] [stderr]    Compiling miniz_oxide v0.8.0
[INFO] [stderr]    Compiling rustls-pemfile v2.2.0
[INFO] [stderr]    Compiling tracing-attributes v0.1.27
[INFO] [stderr]    Compiling tokio-macros v2.4.0
[INFO] [stderr]    Compiling futures-macro v0.3.31
[INFO] [stderr]    Compiling tokio v1.41.0
[INFO] [stderr]    Compiling serde_derive v1.0.214
[INFO] [stderr]    Compiling openssl-macros v0.1.1
[INFO] [stderr]    Compiling tracing v0.1.40
[INFO] [stderr]    Compiling futures-util v0.3.31
[INFO] [stderr]    Compiling thiserror-impl v1.0.66
[INFO] [stderr]    Compiling async-trait v0.1.83
[INFO] [stderr]    Compiling regex v1.11.1
[INFO] [stderr]    Compiling simple_asn1 v0.6.2
[INFO] [stderr]    Compiling regex-automata v0.1.10
[INFO] [stderr]    Compiling pin-project-internal v1.1.7
[INFO] [stderr]    Compiling http-body-util v0.1.2
[INFO] [stderr]    Compiling axum-core v0.4.5
[INFO] [stderr]    Compiling sha1 v0.10.6
[INFO] [stderr]    Compiling url v2.5.2
[INFO] [stderr]    Compiling pem v3.0.4
[INFO] [stderr]    Compiling headers-core v0.3.0
[INFO] [stderr]    Compiling crc32fast v1.4.2
[INFO] [stderr]    Compiling encoding_rs v0.8.35
[INFO] [stderr]    Compiling ipnet v2.10.1
[INFO] [stderr]    Compiling lazy_static v1.5.0
[INFO] [stderr]    Compiling overload v0.1.1
[INFO] [stderr]    Compiling matchit v0.7.3
[INFO] [stderr]    Compiling iana-time-zone v0.1.61
[INFO] [stderr]    Compiling chrono v0.4.38
[INFO] [stderr]    Compiling nu-ansi-term v0.46.0
[INFO] [stderr]    Compiling tokio-util v0.7.12
[INFO] [stderr]    Compiling tokio-native-tls v0.3.1
[INFO] [stderr]    Compiling tower v0.5.1
[INFO] [stderr]    Compiling h2 v0.4.6
[INFO] [stderr]    Compiling sharded-slab v0.1.7
[INFO] [stderr]    Compiling flate2 v1.0.34
[INFO] [stderr]    Compiling headers v0.4.0
[INFO] [stderr]    Compiling pin-project v1.1.7
[INFO] [stderr]    Compiling matchers v0.1.0
[INFO] [stderr]    Compiling tower-http v0.5.2
[INFO] [stderr]    Compiling tracing-log v0.2.0
[INFO] [stderr]    Compiling thread_local v1.1.8
[INFO] [stderr]    Compiling tracing-subscriber v0.3.18
[INFO] [stderr]    Compiling serde_urlencoded v0.7.1
[INFO] [stderr]    Compiling serde_path_to_error v0.1.16
[INFO] [stderr]    Compiling jsonwebtoken v9.3.0
[INFO] [stderr]    Compiling josekit v0.8.7
[INFO] [stderr]    Compiling hyper v1.5.0
[INFO] [stderr]    Compiling hyper-util v0.1.10
[INFO] [stderr]    Compiling hyper-tls v0.6.0
[INFO] [stderr]    Compiling axum v0.7.7
[INFO] [stderr]    Compiling reqwest v0.12.9
[INFO] [stderr]    Compiling jwt-authorizer v0.15.0 (/opt/rustwide/workdir/jwt-authorizer)
[INFO] [stderr]    Compiling demo-server v0.1.0 (/opt/rustwide/workdir/demo-server)
[INFO] [stderr]     Finished `dev` profile [unoptimized + debuginfo] target(s) in 22.31s
[INFO] running `Command { std: "docker" "inspect" "bdd35782105cdb71376b3069e42d705153fcab859bfb764381f7d2f62e1d9234", kill_on_drop: false }`
[INFO] running `Command { std: "docker" "rm" "-f" "bdd35782105cdb71376b3069e42d705153fcab859bfb764381f7d2f62e1d9234", kill_on_drop: false }`
[INFO] [stdout] bdd35782105cdb71376b3069e42d705153fcab859bfb764381f7d2f62e1d9234
[INFO] running `Command { std: "docker" "create" "-v" "/var/lib/crater-agent-workspace/builds/worker-1-tc2/target:/opt/rustwide/target:rw,Z" "-v" "/var/lib/crater-agent-workspace/builds/worker-1-tc2/source:/opt/rustwide/workdir:ro,Z" "-v" "/var/lib/crater-agent-workspace/cargo-home:/opt/rustwide/cargo-home:ro,Z" "-v" "/var/lib/crater-agent-workspace/rustup-home:/opt/rustwide/rustup-home:ro,Z" "-e" "SOURCE_DIR=/opt/rustwide/workdir" "-e" "CARGO_TARGET_DIR=/opt/rustwide/target" "-e" "CARGO_INCREMENTAL=0" "-e" "RUST_BACKTRACE=full" "-e" "RUSTFLAGS=--cap-lints=forbid -Zrandomize-layout" "-e" "RUSTDOCFLAGS=--cap-lints=forbid" "-e" "CARGO_HOME=/opt/rustwide/cargo-home" "-e" "RUSTUP_HOME=/opt/rustwide/rustup-home" "-w" "/opt/rustwide/workdir" "-m" "1610612736" "--user" "0:0" "--network" "none" "ghcr.io/rust-lang/crates-build-env/linux@sha256:4a844ea9eb2546a2d2c7022eacef16ef2e8229c7fbb2c7d4d55a9ceca922f72d" "/opt/rustwide/cargo-home/bin/cargo" "+nightly-2024-10-28" "test" "--frozen" "--no-run" "--message-format=json", kill_on_drop: false }`
[INFO] [stdout] 623e5882881cbcc9290a1df5fc6d84cae268077f866b755874e877115b073e86
[INFO] running `Command { std: "docker" "start" "-a" "623e5882881cbcc9290a1df5fc6d84cae268077f866b755874e877115b073e86", kill_on_drop: false }`
[INFO] [stderr]    Compiling futures-channel v0.3.31
[INFO] [stderr]    Compiling futures-io v0.3.31
[INFO] [stderr]    Compiling either v1.13.0
[INFO] [stderr]    Compiling num_cpus v1.16.0
[INFO] [stderr]    Compiling deadpool-runtime v0.1.4
[INFO] [stderr]    Compiling assert-json-diff v2.0.2
[INFO] [stderr]    Compiling deadpool v0.10.0
[INFO] [stderr]    Compiling itertools v0.13.0
[INFO] [stderr]    Compiling futures-util v0.3.31
[INFO] [stderr]    Compiling prost-derive v0.13.3
[INFO] [stderr]    Compiling prost v0.13.3
[INFO] [stderr]    Compiling http-body-util v0.1.2
[INFO] [stderr]    Compiling hyper v1.5.0
[INFO] [stderr]    Compiling tower v0.5.1
[INFO] [stderr]    Compiling futures-executor v0.3.31
[INFO] [stderr]    Compiling tower v0.4.13
[INFO] [stderr]    Compiling futures v0.3.31
[INFO] [stderr]    Compiling axum-core v0.4.5
[INFO] [stderr]    Compiling tower-http v0.5.2
[INFO] [stderr]    Compiling hyper-util v0.1.10
[INFO] [stderr]    Compiling hyper-tls v0.6.0
[INFO] [stderr]    Compiling axum v0.7.7
[INFO] [stderr]    Compiling wiremock v0.6.2
[INFO] [stderr]    Compiling reqwest v0.12.9
[INFO] [stderr]    Compiling jwt-authorizer v0.15.0 (/opt/rustwide/workdir/jwt-authorizer)
[INFO] [stderr]    Compiling demo-server v0.1.0 (/opt/rustwide/workdir/demo-server)
[INFO] [stderr]     Finished `test` profile [unoptimized + debuginfo] target(s) in 10.81s
[INFO] running `Command { std: "docker" "inspect" "623e5882881cbcc9290a1df5fc6d84cae268077f866b755874e877115b073e86", kill_on_drop: false }`
[INFO] running `Command { std: "docker" "rm" "-f" "623e5882881cbcc9290a1df5fc6d84cae268077f866b755874e877115b073e86", kill_on_drop: false }`
[INFO] [stdout] 623e5882881cbcc9290a1df5fc6d84cae268077f866b755874e877115b073e86
[INFO] running `Command { std: "docker" "create" "-v" "/var/lib/crater-agent-workspace/builds/worker-1-tc2/target:/opt/rustwide/target:rw,Z" "-v" "/var/lib/crater-agent-workspace/builds/worker-1-tc2/source:/opt/rustwide/workdir:ro,Z" "-v" "/var/lib/crater-agent-workspace/cargo-home:/opt/rustwide/cargo-home:ro,Z" "-v" "/var/lib/crater-agent-workspace/rustup-home:/opt/rustwide/rustup-home:ro,Z" "-e" "SOURCE_DIR=/opt/rustwide/workdir" "-e" "CARGO_TARGET_DIR=/opt/rustwide/target" "-e" "CARGO_INCREMENTAL=0" "-e" "RUST_BACKTRACE=full" "-e" "RUSTFLAGS=--cap-lints=forbid -Zrandomize-layout" "-e" "RUSTDOCFLAGS=--cap-lints=forbid" "-e" "CARGO_HOME=/opt/rustwide/cargo-home" "-e" "RUSTUP_HOME=/opt/rustwide/rustup-home" "-w" "/opt/rustwide/workdir" "-m" "1610612736" "--user" "0:0" "--network" "none" "ghcr.io/rust-lang/crates-build-env/linux@sha256:4a844ea9eb2546a2d2c7022eacef16ef2e8229c7fbb2c7d4d55a9ceca922f72d" "/opt/rustwide/cargo-home/bin/cargo" "+nightly-2024-10-28" "test" "--frozen", kill_on_drop: false }`
[INFO] [stdout] a6c49a5a4234f9ae9cff5fb9346f7405d5efd9c68b5110f5c072ad136f5d0098
[INFO] running `Command { std: "docker" "start" "-a" "a6c49a5a4234f9ae9cff5fb9346f7405d5efd9c68b5110f5c072ad136f5d0098", kill_on_drop: false }`
[INFO] [stderr]     Finished `test` profile [unoptimized + debuginfo] target(s) in 0.27s
[INFO] [stderr]      Running unittests src/main.rs (/opt/rustwide/target/debug/deps/demo_server-0d594639dbe831bd)
[INFO] [stdout] 
[INFO] [stdout] running 0 tests
[INFO] [stdout] 
[INFO] [stdout] test result: ok. 0 passed; 0 failed; 0 ignored; 0 measured; 0 filtered out; finished in 0.00s
[INFO] [stdout] 
[INFO] [stderr]      Running unittests src/lib.rs (/opt/rustwide/target/debug/deps/jwt_authorizer-bfe4e1eb6a2732e5)
[INFO] [stdout] 
[INFO] [stdout] running 24 tests
[INFO] [stdout] test authorizer::tests::build_file_errors ... ok
[INFO] [stdout] test authorizer::tests::build_from_secret ... ok
[INFO] [stdout] test authorizer::tests::build_from_jwks_string ... ok
[INFO] [stdout] test authorizer::tests::build_jwks_url_error ... ok
[INFO] [stdout] test claims::tests::from_numeric_date ... ok
[INFO] [stdout] test claims::tests::chrono_from_numeric_date ... ok
[INFO] [stdout] test authorizer::tests::build_from_text ... ok
[INFO] [stdout] test claims::tests::one_or_array_iter ... ok
[INFO] [stdout] test claims::tests::rfc_claims ... ok
[INFO] [stdout] test authorizer::tests::build_from_file ... ok
[INFO] [stdout] test claims::tests::rfc_claims_aud ... ok
[INFO] [stdout] test jwks::key_store_manager::tests::find_alg ... ok
[INFO] [stdout] test claims::tests::rfc_claims_serde ... ok
[INFO] [stdout] test jwks::key_store_manager::tests::find_kid ... ok
[INFO] [stdout] test jwks::key_store_manager::tests::keystore_can_refresh ... ok
[INFO] [stdout] test layer::tests::auth_into_layer ... ok
[INFO] [stdout] test layer::tests::jwt_auth_to_layer ... ok
[INFO] [stdout] test layer::tests::vec_auths_into_layer ... ok
[INFO] [stdout] test oidc::discovery ... ok
[INFO] [stdout] test layer::tests::auths_into_layer ... ok
[INFO] [stdout] test jwks::key_store_manager::tests::strategy_no_refresh ... ok
[INFO] [stdout] test authorizer::tests::build_discovery_url_error ... ok
[INFO] [stdout] test jwks::key_store_manager::tests::strategy_interval ... ok
[INFO] [stdout] test jwks::key_store_manager::tests::strategy_key_not_found_with_refresh ... ok
[INFO] [stdout] 
[INFO] [stdout] test result: ok. 24 passed; 0 failed; 0 ignored; 0 measured; 0 filtered out; finished in 0.29s
[INFO] [stdout] 
[INFO] [stderr]      Running tests/integration_tests.rs (/opt/rustwide/target/debug/deps/integration_tests-34c0cf02e8e39a39)
[INFO] [stdout] 
[INFO] [stdout] running 1 test
[INFO] [stdout] [2m2024-11-03T08:26:36.194688Z[0m [32m INFO[0m [2mjwt_authorizer::layer[0m[2m:[0m err: InvalidKid("rsa02")
[INFO] [stdout] [2m2024-11-03T08:26:36.590623Z[0m [32m INFO[0m [2mjwt_authorizer::layer[0m[2m:[0m err: InvalidKid("rsa02")
[INFO] [stdout] [2m2024-11-03T08:26:36.747242Z[0m [32m INFO[0m [2mjwt_authorizer::layer[0m[2m:[0m err: InvalidKid("rsa02")
[INFO] [stdout] test sequential_tests ... ok
[INFO] [stdout] 
[INFO] [stdout] test result: ok. 1 passed; 0 failed; 0 ignored; 0 measured; 0 filtered out; finished in 0.63s
[INFO] [stdout] 
[INFO] [stderr]      Running tests/tests.rs (/opt/rustwide/target/debug/deps/tests-29db36b407e01317)
[INFO] [stdout] 
[INFO] [stdout] running 15 tests
[INFO] [stdout] test tests::extract_from_public_401 ... ok
[INFO] [stdout] test tests::extract_from_public_optional ... ok
[INFO] [stdout] test tests::protected_with_bad_jwt ... ok
[INFO] [stdout] test tests::jwt_source_cookie ... ok
[INFO] [stdout] test tests::protected_without_jwt ... ok
[INFO] [stdout] test tests::protected_with_claims_check ... ok
[INFO] [stdout] test tests::validate_aud ... ok
[INFO] [stdout] test tests::validate_iss ... ok
[INFO] [stdout] test tests::validate_signature ... ok
[INFO] [stdout] test tests::validate_exp ... ok
[INFO] [stdout] test tests::validate_algs ... ok
[INFO] [stdout] test tests::multiple_authorizers ... ok
[INFO] [stdout] test tests::validate_nbf ... ok
[INFO] [stdout] test tests::protected_with_jwt ... ok
[INFO] [stdout] test tests::protected_with_bad_jwks_url ... ok
[INFO] [stdout] 
[INFO] [stdout] test result: ok. 15 passed; 0 failed; 0 ignored; 0 measured; 0 filtered out; finished in 0.07s
[INFO] [stdout] 
[INFO] [stderr]    Doc-tests jwt_authorizer
[INFO] [stdout] 
[INFO] [stdout] running 3 tests
[INFO] [stdout] test jwt-authorizer/src/../docs/README.md - (line 62) ... FAILED
[INFO] [stdout] test jwt-authorizer/src/../docs/README.md - (line 23) ... FAILED
[INFO] [stdout] test jwt-authorizer/src/../docs/README.md - (line 86) ... ok
[INFO] [stdout] 
[INFO] [stdout] failures:
[INFO] [stdout] 
[INFO] [stdout] ---- jwt-authorizer/src/../docs/README.md - (line 62) stdout ----
[INFO] [stdout] error: linking with `cc` failed: exit status: 1
[INFO] [stdout]   |
[INFO] [stdout]   = note: LC_ALL="C" PATH="/opt/rustwide/rustup-home/toolchains/nightly-2024-10-28-x86_64-unknown-linux-gnu/lib/rustlib/x86_64-unknown-linux-gnu/bin:/opt/rustwide/rustup-home/toolchains/nightly-2024-10-28-x86_64-unknown-linux-gnu/lib/rustlib/x86_64-unknown-linux-gnu/bin/self-contained:/opt/rustwide/cargo-home/bin:/usr/local/sbin:/usr/local/bin:/usr/sbin:/usr/bin:/sbin:/bin" VSLANG="1033" "cc" "-m64" "/tmp/rustcLLfRsj/symbols.o" "/tmp/rustdoctestNp1rUj/rust_out.rust_out.16b4434b3f29390-cgu.0.rcgu.o" "/tmp/rustdoctestNp1rUj/rust_out.433cx8cl382ppljrnwzuxa40f.rcgu.o" "-Wl,--as-needed" "-Wl,-Bstatic" "/opt/rustwide/target/debug/deps/libjwt_authorizer-727f17a9ea00a998.rlib" "/opt/rustwide/target/debug/deps/libpin_project-3a429ee3d70aa0bb.rlib" "/opt/rustwide/target/debug/deps/libchrono-65424b27e04f10c8.rlib" "/opt/rustwide/target/debug/deps/libiana_time_zone-b5af8e0c24ee252c.rlib" "/opt/rustwide/target/debug/deps/libreqwest-a77383252ee0b56c.rlib" "/opt/rustwide/target/debug/deps/librustls_pemfile-642792cee8028172.rlib" "/opt/rustwide/target/debug/deps/librustls_pki_types-9be9a33ba3c69774.rlib" "/opt/rustwide/target/debug/deps/libipnet-f8f4f35acfc01e80.rlib" "/opt/rustwide/target/debug/deps/libhyper_tls-48b5e8cc74fa1887.rlib" "/opt/rustwide/target/debug/deps/libtokio_native_tls-40ab9a6667c1533a.rlib" "/opt/rustwide/target/debug/deps/libencoding_rs-87763af8bd0f20d8.rlib" "/opt/rustwide/target/debug/deps/libnative_tls-5dc76b4a4c579868.rlib" "/opt/rustwide/target/debug/deps/libopenssl_probe-7a88c39453af999d.rlib" "/opt/rustwide/target/debug/deps/libopenssl-d6817ec3fbd94643.rlib" "/opt/rustwide/target/debug/deps/libbitflags-37f44213647a4ace.rlib" "/opt/rustwide/target/debug/deps/libforeign_types-635c4831cecdaa17.rlib" "/opt/rustwide/target/debug/deps/libforeign_types_shared-451e418c5f5a784d.rlib" "/opt/rustwide/target/debug/deps/libopenssl_sys-e155090bd081288b.rlib" "/opt/rustwide/target/debug/deps/liburl-3ecc82cacc8bd093.rlib" "/opt/rustwide/target/debug/deps/libidna-077fbd60ed77fff8.rlib" "/opt/rustwide/target/debug/deps/libunicode_normalization-9ddc68976d8cc053.rlib" "/opt/rustwide/target/debug/deps/libtinyvec-51759a03d8e7a380.rlib" "/opt/rustwide/target/debug/deps/libtinyvec_macros-66661c55905090ec.rlib" "/opt/rustwide/target/debug/deps/libunicode_bidi-7cad909d6a4c23f7.rlib" "/opt/rustwide/target/debug/deps/libheaders-1d5d312918dc7cf4.rlib" "/opt/rustwide/target/debug/deps/libsha1-3fe5a003f08bc91b.rlib" "/opt/rustwide/target/debug/deps/libcpufeatures-41282f1ae5bdd7cf.rlib" "/opt/rustwide/target/debug/deps/libdigest-ad270720b64b56a0.rlib" "/opt/rustwide/target/debug/deps/libblock_buffer-90f91f4f164fc7ea.rlib" "/opt/rustwide/target/debug/deps/libcrypto_common-b04de5b5712dc49f.rlib" "/opt/rustwide/target/debug/deps/libgeneric_array-d2a92b2da2a24109.rlib" "/opt/rustwide/target/debug/deps/libtypenum-5326f72807cfe834.rlib" "/opt/rustwide/target/debug/deps/libheaders_core-9d24546f53fe000a.rlib" "/opt/rustwide/target/debug/deps/libjsonwebtoken-66a426f8ac595286.rlib" "/opt/rustwide/target/debug/deps/libpem-5dec0d66de0d5e75.rlib" "/opt/rustwide/target/debug/deps/libbase64-c167c3eb3ecc322f.rlib" "/opt/rustwide/target/debug/deps/libsimple_asn1-af364a0ed56ead2f.rlib" "/opt/rustwide/target/debug/deps/libtime-81535a6e4fccb4d9.rlib" "/opt/rustwide/target/debug/deps/libtime_core-f088bdeda82daaaf.rlib" "/opt/rustwide/target/debug/deps/libnum_conv-c07d2bc8a05763c7.rlib" "/opt/rustwide/target/debug/deps/libderanged-268d6cdc91cf6c69.rlib" "/opt/rustwide/target/debug/deps/libpowerfmt-b5bd7be737233b4b.rlib" "/opt/rustwide/target/debug/deps/libthiserror-e2c987bdc89ba4e6.rlib" "/opt/rustwide/target/debug/deps/libnum_bigint-9d6c7b028e326ace.rlib" "/opt/rustwide/target/debug/deps/libnum_integer-fba6f57198a88ef4.rlib" "/opt/rustwide/target/debug/deps/libnum_traits-0c37a20ae14e105c.rlib" "/opt/rustwide/target/debug/deps/libbase64-309ef582bd843d33.rlib" "/opt/rustwide/target/debug/deps/libring-b7e488f78d51b11a.rlib" "/opt/rustwide/target/debug/deps/libgetrandom-253a22cbe8abb293.rlib" "/opt/rustwide/target/debug/deps/libspin-8ea6d3c24a0fb946.rlib" "/opt/rustwide/target/debug/deps/libuntrusted-0d4f2f5eacbcc494.rlib" "/opt/rustwide/target/debug/deps/libaxum-7324811e7f9c94f9.rlib" "/opt/rustwide/target/debug/deps/libserde_path_to_error-d3deb13f1f42e4f4.rlib" "/opt/rustwide/target/debug/deps/libserde_json-f74884cb3d424bfd.rlib" "/opt/rustwide/target/debug/deps/libserde_urlencoded-ec1602d9beb44977.rlib" "/opt/rustwide/target/debug/deps/libryu-2ae7af5af0bb88e0.rlib" "/opt/rustwide/target/debug/deps/libform_urlencoded-07a2dedb236e9598.rlib" "/opt/rustwide/target/debug/deps/libpercent_encoding-a400589552762a21.rlib" "/opt/rustwide/target/debug/deps/libhyper_util-6a747df3fa01d2fd.rlib" "/opt/rustwide/target/debug/deps/libhyper-3789efa2918251a6.rlib" "/opt/rustwide/target/debug/deps/libwant-e685d7a406130720.rlib" "/opt/rustwide/target/debug/deps/libtry_lock-c81c639303c73d15.rlib" "/opt/rustwide/target/debug/deps/libhttparse-51f001110b5a7f34.rlib" "/opt/rustwide/target/debug/deps/libh2-01a5fe92839ff4f0.rlib" "/opt/rustwide/target/debug/deps/libindexmap-dc95a38cbf6415fa.rlib" "/opt/rustwide/target/debug/deps/libequivalent-9e89cbd86631a94f.rlib" "/opt/rustwide/target/debug/deps/libhashbrown-29cea3b674da82b3.rlib" "/opt/rustwide/target/debug/deps/libatomic_waker-139ffb07fa982694.rlib" "/opt/rustwide/target/debug/deps/libtokio_util-714ebb39a1a2e5e1.rlib" "/opt/rustwide/target/debug/deps/libhttpdate-cec10d4fe91818dd.rlib" "/opt/rustwide/target/debug/deps/libmatchit-9130691b8ad33483.rlib" "/opt/rustwide/target/debug/deps/libserde-cb2ef2cee846407e.rlib" "/opt/rustwide/target/debug/deps/libaxum_core-bd98a0554bb10993.rlib" "/opt/rustwide/target/debug/deps/libmime-34c62d26cca01717.rlib" "/opt/rustwide/target/debug/deps/libsync_wrapper-4ffdcf013a9b999b.rlib" "/opt/rustwide/target/debug/deps/libhttp_body_util-e874bbf67fda17b8.rlib" "/opt/rustwide/target/debug/deps/libhttp_body-6f948388504fd55b.rlib" "/opt/rustwide/target/debug/deps/libhttp-d299e842755e0015.rlib" "/opt/rustwide/target/debug/deps/libitoa-add5260810035b6e.rlib" "/opt/rustwide/target/debug/deps/libfnv-574dedeaa4c89e1d.rlib" "/opt/rustwide/target/debug/deps/libtracing-443f4293c639a96d.rlib" "/opt/rustwide/target/debug/deps/liblog-e7e7e8ec9ff686da.rlib" "/opt/rustwide/target/debug/deps/libtracing_core-fa903d4bca1d333f.rlib" "/opt/rustwide/target/debug/deps/libonce_cell-6dc575c335e8f5a1.rlib" "/opt/rustwide/target/debug/deps/libtower-bd9bbc959ab2a7d2.rlib" "/opt/rustwide/target/debug/deps/libsync_wrapper-e6943188b4be07f5.rlib" "/opt/rustwide/target/debug/deps/libtower_layer-09b99c36a0da47bf.rlib" "/opt/rustwide/target/debug/deps/libfutures_util-b8c5c45a60499b27.rlib" "/opt/rustwide/target/debug/deps/libmemchr-c7ff0286392b94eb.rlib" "/opt/rustwide/target/debug/deps/libfutures_io-124a01bb0b35f096.rlib" "/opt/rustwide/target/debug/deps/libslab-d637e80c635d9ae6.rlib" "/opt/rustwide/target/debug/deps/libfutures_channel-1411bf70963dfe9b.rlib" "/opt/rustwide/target/debug/deps/libfutures_sink-96446479240e3330.rlib" "/opt/rustwide/target/debug/deps/libfutures_task-6b7e7a881f61604a.rlib" "/opt/rustwide/target/debug/deps/libpin_utils-76c2785263cdb1c1.rlib" "/opt/rustwide/target/debug/deps/libfutures_core-3267ce8fda4a14eb.rlib" "/opt/rustwide/target/debug/deps/libtower_service-44dbed632a843492.rlib" "/opt/rustwide/target/debug/deps/libtokio-a19144180df0fe6e.rlib" "/opt/rustwide/target/debug/deps/libsignal_hook_registry-22f5dd1d9aa59cb2.rlib" "/opt/rustwide/target/debug/deps/libsocket2-94d402ae640d2535.rlib" "/opt/rustwide/target/debug/deps/libbytes-6a4c7ea0a880895d.rlib" "/opt/rustwide/target/debug/deps/libmio-b327f5bccc20d3a1.rlib" "/opt/rustwide/target/debug/deps/libparking_lot-547e218269fae300.rlib" "/opt/rustwide/target/debug/deps/libparking_lot_core-bb70e0940f84194f.rlib" "/opt/rustwide/target/debug/deps/liblibc-663f09ba3db1840e.rlib" "/opt/rustwide/target/debug/deps/libcfg_if-57bf25c23e31efdb.rlib" "/opt/rustwide/target/debug/deps/libsmallvec-2bf71e8326cc0d46.rlib" "/opt/rustwide/target/debug/deps/liblock_api-e2cb0d427dfba242.rlib" "/opt/rustwide/target/debug/deps/libscopeguard-003ee3b9b09cebdb.rlib" "/opt/rustwide/target/debug/deps/libpin_project_lite-2633596a5f246a3b.rlib" "/opt/rustwide/rustup-home/toolchains/nightly-2024-10-28-x86_64-unknown-linux-gnu/lib/rustlib/x86_64-unknown-linux-gnu/lib/libstd-fb8c387236db3c10.rlib" "/opt/rustwide/rustup-home/toolchains/nightly-2024-10-28-x86_64-unknown-linux-gnu/lib/rustlib/x86_64-unknown-linux-gnu/lib/libpanic_unwind-b251837809b2f64b.rlib" "/opt/rustwide/rustup-home/toolchains/nightly-2024-10-28-x86_64-unknown-linux-gnu/lib/rustlib/x86_64-unknown-linux-gnu/lib/libobject-cbef83eaa4e01f04.rlib" "/opt/rustwide/rustup-home/toolchains/nightly-2024-10-28-x86_64-unknown-linux-gnu/lib/rustlib/x86_64-unknown-linux-gnu/lib/libmemchr-12a772286de2fca7.rlib" "/opt/rustwide/rustup-home/toolchains/nightly-2024-10-28-x86_64-unknown-linux-gnu/lib/rustlib/x86_64-unknown-linux-gnu/lib/libaddr2line-023bbe5ada7abfc3.rlib" "/opt/rustwide/rustup-home/toolchains/nightly-2024-10-28-x86_64-unknown-linux-gnu/lib/rustlib/x86_64-unknown-linux-gnu/lib/libgimli-de2bcdf10ec69c2b.rlib" "/opt/rustwide/rustup-home/toolchains/nightly-2024-10-28-x86_64-unknown-linux-gnu/lib/rustlib/x86_64-unknown-linux-gnu/lib/librustc_demangle-8e1754df350800fd.rlib" "/opt/rustwide/rustup-home/toolchains/nightly-2024-10-28-x86_64-unknown-linux-gnu/lib/rustlib/x86_64-unknown-linux-gnu/lib/libstd_detect-06c2ab7b9c32e037.rlib" "/opt/rustwide/rustup-home/toolchains/nightly-2024-10-28-x86_64-unknown-linux-gnu/lib/rustlib/x86_64-unknown-linux-gnu/lib/libhashbrown-51d2621fc57a281b.rlib" "/opt/rustwide/rustup-home/toolchains/nightly-2024-10-28-x86_64-unknown-linux-gnu/lib/rustlib/x86_64-unknown-linux-gnu/lib/librustc_std_workspace_alloc-54a930408793772f.rlib" "/opt/rustwide/rustup-home/toolchains/nightly-2024-10-28-x86_64-unknown-linux-gnu/lib/rustlib/x86_64-unknown-linux-gnu/lib/libminiz_oxide-0c7d01cba400dcb2.rlib" "/opt/rustwide/rustup-home/toolchains/nightly-2024-10-28-x86_64-unknown-linux-gnu/lib/rustlib/x86_64-unknown-linux-gnu/lib/libadler-b9f84d69e331b75b.rlib" "/opt/rustwide/rustup-home/toolchains/nightly-2024-10-28-x86_64-unknown-linux-gnu/lib/rustlib/x86_64-unknown-linux-gnu/lib/libunwind-eec95493246aae39.rlib" "/opt/rustwide/rustup-home/toolchains/nightly-2024-10-28-x86_64-unknown-linux-gnu/lib/rustlib/x86_64-unknown-linux-gnu/lib/libcfg_if-6f6676c475e08ab0.rlib" "/opt/rustwide/rustup-home/toolchains/nightly-2024-10-28-x86_64-unknown-linux-gnu/lib/rustlib/x86_64-unknown-linux-gnu/lib/liblibc-799d520624f8b2e0.rlib" "/opt/rustwide/rustup-home/toolchains/nightly-2024-10-28-x86_64-unknown-linux-gnu/lib/rustlib/x86_64-unknown-linux-gnu/lib/liballoc-fcf93d4842acd9a9.rlib" "/opt/rustwide/rustup-home/toolchains/nightly-2024-10-28-x86_64-unknown-linux-gnu/lib/rustlib/x86_64-unknown-linux-gnu/lib/librustc_std_workspace_core-395a38b8e0851c9b.rlib" "/opt/rustwide/rustup-home/toolchains/nightly-2024-10-28-x86_64-unknown-linux-gnu/lib/rustlib/x86_64-unknown-linux-gnu/lib/libcore-d453bab70303062c.rlib" "/opt/rustwide/rustup-home/toolchains/nightly-2024-10-28-x86_64-unknown-linux-gnu/lib/rustlib/x86_64-unknown-linux-gnu/lib/libcompiler_builtins-0e6386368b0a24e8.rlib" "-Wl,-Bdynamic" "-lssl" "-lcrypto" "-lgcc_s" "-lutil" "-lrt" "-lpthread" "-lm" "-ldl" "-lc" "-B/opt/rustwide/rustup-home/toolchains/nightly-2024-10-28-x86_64-unknown-linux-gnu/lib/rustlib/x86_64-unknown-linux-gnu/bin/gcc-ld" "-fuse-ld=lld" "-Wl,--eh-frame-hdr" "-Wl,-z,noexecstack" "-L" "/opt/rustwide/target/debug/build/ring-c3e341ff7050282d/out" "-L" "/opt/rustwide/rustup-home/toolchains/nightly-2024-10-28-x86_64-unknown-linux-gnu/lib/rustlib/x86_64-unknown-linux-gnu/lib" "-o" "/tmp/rustdoctestNp1rUj/rust_out" "-Wl,--gc-sections" "-pie" "-Wl,-z,relro,-z,now" "-nodefaultlibs"
[INFO] [stdout]   = note: collect2: fatal error: ld terminated with signal 7 [Bus error], core dumped
[INFO] [stdout]           compilation terminated.
[INFO] [stdout]           
[INFO] [stdout] 
[INFO] [stdout] error: aborting due to 1 previous error
[INFO] [stdout] 
[INFO] [stdout] Couldn't compile the test.
[INFO] [stdout] ---- jwt-authorizer/src/../docs/README.md - (line 23) stdout ----
[INFO] [stdout] error: linking with `cc` failed: exit status: 1
[INFO] [stdout]   |
[INFO] [stdout]   = note: LC_ALL="C" PATH="/opt/rustwide/rustup-home/toolchains/nightly-2024-10-28-x86_64-unknown-linux-gnu/lib/rustlib/x86_64-unknown-linux-gnu/bin:/opt/rustwide/rustup-home/toolchains/nightly-2024-10-28-x86_64-unknown-linux-gnu/lib/rustlib/x86_64-unknown-linux-gnu/bin/self-contained:/opt/rustwide/cargo-home/bin:/usr/local/sbin:/usr/local/bin:/usr/sbin:/usr/bin:/sbin:/bin" VSLANG="1033" "cc" "-m64" "/tmp/rustc7Ld32g/symbols.o" "/tmp/rustdoctestHWqVmR/rust_out.rust_out.16b4434b3f29390-cgu.0.rcgu.o" "/tmp/rustdoctestHWqVmR/rust_out.433cx8cl382ppljrnwzuxa40f.rcgu.o" "-Wl,--as-needed" "-Wl,-Bstatic" "/opt/rustwide/target/debug/deps/libjwt_authorizer-727f17a9ea00a998.rlib" "/opt/rustwide/target/debug/deps/libpin_project-3a429ee3d70aa0bb.rlib" "/opt/rustwide/target/debug/deps/libchrono-65424b27e04f10c8.rlib" "/opt/rustwide/target/debug/deps/libiana_time_zone-b5af8e0c24ee252c.rlib" "/opt/rustwide/target/debug/deps/libreqwest-a77383252ee0b56c.rlib" "/opt/rustwide/target/debug/deps/librustls_pemfile-642792cee8028172.rlib" "/opt/rustwide/target/debug/deps/librustls_pki_types-9be9a33ba3c69774.rlib" "/opt/rustwide/target/debug/deps/libipnet-f8f4f35acfc01e80.rlib" "/opt/rustwide/target/debug/deps/libhyper_tls-48b5e8cc74fa1887.rlib" "/opt/rustwide/target/debug/deps/libtokio_native_tls-40ab9a6667c1533a.rlib" "/opt/rustwide/target/debug/deps/libencoding_rs-87763af8bd0f20d8.rlib" "/opt/rustwide/target/debug/deps/libnative_tls-5dc76b4a4c579868.rlib" "/opt/rustwide/target/debug/deps/libopenssl_probe-7a88c39453af999d.rlib" "/opt/rustwide/target/debug/deps/libopenssl-d6817ec3fbd94643.rlib" "/opt/rustwide/target/debug/deps/libbitflags-37f44213647a4ace.rlib" "/opt/rustwide/target/debug/deps/libforeign_types-635c4831cecdaa17.rlib" "/opt/rustwide/target/debug/deps/libforeign_types_shared-451e418c5f5a784d.rlib" "/opt/rustwide/target/debug/deps/libopenssl_sys-e155090bd081288b.rlib" "/opt/rustwide/target/debug/deps/liburl-3ecc82cacc8bd093.rlib" "/opt/rustwide/target/debug/deps/libidna-077fbd60ed77fff8.rlib" "/opt/rustwide/target/debug/deps/libunicode_normalization-9ddc68976d8cc053.rlib" "/opt/rustwide/target/debug/deps/libtinyvec-51759a03d8e7a380.rlib" "/opt/rustwide/target/debug/deps/libtinyvec_macros-66661c55905090ec.rlib" "/opt/rustwide/target/debug/deps/libunicode_bidi-7cad909d6a4c23f7.rlib" "/opt/rustwide/target/debug/deps/libheaders-1d5d312918dc7cf4.rlib" "/opt/rustwide/target/debug/deps/libsha1-3fe5a003f08bc91b.rlib" "/opt/rustwide/target/debug/deps/libcpufeatures-41282f1ae5bdd7cf.rlib" "/opt/rustwide/target/debug/deps/libdigest-ad270720b64b56a0.rlib" "/opt/rustwide/target/debug/deps/libblock_buffer-90f91f4f164fc7ea.rlib" "/opt/rustwide/target/debug/deps/libcrypto_common-b04de5b5712dc49f.rlib" "/opt/rustwide/target/debug/deps/libgeneric_array-d2a92b2da2a24109.rlib" "/opt/rustwide/target/debug/deps/libtypenum-5326f72807cfe834.rlib" "/opt/rustwide/target/debug/deps/libheaders_core-9d24546f53fe000a.rlib" "/opt/rustwide/target/debug/deps/libjsonwebtoken-66a426f8ac595286.rlib" "/opt/rustwide/target/debug/deps/libpem-5dec0d66de0d5e75.rlib" "/opt/rustwide/target/debug/deps/libbase64-c167c3eb3ecc322f.rlib" "/opt/rustwide/target/debug/deps/libsimple_asn1-af364a0ed56ead2f.rlib" "/opt/rustwide/target/debug/deps/libtime-81535a6e4fccb4d9.rlib" "/opt/rustwide/target/debug/deps/libtime_core-f088bdeda82daaaf.rlib" "/opt/rustwide/target/debug/deps/libnum_conv-c07d2bc8a05763c7.rlib" "/opt/rustwide/target/debug/deps/libderanged-268d6cdc91cf6c69.rlib" "/opt/rustwide/target/debug/deps/libpowerfmt-b5bd7be737233b4b.rlib" "/opt/rustwide/target/debug/deps/libthiserror-e2c987bdc89ba4e6.rlib" "/opt/rustwide/target/debug/deps/libnum_bigint-9d6c7b028e326ace.rlib" "/opt/rustwide/target/debug/deps/libnum_integer-fba6f57198a88ef4.rlib" "/opt/rustwide/target/debug/deps/libnum_traits-0c37a20ae14e105c.rlib" "/opt/rustwide/target/debug/deps/libbase64-309ef582bd843d33.rlib" "/opt/rustwide/target/debug/deps/libring-b7e488f78d51b11a.rlib" "/opt/rustwide/target/debug/deps/libgetrandom-253a22cbe8abb293.rlib" "/opt/rustwide/target/debug/deps/libspin-8ea6d3c24a0fb946.rlib" "/opt/rustwide/target/debug/deps/libuntrusted-0d4f2f5eacbcc494.rlib" "/opt/rustwide/target/debug/deps/libaxum-7324811e7f9c94f9.rlib" "/opt/rustwide/target/debug/deps/libserde_path_to_error-d3deb13f1f42e4f4.rlib" "/opt/rustwide/target/debug/deps/libserde_json-f74884cb3d424bfd.rlib" "/opt/rustwide/target/debug/deps/libserde_urlencoded-ec1602d9beb44977.rlib" "/opt/rustwide/target/debug/deps/libryu-2ae7af5af0bb88e0.rlib" "/opt/rustwide/target/debug/deps/libform_urlencoded-07a2dedb236e9598.rlib" "/opt/rustwide/target/debug/deps/libpercent_encoding-a400589552762a21.rlib" "/opt/rustwide/target/debug/deps/libhyper_util-6a747df3fa01d2fd.rlib" "/opt/rustwide/target/debug/deps/libhyper-3789efa2918251a6.rlib" "/opt/rustwide/target/debug/deps/libwant-e685d7a406130720.rlib" "/opt/rustwide/target/debug/deps/libtry_lock-c81c639303c73d15.rlib" "/opt/rustwide/target/debug/deps/libhttparse-51f001110b5a7f34.rlib" "/opt/rustwide/target/debug/deps/libh2-01a5fe92839ff4f0.rlib" "/opt/rustwide/target/debug/deps/libindexmap-dc95a38cbf6415fa.rlib" "/opt/rustwide/target/debug/deps/libequivalent-9e89cbd86631a94f.rlib" "/opt/rustwide/target/debug/deps/libhashbrown-29cea3b674da82b3.rlib" "/opt/rustwide/target/debug/deps/libatomic_waker-139ffb07fa982694.rlib" "/opt/rustwide/target/debug/deps/libtokio_util-714ebb39a1a2e5e1.rlib" "/opt/rustwide/target/debug/deps/libhttpdate-cec10d4fe91818dd.rlib" "/opt/rustwide/target/debug/deps/libmatchit-9130691b8ad33483.rlib" "/opt/rustwide/target/debug/deps/libserde-cb2ef2cee846407e.rlib" "/opt/rustwide/target/debug/deps/libaxum_core-bd98a0554bb10993.rlib" "/opt/rustwide/target/debug/deps/libmime-34c62d26cca01717.rlib" "/opt/rustwide/target/debug/deps/libsync_wrapper-4ffdcf013a9b999b.rlib" "/opt/rustwide/target/debug/deps/libhttp_body_util-e874bbf67fda17b8.rlib" "/opt/rustwide/target/debug/deps/libhttp_body-6f948388504fd55b.rlib" "/opt/rustwide/target/debug/deps/libhttp-d299e842755e0015.rlib" "/opt/rustwide/target/debug/deps/libitoa-add5260810035b6e.rlib" "/opt/rustwide/target/debug/deps/libfnv-574dedeaa4c89e1d.rlib" "/opt/rustwide/target/debug/deps/libtracing-443f4293c639a96d.rlib" "/opt/rustwide/target/debug/deps/liblog-e7e7e8ec9ff686da.rlib" "/opt/rustwide/target/debug/deps/libtracing_core-fa903d4bca1d333f.rlib" "/opt/rustwide/target/debug/deps/libonce_cell-6dc575c335e8f5a1.rlib" "/opt/rustwide/target/debug/deps/libtower-bd9bbc959ab2a7d2.rlib" "/opt/rustwide/target/debug/deps/libsync_wrapper-e6943188b4be07f5.rlib" "/opt/rustwide/target/debug/deps/libtower_layer-09b99c36a0da47bf.rlib" "/opt/rustwide/target/debug/deps/libfutures_util-b8c5c45a60499b27.rlib" "/opt/rustwide/target/debug/deps/libmemchr-c7ff0286392b94eb.rlib" "/opt/rustwide/target/debug/deps/libfutures_io-124a01bb0b35f096.rlib" "/opt/rustwide/target/debug/deps/libslab-d637e80c635d9ae6.rlib" "/opt/rustwide/target/debug/deps/libfutures_channel-1411bf70963dfe9b.rlib" "/opt/rustwide/target/debug/deps/libfutures_sink-96446479240e3330.rlib" "/opt/rustwide/target/debug/deps/libfutures_task-6b7e7a881f61604a.rlib" "/opt/rustwide/target/debug/deps/libpin_utils-76c2785263cdb1c1.rlib" "/opt/rustwide/target/debug/deps/libfutures_core-3267ce8fda4a14eb.rlib" "/opt/rustwide/target/debug/deps/libtower_service-44dbed632a843492.rlib" "/opt/rustwide/target/debug/deps/libtokio-a19144180df0fe6e.rlib" "/opt/rustwide/target/debug/deps/libsignal_hook_registry-22f5dd1d9aa59cb2.rlib" "/opt/rustwide/target/debug/deps/libsocket2-94d402ae640d2535.rlib" "/opt/rustwide/target/debug/deps/libbytes-6a4c7ea0a880895d.rlib" "/opt/rustwide/target/debug/deps/libmio-b327f5bccc20d3a1.rlib" "/opt/rustwide/target/debug/deps/libparking_lot-547e218269fae300.rlib" "/opt/rustwide/target/debug/deps/libparking_lot_core-bb70e0940f84194f.rlib" "/opt/rustwide/target/debug/deps/liblibc-663f09ba3db1840e.rlib" "/opt/rustwide/target/debug/deps/libcfg_if-57bf25c23e31efdb.rlib" "/opt/rustwide/target/debug/deps/libsmallvec-2bf71e8326cc0d46.rlib" "/opt/rustwide/target/debug/deps/liblock_api-e2cb0d427dfba242.rlib" "/opt/rustwide/target/debug/deps/libscopeguard-003ee3b9b09cebdb.rlib" "/opt/rustwide/target/debug/deps/libpin_project_lite-2633596a5f246a3b.rlib" "/opt/rustwide/rustup-home/toolchains/nightly-2024-10-28-x86_64-unknown-linux-gnu/lib/rustlib/x86_64-unknown-linux-gnu/lib/libstd-fb8c387236db3c10.rlib" "/opt/rustwide/rustup-home/toolchains/nightly-2024-10-28-x86_64-unknown-linux-gnu/lib/rustlib/x86_64-unknown-linux-gnu/lib/libpanic_unwind-b251837809b2f64b.rlib" "/opt/rustwide/rustup-home/toolchains/nightly-2024-10-28-x86_64-unknown-linux-gnu/lib/rustlib/x86_64-unknown-linux-gnu/lib/libobject-cbef83eaa4e01f04.rlib" "/opt/rustwide/rustup-home/toolchains/nightly-2024-10-28-x86_64-unknown-linux-gnu/lib/rustlib/x86_64-unknown-linux-gnu/lib/libmemchr-12a772286de2fca7.rlib" "/opt/rustwide/rustup-home/toolchains/nightly-2024-10-28-x86_64-unknown-linux-gnu/lib/rustlib/x86_64-unknown-linux-gnu/lib/libaddr2line-023bbe5ada7abfc3.rlib" "/opt/rustwide/rustup-home/toolchains/nightly-2024-10-28-x86_64-unknown-linux-gnu/lib/rustlib/x86_64-unknown-linux-gnu/lib/libgimli-de2bcdf10ec69c2b.rlib" "/opt/rustwide/rustup-home/toolchains/nightly-2024-10-28-x86_64-unknown-linux-gnu/lib/rustlib/x86_64-unknown-linux-gnu/lib/librustc_demangle-8e1754df350800fd.rlib" "/opt/rustwide/rustup-home/toolchains/nightly-2024-10-28-x86_64-unknown-linux-gnu/lib/rustlib/x86_64-unknown-linux-gnu/lib/libstd_detect-06c2ab7b9c32e037.rlib" "/opt/rustwide/rustup-home/toolchains/nightly-2024-10-28-x86_64-unknown-linux-gnu/lib/rustlib/x86_64-unknown-linux-gnu/lib/libhashbrown-51d2621fc57a281b.rlib" "/opt/rustwide/rustup-home/toolchains/nightly-2024-10-28-x86_64-unknown-linux-gnu/lib/rustlib/x86_64-unknown-linux-gnu/lib/librustc_std_workspace_alloc-54a930408793772f.rlib" "/opt/rustwide/rustup-home/toolchains/nightly-2024-10-28-x86_64-unknown-linux-gnu/lib/rustlib/x86_64-unknown-linux-gnu/lib/libminiz_oxide-0c7d01cba400dcb2.rlib" "/opt/rustwide/rustup-home/toolchains/nightly-2024-10-28-x86_64-unknown-linux-gnu/lib/rustlib/x86_64-unknown-linux-gnu/lib/libadler-b9f84d69e331b75b.rlib" "/opt/rustwide/rustup-home/toolchains/nightly-2024-10-28-x86_64-unknown-linux-gnu/lib/rustlib/x86_64-unknown-linux-gnu/lib/libunwind-eec95493246aae39.rlib" "/opt/rustwide/rustup-home/toolchains/nightly-2024-10-28-x86_64-unknown-linux-gnu/lib/rustlib/x86_64-unknown-linux-gnu/lib/libcfg_if-6f6676c475e08ab0.rlib" "/opt/rustwide/rustup-home/toolchains/nightly-2024-10-28-x86_64-unknown-linux-gnu/lib/rustlib/x86_64-unknown-linux-gnu/lib/liblibc-799d520624f8b2e0.rlib" "/opt/rustwide/rustup-home/toolchains/nightly-2024-10-28-x86_64-unknown-linux-gnu/lib/rustlib/x86_64-unknown-linux-gnu/lib/liballoc-fcf93d4842acd9a9.rlib" "/opt/rustwide/rustup-home/toolchains/nightly-2024-10-28-x86_64-unknown-linux-gnu/lib/rustlib/x86_64-unknown-linux-gnu/lib/librustc_std_workspace_core-395a38b8e0851c9b.rlib" "/opt/rustwide/rustup-home/toolchains/nightly-2024-10-28-x86_64-unknown-linux-gnu/lib/rustlib/x86_64-unknown-linux-gnu/lib/libcore-d453bab70303062c.rlib" "/opt/rustwide/rustup-home/toolchains/nightly-2024-10-28-x86_64-unknown-linux-gnu/lib/rustlib/x86_64-unknown-linux-gnu/lib/libcompiler_builtins-0e6386368b0a24e8.rlib" "-Wl,-Bdynamic" "-lssl" "-lcrypto" "-lgcc_s" "-lutil" "-lrt" "-lpthread" "-lm" "-ldl" "-lc" "-B/opt/rustwide/rustup-home/toolchains/nightly-2024-10-28-x86_64-unknown-linux-gnu/lib/rustlib/x86_64-unknown-linux-gnu/bin/gcc-ld" "-fuse-ld=lld" "-Wl,--eh-frame-hdr" "-Wl,-z,noexecstack" "-L" "/opt/rustwide/target/debug/build/ring-c3e341ff7050282d/out" "-L" "/opt/rustwide/rustup-home/toolchains/nightly-2024-10-28-x86_64-unknown-linux-gnu/lib/rustlib/x86_64-unknown-linux-gnu/lib" "-o" "/tmp/rustdoctestHWqVmR/rust_out" "-Wl,--gc-sections" "-pie" "-Wl,-z,relro,-z,now" "-nodefaultlibs"
[INFO] [stdout]   = note: collect2: fatal error: ld terminated with signal 7 [Bus error], core dumped
[INFO] [stdout]           compilation terminated.
[INFO] [stdout]           
[INFO] [stdout] 
[INFO] [stdout] error: aborting due to 1 previous error
[INFO] [stdout] 
[INFO] [stdout] Couldn't compile the test.
[INFO] [stdout] 
[INFO] [stdout] failures:
[INFO] [stdout]     jwt-authorizer/src/../docs/README.md - (line 23)
[INFO] [stdout]     jwt-authorizer/src/../docs/README.md - (line 62)
[INFO] [stdout] 
[INFO] [stdout] test result: FAILED. 1 passed; 2 failed; 0 ignored; 0 measured; 0 filtered out; finished in 1.53s
[INFO] [stdout] 
[INFO] [stderr] error: doctest failed, to rerun pass `-p jwt-authorizer --doc`
[INFO] running `Command { std: "docker" "inspect" "a6c49a5a4234f9ae9cff5fb9346f7405d5efd9c68b5110f5c072ad136f5d0098", kill_on_drop: false }`
[INFO] running `Command { std: "docker" "rm" "-f" "a6c49a5a4234f9ae9cff5fb9346f7405d5efd9c68b5110f5c072ad136f5d0098", kill_on_drop: false }`
[INFO] [stdout] a6c49a5a4234f9ae9cff5fb9346f7405d5efd9c68b5110f5c072ad136f5d0098
