[INFO] cloning repository https://github.com/brian880120/geekbang_rust_simple_redis
[INFO] running `Command { std: "git" "-c" "credential.helper=" "-c" "credential.helper=/workspace/cargo-home/bin/git-credential-null" "clone" "--bare" "https://github.com/brian880120/geekbang_rust_simple_redis" "/workspace/cache/git-repos/https%3A%2F%2Fgithub.com%2Fbrian880120%2Fgeekbang_rust_simple_redis", kill_on_drop: false }`
[INFO] [stderr] Cloning into bare repository '/workspace/cache/git-repos/https%3A%2F%2Fgithub.com%2Fbrian880120%2Fgeekbang_rust_simple_redis'...
[INFO] running `Command { std: "git" "rev-parse" "HEAD", kill_on_drop: false }`
[INFO] [stdout] 5b728cdee2c424305551372236be023cad3b28a6
[INFO] testing brian880120/geekbang_rust_simple_redis/5b728cdee2c424305551372236be023cad3b28a6 against nightly-2024-10-28+rustflags=-Zrandomize-layout for randomize-layout
[INFO] running `Command { std: "git" "clone" "/workspace/cache/git-repos/https%3A%2F%2Fgithub.com%2Fbrian880120%2Fgeekbang_rust_simple_redis" "/workspace/builds/worker-7-tc2/source", kill_on_drop: false }`
[INFO] [stderr] Cloning into '/workspace/builds/worker-7-tc2/source'...
[INFO] [stderr] done.
[INFO] validating manifest of git repo https://github.com/brian880120/geekbang_rust_simple_redis on toolchain nightly-2024-10-28
[INFO] running `Command { std: CARGO_HOME="/workspace/cargo-home" RUSTUP_HOME="/workspace/rustup-home" "/workspace/cargo-home/bin/cargo" "+nightly-2024-10-28" "metadata" "--manifest-path" "Cargo.toml" "--no-deps", kill_on_drop: false }`
[INFO] started tweaking git repo https://github.com/brian880120/geekbang_rust_simple_redis
[INFO] finished tweaking git repo https://github.com/brian880120/geekbang_rust_simple_redis
[INFO] tweaked toml for git repo https://github.com/brian880120/geekbang_rust_simple_redis written to /workspace/builds/worker-7-tc2/source/Cargo.toml
[INFO] crate git repo https://github.com/brian880120/geekbang_rust_simple_redis already has a lockfile, it will not be regenerated
[INFO] running `Command { std: CARGO_HOME="/workspace/cargo-home" RUSTUP_HOME="/workspace/rustup-home" "/workspace/cargo-home/bin/cargo" "+nightly-2024-10-28" "fetch" "--manifest-path" "Cargo.toml", kill_on_drop: false }`
[INFO] running `Command { std: "docker" "create" "-v" "/var/lib/crater-agent-workspace/builds/worker-7-tc2/target:/opt/rustwide/target:rw,Z" "-v" "/var/lib/crater-agent-workspace/builds/worker-7-tc2/source:/opt/rustwide/workdir:ro,Z" "-v" "/var/lib/crater-agent-workspace/cargo-home:/opt/rustwide/cargo-home:ro,Z" "-v" "/var/lib/crater-agent-workspace/rustup-home:/opt/rustwide/rustup-home:ro,Z" "-e" "SOURCE_DIR=/opt/rustwide/workdir" "-e" "CARGO_TARGET_DIR=/opt/rustwide/target" "-e" "CARGO_HOME=/opt/rustwide/cargo-home" "-e" "RUSTUP_HOME=/opt/rustwide/rustup-home" "-w" "/opt/rustwide/workdir" "-m" "1610612736" "--user" "0:0" "--network" "none" "ghcr.io/rust-lang/crates-build-env/linux@sha256:4a844ea9eb2546a2d2c7022eacef16ef2e8229c7fbb2c7d4d55a9ceca922f72d" "/opt/rustwide/cargo-home/bin/cargo" "+nightly-2024-10-28" "metadata" "--no-deps" "--format-version=1", kill_on_drop: false }`
[INFO] [stdout] 3a725172ac615586012f17d721288e1e2d778a61a6c6174b543e1af87c6488cc
[INFO] running `Command { std: "docker" "start" "-a" "3a725172ac615586012f17d721288e1e2d778a61a6c6174b543e1af87c6488cc", kill_on_drop: false }`
[INFO] running `Command { std: "docker" "inspect" "3a725172ac615586012f17d721288e1e2d778a61a6c6174b543e1af87c6488cc", kill_on_drop: false }`
[INFO] running `Command { std: "docker" "rm" "-f" "3a725172ac615586012f17d721288e1e2d778a61a6c6174b543e1af87c6488cc", kill_on_drop: false }`
[INFO] [stdout] 3a725172ac615586012f17d721288e1e2d778a61a6c6174b543e1af87c6488cc
[INFO] running `Command { std: "docker" "create" "-v" "/var/lib/crater-agent-workspace/builds/worker-7-tc2/target:/opt/rustwide/target:rw,Z" "-v" "/var/lib/crater-agent-workspace/builds/worker-7-tc2/source:/opt/rustwide/workdir:ro,Z" "-v" "/var/lib/crater-agent-workspace/cargo-home:/opt/rustwide/cargo-home:ro,Z" "-v" "/var/lib/crater-agent-workspace/rustup-home:/opt/rustwide/rustup-home:ro,Z" "-e" "SOURCE_DIR=/opt/rustwide/workdir" "-e" "CARGO_TARGET_DIR=/opt/rustwide/target" "-e" "CARGO_INCREMENTAL=0" "-e" "RUST_BACKTRACE=full" "-e" "RUSTFLAGS=--cap-lints=forbid -Zrandomize-layout" "-e" "RUSTDOCFLAGS=--cap-lints=forbid" "-e" "CARGO_HOME=/opt/rustwide/cargo-home" "-e" "RUSTUP_HOME=/opt/rustwide/rustup-home" "-w" "/opt/rustwide/workdir" "-m" "1610612736" "--user" "0:0" "--network" "none" "ghcr.io/rust-lang/crates-build-env/linux@sha256:4a844ea9eb2546a2d2c7022eacef16ef2e8229c7fbb2c7d4d55a9ceca922f72d" "/opt/rustwide/cargo-home/bin/cargo" "+nightly-2024-10-28" "build" "--frozen" "--message-format=json", kill_on_drop: false }`
[INFO] [stdout] cff863f6852610d8c84e87e435a322005c7a556db1083596ea2396c2b87d28a3
[INFO] running `Command { std: "docker" "start" "-a" "cff863f6852610d8c84e87e435a322005c7a556db1083596ea2396c2b87d28a3", kill_on_drop: false }`
[INFO] [stderr]    Compiling proc-macro2 v1.0.86
[INFO] [stderr]    Compiling unicode-ident v1.0.12
[INFO] [stderr]    Compiling thiserror v1.0.63
[INFO] [stderr]    Compiling anyhow v1.0.86
[INFO] [stderr]    Compiling once_cell v1.19.0
[INFO] [stderr]    Compiling bytes v1.6.1
[INFO] [stderr]    Compiling quote v1.0.36
[INFO] [stderr]    Compiling syn v2.0.71
[INFO] [stderr]    Compiling thiserror-impl v1.0.63
[INFO] [stderr]    Compiling enum_dispatch v0.3.13
[INFO] [stderr]    Compiling simple-redis v0.1.0 (/opt/rustwide/workdir)
[INFO] [stdout] warning: unused import: `SimpleError`
[INFO] [stdout]  --> src/resp/decode.rs:1:47
[INFO] [stdout]   |
[INFO] [stdout] 1 | use crate::{RespDecode, RespError, RespFrame, SimpleError, SimpleString};
[INFO] [stdout]   |                                               ^^^^^^^^^^^
[INFO] [stdout]   |
[INFO] [stdout]   = note: `#[warn(unused_imports)]` on by default
[INFO] [stdout] 
[INFO] [stdout] 
[INFO] [stdout] warning: unused variable: `buf`
[INFO] [stdout]   --> src/resp/decode.rs:14:22
[INFO] [stdout]    |
[INFO] [stdout] 14 |     fn expect_length(buf: &[u8]) -> Result<usize, RespError> {
[INFO] [stdout]    |                      ^^^ help: if this is intentional, prefix it with an underscore: `_buf`
[INFO] [stdout]    |
[INFO] [stdout]    = note: `#[warn(unused_variables)]` on by default
[INFO] [stdout] 
[INFO] [stdout] 
[INFO] [stdout] warning: unused variable: `buf`
[INFO] [stdout]   --> src/resp/decode.rs:51:22
[INFO] [stdout]    |
[INFO] [stdout] 51 |     fn expect_length(buf: &[u8]) -> Result<usize, RespError> {
[INFO] [stdout]    |                      ^^^ help: if this is intentional, prefix it with an underscore: `_buf`
[INFO] [stdout] 
[INFO] [stdout] 
[INFO] [stdout] warning: constant `BUF_CAP` is never used
[INFO] [stdout]   --> src/resp/mod.rs:10:7
[INFO] [stdout]    |
[INFO] [stdout] 10 | const BUF_CAP: usize = 4096;
[INFO] [stdout]    |       ^^^^^^^
[INFO] [stdout]    |
[INFO] [stdout]    = note: `#[warn(dead_code)]` on by default
[INFO] [stdout] 
[INFO] [stdout] 
[INFO] [stdout] warning: constant `CRLF` is never used
[INFO] [stdout]   --> src/resp/mod.rs:11:7
[INFO] [stdout]    |
[INFO] [stdout] 11 | const CRLF: &[u8] = b"\r\n";
[INFO] [stdout]    |       ^^^^
[INFO] [stdout] 
[INFO] [stdout] 
[INFO] [stdout] warning: constant `CRLF_LEN` is never used
[INFO] [stdout]   --> src/resp/mod.rs:12:7
[INFO] [stdout]    |
[INFO] [stdout] 12 | const CRLF_LEN: usize = CRLF.len();
[INFO] [stdout]    |       ^^^^^^^^
[INFO] [stdout] 
[INFO] [stdout] 
[INFO] [stdout] warning: function `extract_fixed_data` is never used
[INFO] [stdout]    --> src/resp/mod.rs:171:4
[INFO] [stdout]     |
[INFO] [stdout] 171 | fn extract_fixed_data(
[INFO] [stdout]     |    ^^^^^^^^^^^^^^^^^^
[INFO] [stdout] 
[INFO] [stdout] 
[INFO] [stdout] warning: function `extract_simple_frame_data` is never used
[INFO] [stdout]    --> src/resp/mod.rs:191:4
[INFO] [stdout]     |
[INFO] [stdout] 191 | fn extract_simple_frame_data(buf: &[u8], prefix: &str) -> Result<usize, RespError> {
[INFO] [stdout]     |    ^^^^^^^^^^^^^^^^^^^^^^^^^
[INFO] [stdout] 
[INFO] [stdout] 
[INFO] [stdout] warning: function `find_crlf` is never used
[INFO] [stdout]    --> src/resp/mod.rs:209:4
[INFO] [stdout]     |
[INFO] [stdout] 209 | fn find_crlf(buf: &[u8], nth: usize) -> Option<usize> {
[INFO] [stdout]     |    ^^^^^^^^^
[INFO] [stdout] 
[INFO] [stdout] 
[INFO] [stdout] warning: function `parse_length` is never used
[INFO] [stdout]    --> src/resp/mod.rs:224:4
[INFO] [stdout]     |
[INFO] [stdout] 224 | fn parse_length(buf: &[u8], prefix: &str) -> Result<(usize, usize), RespError> {
[INFO] [stdout]     |    ^^^^^^^^^^^^
[INFO] [stdout] 
[INFO] [stdout] 
[INFO] [stdout] warning: function `calc_total_length` is never used
[INFO] [stdout]    --> src/resp/mod.rs:230:4
[INFO] [stdout]     |
[INFO] [stdout] 230 | fn calc_total_length(buf: &[u8], end: usize, len: usize, prefix: &str) -> Result<usize, RespError> {
[INFO] [stdout]     |    ^^^^^^^^^^^^^^^^^
[INFO] [stdout] 
[INFO] [stdout] 
[INFO] [stderr]     Finished `dev` profile [unoptimized + debuginfo] target(s) in 2.85s
[INFO] running `Command { std: "docker" "inspect" "cff863f6852610d8c84e87e435a322005c7a556db1083596ea2396c2b87d28a3", kill_on_drop: false }`
[INFO] running `Command { std: "docker" "rm" "-f" "cff863f6852610d8c84e87e435a322005c7a556db1083596ea2396c2b87d28a3", kill_on_drop: false }`
[INFO] [stdout] cff863f6852610d8c84e87e435a322005c7a556db1083596ea2396c2b87d28a3
[INFO] running `Command { std: "docker" "create" "-v" "/var/lib/crater-agent-workspace/builds/worker-7-tc2/target:/opt/rustwide/target:rw,Z" "-v" "/var/lib/crater-agent-workspace/builds/worker-7-tc2/source:/opt/rustwide/workdir:ro,Z" "-v" "/var/lib/crater-agent-workspace/cargo-home:/opt/rustwide/cargo-home:ro,Z" "-v" "/var/lib/crater-agent-workspace/rustup-home:/opt/rustwide/rustup-home:ro,Z" "-e" "SOURCE_DIR=/opt/rustwide/workdir" "-e" "CARGO_TARGET_DIR=/opt/rustwide/target" "-e" "CARGO_INCREMENTAL=0" "-e" "RUST_BACKTRACE=full" "-e" "RUSTFLAGS=--cap-lints=forbid -Zrandomize-layout" "-e" "RUSTDOCFLAGS=--cap-lints=forbid" "-e" "CARGO_HOME=/opt/rustwide/cargo-home" "-e" "RUSTUP_HOME=/opt/rustwide/rustup-home" "-w" "/opt/rustwide/workdir" "-m" "1610612736" "--user" "0:0" "--network" "none" "ghcr.io/rust-lang/crates-build-env/linux@sha256:4a844ea9eb2546a2d2c7022eacef16ef2e8229c7fbb2c7d4d55a9ceca922f72d" "/opt/rustwide/cargo-home/bin/cargo" "+nightly-2024-10-28" "test" "--frozen" "--no-run" "--message-format=json", kill_on_drop: false }`
[INFO] [stdout] b09e7cfa58ff294207aaa668c03b4ad5251c69c5846735820ec62697b8ca4b13
[INFO] running `Command { std: "docker" "start" "-a" "b09e7cfa58ff294207aaa668c03b4ad5251c69c5846735820ec62697b8ca4b13", kill_on_drop: false }`
[INFO] [stdout] warning: unused import: `SimpleError`
[INFO] [stdout]  --> src/resp/decode.rs:1:47
[INFO] [stdout]   |
[INFO] [stdout] 1 | use crate::{RespDecode, RespError, RespFrame, SimpleError, SimpleString};
[INFO] [stdout]   |                                               ^^^^^^^^^^^
[INFO] [stdout]   |
[INFO] [stdout]   = note: `#[warn(unused_imports)]` on by default
[INFO] [stdout] 
[INFO] [stdout] 
[INFO] [stdout] warning: unused variable: `buf`
[INFO] [stdout]   --> src/resp/decode.rs:14:22
[INFO] [stdout]    |
[INFO] [stdout] 14 |     fn expect_length(buf: &[u8]) -> Result<usize, RespError> {
[INFO] [stdout]    |                      ^^^ help: if this is intentional, prefix it with an underscore: `_buf`
[INFO] [stdout]    |
[INFO] [stdout]    = note: `#[warn(unused_variables)]` on by default
[INFO] [stdout] 
[INFO] [stdout] 
[INFO] [stdout] warning: unused variable: `buf`
[INFO] [stdout]   --> src/resp/decode.rs:51:22
[INFO] [stdout]    |
[INFO] [stdout] 51 |     fn expect_length(buf: &[u8]) -> Result<usize, RespError> {
[INFO] [stdout]    |                      ^^^ help: if this is intentional, prefix it with an underscore: `_buf`
[INFO] [stdout] 
[INFO] [stdout] 
[INFO] [stdout] warning: constant `BUF_CAP` is never used
[INFO] [stdout]   --> src/resp/mod.rs:10:7
[INFO] [stdout]    |
[INFO] [stdout] 10 | const BUF_CAP: usize = 4096;
[INFO] [stdout]    |       ^^^^^^^
[INFO] [stdout]    |
[INFO] [stdout]    = note: `#[warn(dead_code)]` on by default
[INFO] [stdout] 
[INFO] [stdout] 
[INFO] [stdout] warning: constant `CRLF` is never used
[INFO] [stdout]   --> src/resp/mod.rs:11:7
[INFO] [stdout]    |
[INFO] [stdout] 11 | const CRLF: &[u8] = b"\r\n";
[INFO] [stdout]    |       ^^^^
[INFO] [stdout] 
[INFO] [stdout] 
[INFO] [stdout] warning: constant `CRLF_LEN` is never used
[INFO] [stdout]   --> src/resp/mod.rs:12:7
[INFO] [stdout]    |
[INFO] [stdout] 12 | const CRLF_LEN: usize = CRLF.len();
[INFO] [stdout]    |       ^^^^^^^^
[INFO] [stdout] 
[INFO] [stdout] 
[INFO] [stdout] warning: function `extract_fixed_data` is never used
[INFO] [stdout]    --> src/resp/mod.rs:171:4
[INFO] [stdout]     |
[INFO] [stdout] 171 | fn extract_fixed_data(
[INFO] [stdout]     |    ^^^^^^^^^^^^^^^^^^
[INFO] [stdout] 
[INFO] [stdout] 
[INFO] [stdout] warning: function `extract_simple_frame_data` is never used
[INFO] [stdout]    --> src/resp/mod.rs:191:4
[INFO] [stdout]     |
[INFO] [stdout] 191 | fn extract_simple_frame_data(buf: &[u8], prefix: &str) -> Result<usize, RespError> {
[INFO] [stdout]     |    ^^^^^^^^^^^^^^^^^^^^^^^^^
[INFO] [stdout] 
[INFO] [stdout] 
[INFO] [stderr]    Compiling simple-redis v0.1.0 (/opt/rustwide/workdir)
[INFO] [stdout] warning: function `find_crlf` is never used
[INFO] [stdout]    --> src/resp/mod.rs:209:4
[INFO] [stdout]     |
[INFO] [stdout] 209 | fn find_crlf(buf: &[u8], nth: usize) -> Option<usize> {
[INFO] [stdout]     |    ^^^^^^^^^
[INFO] [stdout] 
[INFO] [stdout] 
[INFO] [stdout] warning: function `parse_length` is never used
[INFO] [stdout]    --> src/resp/mod.rs:224:4
[INFO] [stdout]     |
[INFO] [stdout] 224 | fn parse_length(buf: &[u8], prefix: &str) -> Result<(usize, usize), RespError> {
[INFO] [stdout]     |    ^^^^^^^^^^^^
[INFO] [stdout] 
[INFO] [stdout] 
[INFO] [stdout] warning: function `calc_total_length` is never used
[INFO] [stdout]    --> src/resp/mod.rs:230:4
[INFO] [stdout]     |
[INFO] [stdout] 230 | fn calc_total_length(buf: &[u8], end: usize, len: usize, prefix: &str) -> Result<usize, RespError> {
[INFO] [stdout]     |    ^^^^^^^^^^^^^^^^^
[INFO] [stdout] 
[INFO] [stdout] 
[INFO] [stdout] warning: unused import: `SimpleError`
[INFO] [stdout]  --> src/resp/decode.rs:1:47
[INFO] [stdout]   |
[INFO] [stdout] 1 | use crate::{RespDecode, RespError, RespFrame, SimpleError, SimpleString};
[INFO] [stdout]   |                                               ^^^^^^^^^^^
[INFO] [stdout]   |
[INFO] [stdout]   = note: `#[warn(unused_imports)]` on by default
[INFO] [stdout] 
[INFO] [stdout] 
[INFO] [stdout] warning: unused variable: `buf`
[INFO] [stdout]   --> src/resp/decode.rs:14:22
[INFO] [stdout]    |
[INFO] [stdout] 14 |     fn expect_length(buf: &[u8]) -> Result<usize, RespError> {
[INFO] [stdout]    |                      ^^^ help: if this is intentional, prefix it with an underscore: `_buf`
[INFO] [stdout]    |
[INFO] [stdout]    = note: `#[warn(unused_variables)]` on by default
[INFO] [stdout] 
[INFO] [stdout] 
[INFO] [stdout] warning: unused variable: `buf`
[INFO] [stdout]   --> src/resp/decode.rs:51:22
[INFO] [stdout]    |
[INFO] [stdout] 51 |     fn expect_length(buf: &[u8]) -> Result<usize, RespError> {
[INFO] [stdout]    |                      ^^^ help: if this is intentional, prefix it with an underscore: `_buf`
[INFO] [stdout] 
[INFO] [stdout] 
[INFO] [stdout] warning: constant `BUF_CAP` is never used
[INFO] [stdout]   --> src/resp/mod.rs:10:7
[INFO] [stdout]    |
[INFO] [stdout] 10 | const BUF_CAP: usize = 4096;
[INFO] [stdout]    |       ^^^^^^^
[INFO] [stdout]    |
[INFO] [stdout]    = note: `#[warn(dead_code)]` on by default
[INFO] [stdout] 
[INFO] [stdout] 
[INFO] [stdout] warning: constant `CRLF` is never used
[INFO] [stdout]   --> src/resp/mod.rs:11:7
[INFO] [stdout]    |
[INFO] [stdout] 11 | const CRLF: &[u8] = b"\r\n";
[INFO] [stdout]    |       ^^^^
[INFO] [stdout] 
[INFO] [stdout] 
[INFO] [stdout] warning: constant `CRLF_LEN` is never used
[INFO] [stdout]   --> src/resp/mod.rs:12:7
[INFO] [stdout]    |
[INFO] [stdout] 12 | const CRLF_LEN: usize = CRLF.len();
[INFO] [stdout]    |       ^^^^^^^^
[INFO] [stdout] 
[INFO] [stdout] 
[INFO] [stdout] warning: function `extract_fixed_data` is never used
[INFO] [stdout]    --> src/resp/mod.rs:171:4
[INFO] [stdout]     |
[INFO] [stdout] 171 | fn extract_fixed_data(
[INFO] [stdout]     |    ^^^^^^^^^^^^^^^^^^
[INFO] [stdout] 
[INFO] [stdout] 
[INFO] [stdout] warning: function `extract_simple_frame_data` is never used
[INFO] [stdout]    --> src/resp/mod.rs:191:4
[INFO] [stdout]     |
[INFO] [stdout] 191 | fn extract_simple_frame_data(buf: &[u8], prefix: &str) -> Result<usize, RespError> {
[INFO] [stdout]     |    ^^^^^^^^^^^^^^^^^^^^^^^^^
[INFO] [stdout] 
[INFO] [stdout] 
[INFO] [stdout] warning: function `find_crlf` is never used
[INFO] [stdout]    --> src/resp/mod.rs:209:4
[INFO] [stdout]     |
[INFO] [stdout] 209 | fn find_crlf(buf: &[u8], nth: usize) -> Option<usize> {
[INFO] [stdout]     |    ^^^^^^^^^
[INFO] [stdout] 
[INFO] [stdout] 
[INFO] [stdout] warning: function `parse_length` is never used
[INFO] [stdout]    --> src/resp/mod.rs:224:4
[INFO] [stdout]     |
[INFO] [stdout] 224 | fn parse_length(buf: &[u8], prefix: &str) -> Result<(usize, usize), RespError> {
[INFO] [stdout]     |    ^^^^^^^^^^^^
[INFO] [stdout] 
[INFO] [stdout] 
[INFO] [stdout] warning: function `calc_total_length` is never used
[INFO] [stdout]    --> src/resp/mod.rs:230:4
[INFO] [stdout]     |
[INFO] [stdout] 230 | fn calc_total_length(buf: &[u8], end: usize, len: usize, prefix: &str) -> Result<usize, RespError> {
[INFO] [stdout]     |    ^^^^^^^^^^^^^^^^^
[INFO] [stdout] 
[INFO] [stdout] 
[INFO] [stderr]     Finished `test` profile [unoptimized + debuginfo] target(s) in 0.26s
[INFO] running `Command { std: "docker" "inspect" "b09e7cfa58ff294207aaa668c03b4ad5251c69c5846735820ec62697b8ca4b13", kill_on_drop: false }`
[INFO] running `Command { std: "docker" "rm" "-f" "b09e7cfa58ff294207aaa668c03b4ad5251c69c5846735820ec62697b8ca4b13", kill_on_drop: false }`
[INFO] [stdout] b09e7cfa58ff294207aaa668c03b4ad5251c69c5846735820ec62697b8ca4b13
[INFO] running `Command { std: "docker" "create" "-v" "/var/lib/crater-agent-workspace/builds/worker-7-tc2/target:/opt/rustwide/target:rw,Z" "-v" "/var/lib/crater-agent-workspace/builds/worker-7-tc2/source:/opt/rustwide/workdir:ro,Z" "-v" "/var/lib/crater-agent-workspace/cargo-home:/opt/rustwide/cargo-home:ro,Z" "-v" "/var/lib/crater-agent-workspace/rustup-home:/opt/rustwide/rustup-home:ro,Z" "-e" "SOURCE_DIR=/opt/rustwide/workdir" "-e" "CARGO_TARGET_DIR=/opt/rustwide/target" "-e" "CARGO_INCREMENTAL=0" "-e" "RUST_BACKTRACE=full" "-e" "RUSTFLAGS=--cap-lints=forbid -Zrandomize-layout" "-e" "RUSTDOCFLAGS=--cap-lints=forbid" "-e" "CARGO_HOME=/opt/rustwide/cargo-home" "-e" "RUSTUP_HOME=/opt/rustwide/rustup-home" "-w" "/opt/rustwide/workdir" "-m" "1610612736" "--user" "0:0" "--network" "none" "ghcr.io/rust-lang/crates-build-env/linux@sha256:4a844ea9eb2546a2d2c7022eacef16ef2e8229c7fbb2c7d4d55a9ceca922f72d" "/opt/rustwide/cargo-home/bin/cargo" "+nightly-2024-10-28" "test" "--frozen", kill_on_drop: false }`
[INFO] [stdout] 3b3b504af1fbcebd7c93ec2c7e465549ed8c6169e53430470d32fe39b335d073
[INFO] running `Command { std: "docker" "start" "-a" "3b3b504af1fbcebd7c93ec2c7e465549ed8c6169e53430470d32fe39b335d073", kill_on_drop: false }`
[INFO] [stderr] warning: unused import: `SimpleError`
[INFO] [stderr]  --> src/resp/decode.rs:1:47
[INFO] [stderr]   |
[INFO] [stderr] 1 | use crate::{RespDecode, RespError, RespFrame, SimpleError, SimpleString};
[INFO] [stderr]   |                                               ^^^^^^^^^^^
[INFO] [stderr]   |
[INFO] [stderr]   = note: `#[warn(unused_imports)]` on by default
[INFO] [stderr] 
[INFO] [stderr] warning: unused variable: `buf`
[INFO] [stderr]   --> src/resp/decode.rs:14:22
[INFO] [stderr]    |
[INFO] [stderr] 14 |     fn expect_length(buf: &[u8]) -> Result<usize, RespError> {
[INFO] [stderr]    |                      ^^^ help: if this is intentional, prefix it with an underscore: `_buf`
[INFO] [stderr]    |
[INFO] [stderr]    = note: `#[warn(unused_variables)]` on by default
[INFO] [stderr] 
[INFO] [stderr] warning: unused variable: `buf`
[INFO] [stderr]   --> src/resp/decode.rs:51:22
[INFO] [stderr]    |
[INFO] [stderr] 51 |     fn expect_length(buf: &[u8]) -> Result<usize, RespError> {
[INFO] [stderr]    |                      ^^^ help: if this is intentional, prefix it with an underscore: `_buf`
[INFO] [stderr] 
[INFO] [stderr] warning: constant `BUF_CAP` is never used
[INFO] [stderr]   --> src/resp/mod.rs:10:7
[INFO] [stderr]    |
[INFO] [stderr] 10 | const BUF_CAP: usize = 4096;
[INFO] [stderr]    |       ^^^^^^^
[INFO] [stderr]    |
[INFO] [stderr]    = note: `#[warn(dead_code)]` on by default
[INFO] [stderr] 
[INFO] [stderr] warning: constant `CRLF` is never used
[INFO] [stderr]   --> src/resp/mod.rs:11:7
[INFO] [stderr]    |
[INFO] [stderr] 11 | const CRLF: &[u8] = b"\r\n";
[INFO] [stderr]    |       ^^^^
[INFO] [stderr] 
[INFO] [stderr] warning: constant `CRLF_LEN` is never used
[INFO] [stderr]   --> src/resp/mod.rs:12:7
[INFO] [stderr]    |
[INFO] [stderr] 12 | const CRLF_LEN: usize = CRLF.len();
[INFO] [stderr]    |       ^^^^^^^^
[INFO] [stderr] 
[INFO] [stderr] warning: function `extract_fixed_data` is never used
[INFO] [stderr]    --> src/resp/mod.rs:171:4
[INFO] [stderr]     |
[INFO] [stderr] 171 | fn extract_fixed_data(
[INFO] [stderr]     |    ^^^^^^^^^^^^^^^^^^
[INFO] [stderr] 
[INFO] [stderr] warning: function `extract_simple_frame_data` is never used
[INFO] [stderr]    --> src/resp/mod.rs:191:4
[INFO] [stderr]     |
[INFO] [stderr] 191 | fn extract_simple_frame_data(buf: &[u8], prefix: &str) -> Result<usize, RespError> {
[INFO] [stderr]     |    ^^^^^^^^^^^^^^^^^^^^^^^^^
[INFO] [stderr] 
[INFO] [stderr] warning: function `find_crlf` is never used
[INFO] [stderr]    --> src/resp/mod.rs:209:4
[INFO] [stderr]     |
[INFO] [stderr] 209 | fn find_crlf(buf: &[u8], nth: usize) -> Option<usize> {
[INFO] [stderr]     |    ^^^^^^^^^
[INFO] [stderr] 
[INFO] [stderr] warning: function `parse_length` is never used
[INFO] [stderr]    --> src/resp/mod.rs:224:4
[INFO] [stderr]     |
[INFO] [stderr] 224 | fn parse_length(buf: &[u8], prefix: &str) -> Result<(usize, usize), RespError> {
[INFO] [stderr]     |    ^^^^^^^^^^^^
[INFO] [stderr] 
[INFO] [stderr] warning: function `calc_total_length` is never used
[INFO] [stderr]    --> src/resp/mod.rs:230:4
[INFO] [stderr]     |
[INFO] [stderr] 230 | fn calc_total_length(buf: &[u8], end: usize, len: usize, prefix: &str) -> Result<usize, RespError> {
[INFO] [stderr]     |    ^^^^^^^^^^^^^^^^^
[INFO] [stderr] 
[INFO] [stderr] warning: `simple-redis` (lib) generated 11 warnings (run `cargo fix --lib -p simple-redis` to apply 1 suggestion)
[INFO] [stderr] warning: `simple-redis` (lib test) generated 11 warnings (11 duplicates)
[INFO] [stderr]     Finished `test` profile [unoptimized + debuginfo] target(s) in 0.01s
[INFO] [stderr]      Running unittests src/lib.rs (/opt/rustwide/target/debug/deps/simple_redis-30bf607f86b6c2e9)
[INFO] [stdout] 
[INFO] [stdout] running 13 tests
[INFO] [stdout] test resp::decode::tests::test_simple_string_decode ... ok
[INFO] [stdout] test resp::encode::tests::test_array_encode ... ok
[INFO] [stdout] test resp::encode::tests::test_bulk_string_encode ... ok
[INFO] [stdout] test resp::encode::tests::test_boolean_encode ... ok
[INFO] [stdout] test resp::encode::tests::test_double_encode ... ok
[INFO] [stdout] test resp::encode::tests::test_error_encode ... ok
[INFO] [stdout] test resp::encode::tests::test_integer_encode ... ok
[INFO] [stdout] test resp::encode::tests::test_null_array_encode ... ok
[INFO] [stdout] test resp::encode::tests::test_set_encode ... ok
[INFO] [stdout] test resp::encode::tests::test_null_bulk_string_encode ... ok
[INFO] [stdout] test resp::encode::tests::test_simple_string_encode ... ok
[INFO] [stdout] test resp::encode::tests::test_null_encode ... ok
[INFO] [stdout] test resp::encode::tests::test_map_encode ... FAILED
[INFO] [stdout] 
[INFO] [stdout] failures:
[INFO] [stdout] 
[INFO] [stdout] ---- resp::encode::tests::test_map_encode stdout ----
[INFO] [stdout] thread 'resp::encode::tests::test_map_encode' panicked at src/resp/encode.rs:235:9:
[INFO] [stdout] assertion `left == right` failed
[INFO] [stdout]   left: [37, 50, 13, 10, 43, 104, 101, 108, 108, 111, 13, 10, 36, 53, 13, 10, 119, 111, 114, 108, 100, 13, 10, 43, 102, 111, 111, 13, 10, 44, 45, 49, 50, 51, 52, 53, 54, 46, 55, 56, 57, 13, 10]
[INFO] [stdout]  right: [37, 50, 13, 10, 43, 102, 111, 111, 13, 10, 44, 45, 49, 50, 51, 52, 53, 54, 46, 55, 56, 57, 13, 10, 43, 104, 101, 108, 108, 111, 13, 10, 36, 53, 13, 10, 119, 111, 114, 108, 100, 13, 10]
[INFO] [stdout] stack backtrace:
[INFO] [stdout]    0:     0x5b1fc64a15ea - std::backtrace_rs::backtrace::libunwind::trace::h207520d6e9873551
[INFO] [stdout]                                at /rustc/df4ca44d3fbc9301ee17f30f4d474e6ae4b05252/library/std/src/../../backtrace/src/backtrace/libunwind.rs:116:5
[INFO] [stdout]    1:     0x5b1fc64a15ea - std::backtrace_rs::backtrace::trace_unsynchronized::h2ed7433f370e3eca
[INFO] [stdout]                                at /rustc/df4ca44d3fbc9301ee17f30f4d474e6ae4b05252/library/std/src/../../backtrace/src/backtrace/mod.rs:66:5
[INFO] [stdout]    2:     0x5b1fc64a15ea - std::sys::backtrace::_print_fmt::h916fac51166b18d7
[INFO] [stdout]                                at /rustc/df4ca44d3fbc9301ee17f30f4d474e6ae4b05252/library/std/src/sys/backtrace.rs:66:9
[INFO] [stdout]    3:     0x5b1fc64a15ea - <std::sys::backtrace::BacktraceLock::print::DisplayBacktrace as core::fmt::Display>::fmt::ha0a4c9b8ce3802e6
[INFO] [stdout]                                at /rustc/df4ca44d3fbc9301ee17f30f4d474e6ae4b05252/library/std/src/sys/backtrace.rs:39:26
[INFO] [stdout]    4:     0x5b1fc64c83b3 - core::fmt::rt::Argument::fmt::h4cfc8587d52b3eb5
[INFO] [stdout]                                at /rustc/df4ca44d3fbc9301ee17f30f4d474e6ae4b05252/library/core/src/fmt/rt.rs:177:76
[INFO] [stdout]    5:     0x5b1fc64c83b3 - core::fmt::write::h522cc39e5b36ae9f
[INFO] [stdout]                                at /rustc/df4ca44d3fbc9301ee17f30f4d474e6ae4b05252/library/core/src/fmt/mod.rs:1190:21
[INFO] [stdout]    6:     0x5b1fc649e083 - std::io::Write::write_fmt::h7d3c26752da97734
[INFO] [stdout]                                at /rustc/df4ca44d3fbc9301ee17f30f4d474e6ae4b05252/library/std/src/io/mod.rs:1839:15
[INFO] [stdout]    7:     0x5b1fc64a1432 - std::sys::backtrace::BacktraceLock::print::h4b9e00b29e9c0942
[INFO] [stdout]                                at /rustc/df4ca44d3fbc9301ee17f30f4d474e6ae4b05252/library/std/src/sys/backtrace.rs:42:9
[INFO] [stdout]    8:     0x5b1fc64a2a7a - std::panicking::default_hook::{{closure}}::hb59b88280d0324d9
[INFO] [stdout]                                at /rustc/df4ca44d3fbc9301ee17f30f4d474e6ae4b05252/library/std/src/panicking.rs:268:22
[INFO] [stdout]    9:     0x5b1fc64a2884 - std::panicking::default_hook::he1dd496665be4a29
[INFO] [stdout]                                at /rustc/df4ca44d3fbc9301ee17f30f4d474e6ae4b05252/library/std/src/panicking.rs:292:9
[INFO] [stdout]   10:     0x5b1fc645d199 - <alloc::boxed::Box<F,A> as core::ops::function::Fn<Args>>::call::h4ff71de18744e1dc
[INFO] [stdout]                                at /rustc/df4ca44d3fbc9301ee17f30f4d474e6ae4b05252/library/alloc/src/boxed.rs:2468:9
[INFO] [stdout]   11:     0x5b1fc645d199 - test::test_main::{{closure}}::hcf7c055ce117aa81
[INFO] [stdout]                                at /rustc/df4ca44d3fbc9301ee17f30f4d474e6ae4b05252/library/test/src/lib.rs:133:21
[INFO] [stdout]   12:     0x5b1fc64a3178 - <alloc::boxed::Box<F,A> as core::ops::function::Fn<Args>>::call::h1d66c6bbd60c9692
[INFO] [stdout]                                at /rustc/df4ca44d3fbc9301ee17f30f4d474e6ae4b05252/library/alloc/src/boxed.rs:2468:9
[INFO] [stdout]   13:     0x5b1fc64a3178 - std::panicking::rust_panic_with_hook::h2ff17fe8f26dfcf8
[INFO] [stdout]                                at /rustc/df4ca44d3fbc9301ee17f30f4d474e6ae4b05252/library/std/src/panicking.rs:809:13
[INFO] [stdout]   14:     0x5b1fc64a2f3a - std::panicking::begin_panic_handler::{{closure}}::h4fad77951c07e101
[INFO] [stdout]                                at /rustc/df4ca44d3fbc9301ee17f30f4d474e6ae4b05252/library/std/src/panicking.rs:674:13
[INFO] [stdout]   15:     0x5b1fc64a1ac9 - std::sys::backtrace::__rust_end_short_backtrace::hb1a25b3da5d0ea08
[INFO] [stdout]                                at /rustc/df4ca44d3fbc9301ee17f30f4d474e6ae4b05252/library/std/src/sys/backtrace.rs:170:18
[INFO] [stdout]   16:     0x5b1fc64a2bcc - rust_begin_unwind
[INFO] [stdout]                                at /rustc/df4ca44d3fbc9301ee17f30f4d474e6ae4b05252/library/std/src/panicking.rs:665:5
[INFO] [stdout]   17:     0x5b1fc64c6720 - core::panicking::panic_fmt::ha9db07b529f9b256
[INFO] [stdout]                                at /rustc/df4ca44d3fbc9301ee17f30f4d474e6ae4b05252/library/core/src/panicking.rs:75:14
[INFO] [stdout]   18:     0x5b1fc64c6aeb - core::panicking::assert_failed_inner::h04f38944d74a80a8
[INFO] [stdout]   19:     0x5b1fc6413fab - core::panicking::assert_failed::hccf3e13e7852ba07
[INFO] [stdout]                                at /rustc/df4ca44d3fbc9301ee17f30f4d474e6ae4b05252/library/core/src/panicking.rs:377:5
[INFO] [stdout]   20:     0x5b1fc6418dc7 - simple_redis::resp::encode::tests::test_map_encode::h3dde6f34b6b54759
[INFO] [stdout]                                at /opt/rustwide/workdir/src/resp/encode.rs:235:9
[INFO] [stdout]   21:     0x5b1fc6418aa7 - simple_redis::resp::encode::tests::test_map_encode::{{closure}}::hb6b2383af3d57d2a
[INFO] [stdout]                                at /opt/rustwide/workdir/src/resp/encode.rs:228:25
[INFO] [stdout]   22:     0x5b1fc641f3a6 - core::ops::function::FnOnce::call_once::h686db111fb10f501
[INFO] [stdout]                                at /rustc/df4ca44d3fbc9301ee17f30f4d474e6ae4b05252/library/core/src/ops/function.rs:250:5
[INFO] [stdout]   23:     0x5b1fc6461a6b - core::ops::function::FnOnce::call_once::h22c3ba5715e93f05
[INFO] [stdout]                                at /rustc/df4ca44d3fbc9301ee17f30f4d474e6ae4b05252/library/core/src/ops/function.rs:250:5
[INFO] [stdout]   24:     0x5b1fc6461a6b - test::__rust_begin_short_backtrace::h8e82d8113d0da17f
[INFO] [stdout]                                at /rustc/df4ca44d3fbc9301ee17f30f4d474e6ae4b05252/library/test/src/lib.rs:621:18
[INFO] [stdout]   25:     0x5b1fc64613e7 - test::run_test_in_process::{{closure}}::h33235f4f20b7b7c7
[INFO] [stdout]                                at /rustc/df4ca44d3fbc9301ee17f30f4d474e6ae4b05252/library/test/src/lib.rs:644:60
[INFO] [stdout]   26:     0x5b1fc64613e7 - <core::panic::unwind_safe::AssertUnwindSafe<F> as core::ops::function::FnOnce<()>>::call_once::hb5043206310c586f
[INFO] [stdout]                                at /rustc/df4ca44d3fbc9301ee17f30f4d474e6ae4b05252/library/core/src/panic/unwind_safe.rs:272:9
[INFO] [stdout]   27:     0x5b1fc64613e7 - std::panicking::try::do_call::h9ad4731a60ab23e2
[INFO] [stdout]                                at /rustc/df4ca44d3fbc9301ee17f30f4d474e6ae4b05252/library/std/src/panicking.rs:557:40
[INFO] [stdout]   28:     0x5b1fc64613e7 - std::panicking::try::h3824d23db772a716
[INFO] [stdout]                                at /rustc/df4ca44d3fbc9301ee17f30f4d474e6ae4b05252/library/std/src/panicking.rs:520:19
[INFO] [stdout]   29:     0x5b1fc64613e7 - std::panic::catch_unwind::h5afd514605fde46b
[INFO] [stdout]                                at /rustc/df4ca44d3fbc9301ee17f30f4d474e6ae4b05252/library/std/src/panic.rs:358:14
[INFO] [stdout]   30:     0x5b1fc64613e7 - test::run_test_in_process::h0d5cbfa7067d1720
[INFO] [stdout]                                at /rustc/df4ca44d3fbc9301ee17f30f4d474e6ae4b05252/library/test/src/lib.rs:644:27
[INFO] [stdout]   31:     0x5b1fc64613e7 - test::run_test::{{closure}}::h708eb8872708115d
[INFO] [stdout]                                at /rustc/df4ca44d3fbc9301ee17f30f4d474e6ae4b05252/library/test/src/lib.rs:565:43
[INFO] [stdout]   32:     0x5b1fc6424b04 - test::run_test::{{closure}}::h392c51cee94713ab
[INFO] [stdout]                                at /rustc/df4ca44d3fbc9301ee17f30f4d474e6ae4b05252/library/test/src/lib.rs:595:41
[INFO] [stdout]   33:     0x5b1fc6424b04 - std::sys::backtrace::__rust_begin_short_backtrace::h2f40290710935a8b
[INFO] [stdout]                                at /rustc/df4ca44d3fbc9301ee17f30f4d474e6ae4b05252/library/std/src/sys/backtrace.rs:154:18
[INFO] [stdout]   34:     0x5b1fc64282ae - std::thread::Builder::spawn_unchecked_::{{closure}}::{{closure}}::h3fd968d89053a903
[INFO] [stdout]                                at /rustc/df4ca44d3fbc9301ee17f30f4d474e6ae4b05252/library/std/src/thread/mod.rs:541:17
[INFO] [stdout]   35:     0x5b1fc64282ae - <core::panic::unwind_safe::AssertUnwindSafe<F> as core::ops::function::FnOnce<()>>::call_once::h743f637ba4229880
[INFO] [stdout]                                at /rustc/df4ca44d3fbc9301ee17f30f4d474e6ae4b05252/library/core/src/panic/unwind_safe.rs:272:9
[INFO] [stdout]   36:     0x5b1fc64282ae - std::panicking::try::do_call::h07440897322525a6
[INFO] [stdout]                                at /rustc/df4ca44d3fbc9301ee17f30f4d474e6ae4b05252/library/std/src/panicking.rs:557:40
[INFO] [stdout]   37:     0x5b1fc64282ae - std::panicking::try::he5a2e00188156637
[INFO] [stdout]                                at /rustc/df4ca44d3fbc9301ee17f30f4d474e6ae4b05252/library/std/src/panicking.rs:520:19
[INFO] [stdout]   38:     0x5b1fc64282ae - std::panic::catch_unwind::hbaf3cae49b3c6433
[INFO] [stdout]                                at /rustc/df4ca44d3fbc9301ee17f30f4d474e6ae4b05252/library/std/src/panic.rs:358:14
[INFO] [stdout]   39:     0x5b1fc64282ae - std::thread::Builder::spawn_unchecked_::{{closure}}::h8e141ea224820bce
[INFO] [stdout]                                at /rustc/df4ca44d3fbc9301ee17f30f4d474e6ae4b05252/library/std/src/thread/mod.rs:540:30
[INFO] [stdout]   40:     0x5b1fc64282ae - core::ops::function::FnOnce::call_once{{vtable.shim}}::h90d312fedd7b8ea8
[INFO] [stdout]                                at /rustc/df4ca44d3fbc9301ee17f30f4d474e6ae4b05252/library/core/src/ops/function.rs:250:5
[INFO] [stdout]   41:     0x5b1fc64a6f6b - <alloc::boxed::Box<F,A> as core::ops::function::FnOnce<Args>>::call_once::h69aa08ddb6adb8b6
[INFO] [stdout]                                at /rustc/df4ca44d3fbc9301ee17f30f4d474e6ae4b05252/library/alloc/src/boxed.rs:2454:9
[INFO] [stdout]   42:     0x5b1fc64a6f6b - <alloc::boxed::Box<F,A> as core::ops::function::FnOnce<Args>>::call_once::h5aa36efdb79c806f
[INFO] [stdout]                                at /rustc/df4ca44d3fbc9301ee17f30f4d474e6ae4b05252/library/alloc/src/boxed.rs:2454:9
[INFO] [stdout]   43:     0x5b1fc64a6f6b - std::sys::pal::unix::thread::Thread::new::thread_start::h6cd80a1b4be5158d
[INFO] [stdout]                                at /rustc/df4ca44d3fbc9301ee17f30f4d474e6ae4b05252/library/std/src/sys/pal/unix/thread.rs:105:17
[INFO] [stdout]   44:     0x72dfa9755ac3 - <unknown>
[INFO] [stdout]   45:     0x72dfa97e6a04 - clone
[INFO] [stdout]   46:                0x0 - <unknown>
[INFO] [stdout] 
[INFO] [stdout] 
[INFO] [stdout] failures:
[INFO] [stdout]     resp::encode::tests::test_map_encode
[INFO] [stdout] 
[INFO] [stdout] test result: FAILED. 12 passed; 1 failed; 0 ignored; 0 measured; 0 filtered out; finished in 0.01s
[INFO] [stdout] 
[INFO] [stderr] error: test failed, to rerun pass `--lib`
[INFO] running `Command { std: "docker" "inspect" "3b3b504af1fbcebd7c93ec2c7e465549ed8c6169e53430470d32fe39b335d073", kill_on_drop: false }`
[INFO] running `Command { std: "docker" "rm" "-f" "3b3b504af1fbcebd7c93ec2c7e465549ed8c6169e53430470d32fe39b335d073", kill_on_drop: false }`
[INFO] [stdout] 3b3b504af1fbcebd7c93ec2c7e465549ed8c6169e53430470d32fe39b335d073
