[INFO] cloning repository https://github.com/angelovangel/fastq-stats
[INFO] running `Command { std: "git" "-c" "credential.helper=" "-c" "credential.helper=/workspace/cargo-home/bin/git-credential-null" "clone" "--bare" "https://github.com/angelovangel/fastq-stats" "/workspace/cache/git-repos/https%3A%2F%2Fgithub.com%2Fangelovangel%2Ffastq-stats", kill_on_drop: false }`
[INFO] [stderr] Cloning into bare repository '/workspace/cache/git-repos/https%3A%2F%2Fgithub.com%2Fangelovangel%2Ffastq-stats'...
[INFO] running `Command { std: "git" "rev-parse" "HEAD", kill_on_drop: false }`
[INFO] [stdout] d16c96e4dfddd3aec8a6b51daee119a3af02ebbe
[INFO] testing angelovangel/fastq-stats/d16c96e4dfddd3aec8a6b51daee119a3af02ebbe against nightly-2024-10-28+rustflags=-Zrandomize-layout for randomize-layout
[INFO] running `Command { std: "git" "clone" "/workspace/cache/git-repos/https%3A%2F%2Fgithub.com%2Fangelovangel%2Ffastq-stats" "/workspace/builds/worker-7-tc2/source", kill_on_drop: false }`
[INFO] [stderr] Cloning into '/workspace/builds/worker-7-tc2/source'...
[INFO] [stderr] done.
[INFO] validating manifest of git repo https://github.com/angelovangel/fastq-stats on toolchain nightly-2024-10-28
[INFO] running `Command { std: CARGO_HOME="/workspace/cargo-home" RUSTUP_HOME="/workspace/rustup-home" "/workspace/cargo-home/bin/cargo" "+nightly-2024-10-28" "metadata" "--manifest-path" "Cargo.toml" "--no-deps", kill_on_drop: false }`
[INFO] started tweaking git repo https://github.com/angelovangel/fastq-stats
[INFO] finished tweaking git repo https://github.com/angelovangel/fastq-stats
[INFO] tweaked toml for git repo https://github.com/angelovangel/fastq-stats written to /workspace/builds/worker-7-tc2/source/Cargo.toml
[INFO] crate git repo https://github.com/angelovangel/fastq-stats already has a lockfile, it will not be regenerated
[INFO] running `Command { std: CARGO_HOME="/workspace/cargo-home" RUSTUP_HOME="/workspace/rustup-home" "/workspace/cargo-home/bin/cargo" "+nightly-2024-10-28" "fetch" "--manifest-path" "Cargo.toml", kill_on_drop: false }`
[INFO] running `Command { std: "docker" "create" "-v" "/var/lib/crater-agent-workspace/builds/worker-7-tc2/target:/opt/rustwide/target:rw,Z" "-v" "/var/lib/crater-agent-workspace/builds/worker-7-tc2/source:/opt/rustwide/workdir:ro,Z" "-v" "/var/lib/crater-agent-workspace/cargo-home:/opt/rustwide/cargo-home:ro,Z" "-v" "/var/lib/crater-agent-workspace/rustup-home:/opt/rustwide/rustup-home:ro,Z" "-e" "SOURCE_DIR=/opt/rustwide/workdir" "-e" "CARGO_TARGET_DIR=/opt/rustwide/target" "-e" "CARGO_HOME=/opt/rustwide/cargo-home" "-e" "RUSTUP_HOME=/opt/rustwide/rustup-home" "-w" "/opt/rustwide/workdir" "-m" "1610612736" "--user" "0:0" "--network" "none" "ghcr.io/rust-lang/crates-build-env/linux@sha256:4a844ea9eb2546a2d2c7022eacef16ef2e8229c7fbb2c7d4d55a9ceca922f72d" "/opt/rustwide/cargo-home/bin/cargo" "+nightly-2024-10-28" "metadata" "--no-deps" "--format-version=1", kill_on_drop: false }`
[INFO] [stdout] 35a970a9a452e66f99c7d361cd47c77290e808bd6b3ba2b8847214e0b20e7e57
[INFO] running `Command { std: "docker" "start" "-a" "35a970a9a452e66f99c7d361cd47c77290e808bd6b3ba2b8847214e0b20e7e57", kill_on_drop: false }`
[INFO] running `Command { std: "docker" "inspect" "35a970a9a452e66f99c7d361cd47c77290e808bd6b3ba2b8847214e0b20e7e57", kill_on_drop: false }`
[INFO] running `Command { std: "docker" "rm" "-f" "35a970a9a452e66f99c7d361cd47c77290e808bd6b3ba2b8847214e0b20e7e57", kill_on_drop: false }`
[INFO] [stdout] 35a970a9a452e66f99c7d361cd47c77290e808bd6b3ba2b8847214e0b20e7e57
[INFO] running `Command { std: "docker" "create" "-v" "/var/lib/crater-agent-workspace/builds/worker-7-tc2/target:/opt/rustwide/target:rw,Z" "-v" "/var/lib/crater-agent-workspace/builds/worker-7-tc2/source:/opt/rustwide/workdir:ro,Z" "-v" "/var/lib/crater-agent-workspace/cargo-home:/opt/rustwide/cargo-home:ro,Z" "-v" "/var/lib/crater-agent-workspace/rustup-home:/opt/rustwide/rustup-home:ro,Z" "-e" "SOURCE_DIR=/opt/rustwide/workdir" "-e" "CARGO_TARGET_DIR=/opt/rustwide/target" "-e" "CARGO_INCREMENTAL=0" "-e" "RUST_BACKTRACE=full" "-e" "RUSTFLAGS=--cap-lints=forbid -Zrandomize-layout" "-e" "RUSTDOCFLAGS=--cap-lints=forbid" "-e" "CARGO_HOME=/opt/rustwide/cargo-home" "-e" "RUSTUP_HOME=/opt/rustwide/rustup-home" "-w" "/opt/rustwide/workdir" "-m" "1610612736" "--user" "0:0" "--network" "none" "ghcr.io/rust-lang/crates-build-env/linux@sha256:4a844ea9eb2546a2d2c7022eacef16ef2e8229c7fbb2c7d4d55a9ceca922f72d" "/opt/rustwide/cargo-home/bin/cargo" "+nightly-2024-10-28" "build" "--frozen" "--message-format=json", kill_on_drop: false }`
[INFO] [stdout] 836c8a87f7083474c38f55cfa8b93881f777703bb197ee116da9d389c49727f7
[INFO] running `Command { std: "docker" "start" "-a" "836c8a87f7083474c38f55cfa8b93881f777703bb197ee116da9d389c49727f7", kill_on_drop: false }`
[INFO] [stderr]    Compiling autocfg v1.0.1
[INFO] [stderr]    Compiling proc-macro2 v1.0.24
[INFO] [stderr]    Compiling unicode-xid v0.2.1
[INFO] [stderr]    Compiling syn v1.0.48
[INFO] [stderr]    Compiling libc v0.2.153
[INFO] [stderr]    Compiling serde_derive v1.0.117
[INFO] [stderr]    Compiling serde v1.0.117
[INFO] [stderr]    Compiling memchr v2.3.4
[INFO] [stderr]    Compiling lazy_static v1.4.0
[INFO] [stderr]    Compiling cfg-if v1.0.0
[INFO] [stderr]    Compiling byteorder v1.3.4
[INFO] [stderr]    Compiling crossbeam-utils v0.8.15
[INFO] [stderr]    Compiling cfg-if v0.1.10
[INFO] [stderr]    Compiling getrandom v0.1.15
[INFO] [stderr]    Compiling semver v0.1.20
[INFO] [stderr]    Compiling num-traits v0.2.14
[INFO] [stderr]    Compiling memoffset v0.8.0
[INFO] [stderr]    Compiling crossbeam-epoch v0.9.14
[INFO] [stderr]    Compiling rustc_version v0.1.7
[INFO] [stderr]    Compiling quote v1.0.7
[INFO] [stderr]    Compiling num-integer v0.1.44
[INFO] [stderr]    Compiling indexmap v1.6.0
[INFO] [stderr]    Compiling num-complex v0.2.4
[INFO] [stderr]    Compiling feature-probe v0.1.1
[INFO] [stderr]    Compiling doc-comment v0.3.3
[INFO] [stderr]    Compiling ppv-lite86 v0.2.9
[INFO] [stderr]    Compiling ryu v1.0.5
[INFO] [stderr]    Compiling unicode-width v0.1.8
[INFO] [stderr]    Compiling scopeguard v1.1.0
[INFO] [stderr]    Compiling rand_core v0.5.1
[INFO] [stderr]    Compiling bv v0.11.1
[INFO] [stderr]    Compiling regex-automata v0.1.9
[INFO] [stderr]    Compiling newtype_derive v0.1.6
[INFO] [stderr]    Compiling rand_chacha v0.2.2
[INFO] [stderr]    Compiling aho-corasick v0.7.14
[INFO] [stderr]    Compiling miniz_oxide v0.4.3
[INFO] [stderr]    Compiling thread_local v1.0.1
[INFO] [stderr]    Compiling unicode-segmentation v1.6.0
[INFO] [stderr]    Compiling either v1.6.1
[INFO] [stderr]    Compiling rayon-core v1.11.0
[INFO] [stderr]    Compiling ndarray v0.13.1
[INFO] [stderr]    Compiling rawpointer v0.2.1
[INFO] [stderr]    Compiling hashbrown v0.9.1
[INFO] [stderr]    Compiling bitflags v1.2.1
[INFO] [stderr]    Compiling regex-syntax v0.6.20
[INFO] [stderr]    Compiling portable-atomic v1.6.0
[INFO] [stderr]    Compiling crc32fast v1.2.1
[INFO] [stderr]    Compiling heck v0.3.1
[INFO] [stderr]    Compiling matrixmultiply v0.2.3
[INFO] [stderr]    Compiling rand v0.7.3
[INFO] [stderr]    Compiling crossbeam-deque v0.8.3
[INFO] [stderr]    Compiling num_cpus v1.15.0
[INFO] [stderr]    Compiling crossbeam-channel v0.5.8
[INFO] [stderr]    Compiling csv-core v0.1.10
[INFO] [stderr]    Compiling quick-error v1.2.3
[INFO] [stderr]    Compiling array-macro v1.0.5
[INFO] [stderr]    Compiling itoa v0.4.6
[INFO] [stderr]    Compiling adler v0.2.3
[INFO] [stderr]    Compiling fixedbitset v0.2.0
[INFO] [stderr]    Compiling bio v0.32.0
[INFO] [stderr]    Compiling bit-vec v0.6.2
[INFO] [stderr]    Compiling bit-set v0.5.2
[INFO] [stderr]    Compiling petgraph v0.5.1
[INFO] [stderr]    Compiling statrs v0.12.0
[INFO] [stderr]    Compiling regex v1.4.1
[INFO] [stderr]    Compiling itertools v0.9.0
[INFO] [stderr]    Compiling itertools-num v0.1.3
[INFO] [stderr]    Compiling ordered-float v1.1.0
[INFO] [stderr]    Compiling approx v0.3.2
[INFO] [stderr]    Compiling textwrap v0.11.0
[INFO] [stderr]    Compiling console v0.15.8
[INFO] [stderr]    Compiling atty v0.2.14
[INFO] [stderr]    Compiling fxhash v0.2.1
[INFO] [stderr]    Compiling custom_derive v0.1.7
[INFO] [stderr]    Compiling ansi_term v0.11.0
[INFO] [stderr]    Compiling strsim v0.8.0
[INFO] [stderr]    Compiling strum v0.18.0
[INFO] [stderr]    Compiling triple_accel v0.3.4
[INFO] [stderr]    Compiling bytecount v0.6.0
[INFO] [stderr]    Compiling number_prefix v0.4.0
[INFO] [stderr]    Compiling fnv v1.0.7
[INFO] [stderr]    Compiling flate2 v1.0.18
[INFO] [stderr]    Compiling rayon v1.7.0
[INFO] [stderr]    Compiling indicatif v0.17.8
[INFO] [stderr]    Compiling derive-new v0.5.8
[INFO] [stderr]    Compiling snafu-derive v0.6.9
[INFO] [stderr]    Compiling enum-map-derive v0.4.6
[INFO] [stderr]    Compiling strum_macros v0.18.0
[INFO] [stderr]    Compiling getset v0.0.9
[INFO] [stderr]    Compiling enum-map v0.6.4
[INFO] [stderr]    Compiling snafu v0.6.9
[INFO] [stderr]    Compiling bstr v0.2.14
[INFO] [stderr]    Compiling vec_map v0.8.2
[INFO] [stderr]    Compiling multimap v0.8.2
[INFO] [stderr]    Compiling bio-types v0.7.0
[INFO] [stderr]    Compiling clap v2.33.3
[INFO] [stderr]    Compiling csv v1.1.3
[INFO] [stderr]    Compiling faster v0.2.1 (/opt/rustwide/workdir)
[INFO] [stderr]     Finished `dev` profile [unoptimized + debuginfo] target(s) in 22.05s
[INFO] running `Command { std: "docker" "inspect" "836c8a87f7083474c38f55cfa8b93881f777703bb197ee116da9d389c49727f7", kill_on_drop: false }`
[INFO] running `Command { std: "docker" "rm" "-f" "836c8a87f7083474c38f55cfa8b93881f777703bb197ee116da9d389c49727f7", kill_on_drop: false }`
[INFO] [stdout] 836c8a87f7083474c38f55cfa8b93881f777703bb197ee116da9d389c49727f7
[INFO] running `Command { std: "docker" "create" "-v" "/var/lib/crater-agent-workspace/builds/worker-7-tc2/target:/opt/rustwide/target:rw,Z" "-v" "/var/lib/crater-agent-workspace/builds/worker-7-tc2/source:/opt/rustwide/workdir:ro,Z" "-v" "/var/lib/crater-agent-workspace/cargo-home:/opt/rustwide/cargo-home:ro,Z" "-v" "/var/lib/crater-agent-workspace/rustup-home:/opt/rustwide/rustup-home:ro,Z" "-e" "SOURCE_DIR=/opt/rustwide/workdir" "-e" "CARGO_TARGET_DIR=/opt/rustwide/target" "-e" "CARGO_INCREMENTAL=0" "-e" "RUST_BACKTRACE=full" "-e" "RUSTFLAGS=--cap-lints=forbid -Zrandomize-layout" "-e" "RUSTDOCFLAGS=--cap-lints=forbid" "-e" "CARGO_HOME=/opt/rustwide/cargo-home" "-e" "RUSTUP_HOME=/opt/rustwide/rustup-home" "-w" "/opt/rustwide/workdir" "-m" "1610612736" "--user" "0:0" "--network" "none" "ghcr.io/rust-lang/crates-build-env/linux@sha256:4a844ea9eb2546a2d2c7022eacef16ef2e8229c7fbb2c7d4d55a9ceca922f72d" "/opt/rustwide/cargo-home/bin/cargo" "+nightly-2024-10-28" "test" "--frozen" "--no-run" "--message-format=json", kill_on_drop: false }`
[INFO] [stdout] 2941aa588ec9bdda577b6eb098765555ad69ddfc91507f5719d2733fc9d7b70f
[INFO] running `Command { std: "docker" "start" "-a" "2941aa588ec9bdda577b6eb098765555ad69ddfc91507f5719d2733fc9d7b70f", kill_on_drop: false }`
[INFO] [stderr]    Compiling serde_json v1.0.72
[INFO] [stderr]    Compiling escargot v0.3.1
[INFO] [stderr]    Compiling predicates-core v1.0.2
[INFO] [stderr]    Compiling float-cmp v0.8.0
[INFO] [stderr]    Compiling normalize-line-endings v0.3.0
[INFO] [stderr]    Compiling difference v2.0.0
[INFO] [stderr]    Compiling termtree v0.2.3
[INFO] [stderr]    Compiling predicates-tree v1.0.4
[INFO] [stderr]    Compiling predicates v1.0.8
[INFO] [stderr]    Compiling assert_cmd v0.10.2
[INFO] [stderr]    Compiling faster v0.2.1 (/opt/rustwide/workdir)
[INFO] [stderr]     Finished `test` profile [unoptimized + debuginfo] target(s) in 1.46s
[INFO] running `Command { std: "docker" "inspect" "2941aa588ec9bdda577b6eb098765555ad69ddfc91507f5719d2733fc9d7b70f", kill_on_drop: false }`
[INFO] running `Command { std: "docker" "rm" "-f" "2941aa588ec9bdda577b6eb098765555ad69ddfc91507f5719d2733fc9d7b70f", kill_on_drop: false }`
[INFO] [stdout] 2941aa588ec9bdda577b6eb098765555ad69ddfc91507f5719d2733fc9d7b70f
[INFO] running `Command { std: "docker" "create" "-v" "/var/lib/crater-agent-workspace/builds/worker-7-tc2/target:/opt/rustwide/target:rw,Z" "-v" "/var/lib/crater-agent-workspace/builds/worker-7-tc2/source:/opt/rustwide/workdir:ro,Z" "-v" "/var/lib/crater-agent-workspace/cargo-home:/opt/rustwide/cargo-home:ro,Z" "-v" "/var/lib/crater-agent-workspace/rustup-home:/opt/rustwide/rustup-home:ro,Z" "-e" "SOURCE_DIR=/opt/rustwide/workdir" "-e" "CARGO_TARGET_DIR=/opt/rustwide/target" "-e" "CARGO_INCREMENTAL=0" "-e" "RUST_BACKTRACE=full" "-e" "RUSTFLAGS=--cap-lints=forbid -Zrandomize-layout" "-e" "RUSTDOCFLAGS=--cap-lints=forbid" "-e" "CARGO_HOME=/opt/rustwide/cargo-home" "-e" "RUSTUP_HOME=/opt/rustwide/rustup-home" "-w" "/opt/rustwide/workdir" "-m" "1610612736" "--user" "0:0" "--network" "none" "ghcr.io/rust-lang/crates-build-env/linux@sha256:4a844ea9eb2546a2d2c7022eacef16ef2e8229c7fbb2c7d4d55a9ceca922f72d" "/opt/rustwide/cargo-home/bin/cargo" "+nightly-2024-10-28" "test" "--frozen", kill_on_drop: false }`
[INFO] [stdout] 1390d77fe0565ef40374b471f58439fcaee994068a3052f2e562bca9f87b3894
[INFO] running `Command { std: "docker" "start" "-a" "1390d77fe0565ef40374b471f58439fcaee994068a3052f2e562bca9f87b3894", kill_on_drop: false }`
[INFO] [stderr]     Finished `test` profile [unoptimized + debuginfo] target(s) in 0.06s
[INFO] [stderr]      Running unittests src/main.rs (/opt/rustwide/target/debug/deps/faster-e07316b21ff901ab)
[INFO] [stdout] 
[INFO] [stdout] running 0 tests
[INFO] [stdout] 
[INFO] [stdout] test result: ok. 0 passed; 0 failed; 0 ignored; 0 measured; 0 filtered out; finished in 0.00s
[INFO] [stdout] 
[INFO] [stderr]      Running tests/cli.rs (/opt/rustwide/target/debug/deps/cli-86192d32815fdf12)
[INFO] [stdout] 
[INFO] [stdout] running 2 tests
[INFO] [stdout] test find_content_in_table ... FAILED
[INFO] [stdout] test find_content_in_len ... FAILED
[INFO] [stdout] 
[INFO] [stdout] failures:
[INFO] [stdout] 
[INFO] [stdout] ---- find_content_in_table stdout ----
[INFO] [stdout] Error: CargoError { cause: Some(CargoError { kind: CommandFailed, context: Some("   Compiling autocfg v1.0.1\n   Compiling proc-macro2 v1.0.24\n   Compiling unicode-xid v0.2.1\n   Compiling syn v1.0.48\n   Compiling libc v0.2.153\n   Compiling serde_derive v1.0.117\n   Compiling serde v1.0.117\n   Compiling memchr v2.3.4\n   Compiling cfg-if v1.0.0\n   Compiling lazy_static v1.4.0\n   Compiling cfg-if v0.1.10\n   Compiling byteorder v1.3.4\n   Compiling getrandom v0.1.15\n   Compiling crossbeam-utils v0.8.15\n   Compiling semver v0.1.20\n   Compiling num-traits v0.2.14\n   Compiling memoffset v0.8.0\n   Compiling crossbeam-epoch v0.9.14\n   Compiling quote v1.0.7\n   Compiling rustc_version v0.1.7\n   Compiling num-integer v0.1.44\n   Compiling num-complex v0.2.4\n   Compiling rand_core v0.5.1\n   Compiling indexmap v1.6.0\n   Compiling doc-comment v0.3.3\n   Compiling ppv-lite86 v0.2.9\n   Compiling unicode-width v0.1.8\n   Compiling ryu v1.0.5\n   Compiling scopeguard v1.1.0\n   Compiling feature-probe v0.1.1\n   Compiling rand_chacha v0.2.2\n   Compiling newtype_derive v0.1.6\n   Compiling regex-automata v0.1.9\n   Compiling bv v0.11.1\n   Compiling miniz_oxide v0.4.3\n   Compiling aho-corasick v0.7.14\n   Compiling thread_local v1.0.1\n   Compiling rayon-core v1.11.0\n   Compiling ndarray v0.13.1\n   Compiling regex-syntax v0.6.20\n   Compiling hashbrown v0.9.1\n   Compiling unicode-segmentation v1.6.0\n   Compiling bitflags v1.2.1\n   Compiling crc32fast v1.2.1\n   Compiling portable-atomic v1.6.0\n   Compiling either v1.6.1\n   Compiling rawpointer v0.2.1\n   Compiling heck v0.3.1\n   Compiling matrixmultiply v0.2.3\n   Compiling crossbeam-deque v0.8.3\n   Compiling rand v0.7.3\n   Compiling num_cpus v1.15.0\n   Compiling crossbeam-channel v0.5.8\n   Compiling csv-core v0.1.10\n   Compiling itoa v0.4.6\n   Compiling adler v0.2.3\n   Compiling fixedbitset v0.2.0\n   Compiling bit-vec v0.6.2\n   Compiling quick-error v1.2.3\n   Compiling array-macro v1.0.5\n   Compiling bio v0.32.0\n   Compiling bit-set v0.5.2\n   Compiling petgraph v0.5.1\n   Compiling regex v1.4.1\n   Compiling statrs v0.12.0\n   Compiling itertools v0.9.0\n   Compiling console v0.15.8\n   Compiling textwrap v0.11.0\n   Compiling approx v0.3.2\n   Compiling ordered-float v1.1.0\n   Compiling itertools-num v0.1.3\n   Compiling atty v0.2.14\n   Compiling fxhash v0.2.1\n   Compiling strum v0.18.0\n   Compiling custom_derive v0.1.7\n   Compiling triple_accel v0.3.4\n   Compiling bytecount v0.6.0\n   Compiling fnv v1.0.7\n   Compiling ansi_term v0.11.0\n   Compiling number_prefix v0.4.0\n   Compiling strsim v0.8.0\n   Compiling indicatif v0.17.8\n   Compiling flate2 v1.0.18\n   Compiling rayon v1.7.0\nrustc-LLVM ERROR: IO failure on output stream: No space left on device\nerror: could not compile `triple_accel` (lib)\n\nCaused by:\n  No space left on device (os error 28)\n\nCaused by:\n  failed to parse process output: `/opt/rustwide/rustup-home/toolchains/nightly-2024-10-28-x86_64-unknown-linux-gnu/bin/rustc --crate-name triple_accel --edition=2018 /opt/rustwide/cargo-home/registry/src/index.crates.io-6f17d22bba15001f/triple_accel-0.3.4/src/lib.rs --error-format=json --json=diagnostic-rendered-ansi,artifacts,future-incompat --crate-type lib --emit=dep-info,metadata,link -C embed-bitcode=no -C debuginfo=2 --cfg 'feature=\"default\"' --cfg 'feature=\"jewel-16bit\"' --cfg 'feature=\"jewel-32bit\"' --cfg 'feature=\"jewel-8bit\"' --cfg 'feature=\"jewel-avx\"' --cfg 'feature=\"jewel-sse\"' --check-cfg 'cfg(docsrs)' --check-cfg 'cfg(feature, values(\"debug\", \"default\", \"jewel-16bit\", \"jewel-32bit\", \"jewel-8bit\", \"jewel-avx\", \"jewel-sse\"))' -C metadata=cd78bf27ee95381d -C extra-filename=-cd78bf27ee95381d --out-dir /opt/rustwide/target/x86_64-unknown-linux-gnu/debug/deps --target x86_64-unknown-linux-gnu -L dependency=/opt/rustwide/target/x86_64-unknown-linux-gnu/debug/deps -L dependency=/opt/rustwide/target/debug/deps --cap-lints allow --cap-lints=forbid -Zrandomize-layout` (exit status: 101)\nwarning: build failed, waiting for other jobs to finish...\nerror: could not compile `syn` (lib) due to 1 previous error\nerror: could not compile `rayon` (lib) due to 1 previous error\n"), cause: None }) }
[INFO] [stdout] 
[INFO] [stdout] ---- find_content_in_len stdout ----
[INFO] [stdout] Error: CargoError { cause: Some(CargoError { kind: CommandFailed, context: Some("    Blocking waiting for file lock on build directory\n    Blocking waiting for file lock on build directory\n   Compiling syn v1.0.48\n   Compiling triple_accel v0.3.4\n   Compiling rayon v1.7.0\nerror: could not compile `triple_accel` (lib) due to 1 previous error\nwarning: build failed, waiting for other jobs to finish...\n"), cause: None }) }
[INFO] [stdout] 
[INFO] [stdout] 
[INFO] [stdout] failures:
[INFO] [stdout]     find_content_in_len
[INFO] [stdout]     find_content_in_table
[INFO] [stdout] 
[INFO] [stdout] test result: FAILED. 0 passed; 2 failed; 0 ignored; 0 measured; 0 filtered out; finished in 21.81s
[INFO] [stdout] 
[INFO] [stderr] error: test failed, to rerun pass `--test cli`
[INFO] running `Command { std: "docker" "inspect" "1390d77fe0565ef40374b471f58439fcaee994068a3052f2e562bca9f87b3894", kill_on_drop: false }`
[INFO] running `Command { std: "docker" "rm" "-f" "1390d77fe0565ef40374b471f58439fcaee994068a3052f2e562bca9f87b3894", kill_on_drop: false }`
[INFO] [stdout] 1390d77fe0565ef40374b471f58439fcaee994068a3052f2e562bca9f87b3894
