[INFO] cloning repository https://github.com/alevinval/chessie
[INFO] running `Command { std: "git" "-c" "credential.helper=" "-c" "credential.helper=/workspace/cargo-home/bin/git-credential-null" "clone" "--bare" "https://github.com/alevinval/chessie" "/workspace/cache/git-repos/https%3A%2F%2Fgithub.com%2Falevinval%2Fchessie", kill_on_drop: false }`
[INFO] [stderr] Cloning into bare repository '/workspace/cache/git-repos/https%3A%2F%2Fgithub.com%2Falevinval%2Fchessie'...
[INFO] running `Command { std: "git" "rev-parse" "HEAD", kill_on_drop: false }`
[INFO] [stdout] 4539f5ad591aa4f435cebcb225ef560e029998bc
[INFO] testing alevinval/chessie/4539f5ad591aa4f435cebcb225ef560e029998bc against nightly-2024-10-28+rustflags=-Zrandomize-layout for randomize-layout
[INFO] running `Command { std: "git" "clone" "/workspace/cache/git-repos/https%3A%2F%2Fgithub.com%2Falevinval%2Fchessie" "/workspace/builds/worker-7-tc2/source", kill_on_drop: false }`
[INFO] [stderr] Cloning into '/workspace/builds/worker-7-tc2/source'...
[INFO] [stderr] done.
[INFO] validating manifest of git repo https://github.com/alevinval/chessie on toolchain nightly-2024-10-28
[INFO] running `Command { std: CARGO_HOME="/workspace/cargo-home" RUSTUP_HOME="/workspace/rustup-home" "/workspace/cargo-home/bin/cargo" "+nightly-2024-10-28" "metadata" "--manifest-path" "Cargo.toml" "--no-deps", kill_on_drop: false }`
[INFO] started tweaking git repo https://github.com/alevinval/chessie
[INFO] finished tweaking git repo https://github.com/alevinval/chessie
[INFO] tweaked toml for git repo https://github.com/alevinval/chessie written to /workspace/builds/worker-7-tc2/source/Cargo.toml
[INFO] crate git repo https://github.com/alevinval/chessie already has a lockfile, it will not be regenerated
[INFO] running `Command { std: CARGO_HOME="/workspace/cargo-home" RUSTUP_HOME="/workspace/rustup-home" "/workspace/cargo-home/bin/cargo" "+nightly-2024-10-28" "fetch" "--manifest-path" "Cargo.toml", kill_on_drop: false }`
[INFO] running `Command { std: "docker" "create" "-v" "/var/lib/crater-agent-workspace/builds/worker-7-tc2/target:/opt/rustwide/target:rw,Z" "-v" "/var/lib/crater-agent-workspace/builds/worker-7-tc2/source:/opt/rustwide/workdir:ro,Z" "-v" "/var/lib/crater-agent-workspace/cargo-home:/opt/rustwide/cargo-home:ro,Z" "-v" "/var/lib/crater-agent-workspace/rustup-home:/opt/rustwide/rustup-home:ro,Z" "-e" "SOURCE_DIR=/opt/rustwide/workdir" "-e" "CARGO_TARGET_DIR=/opt/rustwide/target" "-e" "CARGO_HOME=/opt/rustwide/cargo-home" "-e" "RUSTUP_HOME=/opt/rustwide/rustup-home" "-w" "/opt/rustwide/workdir" "-m" "1610612736" "--user" "0:0" "--network" "none" "ghcr.io/rust-lang/crates-build-env/linux@sha256:4a844ea9eb2546a2d2c7022eacef16ef2e8229c7fbb2c7d4d55a9ceca922f72d" "/opt/rustwide/cargo-home/bin/cargo" "+nightly-2024-10-28" "metadata" "--no-deps" "--format-version=1", kill_on_drop: false }`
[INFO] [stdout] 8067de48466231fca5ae7b6f8f705c3c52ec036d4427af5cc2c7c4ef84b5db8d
[INFO] running `Command { std: "docker" "start" "-a" "8067de48466231fca5ae7b6f8f705c3c52ec036d4427af5cc2c7c4ef84b5db8d", kill_on_drop: false }`
[INFO] running `Command { std: "docker" "inspect" "8067de48466231fca5ae7b6f8f705c3c52ec036d4427af5cc2c7c4ef84b5db8d", kill_on_drop: false }`
[INFO] running `Command { std: "docker" "rm" "-f" "8067de48466231fca5ae7b6f8f705c3c52ec036d4427af5cc2c7c4ef84b5db8d", kill_on_drop: false }`
[INFO] [stdout] 8067de48466231fca5ae7b6f8f705c3c52ec036d4427af5cc2c7c4ef84b5db8d
[INFO] running `Command { std: "docker" "create" "-v" "/var/lib/crater-agent-workspace/builds/worker-7-tc2/target:/opt/rustwide/target:rw,Z" "-v" "/var/lib/crater-agent-workspace/builds/worker-7-tc2/source:/opt/rustwide/workdir:ro,Z" "-v" "/var/lib/crater-agent-workspace/cargo-home:/opt/rustwide/cargo-home:ro,Z" "-v" "/var/lib/crater-agent-workspace/rustup-home:/opt/rustwide/rustup-home:ro,Z" "-e" "SOURCE_DIR=/opt/rustwide/workdir" "-e" "CARGO_TARGET_DIR=/opt/rustwide/target" "-e" "CARGO_INCREMENTAL=0" "-e" "RUST_BACKTRACE=full" "-e" "RUSTFLAGS=--cap-lints=forbid -Zrandomize-layout" "-e" "RUSTDOCFLAGS=--cap-lints=forbid" "-e" "CARGO_HOME=/opt/rustwide/cargo-home" "-e" "RUSTUP_HOME=/opt/rustwide/rustup-home" "-w" "/opt/rustwide/workdir" "-m" "1610612736" "--user" "0:0" "--network" "none" "ghcr.io/rust-lang/crates-build-env/linux@sha256:4a844ea9eb2546a2d2c7022eacef16ef2e8229c7fbb2c7d4d55a9ceca922f72d" "/opt/rustwide/cargo-home/bin/cargo" "+nightly-2024-10-28" "build" "--frozen" "--message-format=json", kill_on_drop: false }`
[INFO] [stdout] 2d7eb2a5928320fbf40e1a630f56db97d7f3c20feb638d7e51de82858f424975
[INFO] running `Command { std: "docker" "start" "-a" "2d7eb2a5928320fbf40e1a630f56db97d7f3c20feb638d7e51de82858f424975", kill_on_drop: false }`
[INFO] [stderr]    Compiling proc-macro2 v1.0.79
[INFO] [stderr]    Compiling cfg-if v1.0.0
[INFO] [stderr]    Compiling libc v0.2.153
[INFO] [stderr]    Compiling unicode-ident v1.0.12
[INFO] [stderr]    Compiling ppv-lite86 v0.2.17
[INFO] [stderr]    Compiling quote v1.0.35
[INFO] [stderr]    Compiling getrandom v0.2.12
[INFO] [stderr]    Compiling syn v2.0.53
[INFO] [stderr]    Compiling rand_core v0.6.4
[INFO] [stderr]    Compiling rand_chacha v0.3.1
[INFO] [stderr]    Compiling rand v0.8.5
[INFO] [stderr]    Compiling test-case-core v3.3.1
[INFO] [stderr]    Compiling test-case-macros v3.3.1
[INFO] [stderr]    Compiling test-case v3.3.1
[INFO] [stderr]    Compiling chessie v0.1.0 (/opt/rustwide/workdir)
[INFO] [stderr]     Finished `dev` profile [unoptimized + debuginfo] target(s) in 3.82s
[INFO] running `Command { std: "docker" "inspect" "2d7eb2a5928320fbf40e1a630f56db97d7f3c20feb638d7e51de82858f424975", kill_on_drop: false }`
[INFO] running `Command { std: "docker" "rm" "-f" "2d7eb2a5928320fbf40e1a630f56db97d7f3c20feb638d7e51de82858f424975", kill_on_drop: false }`
[INFO] [stdout] 2d7eb2a5928320fbf40e1a630f56db97d7f3c20feb638d7e51de82858f424975
[INFO] running `Command { std: "docker" "create" "-v" "/var/lib/crater-agent-workspace/builds/worker-7-tc2/target:/opt/rustwide/target:rw,Z" "-v" "/var/lib/crater-agent-workspace/builds/worker-7-tc2/source:/opt/rustwide/workdir:ro,Z" "-v" "/var/lib/crater-agent-workspace/cargo-home:/opt/rustwide/cargo-home:ro,Z" "-v" "/var/lib/crater-agent-workspace/rustup-home:/opt/rustwide/rustup-home:ro,Z" "-e" "SOURCE_DIR=/opt/rustwide/workdir" "-e" "CARGO_TARGET_DIR=/opt/rustwide/target" "-e" "CARGO_INCREMENTAL=0" "-e" "RUST_BACKTRACE=full" "-e" "RUSTFLAGS=--cap-lints=forbid -Zrandomize-layout" "-e" "RUSTDOCFLAGS=--cap-lints=forbid" "-e" "CARGO_HOME=/opt/rustwide/cargo-home" "-e" "RUSTUP_HOME=/opt/rustwide/rustup-home" "-w" "/opt/rustwide/workdir" "-m" "1610612736" "--user" "0:0" "--network" "none" "ghcr.io/rust-lang/crates-build-env/linux@sha256:4a844ea9eb2546a2d2c7022eacef16ef2e8229c7fbb2c7d4d55a9ceca922f72d" "/opt/rustwide/cargo-home/bin/cargo" "+nightly-2024-10-28" "test" "--frozen" "--no-run" "--message-format=json", kill_on_drop: false }`
[INFO] [stdout] 16a35dab43a0a755f5983aefd8ef0cfca03024bd88487644471f3bb202bec668
[INFO] running `Command { std: "docker" "start" "-a" "16a35dab43a0a755f5983aefd8ef0cfca03024bd88487644471f3bb202bec668", kill_on_drop: false }`
[INFO] [stderr]    Compiling chessie v0.1.0 (/opt/rustwide/workdir)
[INFO] [stderr]     Finished `test` profile [unoptimized + debuginfo] target(s) in 0.57s
[INFO] running `Command { std: "docker" "inspect" "16a35dab43a0a755f5983aefd8ef0cfca03024bd88487644471f3bb202bec668", kill_on_drop: false }`
[INFO] running `Command { std: "docker" "rm" "-f" "16a35dab43a0a755f5983aefd8ef0cfca03024bd88487644471f3bb202bec668", kill_on_drop: false }`
[INFO] [stdout] 16a35dab43a0a755f5983aefd8ef0cfca03024bd88487644471f3bb202bec668
[INFO] running `Command { std: "docker" "create" "-v" "/var/lib/crater-agent-workspace/builds/worker-7-tc2/target:/opt/rustwide/target:rw,Z" "-v" "/var/lib/crater-agent-workspace/builds/worker-7-tc2/source:/opt/rustwide/workdir:ro,Z" "-v" "/var/lib/crater-agent-workspace/cargo-home:/opt/rustwide/cargo-home:ro,Z" "-v" "/var/lib/crater-agent-workspace/rustup-home:/opt/rustwide/rustup-home:ro,Z" "-e" "SOURCE_DIR=/opt/rustwide/workdir" "-e" "CARGO_TARGET_DIR=/opt/rustwide/target" "-e" "CARGO_INCREMENTAL=0" "-e" "RUST_BACKTRACE=full" "-e" "RUSTFLAGS=--cap-lints=forbid -Zrandomize-layout" "-e" "RUSTDOCFLAGS=--cap-lints=forbid" "-e" "CARGO_HOME=/opt/rustwide/cargo-home" "-e" "RUSTUP_HOME=/opt/rustwide/rustup-home" "-w" "/opt/rustwide/workdir" "-m" "1610612736" "--user" "0:0" "--network" "none" "ghcr.io/rust-lang/crates-build-env/linux@sha256:4a844ea9eb2546a2d2c7022eacef16ef2e8229c7fbb2c7d4d55a9ceca922f72d" "/opt/rustwide/cargo-home/bin/cargo" "+nightly-2024-10-28" "test" "--frozen", kill_on_drop: false }`
[INFO] [stdout] 7a707577967de1efdfbd52b2ee5207ed748d65fb817deb44bc9b4332189a284d
[INFO] running `Command { std: "docker" "start" "-a" "7a707577967de1efdfbd52b2ee5207ed748d65fb817deb44bc9b4332189a284d", kill_on_drop: false }`
[INFO] [stderr]     Finished `test` profile [unoptimized + debuginfo] target(s) in 0.01s
[INFO] [stderr]      Running unittests src/lib.rs (/opt/rustwide/target/debug/deps/chessie-363d072d5939316b)
[INFO] [stdout] 
[INFO] [stdout] running 118 tests
[INFO] [stdout] test bits::test::count ... ok
[INFO] [stdout] test bits::test::east ... ok
[INFO] [stdout] test bits::test::first_pos ... ok
[INFO] [stdout] test bits::test::has_piece ... ok
[INFO] [stdout] test bits::test::north ... ok
[INFO] [stdout] test bits::test::northeast ... ok
[INFO] [stdout] test bits::test::northwest ... ok
[INFO] [stdout] test bits::test::pos ... ok
[INFO] [stdout] test bits::test::slide ... ok
[INFO] [stdout] test bits::test::southeast ... ok
[INFO] [stdout] test bits::test::south ... ok
[INFO] [stdout] test bits::test::southwest ... ok
[INFO] [stdout] test bits::test::unset ... ok
[INFO] [stdout] test board::state::test::castling::color_b_castlingupdate_both_false_false_false_expects ... ok
[INFO] [stdout] test bits::test::west ... ok
[INFO] [stdout] test board::state::test::castling::color_w_castlingupdate_left_false_false_true_expects ... ok
[INFO] [stdout] test board::state::test::advance_and_backwards ... ok
[INFO] [stdout] test board::state::test::castling::color_b_castlingupdate_right_false_true_false_expects ... ok
[INFO] [stdout] test board::state::test::castling::color_w_castlingupdate_right_false_true_false_expects ... ok
[INFO] [stdout] test board::state::test::mover ... ok
[INFO] [stdout] test board::state::test::n ... ok
[INFO] [stdout] test board::test::at_white_king ... ok
[INFO] [stdout] test board::test::count_pieces ... ok
[INFO] [stdout] test board::state::test::castling::color_w_castlingupdate_both_false_false_false_expects ... ok
[INFO] [stdout] test board::test::at_black_king ... ok
[INFO] [stdout] test board::state::test::castling::color_b_castlingupdate_left_false_false_true_expects ... ok
[INFO] [stdout] test board::test::mut_at_white ... ok
[INFO] [stdout] test board::test::size ... ok
[INFO] [stdout] test board::test::mut_at_black ... ok
[INFO] [stdout] test color::test::pawn_row::color_b_6_expects ... ok
[INFO] [stdout] test color::test::flip ... ok
[INFO] [stdout] test color::test::pawn_row::color_w_1_expects ... ok
[INFO] [stdout] test fen::decode::test::not_supported::_rnbqkbnr_pppppppp_8_8_8_8_pppppppp_rnbqkbnr_w_kqkq_2_1_fenerror_notsupportedhalfmove_expects ... ok
[INFO] [stdout] test fen::decode::test::not_supported::_rnbqkbnr_pppppppp_8_8_8_8_pppppppp_rnbqkbnr_w_kqkq_a1_0_1_fenerror_notsupportedenpassant_expects ... ok
[INFO] [stdout] test fen::decode::test::test_invalid_fen::_rnbmqkbnr_pppppppp_8_8_8_8_pppppppp_rnbqkbnr_w_kqkq_0_1_expects ... ok
[INFO] [stdout] test color::test::piece_row::color_b_7_expects ... ok
[INFO] [stdout] test fen::decode::test::test_invalid_fen::_rnbqkbnr_pppppppp_8_3p1p2_8_8_pppppppp_rnbqkbnr_b_kq_0_7_expects ... ok
[INFO] [stdout] test color::test::piece_row::color_w_0_expects ... ok
[INFO] [stdout] test fen::decode::test::test_invalid_fen::_rnbqkbnr_pppppppp_8_8_8_8_pppppppp_rnbqkbnr_8_8_8_8_w_kqkxq_0_1_expects ... ok
[INFO] [stdout] test fen::decode::test::test_invalid_fen::_rnbqkbnr_pppppppp_8_8_8_8_pppppppp_rnbqkbnr_w_kqkxq_0_1_expects ... ok
[INFO] [stdout] test fen::decode::test::test_invalid_fen::_rnbqkbnr_pppppppp_8_8_8_8_pppppppp_rnbqkbnr_x_kqkq_0_1_expects ... ok
[INFO] [stdout] test fen::decode::test::test_invalid_fen::_rnbqknr_pppppppp_8_8_8_8_pppppppp_rnbqkbnr_w_kqkq_0_1_expects ... ok
[INFO] [stdout] test fen::decode::test::test_invalid_fen::_rnbqkbnr_pppppppp_8_3p1p2_8_8_pppppppp_rnbqkbnr_b_kq_0_9999999999999999999999_expects ... ok
[INFO] [stdout] test fen::decode::test::test_symmetry::_rnbqkbnr_pppppppp_8_3p1p2_8_8_pppppppp_rnbqkbnr_b_kq_0_7_expects ... ok
[INFO] [stdout] test fen::decode::test::test_symmetry::_rnbqkbnr_pppppppp_8_8_8_8_pppppppp_rnbqkbnr_w_0_12_expects ... ok
[INFO] [stdout] test fen::encode::test::test_encode ... ok
[INFO] [stdout] test fen::decode::test::test_symmetry::_rnbqkbnr_pppppppp_8_8_8_8_pppppppp_rnbqkbnr_w_kqkq_0_1_expects ... ok
[INFO] [stdout] test fen::decode::test::test_symmetry::_rnbqkbnr_pppppppp_8_8_8_8_pppppppp_rnbqkbnr_w_qq_0_25_expects ... ok
[INFO] [stdout] test magic::test::print_magics ... ok
[INFO] [stdout] test magic::test::print_castle_magic ... ok
[INFO] [stdout] test fen::decode::test::test_symmetry::_rnbqkbnr_pppppppp_8_8_8_8_pppppppp_rnbqkbnr_b_kk_0_10_expects ... ok
[INFO] [stdout] test moves::generator::test::black_pawn_gen::sq_3_5_vec_21_expects ... ok
[INFO] [stdout] test moves::generator::test::black_pawn_gen::sq_2_7_vec_14_expects ... ok
[INFO] [stdout] test moves::generator::test::black_pawn_gen::sq_6_7_vec_expects ... ok
[INFO] [stdout] test moves::generator::test::black_pawn_gen::sq_6_6_vec_47_38_46_expects ... ok
[INFO] [stdout] test moves::generator::test::emit_castling_xray_black ... ok
[INFO] [stdout] test moves::generator::test::emit_castling ... ok
[INFO] [stdout] test moves::generator::test::emit_castling_xray_white ... ok
[INFO] [stdout] test moves::generator::test::king_gen::_8_8_8_6q1_8_8_4p3_k7_w_0_4_sq_0_0_vec_1_8_9_expects ... ok
[INFO] [stdout] test moves::generator::test::slide_gen_two ... ok
[INFO] [stdout] test moves::generator::test::king_gen::_8_8_8_6q1_5k2_8_4p3_8_w_0_2_sq_3_5_vec_38_21_28_expects ... ok
[INFO] [stdout] test moves::generator::test::slide_gen ... ok
[INFO] [stdout] test moves::movement::test::from ... ok
[INFO] [stdout] test moves::movement::test::to ... ok
[INFO] [stdout] test moves::generator::test::slide_three ... ok
[INFO] [stdout] test moves::generator::test::white_pawn_gen::sq_5_7_vec_54_expects ... ok
[INFO] [stdout] test piece::test::as_str::piece_bishop_color_b_expects ... ok
[INFO] [stdout] test moves::generator::test::white_pawn_gen::sq_4_5_vec_45_expects ... ok
[INFO] [stdout] test moves::generator::test::king_gen::_8_8_8_6q1_8_8_3kp3_8_w_0_3_sq_1_3_vec_3_4_10_18_19_expects ... ok
[INFO] [stdout] test piece::test::as_str::piece_bishop_color_w_expects ... ok
[INFO] [stdout] test piece::test::as_str::piece_king_color_b_expects ... ok
[INFO] [stdout] test piece::test::as_str::piece_king_color_w_expects ... ok
[INFO] [stdout] test moves::generator::test::white_pawn_gen::sq_1_1_vec_18_17_25_expects ... ok
[INFO] [stdout] test piece::test::as_str::piece_pawn_color_w_expects ... ok
[INFO] [stdout] test piece::test::as_str::piece_knight_color_b_expects ... ok
[INFO] [stdout] test piece::test::as_str::piece_pawn_color_b_expects ... ok
[INFO] [stdout] test piece::test::as_str::piece_queen_color_b_expects ... ok
[INFO] [stdout] test piece::test::as_str::piece_queen_color_w_expects ... ok
[INFO] [stdout] test moves::generator::test::white_pawn_gen::sq_1_2_vec_expects ... ok
[INFO] [stdout] test piece::test::as_str::piece_knight_color_w_expects ... ok
[INFO] [stdout] test piece::test::as_str::piece_rook_color_w_expects ... ok
[INFO] [stdout] test piece::test::as_str::piece_rook_color_b_expects ... ok
[INFO] [stdout] test piece::test::index_symmetry::piece_king_expects ... ok
[INFO] [stdout] test piece::test::index_symmetry::piece_knight_expects ... ok
[INFO] [stdout] test piece::test::index_symmetry::piece_pawn_expects ... ok
[INFO] [stdout] test piece::test::index_symmetry::piece_queen_expects ... ok
[INFO] [stdout] test piece::test::index_symmetry::piece_rook_expects ... ok
[INFO] [stdout] test pos::test::test_bb::_0_0_0x1_expects ... ok
[INFO] [stdout] test pos::test::test_bb::_1_0_0x100_expects ... ok
[INFO] [stdout] test pos::test::test_bb::_0_3_0x8_expects ... ok
[INFO] [stdout] test piece::test::index_symmetry::piece_bishop_expects ... ok
[INFO] [stdout] test pos::test::test_bb::_7_7_0x8000000000000000_expects ... ok
[INFO] [stdout] test pos::test::test_bb::_1_3_0x800_expects ... ok
[INFO] [stdout] test pos::test::test_col::_0_3_3_expects ... ok
[INFO] [stdout] test pos::test::test_col::_0_0_0_expects ... ok
[INFO] [stdout] test pos::test::test_col::_1_3_3_expects ... ok
[INFO] [stdout] test pos::test::test_col::_7_7_7_expects ... ok
[INFO] [stdout] test pos::test::test_is_central::_0_0_false_expects ... ok
[INFO] [stdout] test pos::test::test_is_central::_0_3_false_expects ... ok
[INFO] [stdout] test pos::test::test_col::_1_0_0_expects ... ok
[INFO] [stdout] test pos::test::test_is_central::_1_0_false_expects ... ok
[INFO] [stdout] test pos::test::test_is_central::_1_3_false_expects ... ok
[INFO] [stdout] test pos::test::test_is_central::_3_3_true_expects ... ok
[INFO] [stdout] test pos::test::test_is_central::_3_4_true_expects ... ok
[INFO] [stdout] test pos::test::test_is_central::_4_3_true_expects ... ok
[INFO] [stdout] test pos::test::test_is_central::_4_4_true_expects ... ok
[INFO] [stdout] test pos::test::test_is_central::_7_7_false_expects ... ok
[INFO] [stdout] test pos::test::test_row::_0_0_0_expects ... ok
[INFO] [stdout] test pos::test::test_row::_7_7_7_expects ... ok
[INFO] [stdout] test pos::test::test_str ... ok
[INFO] [stdout] test pos::test::test_row::_0_3_0_expects ... ok
[INFO] [stdout] test pos::test::test_row::_1_0_1_expects ... ok
[INFO] [stdout] test pos::test::test_row::_1_3_1_expects ... ok
[INFO] [stdout] test moves::movement::test::size ... FAILED
[INFO] [stdout] test search::test::mate_in_one::_8_8_8_8_2q4p_k6p_1n6_1k3b2_w_0_101_3_2_2_2_expects ... ok
[INFO] [stdout] test search::test::mate_in_one::_8_8_8_2q5_k6p_3n3p_8_1k3b2_w_0_101_4_2_3_1_expects ... ok
[INFO] [stdout] test search::test::mate_in_one::_8_8_8_2q5_2b4p_2k2p1p_5n2_1k6_w_0_101_1_5_3_4_expects ... ok
[INFO] [stdout] test search::test::mate_in_two ... ok
[INFO] [stdout] 
[INFO] [stdout] failures:
[INFO] [stdout] 
[INFO] [stdout] ---- moves::movement::test::size stdout ----
[INFO] [stdout] thread 'moves::movement::test::size' panicked at src/moves/movement.rs:276:9:
[INFO] [stdout] assertion `left == right` failed
[INFO] [stdout]   left: 16
[INFO] [stdout]  right: 24
[INFO] [stdout] stack backtrace:
[INFO] [stdout]    0:     0x5b3c0e14f26a - std::backtrace_rs::backtrace::libunwind::trace::h207520d6e9873551
[INFO] [stdout]                                at /rustc/df4ca44d3fbc9301ee17f30f4d474e6ae4b05252/library/std/src/../../backtrace/src/backtrace/libunwind.rs:116:5
[INFO] [stdout]    1:     0x5b3c0e14f26a - std::backtrace_rs::backtrace::trace_unsynchronized::h2ed7433f370e3eca
[INFO] [stdout]                                at /rustc/df4ca44d3fbc9301ee17f30f4d474e6ae4b05252/library/std/src/../../backtrace/src/backtrace/mod.rs:66:5
[INFO] [stdout]    2:     0x5b3c0e14f26a - std::sys::backtrace::_print_fmt::h916fac51166b18d7
[INFO] [stdout]                                at /rustc/df4ca44d3fbc9301ee17f30f4d474e6ae4b05252/library/std/src/sys/backtrace.rs:66:9
[INFO] [stdout]    3:     0x5b3c0e14f26a - <std::sys::backtrace::BacktraceLock::print::DisplayBacktrace as core::fmt::Display>::fmt::ha0a4c9b8ce3802e6
[INFO] [stdout]                                at /rustc/df4ca44d3fbc9301ee17f30f4d474e6ae4b05252/library/std/src/sys/backtrace.rs:39:26
[INFO] [stdout]    4:     0x5b3c0e175c23 - core::fmt::rt::Argument::fmt::h4cfc8587d52b3eb5
[INFO] [stdout]                                at /rustc/df4ca44d3fbc9301ee17f30f4d474e6ae4b05252/library/core/src/fmt/rt.rs:177:76
[INFO] [stdout]    5:     0x5b3c0e175c23 - core::fmt::write::h522cc39e5b36ae9f
[INFO] [stdout]                                at /rustc/df4ca44d3fbc9301ee17f30f4d474e6ae4b05252/library/core/src/fmt/mod.rs:1190:21
[INFO] [stdout]    6:     0x5b3c0e14bed3 - std::io::Write::write_fmt::h7d3c26752da97734
[INFO] [stdout]                                at /rustc/df4ca44d3fbc9301ee17f30f4d474e6ae4b05252/library/std/src/io/mod.rs:1839:15
[INFO] [stdout]    7:     0x5b3c0e14f0b2 - std::sys::backtrace::BacktraceLock::print::h4b9e00b29e9c0942
[INFO] [stdout]                                at /rustc/df4ca44d3fbc9301ee17f30f4d474e6ae4b05252/library/std/src/sys/backtrace.rs:42:9
[INFO] [stdout]    8:     0x5b3c0e1506fa - std::panicking::default_hook::{{closure}}::hb59b88280d0324d9
[INFO] [stdout]                                at /rustc/df4ca44d3fbc9301ee17f30f4d474e6ae4b05252/library/std/src/panicking.rs:268:22
[INFO] [stdout]    9:     0x5b3c0e150504 - std::panicking::default_hook::he1dd496665be4a29
[INFO] [stdout]                                at /rustc/df4ca44d3fbc9301ee17f30f4d474e6ae4b05252/library/std/src/panicking.rs:292:9
[INFO] [stdout]   10:     0x5b3c0e11a2f9 - <alloc::boxed::Box<F,A> as core::ops::function::Fn<Args>>::call::h4ff71de18744e1dc
[INFO] [stdout]                                at /rustc/df4ca44d3fbc9301ee17f30f4d474e6ae4b05252/library/alloc/src/boxed.rs:2468:9
[INFO] [stdout]   11:     0x5b3c0e11a2f9 - test::test_main::{{closure}}::hcf7c055ce117aa81
[INFO] [stdout]                                at /rustc/df4ca44d3fbc9301ee17f30f4d474e6ae4b05252/library/test/src/lib.rs:133:21
[INFO] [stdout]   12:     0x5b3c0e150df8 - <alloc::boxed::Box<F,A> as core::ops::function::Fn<Args>>::call::h1d66c6bbd60c9692
[INFO] [stdout]                                at /rustc/df4ca44d3fbc9301ee17f30f4d474e6ae4b05252/library/alloc/src/boxed.rs:2468:9
[INFO] [stdout]   13:     0x5b3c0e150df8 - std::panicking::rust_panic_with_hook::h2ff17fe8f26dfcf8
[INFO] [stdout]                                at /rustc/df4ca44d3fbc9301ee17f30f4d474e6ae4b05252/library/std/src/panicking.rs:809:13
[INFO] [stdout]   14:     0x5b3c0e150bba - std::panicking::begin_panic_handler::{{closure}}::h4fad77951c07e101
[INFO] [stdout]                                at /rustc/df4ca44d3fbc9301ee17f30f4d474e6ae4b05252/library/std/src/panicking.rs:674:13
[INFO] [stdout]   15:     0x5b3c0e14f749 - std::sys::backtrace::__rust_end_short_backtrace::hb1a25b3da5d0ea08
[INFO] [stdout]                                at /rustc/df4ca44d3fbc9301ee17f30f4d474e6ae4b05252/library/std/src/sys/backtrace.rs:170:18
[INFO] [stdout]   16:     0x5b3c0e15084c - rust_begin_unwind
[INFO] [stdout]                                at /rustc/df4ca44d3fbc9301ee17f30f4d474e6ae4b05252/library/std/src/panicking.rs:665:5
[INFO] [stdout]   17:     0x5b3c0e1743c0 - core::panicking::panic_fmt::ha9db07b529f9b256
[INFO] [stdout]                                at /rustc/df4ca44d3fbc9301ee17f30f4d474e6ae4b05252/library/core/src/panicking.rs:75:14
[INFO] [stdout]   18:     0x5b3c0e174724 - core::panicking::assert_failed_inner::h04f38944d74a80a8
[INFO] [stdout]   19:     0x5b3c0e0de9fc - core::panicking::assert_failed::h8f0cb40839543748
[INFO] [stdout]                                at /rustc/df4ca44d3fbc9301ee17f30f4d474e6ae4b05252/library/core/src/panicking.rs:377:5
[INFO] [stdout]   20:     0x5b3c0e0c15b4 - chessie::moves::movement::test::size::h547bc65050008f50
[INFO] [stdout]                                at /opt/rustwide/workdir/src/moves/movement.rs:276:9
[INFO] [stdout]   21:     0x5b3c0e0c1537 - chessie::moves::movement::test::size::{{closure}}::hace16067ac687949
[INFO] [stdout]                                at /opt/rustwide/workdir/src/moves/movement.rs:275:14
[INFO] [stdout]   22:     0x5b3c0e0c22c6 - core::ops::function::FnOnce::call_once::h14f8d59bc2b5f1d4
[INFO] [stdout]                                at /rustc/df4ca44d3fbc9301ee17f30f4d474e6ae4b05252/library/core/src/ops/function.rs:250:5
[INFO] [stdout]   23:     0x5b3c0e11ebcb - core::ops::function::FnOnce::call_once::h22c3ba5715e93f05
[INFO] [stdout]                                at /rustc/df4ca44d3fbc9301ee17f30f4d474e6ae4b05252/library/core/src/ops/function.rs:250:5
[INFO] [stdout]   24:     0x5b3c0e11ebcb - test::__rust_begin_short_backtrace::h8e82d8113d0da17f
[INFO] [stdout]                                at /rustc/df4ca44d3fbc9301ee17f30f4d474e6ae4b05252/library/test/src/lib.rs:621:18
[INFO] [stdout]   25:     0x5b3c0e11e547 - test::run_test_in_process::{{closure}}::h33235f4f20b7b7c7
[INFO] [stdout]                                at /rustc/df4ca44d3fbc9301ee17f30f4d474e6ae4b05252/library/test/src/lib.rs:644:60
[INFO] [stdout]   26:     0x5b3c0e11e547 - <core::panic::unwind_safe::AssertUnwindSafe<F> as core::ops::function::FnOnce<()>>::call_once::hb5043206310c586f
[INFO] [stdout]                                at /rustc/df4ca44d3fbc9301ee17f30f4d474e6ae4b05252/library/core/src/panic/unwind_safe.rs:272:9
[INFO] [stdout]   27:     0x5b3c0e11e547 - std::panicking::try::do_call::h9ad4731a60ab23e2
[INFO] [stdout]                                at /rustc/df4ca44d3fbc9301ee17f30f4d474e6ae4b05252/library/std/src/panicking.rs:557:40
[INFO] [stdout]   28:     0x5b3c0e11e547 - std::panicking::try::h3824d23db772a716
[INFO] [stdout]                                at /rustc/df4ca44d3fbc9301ee17f30f4d474e6ae4b05252/library/std/src/panicking.rs:520:19
[INFO] [stdout]   29:     0x5b3c0e11e547 - std::panic::catch_unwind::h5afd514605fde46b
[INFO] [stdout]                                at /rustc/df4ca44d3fbc9301ee17f30f4d474e6ae4b05252/library/std/src/panic.rs:358:14
[INFO] [stdout]   30:     0x5b3c0e11e547 - test::run_test_in_process::h0d5cbfa7067d1720
[INFO] [stdout]                                at /rustc/df4ca44d3fbc9301ee17f30f4d474e6ae4b05252/library/test/src/lib.rs:644:27
[INFO] [stdout]   31:     0x5b3c0e11e547 - test::run_test::{{closure}}::h708eb8872708115d
[INFO] [stdout]                                at /rustc/df4ca44d3fbc9301ee17f30f4d474e6ae4b05252/library/test/src/lib.rs:565:43
[INFO] [stdout]   32:     0x5b3c0e0e1c64 - test::run_test::{{closure}}::h392c51cee94713ab
[INFO] [stdout]                                at /rustc/df4ca44d3fbc9301ee17f30f4d474e6ae4b05252/library/test/src/lib.rs:595:41
[INFO] [stdout]   33:     0x5b3c0e0e1c64 - std::sys::backtrace::__rust_begin_short_backtrace::h2f40290710935a8b
[INFO] [stdout]                                at /rustc/df4ca44d3fbc9301ee17f30f4d474e6ae4b05252/library/std/src/sys/backtrace.rs:154:18
[INFO] [stdout]   34:     0x5b3c0e0e540e - std::thread::Builder::spawn_unchecked_::{{closure}}::{{closure}}::h3fd968d89053a903
[INFO] [stdout]                                at /rustc/df4ca44d3fbc9301ee17f30f4d474e6ae4b05252/library/std/src/thread/mod.rs:541:17
[INFO] [stdout]   35:     0x5b3c0e0e540e - <core::panic::unwind_safe::AssertUnwindSafe<F> as core::ops::function::FnOnce<()>>::call_once::h743f637ba4229880
[INFO] [stdout]                                at /rustc/df4ca44d3fbc9301ee17f30f4d474e6ae4b05252/library/core/src/panic/unwind_safe.rs:272:9
[INFO] [stdout]   36:     0x5b3c0e0e540e - std::panicking::try::do_call::h07440897322525a6
[INFO] [stdout]                                at /rustc/df4ca44d3fbc9301ee17f30f4d474e6ae4b05252/library/std/src/panicking.rs:557:40
[INFO] [stdout]   37:     0x5b3c0e0e540e - std::panicking::try::he5a2e00188156637
[INFO] [stdout]                                at /rustc/df4ca44d3fbc9301ee17f30f4d474e6ae4b05252/library/std/src/panicking.rs:520:19
[INFO] [stdout]   38:     0x5b3c0e0e540e - std::panic::catch_unwind::hbaf3cae49b3c6433
[INFO] [stdout]                                at /rustc/df4ca44d3fbc9301ee17f30f4d474e6ae4b05252/library/std/src/panic.rs:358:14
[INFO] [stdout]   39:     0x5b3c0e0e540e - std::thread::Builder::spawn_unchecked_::{{closure}}::h8e141ea224820bce
[INFO] [stdout]                                at /rustc/df4ca44d3fbc9301ee17f30f4d474e6ae4b05252/library/std/src/thread/mod.rs:540:30
[INFO] [stdout]   40:     0x5b3c0e0e540e - core::ops::function::FnOnce::call_once{{vtable.shim}}::h90d312fedd7b8ea8
[INFO] [stdout]                                at /rustc/df4ca44d3fbc9301ee17f30f4d474e6ae4b05252/library/core/src/ops/function.rs:250:5
[INFO] [stdout]   41:     0x5b3c0e154beb - <alloc::boxed::Box<F,A> as core::ops::function::FnOnce<Args>>::call_once::h69aa08ddb6adb8b6
[INFO] [stdout]                                at /rustc/df4ca44d3fbc9301ee17f30f4d474e6ae4b05252/library/alloc/src/boxed.rs:2454:9
[INFO] [stdout]   42:     0x5b3c0e154beb - <alloc::boxed::Box<F,A> as core::ops::function::FnOnce<Args>>::call_once::h5aa36efdb79c806f
[INFO] [stdout]                                at /rustc/df4ca44d3fbc9301ee17f30f4d474e6ae4b05252/library/alloc/src/boxed.rs:2454:9
[INFO] [stdout]   43:     0x5b3c0e154beb - std::sys::pal::unix::thread::Thread::new::thread_start::h6cd80a1b4be5158d
[INFO] [stdout]                                at /rustc/df4ca44d3fbc9301ee17f30f4d474e6ae4b05252/library/std/src/sys/pal/unix/thread.rs:105:17
[INFO] [stdout]   44:     0x7a416f70bac3 - <unknown>
[INFO] [stdout]   45:     0x7a416f79ca04 - clone
[INFO] [stdout]   46:                0x0 - <unknown>
[INFO] [stdout] 
[INFO] [stdout] 
[INFO] [stdout] failures:
[INFO] [stdout]     moves::movement::test::size
[INFO] [stdout] 
[INFO] [stdout] test result: FAILED. 117 passed; 1 failed; 0 ignored; 0 measured; 0 filtered out; finished in 0.36s
[INFO] [stdout] 
[INFO] [stderr] error: test failed, to rerun pass `--lib`
[INFO] running `Command { std: "docker" "inspect" "7a707577967de1efdfbd52b2ee5207ed748d65fb817deb44bc9b4332189a284d", kill_on_drop: false }`
[INFO] running `Command { std: "docker" "rm" "-f" "7a707577967de1efdfbd52b2ee5207ed748d65fb817deb44bc9b4332189a284d", kill_on_drop: false }`
[INFO] [stdout] 7a707577967de1efdfbd52b2ee5207ed748d65fb817deb44bc9b4332189a284d
