[INFO] cloning repository https://github.com/Raincal/blurhash-rs
[INFO] running `Command { std: "git" "-c" "credential.helper=" "-c" "credential.helper=/workspace/cargo-home/bin/git-credential-null" "clone" "--bare" "https://github.com/Raincal/blurhash-rs" "/workspace/cache/git-repos/https%3A%2F%2Fgithub.com%2FRaincal%2Fblurhash-rs", kill_on_drop: false }`
[INFO] [stderr] Cloning into bare repository '/workspace/cache/git-repos/https%3A%2F%2Fgithub.com%2FRaincal%2Fblurhash-rs'...
[INFO] running `Command { std: "git" "rev-parse" "HEAD", kill_on_drop: false }`
[INFO] [stdout] 2135e101377e514266358b3e67adab37e736bb8a
[INFO] testing Raincal/blurhash-rs/2135e101377e514266358b3e67adab37e736bb8a against nightly-2024-10-28+rustflags=-Zrandomize-layout for randomize-layout
[INFO] running `Command { std: "git" "clone" "/workspace/cache/git-repos/https%3A%2F%2Fgithub.com%2FRaincal%2Fblurhash-rs" "/workspace/builds/worker-3-tc2/source", kill_on_drop: false }`
[INFO] [stderr] Cloning into '/workspace/builds/worker-3-tc2/source'...
[INFO] [stderr] done.
[INFO] validating manifest of git repo https://github.com/Raincal/blurhash-rs on toolchain nightly-2024-10-28
[INFO] running `Command { std: CARGO_HOME="/workspace/cargo-home" RUSTUP_HOME="/workspace/rustup-home" "/workspace/cargo-home/bin/cargo" "+nightly-2024-10-28" "metadata" "--manifest-path" "Cargo.toml" "--no-deps", kill_on_drop: false }`
[INFO] started tweaking git repo https://github.com/Raincal/blurhash-rs
[INFO] finished tweaking git repo https://github.com/Raincal/blurhash-rs
[INFO] tweaked toml for git repo https://github.com/Raincal/blurhash-rs written to /workspace/builds/worker-3-tc2/source/Cargo.toml
[INFO] running `Command { std: CARGO_HOME="/workspace/cargo-home" RUSTUP_HOME="/workspace/rustup-home" "/workspace/cargo-home/bin/cargo" "+nightly-2024-10-28" "generate-lockfile" "--manifest-path" "Cargo.toml", kill_on_drop: false }`
[INFO] [stderr]     Updating crates.io index
[INFO] [stderr]      Locking 192 packages to latest compatible versions
[INFO] running `Command { std: CARGO_HOME="/workspace/cargo-home" RUSTUP_HOME="/workspace/rustup-home" "/workspace/cargo-home/bin/cargo" "+nightly-2024-10-28" "fetch" "--manifest-path" "Cargo.toml", kill_on_drop: false }`
[INFO] running `Command { std: "docker" "create" "-v" "/var/lib/crater-agent-workspace/builds/worker-3-tc2/target:/opt/rustwide/target:rw,Z" "-v" "/var/lib/crater-agent-workspace/builds/worker-3-tc2/source:/opt/rustwide/workdir:ro,Z" "-v" "/var/lib/crater-agent-workspace/cargo-home:/opt/rustwide/cargo-home:ro,Z" "-v" "/var/lib/crater-agent-workspace/rustup-home:/opt/rustwide/rustup-home:ro,Z" "-e" "SOURCE_DIR=/opt/rustwide/workdir" "-e" "CARGO_TARGET_DIR=/opt/rustwide/target" "-e" "CARGO_HOME=/opt/rustwide/cargo-home" "-e" "RUSTUP_HOME=/opt/rustwide/rustup-home" "-w" "/opt/rustwide/workdir" "-m" "1610612736" "--user" "0:0" "--network" "none" "ghcr.io/rust-lang/crates-build-env/linux@sha256:4a844ea9eb2546a2d2c7022eacef16ef2e8229c7fbb2c7d4d55a9ceca922f72d" "/opt/rustwide/cargo-home/bin/cargo" "+nightly-2024-10-28" "metadata" "--no-deps" "--format-version=1", kill_on_drop: false }`
[INFO] [stdout] b91b75618c10221c014f6fee3eb82a2f958f33e14b7df9fd673ab0a9b8dde891
[INFO] running `Command { std: "docker" "start" "-a" "b91b75618c10221c014f6fee3eb82a2f958f33e14b7df9fd673ab0a9b8dde891", kill_on_drop: false }`
[INFO] running `Command { std: "docker" "inspect" "b91b75618c10221c014f6fee3eb82a2f958f33e14b7df9fd673ab0a9b8dde891", kill_on_drop: false }`
[INFO] running `Command { std: "docker" "rm" "-f" "b91b75618c10221c014f6fee3eb82a2f958f33e14b7df9fd673ab0a9b8dde891", kill_on_drop: false }`
[INFO] [stdout] b91b75618c10221c014f6fee3eb82a2f958f33e14b7df9fd673ab0a9b8dde891
[INFO] running `Command { std: "docker" "create" "-v" "/var/lib/crater-agent-workspace/builds/worker-3-tc2/target:/opt/rustwide/target:rw,Z" "-v" "/var/lib/crater-agent-workspace/builds/worker-3-tc2/source:/opt/rustwide/workdir:ro,Z" "-v" "/var/lib/crater-agent-workspace/cargo-home:/opt/rustwide/cargo-home:ro,Z" "-v" "/var/lib/crater-agent-workspace/rustup-home:/opt/rustwide/rustup-home:ro,Z" "-e" "SOURCE_DIR=/opt/rustwide/workdir" "-e" "CARGO_TARGET_DIR=/opt/rustwide/target" "-e" "CARGO_INCREMENTAL=0" "-e" "RUST_BACKTRACE=full" "-e" "RUSTFLAGS=--cap-lints=forbid -Zrandomize-layout" "-e" "RUSTDOCFLAGS=--cap-lints=forbid" "-e" "CARGO_HOME=/opt/rustwide/cargo-home" "-e" "RUSTUP_HOME=/opt/rustwide/rustup-home" "-w" "/opt/rustwide/workdir" "-m" "1610612736" "--user" "0:0" "--network" "none" "ghcr.io/rust-lang/crates-build-env/linux@sha256:4a844ea9eb2546a2d2c7022eacef16ef2e8229c7fbb2c7d4d55a9ceca922f72d" "/opt/rustwide/cargo-home/bin/cargo" "+nightly-2024-10-28" "build" "--frozen" "--message-format=json", kill_on_drop: false }`
[INFO] [stdout] 36ab9c87d1e53789cca5a41390deed5e46545c8043b95d341e93f429fcf80592
[INFO] running `Command { std: "docker" "start" "-a" "36ab9c87d1e53789cca5a41390deed5e46545c8043b95d341e93f429fcf80592", kill_on_drop: false }`
[INFO] [stderr]    Compiling blurhash v0.2.3 (/opt/rustwide/workdir)
[INFO] [stderr]     Finished `dev` profile [unoptimized + debuginfo] target(s) in 0.61s
[INFO] running `Command { std: "docker" "inspect" "36ab9c87d1e53789cca5a41390deed5e46545c8043b95d341e93f429fcf80592", kill_on_drop: false }`
[INFO] running `Command { std: "docker" "rm" "-f" "36ab9c87d1e53789cca5a41390deed5e46545c8043b95d341e93f429fcf80592", kill_on_drop: false }`
[INFO] [stdout] 36ab9c87d1e53789cca5a41390deed5e46545c8043b95d341e93f429fcf80592
[INFO] running `Command { std: "docker" "create" "-v" "/var/lib/crater-agent-workspace/builds/worker-3-tc2/target:/opt/rustwide/target:rw,Z" "-v" "/var/lib/crater-agent-workspace/builds/worker-3-tc2/source:/opt/rustwide/workdir:ro,Z" "-v" "/var/lib/crater-agent-workspace/cargo-home:/opt/rustwide/cargo-home:ro,Z" "-v" "/var/lib/crater-agent-workspace/rustup-home:/opt/rustwide/rustup-home:ro,Z" "-e" "SOURCE_DIR=/opt/rustwide/workdir" "-e" "CARGO_TARGET_DIR=/opt/rustwide/target" "-e" "CARGO_INCREMENTAL=0" "-e" "RUST_BACKTRACE=full" "-e" "RUSTFLAGS=--cap-lints=forbid -Zrandomize-layout" "-e" "RUSTDOCFLAGS=--cap-lints=forbid" "-e" "CARGO_HOME=/opt/rustwide/cargo-home" "-e" "RUSTUP_HOME=/opt/rustwide/rustup-home" "-w" "/opt/rustwide/workdir" "-m" "1610612736" "--user" "0:0" "--network" "none" "ghcr.io/rust-lang/crates-build-env/linux@sha256:4a844ea9eb2546a2d2c7022eacef16ef2e8229c7fbb2c7d4d55a9ceca922f72d" "/opt/rustwide/cargo-home/bin/cargo" "+nightly-2024-10-28" "test" "--frozen" "--no-run" "--message-format=json", kill_on_drop: false }`
[INFO] [stdout] 629424c1b99791e46ab18b8ffacd8404317fb9506dc4d0ae54cbc964421768fa
[INFO] running `Command { std: "docker" "start" "-a" "629424c1b99791e46ab18b8ffacd8404317fb9506dc4d0ae54cbc964421768fa", kill_on_drop: false }`
[INFO] [stderr]    Compiling proc-macro2 v1.0.89
[INFO] [stderr]    Compiling unicode-ident v1.0.13
[INFO] [stderr]    Compiling cfg-if v1.0.0
[INFO] [stderr]    Compiling libc v0.2.161
[INFO] [stderr]    Compiling libm v0.2.11
[INFO] [stderr]    Compiling autocfg v1.4.0
[INFO] [stderr]    Compiling once_cell v1.20.2
[INFO] [stderr]    Compiling crossbeam-utils v0.8.20
[INFO] [stderr]    Compiling wasm-bindgen-shared v0.2.95
[INFO] [stderr]    Compiling log v0.4.22
[INFO] [stderr]    Compiling either v1.13.0
[INFO] [stderr]    Compiling memchr v2.7.4
[INFO] [stderr]    Compiling simd-adler32 v0.3.7
[INFO] [stderr]    Compiling bumpalo v3.16.0
[INFO] [stderr]    Compiling anyhow v1.0.92
[INFO] [stderr]    Compiling num-traits v0.2.19
[INFO] [stderr]    Compiling rayon-core v1.12.1
[INFO] [stderr]    Compiling adler2 v2.0.0
[INFO] [stderr]    Compiling serde v1.0.214
[INFO] [stderr]    Compiling miniz_oxide v0.8.0
[INFO] [stderr]    Compiling quote v1.0.37
[INFO] [stderr]    Compiling crossbeam-epoch v0.9.18
[INFO] [stderr]    Compiling syn v2.0.86
[INFO] [stderr]    Compiling crossbeam-deque v0.8.5
[INFO] [stderr]    Compiling half v2.4.1
[INFO] [stderr]    Compiling paste v1.0.15
[INFO] [stderr]    Compiling rustix v0.38.38
[INFO] [stderr]    Compiling arrayvec v0.7.6
[INFO] [stderr]    Compiling thiserror v1.0.66
[INFO] [stderr]    Compiling num-integer v0.1.46
[INFO] [stderr]    Compiling minimal-lexical v0.2.1
[INFO] [stderr]    Compiling byteorder v1.5.0
[INFO] [stderr]    Compiling aligned-vec v0.5.0
[INFO] [stderr]    Compiling built v0.7.5
[INFO] [stderr]    Compiling wasm-bindgen v0.2.95
[INFO] [stderr]    Compiling nom v7.1.3
[INFO] [stderr]    Compiling v_frame v0.3.8
[INFO] [stderr]    Compiling num-bigint v0.4.6
[INFO] [stderr]    Compiling getrandom v0.2.15
[INFO] [stderr]    Compiling rav1e v0.7.1
[INFO] [stderr]    Compiling rand_core v0.6.4
[INFO] [stderr]    Compiling crc32fast v1.4.2
[INFO] [stderr]    Compiling serde_json v1.0.132
[INFO] [stderr]    Compiling linux-raw-sys v0.4.14
[INFO] [stderr]    Compiling bitflags v2.6.0
[INFO] [stderr]    Compiling regex-syntax v0.8.5
[INFO] [stderr]    Compiling flate2 v1.0.34
[INFO] [stderr]    Compiling simd_helpers v0.1.0
[INFO] [stderr]    Compiling num-rational v0.4.2
[INFO] [stderr]    Compiling itertools v0.12.1
[INFO] [stderr]    Compiling maybe-rayon v0.1.1
[INFO] [stderr]    Compiling noop_proc_macro v0.3.0
[INFO] [stderr]    Compiling av1-grain v0.2.3
[INFO] [stderr]    Compiling new_debug_unreachable v1.0.6
[INFO] [stderr]    Compiling ciborium-io v0.2.2
[INFO] [stderr]    Compiling plotters-backend v0.3.7
[INFO] [stderr]    Compiling weezl v0.1.8
[INFO] [stderr]    Compiling clap_lex v0.7.2
[INFO] [stderr]    Compiling fastrand v2.1.1
[INFO] [stderr]    Compiling itoa v1.0.11
[INFO] [stderr]    Compiling ryu v1.0.18
[INFO] [stderr]    Compiling quick-error v2.0.1
[INFO] [stderr]    Compiling anstyle v1.0.10
[INFO] [stderr]    Compiling bitstream-io v2.5.3
[INFO] [stderr]    Compiling imgref v1.11.0
[INFO] [stderr]    Compiling plotters-svg v0.3.7
[INFO] [stderr]    Compiling clap_builder v4.5.20
[INFO] [stderr]    Compiling loop9 v0.1.5
[INFO] [stderr]    Compiling ciborium-ll v0.2.2
[INFO] [stderr]    Compiling rayon v1.10.0
[INFO] [stderr]    Compiling wait-timeout v0.2.0
[INFO] [stderr]    Compiling tempfile v3.13.0
[INFO] [stderr]    Compiling regex-automata v0.4.8
[INFO] [stderr]    Compiling avif-serialize v0.8.2
[INFO] [stderr]    Compiling itertools v0.10.5
[INFO] [stderr]    Compiling zune-inflate v0.2.54
[INFO] [stderr]    Compiling fdeflate v0.3.6
[INFO] [stderr]    Compiling wasm-bindgen-backend v0.2.95
[INFO] [stderr]    Compiling quick-error v1.2.3
[INFO] [stderr]    Compiling bit-vec v0.6.3
[INFO] [stderr]    Compiling color_quant v1.1.0
[INFO] [stderr]    Compiling same-file v1.0.6
[INFO] [stderr]    Compiling rgb v0.8.50
[INFO] [stderr]    Compiling cast v0.3.0
[INFO] [stderr]    Compiling fnv v1.0.7
[INFO] [stderr]    Compiling bytemuck v1.19.0
[INFO] [stderr]    Compiling smallvec v1.13.2
[INFO] [stderr]    Compiling byteorder-lite v0.1.0
[INFO] [stderr]    Compiling jpeg-decoder v0.3.1
[INFO] [stderr]    Compiling zune-core v0.4.12
[INFO] [stderr]    Compiling lebe v0.5.2
[INFO] [stderr]    Compiling bit_field v0.10.2
[INFO] [stderr]    Compiling bitflags v1.3.2
[INFO] [stderr]    Compiling png v0.17.14
[INFO] [stderr]    Compiling zune-jpeg v0.4.13
[INFO] [stderr]    Compiling exr v1.73.0
[INFO] [stderr]    Compiling serde_derive v1.0.214
[INFO] [stderr]    Compiling zerocopy-derive v0.7.35
[INFO] [stderr]    Compiling wasm-bindgen-macro-support v0.2.95
[INFO] [stderr]    Compiling thiserror-impl v1.0.66
[INFO] [stderr]    Compiling profiling-procmacros v1.0.16
[INFO] [stderr]    Compiling num-derive v0.4.2
[INFO] [stderr]    Compiling arg_enum_proc_macro v0.3.4
[INFO] [stderr]    Compiling profiling v1.0.16
[INFO] [stderr]    Compiling tiff v0.9.1
[INFO] [stderr]    Compiling zerocopy v0.7.35
[INFO] [stderr]    Compiling image-webp v0.2.0
[INFO] [stderr]    Compiling wasm-bindgen-macro v0.2.95
[INFO] [stderr]    Compiling qoi v0.4.1
[INFO] [stderr]    Compiling ppv-lite86 v0.2.20
[INFO] [stderr]    Compiling rusty-fork v0.3.0
[INFO] [stderr]    Compiling criterion-plot v0.5.0
[INFO] [stderr]    Compiling rand_chacha v0.3.1
[INFO] [stderr]    Compiling regex v1.11.1
[INFO] [stderr]    Compiling walkdir v2.5.0
[INFO] [stderr]    Compiling rand v0.8.5
[INFO] [stderr]    Compiling gif v0.13.1
[INFO] [stderr]    Compiling bit-set v0.5.3
[INFO] [stderr]    Compiling clap v4.5.20
[INFO] [stderr]    Compiling plotters v0.3.7
[INFO] [stderr]    Compiling rand_xorshift v0.3.0
[INFO] [stderr]    Compiling is-terminal v0.4.13
[INFO] [stderr]    Compiling lazy_static v1.5.0
[INFO] [stderr]    Compiling anes v0.1.6
[INFO] [stderr]    Compiling oorandom v11.1.4
[INFO] [stderr]    Compiling unarray v0.1.4
[INFO] [stderr]    Compiling proptest v1.5.0
[INFO] [stderr]    Compiling ciborium v0.2.2
[INFO] [stderr]    Compiling tinytemplate v1.2.1
[INFO] [stderr]    Compiling ravif v0.11.11
[INFO] [stderr]    Compiling criterion v0.5.1
[INFO] [stderr]    Compiling image v0.25.4
[INFO] [stderr]    Compiling blurhash v0.2.3 (/opt/rustwide/workdir)
[INFO] [stderr]     Finished `test` profile [unoptimized + debuginfo] target(s) in 38.40s
[INFO] running `Command { std: "docker" "inspect" "629424c1b99791e46ab18b8ffacd8404317fb9506dc4d0ae54cbc964421768fa", kill_on_drop: false }`
[INFO] running `Command { std: "docker" "rm" "-f" "629424c1b99791e46ab18b8ffacd8404317fb9506dc4d0ae54cbc964421768fa", kill_on_drop: false }`
[INFO] [stdout] 629424c1b99791e46ab18b8ffacd8404317fb9506dc4d0ae54cbc964421768fa
[INFO] running `Command { std: "docker" "create" "-v" "/var/lib/crater-agent-workspace/builds/worker-3-tc2/target:/opt/rustwide/target:rw,Z" "-v" "/var/lib/crater-agent-workspace/builds/worker-3-tc2/source:/opt/rustwide/workdir:ro,Z" "-v" "/var/lib/crater-agent-workspace/cargo-home:/opt/rustwide/cargo-home:ro,Z" "-v" "/var/lib/crater-agent-workspace/rustup-home:/opt/rustwide/rustup-home:ro,Z" "-e" "SOURCE_DIR=/opt/rustwide/workdir" "-e" "CARGO_TARGET_DIR=/opt/rustwide/target" "-e" "CARGO_INCREMENTAL=0" "-e" "RUST_BACKTRACE=full" "-e" "RUSTFLAGS=--cap-lints=forbid -Zrandomize-layout" "-e" "RUSTDOCFLAGS=--cap-lints=forbid" "-e" "CARGO_HOME=/opt/rustwide/cargo-home" "-e" "RUSTUP_HOME=/opt/rustwide/rustup-home" "-w" "/opt/rustwide/workdir" "-m" "1610612736" "--user" "0:0" "--network" "none" "ghcr.io/rust-lang/crates-build-env/linux@sha256:4a844ea9eb2546a2d2c7022eacef16ef2e8229c7fbb2c7d4d55a9ceca922f72d" "/opt/rustwide/cargo-home/bin/cargo" "+nightly-2024-10-28" "test" "--frozen", kill_on_drop: false }`
[INFO] [stdout] 3f82f8bc3d30e52d8ddb2520aaeea92c7de55ae8f6bb97d09e1552a32544948e
[INFO] running `Command { std: "docker" "start" "-a" "3f82f8bc3d30e52d8ddb2520aaeea92c7de55ae8f6bb97d09e1552a32544948e", kill_on_drop: false }`
[INFO] [stderr]     Finished `test` profile [unoptimized + debuginfo] target(s) in 0.16s
[INFO] [stderr]      Running unittests src/lib.rs (/opt/rustwide/target/debug/deps/blurhash-401d1d5f75cddca9)
[INFO] [stdout] 
[INFO] [stdout] running 11 tests
[INFO] [stdout] test base83::tests::decode83_too_large ... ok
[INFO] [stdout] test base83::tests::encode83 ... ok
[INFO] [stdout] test dc::tests::overflow_not_panicing ... ok
[INFO] [stdout] test base83::tests::decode83 ... ok
[INFO] [stdout] test tests::decode_non_ascii ... ok
[INFO] [stdout] test base83::tests::decode83_too_long - should panic ... ok
[INFO] [stdout] test tests::test_jelly_beans ... ok
[INFO] [stdout] test tests::decode_blurhash ... ok
[INFO] [stdout] test tests::decode_doesnt_panic ... ok
[INFO] [stdout] test tests::decode_valid_blurhash ... ok
[INFO] [stdout] test tests::roundtrip_octocat ... ok
[INFO] [stdout] 
[INFO] [stdout] test result: ok. 11 passed; 0 failed; 0 ignored; 0 measured; 0 filtered out; finished in 51.94s
[INFO] [stdout] 
[INFO] [stderr]    Doc-tests blurhash
[INFO] [stdout] 
[INFO] [stdout] running 2 tests
[INFO] [stdout] test src/lib.rs - (line 18) - compile ... ok
[INFO] [stdout] test src/lib.rs - (line 5) ... FAILED
[INFO] [stdout] 
[INFO] [stdout] failures:
[INFO] [stdout] 
[INFO] [stdout] ---- src/lib.rs - (line 5) stdout ----
[INFO] [stdout] error: linking with `cc` failed: exit status: 1
[INFO] [stdout]   |
[INFO] [stdout]   = note: LC_ALL="C" PATH="/opt/rustwide/rustup-home/toolchains/nightly-2024-10-28-x86_64-unknown-linux-gnu/lib/rustlib/x86_64-unknown-linux-gnu/bin:/opt/rustwide/rustup-home/toolchains/nightly-2024-10-28-x86_64-unknown-linux-gnu/lib/rustlib/x86_64-unknown-linux-gnu/bin/self-contained:/opt/rustwide/cargo-home/bin:/usr/local/sbin:/usr/local/bin:/usr/sbin:/usr/bin:/sbin:/bin" VSLANG="1033" "cc" "-m64" "/tmp/rustcXCpkSf/symbols.o" "/tmp/rustdoctest4ED2CU/rust_out.rust_out.16b4434b3f29390-cgu.0.rcgu.o" "/tmp/rustdoctest4ED2CU/rust_out.433cx8cl382ppljrnwzuxa40f.rcgu.o" "-Wl,--as-needed" "-Wl,-Bstatic" "/opt/rustwide/target/debug/deps/libimage-73d8e8be4b75da46.rlib" "/opt/rustwide/target/debug/deps/libimage_webp-8f558603131c5464.rlib" "/opt/rustwide/target/debug/deps/libqoi-6d60cf476a795bb9.rlib" "/opt/rustwide/target/debug/deps/librayon-9eef7b85944a64b9.rlib" "/opt/rustwide/target/debug/deps/libpng-07155ff8b596e4b5.rlib" "/opt/rustwide/target/debug/deps/libbitflags-560efdb99b117eef.rlib" "/opt/rustwide/target/debug/deps/libfdeflate-4c15357e27f34119.rlib" "/opt/rustwide/target/debug/deps/libexr-ca57144d3cb7e907.rlib" "/opt/rustwide/target/debug/deps/libzune_inflate-b64d4516d64bce99.rlib" "/opt/rustwide/target/debug/deps/librayon_core-a58a5f58eb9ad7db.rlib" "/opt/rustwide/target/debug/deps/libcrossbeam_deque-858959b96805030a.rlib" "/opt/rustwide/target/debug/deps/libcrossbeam_epoch-b5a33f884d5450b9.rlib" "/opt/rustwide/target/debug/deps/libcrossbeam_utils-fd980c92aed8cdbe.rlib" "/opt/rustwide/target/debug/deps/libbit_field-9c32327f6f297d53.rlib" "/opt/rustwide/target/debug/deps/liblebe-6ce3bae0582d7383.rlib" "/opt/rustwide/target/debug/deps/libhalf-9f7fe315225babab.rlib" "/opt/rustwide/target/debug/deps/libsmallvec-756ee87804f0eec5.rlib" "/opt/rustwide/target/debug/deps/libzune_jpeg-6c6f3e8bd41c3ede.rlib" "/opt/rustwide/target/debug/deps/libzune_core-021e78692cb8f6dc.rlib" "/opt/rustwide/target/debug/deps/libgif-281dd8d00a0c5691.rlib" "/opt/rustwide/target/debug/deps/libcolor_quant-069bd5753da0854f.rlib" "/opt/rustwide/target/debug/deps/libbyteorder_lite-4940e503c6b0f1f4.rlib" "/opt/rustwide/target/debug/deps/libravif-44ed9c3a2dabc5ff.rlib" "/opt/rustwide/target/debug/deps/libloop9-cbf422b922f99f12.rlib" "/opt/rustwide/target/debug/deps/libavif_serialize-dacf0dfe34d56404.rlib" "/opt/rustwide/target/debug/deps/libquick_error-272c4b37477f4e1c.rlib" "/opt/rustwide/target/debug/deps/librgb-bc4114a6752c1455.rlib" "/opt/rustwide/target/debug/deps/librav1e-6b5b325f9d2a5122.rlib" "/opt/rustwide/target/debug/deps/libwasm_bindgen-77e1439a7d1fdb1c.rlib" "/opt/rustwide/target/debug/deps/libonce_cell-6dc575c335e8f5a1.rlib" "/opt/rustwide/target/debug/deps/libprofiling-ff82ad804b0574ad.rlib" "/opt/rustwide/target/debug/deps/libav1_grain-7bad2766b66683cc.rlib" "/opt/rustwide/target/debug/deps/libnom-a3d05644f0a29162.rlib" "/opt/rustwide/target/debug/deps/libmemchr-34eb650b64c0b1fd.rlib" "/opt/rustwide/target/debug/deps/libnum_rational-54fb6bafe28e5ecb.rlib" "/opt/rustwide/target/debug/deps/libnum_bigint-df2971a438d1d174.rlib" "/opt/rustwide/target/debug/deps/libnum_integer-11247af9d205a0e3.rlib" "/opt/rustwide/target/debug/deps/libanyhow-c6bfdd57e897141e.rlib" "/opt/rustwide/target/debug/deps/libdebug_unreachable-cf1a4f9e6b9833f8.rlib" "/opt/rustwide/target/debug/deps/libmaybe_rayon-b4a7dbd7285b5468.rlib" "/opt/rustwide/target/debug/deps/libv_frame-60221bb8ff8ad26c.rlib" "/opt/rustwide/target/debug/deps/libaligned_vec-4876c6ab67de2ace.rlib" "/opt/rustwide/target/debug/deps/libarrayvec-58dbe950eacc1ab1.rlib" "/opt/rustwide/target/debug/deps/libthiserror-60c9f25fd7297968.rlib" "/opt/rustwide/target/debug/deps/libbitstream_io-1869efd63454f84d.rlib" "/opt/rustwide/target/debug/deps/libitertools-083f35ac5086d8ef.rlib" "/opt/rustwide/target/debug/deps/libeither-386a0ff0e76518e4.rlib" "/opt/rustwide/target/debug/deps/liblog-b6b1a89bf87ced53.rlib" "/opt/rustwide/target/debug/deps/libimgref-1f6cf96abbd99add.rlib" "/opt/rustwide/target/debug/deps/libbytemuck-669fae38aca9e286.rlib" "/opt/rustwide/target/debug/deps/libnum_traits-81eb09d354fc8f28.rlib" "/opt/rustwide/target/debug/deps/libtiff-f0f3a13ecda44bae.rlib" "/opt/rustwide/target/debug/deps/libflate2-af9393b768263ef9.rlib" "/opt/rustwide/target/debug/deps/libminiz_oxide-60d533f4fbeaee9d.rlib" "/opt/rustwide/target/debug/deps/libsimd_adler32-5876262d9cd1bfda.rlib" "/opt/rustwide/target/debug/deps/libcrc32fast-f57ab9ea1a06cb05.rlib" "/opt/rustwide/target/debug/deps/libcfg_if-57bf25c23e31efdb.rlib" "/opt/rustwide/target/debug/deps/libweezl-dbf9ac45cde83c95.rlib" "/opt/rustwide/target/debug/deps/libjpeg_decoder-7faf420e12397dd8.rlib" "/opt/rustwide/target/debug/deps/libblurhash-460db00163114c8b.rlib" "/opt/rustwide/rustup-home/toolchains/nightly-2024-10-28-x86_64-unknown-linux-gnu/lib/rustlib/x86_64-unknown-linux-gnu/lib/libstd-fb8c387236db3c10.rlib" "/opt/rustwide/rustup-home/toolchains/nightly-2024-10-28-x86_64-unknown-linux-gnu/lib/rustlib/x86_64-unknown-linux-gnu/lib/libpanic_unwind-b251837809b2f64b.rlib" "/opt/rustwide/rustup-home/toolchains/nightly-2024-10-28-x86_64-unknown-linux-gnu/lib/rustlib/x86_64-unknown-linux-gnu/lib/libobject-cbef83eaa4e01f04.rlib" "/opt/rustwide/rustup-home/toolchains/nightly-2024-10-28-x86_64-unknown-linux-gnu/lib/rustlib/x86_64-unknown-linux-gnu/lib/libmemchr-12a772286de2fca7.rlib" "/opt/rustwide/rustup-home/toolchains/nightly-2024-10-28-x86_64-unknown-linux-gnu/lib/rustlib/x86_64-unknown-linux-gnu/lib/libaddr2line-023bbe5ada7abfc3.rlib" "/opt/rustwide/rustup-home/toolchains/nightly-2024-10-28-x86_64-unknown-linux-gnu/lib/rustlib/x86_64-unknown-linux-gnu/lib/libgimli-de2bcdf10ec69c2b.rlib" "/opt/rustwide/rustup-home/toolchains/nightly-2024-10-28-x86_64-unknown-linux-gnu/lib/rustlib/x86_64-unknown-linux-gnu/lib/librustc_demangle-8e1754df350800fd.rlib" "/opt/rustwide/rustup-home/toolchains/nightly-2024-10-28-x86_64-unknown-linux-gnu/lib/rustlib/x86_64-unknown-linux-gnu/lib/libstd_detect-06c2ab7b9c32e037.rlib" "/opt/rustwide/rustup-home/toolchains/nightly-2024-10-28-x86_64-unknown-linux-gnu/lib/rustlib/x86_64-unknown-linux-gnu/lib/libhashbrown-51d2621fc57a281b.rlib" "/opt/rustwide/rustup-home/toolchains/nightly-2024-10-28-x86_64-unknown-linux-gnu/lib/rustlib/x86_64-unknown-linux-gnu/lib/librustc_std_workspace_alloc-54a930408793772f.rlib" "/opt/rustwide/rustup-home/toolchains/nightly-2024-10-28-x86_64-unknown-linux-gnu/lib/rustlib/x86_64-unknown-linux-gnu/lib/libminiz_oxide-0c7d01cba400dcb2.rlib" "/opt/rustwide/rustup-home/toolchains/nightly-2024-10-28-x86_64-unknown-linux-gnu/lib/rustlib/x86_64-unknown-linux-gnu/lib/libadler-b9f84d69e331b75b.rlib" "/opt/rustwide/rustup-home/toolchains/nightly-2024-10-28-x86_64-unknown-linux-gnu/lib/rustlib/x86_64-unknown-linux-gnu/lib/libunwind-eec95493246aae39.rlib" "/opt/rustwide/rustup-home/toolchains/nightly-2024-10-28-x86_64-unknown-linux-gnu/lib/rustlib/x86_64-unknown-linux-gnu/lib/libcfg_if-6f6676c475e08ab0.rlib" "/opt/rustwide/rustup-home/toolchains/nightly-2024-10-28-x86_64-unknown-linux-gnu/lib/rustlib/x86_64-unknown-linux-gnu/lib/liblibc-799d520624f8b2e0.rlib" "/opt/rustwide/rustup-home/toolchains/nightly-2024-10-28-x86_64-unknown-linux-gnu/lib/rustlib/x86_64-unknown-linux-gnu/lib/liballoc-fcf93d4842acd9a9.rlib" "/opt/rustwide/rustup-home/toolchains/nightly-2024-10-28-x86_64-unknown-linux-gnu/lib/rustlib/x86_64-unknown-linux-gnu/lib/librustc_std_workspace_core-395a38b8e0851c9b.rlib" "/opt/rustwide/rustup-home/toolchains/nightly-2024-10-28-x86_64-unknown-linux-gnu/lib/rustlib/x86_64-unknown-linux-gnu/lib/libcore-d453bab70303062c.rlib" "/opt/rustwide/rustup-home/toolchains/nightly-2024-10-28-x86_64-unknown-linux-gnu/lib/rustlib/x86_64-unknown-linux-gnu/lib/libcompiler_builtins-0e6386368b0a24e8.rlib" "-Wl,-Bdynamic" "-lgcc_s" "-lutil" "-lrt" "-lpthread" "-lm" "-ldl" "-lc" "-B/opt/rustwide/rustup-home/toolchains/nightly-2024-10-28-x86_64-unknown-linux-gnu/lib/rustlib/x86_64-unknown-linux-gnu/bin/gcc-ld" "-fuse-ld=lld" "-Wl,--eh-frame-hdr" "-Wl,-z,noexecstack" "-L" "/opt/rustwide/rustup-home/toolchains/nightly-2024-10-28-x86_64-unknown-linux-gnu/lib/rustlib/x86_64-unknown-linux-gnu/lib" "-o" "/tmp/rustdoctest4ED2CU/rust_out" "-Wl,--gc-sections" "-pie" "-Wl,-z,relro,-z,now" "-nodefaultlibs"
[INFO] [stdout]   = note: collect2: fatal error: ld terminated with signal 7 [Bus error], core dumped
[INFO] [stdout]           compilation terminated.
[INFO] [stdout]           
[INFO] [stdout] 
[INFO] [stdout] error: aborting due to 1 previous error
[INFO] [stdout] 
[INFO] [stdout] Couldn't compile the test.
[INFO] [stdout] 
[INFO] [stdout] failures:
[INFO] [stdout]     src/lib.rs - (line 5)
[INFO] [stdout] 
[INFO] [stdout] test result: FAILED. 1 passed; 1 failed; 0 ignored; 0 measured; 0 filtered out; finished in 0.98s
[INFO] [stdout] 
[INFO] [stderr] error: doctest failed, to rerun pass `--doc`
[INFO] running `Command { std: "docker" "inspect" "3f82f8bc3d30e52d8ddb2520aaeea92c7de55ae8f6bb97d09e1552a32544948e", kill_on_drop: false }`
[INFO] running `Command { std: "docker" "rm" "-f" "3f82f8bc3d30e52d8ddb2520aaeea92c7de55ae8f6bb97d09e1552a32544948e", kill_on_drop: false }`
[INFO] [stdout] 3f82f8bc3d30e52d8ddb2520aaeea92c7de55ae8f6bb97d09e1552a32544948e
