[INFO] cloning repository https://github.com/Fluzko/onboarding_slack_bot
[INFO] running `Command { std: "git" "-c" "credential.helper=" "-c" "credential.helper=/workspace/cargo-home/bin/git-credential-null" "clone" "--bare" "https://github.com/Fluzko/onboarding_slack_bot" "/workspace/cache/git-repos/https%3A%2F%2Fgithub.com%2FFluzko%2Fonboarding_slack_bot", kill_on_drop: false }`
[INFO] [stderr] Cloning into bare repository '/workspace/cache/git-repos/https%3A%2F%2Fgithub.com%2FFluzko%2Fonboarding_slack_bot'...
[INFO] running `Command { std: "git" "rev-parse" "HEAD", kill_on_drop: false }`
[INFO] [stdout] c88888f991e6f0da94c6ab82f2779b286cafb8b6
[INFO] testing Fluzko/onboarding_slack_bot/c88888f991e6f0da94c6ab82f2779b286cafb8b6 against nightly-2024-10-28+rustflags=-Zrandomize-layout for randomize-layout
[INFO] running `Command { std: "git" "clone" "/workspace/cache/git-repos/https%3A%2F%2Fgithub.com%2FFluzko%2Fonboarding_slack_bot" "/workspace/builds/worker-5-tc2/source", kill_on_drop: false }`
[INFO] [stderr] Cloning into '/workspace/builds/worker-5-tc2/source'...
[INFO] [stderr] done.
[INFO] validating manifest of git repo https://github.com/Fluzko/onboarding_slack_bot on toolchain nightly-2024-10-28
[INFO] running `Command { std: CARGO_HOME="/workspace/cargo-home" RUSTUP_HOME="/workspace/rustup-home" "/workspace/cargo-home/bin/cargo" "+nightly-2024-10-28" "metadata" "--manifest-path" "Cargo.toml" "--no-deps", kill_on_drop: false }`
[INFO] started tweaking git repo https://github.com/Fluzko/onboarding_slack_bot
[INFO] finished tweaking git repo https://github.com/Fluzko/onboarding_slack_bot
[INFO] tweaked toml for git repo https://github.com/Fluzko/onboarding_slack_bot written to /workspace/builds/worker-5-tc2/source/Cargo.toml
[INFO] crate git repo https://github.com/Fluzko/onboarding_slack_bot already has a lockfile, it will not be regenerated
[INFO] running `Command { std: CARGO_HOME="/workspace/cargo-home" RUSTUP_HOME="/workspace/rustup-home" "/workspace/cargo-home/bin/cargo" "+nightly-2024-10-28" "fetch" "--manifest-path" "Cargo.toml", kill_on_drop: false }`
[INFO] running `Command { std: "docker" "create" "-v" "/var/lib/crater-agent-workspace/builds/worker-5-tc2/target:/opt/rustwide/target:rw,Z" "-v" "/var/lib/crater-agent-workspace/builds/worker-5-tc2/source:/opt/rustwide/workdir:ro,Z" "-v" "/var/lib/crater-agent-workspace/cargo-home:/opt/rustwide/cargo-home:ro,Z" "-v" "/var/lib/crater-agent-workspace/rustup-home:/opt/rustwide/rustup-home:ro,Z" "-e" "SOURCE_DIR=/opt/rustwide/workdir" "-e" "CARGO_TARGET_DIR=/opt/rustwide/target" "-e" "CARGO_HOME=/opt/rustwide/cargo-home" "-e" "RUSTUP_HOME=/opt/rustwide/rustup-home" "-w" "/opt/rustwide/workdir" "-m" "1610612736" "--user" "0:0" "--network" "none" "ghcr.io/rust-lang/crates-build-env/linux@sha256:4a844ea9eb2546a2d2c7022eacef16ef2e8229c7fbb2c7d4d55a9ceca922f72d" "/opt/rustwide/cargo-home/bin/cargo" "+nightly-2024-10-28" "metadata" "--no-deps" "--format-version=1", kill_on_drop: false }`
[INFO] [stdout] 9e28f819818363bf93cfc23d1d71602176c4a5d523ad7cc4e1dce16b1945f08c
[INFO] running `Command { std: "docker" "start" "-a" "9e28f819818363bf93cfc23d1d71602176c4a5d523ad7cc4e1dce16b1945f08c", kill_on_drop: false }`
[INFO] running `Command { std: "docker" "inspect" "9e28f819818363bf93cfc23d1d71602176c4a5d523ad7cc4e1dce16b1945f08c", kill_on_drop: false }`
[INFO] running `Command { std: "docker" "rm" "-f" "9e28f819818363bf93cfc23d1d71602176c4a5d523ad7cc4e1dce16b1945f08c", kill_on_drop: false }`
[INFO] [stdout] 9e28f819818363bf93cfc23d1d71602176c4a5d523ad7cc4e1dce16b1945f08c
[INFO] running `Command { std: "docker" "create" "-v" "/var/lib/crater-agent-workspace/builds/worker-5-tc2/target:/opt/rustwide/target:rw,Z" "-v" "/var/lib/crater-agent-workspace/builds/worker-5-tc2/source:/opt/rustwide/workdir:ro,Z" "-v" "/var/lib/crater-agent-workspace/cargo-home:/opt/rustwide/cargo-home:ro,Z" "-v" "/var/lib/crater-agent-workspace/rustup-home:/opt/rustwide/rustup-home:ro,Z" "-e" "SOURCE_DIR=/opt/rustwide/workdir" "-e" "CARGO_TARGET_DIR=/opt/rustwide/target" "-e" "CARGO_INCREMENTAL=0" "-e" "RUST_BACKTRACE=full" "-e" "RUSTFLAGS=--cap-lints=forbid -Zrandomize-layout" "-e" "RUSTDOCFLAGS=--cap-lints=forbid" "-e" "CARGO_HOME=/opt/rustwide/cargo-home" "-e" "RUSTUP_HOME=/opt/rustwide/rustup-home" "-w" "/opt/rustwide/workdir" "-m" "1610612736" "--user" "0:0" "--network" "none" "ghcr.io/rust-lang/crates-build-env/linux@sha256:4a844ea9eb2546a2d2c7022eacef16ef2e8229c7fbb2c7d4d55a9ceca922f72d" "/opt/rustwide/cargo-home/bin/cargo" "+nightly-2024-10-28" "build" "--frozen" "--message-format=json", kill_on_drop: false }`
[INFO] [stdout] bdc079b7f7f789c1f1cd319ce867605be26169dd2e7379ab7e26d00e0dd9dffb
[INFO] running `Command { std: "docker" "start" "-a" "bdc079b7f7f789c1f1cd319ce867605be26169dd2e7379ab7e26d00e0dd9dffb", kill_on_drop: false }`
[INFO] [stderr]    Compiling proc-macro2 v1.0.84
[INFO] [stderr]    Compiling libc v0.2.155
[INFO] [stderr]    Compiling serde v1.0.203
[INFO] [stderr]    Compiling equivalent v1.0.1
[INFO] [stderr]    Compiling hashbrown v0.14.5
[INFO] [stderr]    Compiling itoa v1.0.11
[INFO] [stderr]    Compiling memchr v2.7.2
[INFO] [stderr]    Compiling yansi v1.0.1
[INFO] [stderr]    Compiling proc-macro2-diagnostics v0.10.1
[INFO] [stderr]    Compiling slab v0.4.9
[INFO] [stderr]    Compiling winnow v0.5.40
[INFO] [stderr]    Compiling futures-channel v0.3.30
[INFO] [stderr]    Compiling tracing v0.1.40
[INFO] [stderr]    Compiling inlinable_string v0.1.15
[INFO] [stderr]    Compiling futures-task v0.3.30
[INFO] [stderr]    Compiling time-core v0.1.2
[INFO] [stderr]    Compiling http v0.2.12
[INFO] [stderr]    Compiling num-conv v0.1.0
[INFO] [stderr]    Compiling powerfmt v0.2.0
[INFO] [stderr]    Compiling futures-core v0.3.30
[INFO] [stderr]    Compiling futures-sink v0.3.30
[INFO] [stderr]    Compiling futures-io v0.3.30
[INFO] [stderr]    Compiling cookie v0.18.1
[INFO] [stderr]    Compiling smallvec v1.13.2
[INFO] [stderr]    Compiling time-macros v0.2.18
[INFO] [stderr]    Compiling ref-cast v1.0.23
[INFO] [stderr]    Compiling deranged v0.3.11
[INFO] [stderr]    Compiling futures-util v0.3.30
[INFO] [stderr]    Compiling uncased v0.9.10
[INFO] [stderr]    Compiling bitflags v2.5.0
[INFO] [stderr]    Compiling pq-sys v0.4.8
[INFO] [stderr]    Compiling either v1.12.0
[INFO] [stderr]    Compiling rustix v0.38.34
[INFO] [stderr]    Compiling winnow v0.6.9
[INFO] [stderr]    Compiling stable-pattern v0.1.0
[INFO] [stderr]    Compiling state v0.6.0
[INFO] [stderr]    Compiling indexmap v2.2.6
[INFO] [stderr]    Compiling quote v1.0.36
[INFO] [stderr]    Compiling unicode-normalization v0.1.23
[INFO] [stderr]    Compiling multer v3.1.0
[INFO] [stderr]    Compiling figment v0.10.19
[INFO] [stderr]    Compiling ryu v1.0.18
[INFO] [stderr]    Compiling syn v2.0.66
[INFO] [stderr]    Compiling http-body v0.4.6
[INFO] [stderr]    Compiling serde_json v1.0.117
[INFO] [stderr]    Compiling mio v0.8.11
[INFO] [stderr]    Compiling socket2 v0.5.7
[INFO] [stderr]    Compiling signal-hook-registry v1.4.2
[INFO] [stderr]    Compiling num_cpus v1.16.0
[INFO] [stderr]    Compiling is-terminal v0.4.12
[INFO] [stderr]    Compiling getrandom v0.2.15
[INFO] [stderr]    Compiling linux-raw-sys v0.4.14
[INFO] [stderr]    Compiling rand_core v0.6.4
[INFO] [stderr]    Compiling log v0.4.21
[INFO] [stderr]    Compiling pure-rust-locales v0.8.1
[INFO] [stderr]    Compiling tokio v1.37.0
[INFO] [stderr]    Compiling rand_chacha v0.3.1
[INFO] [stderr]    Compiling idna v0.5.0
[INFO] [stderr]    Compiling lock_api v0.4.12
[INFO] [stderr]    Compiling parking_lot_core v0.9.10
[INFO] [stderr]    Compiling http v1.1.0
[INFO] [stderr]    Compiling encoding_rs v0.8.34
[INFO] [stderr]    Compiling rocket v0.5.1
[INFO] [stderr]    Compiling unicode-xid v0.2.4
[INFO] [stderr]    Compiling uuid v1.8.0
[INFO] [stderr]    Compiling spin v0.9.8
[INFO] [stderr]    Compiling time v0.3.36
[INFO] [stderr]    Compiling byteorder v1.5.0
[INFO] [stderr]    Compiling glob v0.3.1
[INFO] [stderr]    Compiling futures v0.3.30
[INFO] [stderr]    Compiling fastrand v2.1.0
[INFO] [stderr]    Compiling url v2.5.0
[INFO] [stderr]    Compiling rand v0.8.5
[INFO] [stderr]    Compiling parking_lot v0.12.3
[INFO] [stderr]    Compiling socket2 v0.4.10
[INFO] [stderr]    Compiling combine v4.6.7
[INFO] [stderr]    Compiling sha1_smol v1.0.0
[INFO] [stderr]    Compiling atomic v0.5.3
[INFO] [stderr]    Compiling binascii v0.1.4
[INFO] [stderr]    Compiling dotenv v0.15.0
[INFO] [stderr]    Compiling tempfile v3.10.1
[INFO] [stderr]    Compiling hyper v0.14.28
[INFO] [stderr]    Compiling diesel_table_macro_syntax v0.1.0
[INFO] [stderr]    Compiling devise_core v0.4.1
[INFO] [stderr]    Compiling serde_derive v1.0.203
[INFO] [stderr]    Compiling tokio-macros v2.2.0
[INFO] [stderr]    Compiling pear_codegen v0.2.9
[INFO] [stderr]    Compiling ref-cast-impl v1.0.23
[INFO] [stderr]    Compiling diesel_derives v2.1.4
[INFO] [stderr]    Compiling async-stream-impl v0.3.5
[INFO] [stderr]    Compiling async-trait v0.1.80
[INFO] [stderr]    Compiling async-stream v0.3.5
[INFO] [stderr]    Compiling devise_codegen v0.4.1
[INFO] [stderr]    Compiling pear v0.2.9
[INFO] [stderr]    Compiling devise v0.4.1
[INFO] [stderr]    Compiling redis v0.24.0
[INFO] [stderr]    Compiling rocket_http v0.5.1
[INFO] [stderr]    Compiling rocket_codegen v0.5.1
[INFO] [stderr]    Compiling tokio-util v0.7.11
[INFO] [stderr]    Compiling tokio-stream v0.1.15
[INFO] [stderr]    Compiling toml_datetime v0.6.6
[INFO] [stderr]    Compiling serde_spanned v0.6.6
[INFO] [stderr]    Compiling chrono v0.4.38
[INFO] [stderr]    Compiling ubyte v0.10.4
[INFO] [stderr]    Compiling toml_edit v0.19.15
[INFO] [stderr]    Compiling h2 v0.3.26
[INFO] [stderr]    Compiling toml_edit v0.22.13
[INFO] [stderr]    Compiling diesel v2.1.6
[INFO] [stderr]    Compiling toml v0.7.8
[INFO] [stderr]    Compiling migrations_internals v2.1.0
[INFO] [stderr]    Compiling toml v0.8.13
[INFO] [stderr]    Compiling migrations_macros v2.1.0
[INFO] [stderr]    Compiling diesel_migrations v2.1.0
[INFO] [stderr]    Compiling onboarding_bot_slack v0.1.0 (/opt/rustwide/workdir)
[INFO] [stdout] warning: unused `#[macro_use]` import
[INFO] [stdout]   --> src/main.rs:22:1
[INFO] [stdout]    |
[INFO] [stdout] 22 | #[macro_use]
[INFO] [stdout]    | ^^^^^^^^^^^^
[INFO] [stdout]    |
[INFO] [stdout]    = note: `#[warn(unused_imports)]` on by default
[INFO] [stdout] 
[INFO] [stdout] 
[INFO] [stdout] warning: unused `#[macro_use]` import
[INFO] [stdout]   --> src/main.rs:24:1
[INFO] [stdout]    |
[INFO] [stdout] 24 | #[macro_use]
[INFO] [stdout]    | ^^^^^^^^^^^^
[INFO] [stdout] 
[INFO] [stdout] 
[INFO] [stdout] warning: use of deprecated associated function `chrono::NaiveDateTime::from_timestamp_opt`: use `DateTime::from_timestamp` instead
[INFO] [stdout]   --> src/pg_database/db_seeder.rs:29:35
[INFO] [stdout]    |
[INFO] [stdout] 29 |         join_date: NaiveDateTime::from_timestamp_opt(seed_employee.date, 0).unwrap(),
[INFO] [stdout]    |                                   ^^^^^^^^^^^^^^^^^^
[INFO] [stdout]    |
[INFO] [stdout]    = note: `#[warn(deprecated)]` on by default
[INFO] [stdout] 
[INFO] [stdout] 
[INFO] [stdout] warning: use of deprecated associated function `chrono::NaiveDateTime::from_timestamp_opt`: use `DateTime::from_timestamp` instead
[INFO] [stdout]  --> src/utils/start_of_month.rs:4:20
[INFO] [stdout]   |
[INFO] [stdout] 4 |     NaiveDateTime::from_timestamp_opt(ts, 0)
[INFO] [stdout]   |                    ^^^^^^^^^^^^^^^^^^
[INFO] [stdout] 
[INFO] [stdout] 
[INFO] [stdout] warning: fields `id`, `name`, and `admin_id` are never read
[INFO] [stdout]   --> src/models/mod.rs:21:9
[INFO] [stdout]    |
[INFO] [stdout] 20 | pub struct Projects {
[INFO] [stdout]    |            -------- fields in this struct
[INFO] [stdout] 21 |     pub id: Uuid,
[INFO] [stdout]    |         ^^
[INFO] [stdout] 22 |     pub name: String,
[INFO] [stdout]    |         ^^^^
[INFO] [stdout] 23 |     pub admin_id: String,
[INFO] [stdout]    |         ^^^^^^^^
[INFO] [stdout]    |
[INFO] [stdout]    = note: `#[warn(dead_code)]` on by default
[INFO] [stdout] 
[INFO] [stdout] 
[INFO] [stdout] warning: fields `project_id`, `employee_id`, and `onboarding_date` are never read
[INFO] [stdout]   --> src/models/mod.rs:30:9
[INFO] [stdout]    |
[INFO] [stdout] 29 | pub struct Onboardees {
[INFO] [stdout]    |            ---------- fields in this struct
[INFO] [stdout] 30 |     pub project_id: Uuid,
[INFO] [stdout]    |         ^^^^^^^^^^
[INFO] [stdout] 31 |     pub employee_id: String,
[INFO] [stdout]    |         ^^^^^^^^^^^
[INFO] [stdout] 32 |     pub onboarding_date: NaiveDateTime,
[INFO] [stdout]    |         ^^^^^^^^^^^^^^^
[INFO] [stdout] 
[INFO] [stdout] 
[INFO] [stdout] warning: fields `token`, `api_app_id`, and `response_url` are never read
[INFO] [stdout]   --> src/slash_command/mod.rs:22:9
[INFO] [stdout]    |
[INFO] [stdout] 21 | pub struct ListNewsEmployeesCommand {
[INFO] [stdout]    |            ------------------------ fields in this struct
[INFO] [stdout] 22 |     pub token: String,
[INFO] [stdout]    |         ^^^^^
[INFO] [stdout] 23 |     pub api_app_id: String,
[INFO] [stdout]    |         ^^^^^^^^^^
[INFO] [stdout] ...
[INFO] [stdout] 26 |     pub response_url: String,
[INFO] [stdout]    |         ^^^^^^^^^^^^
[INFO] [stdout]    |
[INFO] [stdout]    = note: `ListNewsEmployeesCommand` has a derived impl for the trait `Debug`, but this is intentionally ignored during dead code analysis
[INFO] [stdout] 
[INFO] [stdout] 
[INFO] [stderr]     Finished `dev` profile [unoptimized + debuginfo] target(s) in 26.54s
[INFO] running `Command { std: "docker" "inspect" "bdc079b7f7f789c1f1cd319ce867605be26169dd2e7379ab7e26d00e0dd9dffb", kill_on_drop: false }`
[INFO] running `Command { std: "docker" "rm" "-f" "bdc079b7f7f789c1f1cd319ce867605be26169dd2e7379ab7e26d00e0dd9dffb", kill_on_drop: false }`
[INFO] [stdout] bdc079b7f7f789c1f1cd319ce867605be26169dd2e7379ab7e26d00e0dd9dffb
[INFO] running `Command { std: "docker" "create" "-v" "/var/lib/crater-agent-workspace/builds/worker-5-tc2/target:/opt/rustwide/target:rw,Z" "-v" "/var/lib/crater-agent-workspace/builds/worker-5-tc2/source:/opt/rustwide/workdir:ro,Z" "-v" "/var/lib/crater-agent-workspace/cargo-home:/opt/rustwide/cargo-home:ro,Z" "-v" "/var/lib/crater-agent-workspace/rustup-home:/opt/rustwide/rustup-home:ro,Z" "-e" "SOURCE_DIR=/opt/rustwide/workdir" "-e" "CARGO_TARGET_DIR=/opt/rustwide/target" "-e" "CARGO_INCREMENTAL=0" "-e" "RUST_BACKTRACE=full" "-e" "RUSTFLAGS=--cap-lints=forbid -Zrandomize-layout" "-e" "RUSTDOCFLAGS=--cap-lints=forbid" "-e" "CARGO_HOME=/opt/rustwide/cargo-home" "-e" "RUSTUP_HOME=/opt/rustwide/rustup-home" "-w" "/opt/rustwide/workdir" "-m" "1610612736" "--user" "0:0" "--network" "none" "ghcr.io/rust-lang/crates-build-env/linux@sha256:4a844ea9eb2546a2d2c7022eacef16ef2e8229c7fbb2c7d4d55a9ceca922f72d" "/opt/rustwide/cargo-home/bin/cargo" "+nightly-2024-10-28" "test" "--frozen" "--no-run" "--message-format=json", kill_on_drop: false }`
[INFO] [stdout] c09af2bd5326ad00023296d054f5bdc07f463d240daa033200b1b35fcff4758f
[INFO] running `Command { std: "docker" "start" "-a" "c09af2bd5326ad00023296d054f5bdc07f463d240daa033200b1b35fcff4758f", kill_on_drop: false }`
[INFO] [stderr]    Compiling onboarding_bot_slack v0.1.0 (/opt/rustwide/workdir)
[INFO] [stdout] warning: unused import: `super::group_employees_by_month`
[INFO] [stdout]   --> src/utils/group_employees_by_month.rs:32:9
[INFO] [stdout]    |
[INFO] [stdout] 32 |     use super::group_employees_by_month;
[INFO] [stdout]    |         ^^^^^^^^^^^^^^^^^^^^^^^^^^^^^^^
[INFO] [stdout]    |
[INFO] [stdout]    = note: `#[warn(unused_imports)]` on by default
[INFO] [stdout] 
[INFO] [stdout] 
[INFO] [stdout] warning: unused `#[macro_use]` import
[INFO] [stdout]   --> src/main.rs:22:1
[INFO] [stdout]    |
[INFO] [stdout] 22 | #[macro_use]
[INFO] [stdout]    | ^^^^^^^^^^^^
[INFO] [stdout] 
[INFO] [stdout] 
[INFO] [stdout] warning: unused `#[macro_use]` import
[INFO] [stdout]   --> src/main.rs:24:1
[INFO] [stdout]    |
[INFO] [stdout] 24 | #[macro_use]
[INFO] [stdout]    | ^^^^^^^^^^^^
[INFO] [stdout] 
[INFO] [stdout] 
[INFO] [stdout] warning: use of deprecated associated function `chrono::NaiveDateTime::from_timestamp_opt`: use `DateTime::from_timestamp` instead
[INFO] [stdout]   --> src/pg_database/db_seeder.rs:29:35
[INFO] [stdout]    |
[INFO] [stdout] 29 |         join_date: NaiveDateTime::from_timestamp_opt(seed_employee.date, 0).unwrap(),
[INFO] [stdout]    |                                   ^^^^^^^^^^^^^^^^^^
[INFO] [stdout]    |
[INFO] [stdout]    = note: `#[warn(deprecated)]` on by default
[INFO] [stdout] 
[INFO] [stdout] 
[INFO] [stdout] warning: use of deprecated associated function `chrono::NaiveDateTime::from_timestamp_opt`: use `DateTime::from_timestamp` instead
[INFO] [stdout]  --> src/utils/start_of_month.rs:4:20
[INFO] [stdout]   |
[INFO] [stdout] 4 |     NaiveDateTime::from_timestamp_opt(ts, 0)
[INFO] [stdout]   |                    ^^^^^^^^^^^^^^^^^^
[INFO] [stdout] 
[INFO] [stdout] 
[INFO] [stdout] warning: unused variable: `employees`
[INFO] [stdout]   --> src/utils/group_employees_by_month.rs:42:13
[INFO] [stdout]    |
[INFO] [stdout] 42 |         let employees: Vec<(i64, String)> = vec![
[INFO] [stdout]    |             ^^^^^^^^^ help: if this is intentional, prefix it with an underscore: `_employees`
[INFO] [stdout]    |
[INFO] [stdout]    = note: `#[warn(unused_variables)]` on by default
[INFO] [stdout] 
[INFO] [stdout] 
[INFO] [stdout] warning: fields `id`, `name`, and `admin_id` are never read
[INFO] [stdout]   --> src/models/mod.rs:21:9
[INFO] [stdout]    |
[INFO] [stdout] 20 | pub struct Projects {
[INFO] [stdout]    |            -------- fields in this struct
[INFO] [stdout] 21 |     pub id: Uuid,
[INFO] [stdout]    |         ^^
[INFO] [stdout] 22 |     pub name: String,
[INFO] [stdout]    |         ^^^^
[INFO] [stdout] 23 |     pub admin_id: String,
[INFO] [stdout]    |         ^^^^^^^^
[INFO] [stdout]    |
[INFO] [stdout]    = note: `#[warn(dead_code)]` on by default
[INFO] [stdout] 
[INFO] [stdout] 
[INFO] [stdout] warning: fields `project_id`, `employee_id`, and `onboarding_date` are never read
[INFO] [stdout]   --> src/models/mod.rs:30:9
[INFO] [stdout]    |
[INFO] [stdout] 29 | pub struct Onboardees {
[INFO] [stdout]    |            ---------- fields in this struct
[INFO] [stdout] 30 |     pub project_id: Uuid,
[INFO] [stdout]    |         ^^^^^^^^^^
[INFO] [stdout] 31 |     pub employee_id: String,
[INFO] [stdout]    |         ^^^^^^^^^^^
[INFO] [stdout] 32 |     pub onboarding_date: NaiveDateTime,
[INFO] [stdout]    |         ^^^^^^^^^^^^^^^
[INFO] [stdout] 
[INFO] [stdout] 
[INFO] [stdout] warning: fields `token`, `api_app_id`, and `response_url` are never read
[INFO] [stdout]   --> src/slash_command/mod.rs:22:9
[INFO] [stdout]    |
[INFO] [stdout] 21 | pub struct ListNewsEmployeesCommand {
[INFO] [stdout]    |            ------------------------ fields in this struct
[INFO] [stdout] 22 |     pub token: String,
[INFO] [stdout]    |         ^^^^^
[INFO] [stdout] 23 |     pub api_app_id: String,
[INFO] [stdout]    |         ^^^^^^^^^^
[INFO] [stdout] ...
[INFO] [stdout] 26 |     pub response_url: String,
[INFO] [stdout]    |         ^^^^^^^^^^^^
[INFO] [stdout]    |
[INFO] [stdout]    = note: `ListNewsEmployeesCommand` has a derived impl for the trait `Debug`, but this is intentionally ignored during dead code analysis
[INFO] [stdout] 
[INFO] [stdout] 
[INFO] [stderr]     Finished `test` profile [unoptimized + debuginfo] target(s) in 1.27s
[INFO] running `Command { std: "docker" "inspect" "c09af2bd5326ad00023296d054f5bdc07f463d240daa033200b1b35fcff4758f", kill_on_drop: false }`
[INFO] running `Command { std: "docker" "rm" "-f" "c09af2bd5326ad00023296d054f5bdc07f463d240daa033200b1b35fcff4758f", kill_on_drop: false }`
[INFO] [stdout] c09af2bd5326ad00023296d054f5bdc07f463d240daa033200b1b35fcff4758f
[INFO] running `Command { std: "docker" "create" "-v" "/var/lib/crater-agent-workspace/builds/worker-5-tc2/target:/opt/rustwide/target:rw,Z" "-v" "/var/lib/crater-agent-workspace/builds/worker-5-tc2/source:/opt/rustwide/workdir:ro,Z" "-v" "/var/lib/crater-agent-workspace/cargo-home:/opt/rustwide/cargo-home:ro,Z" "-v" "/var/lib/crater-agent-workspace/rustup-home:/opt/rustwide/rustup-home:ro,Z" "-e" "SOURCE_DIR=/opt/rustwide/workdir" "-e" "CARGO_TARGET_DIR=/opt/rustwide/target" "-e" "CARGO_INCREMENTAL=0" "-e" "RUST_BACKTRACE=full" "-e" "RUSTFLAGS=--cap-lints=forbid -Zrandomize-layout" "-e" "RUSTDOCFLAGS=--cap-lints=forbid" "-e" "CARGO_HOME=/opt/rustwide/cargo-home" "-e" "RUSTUP_HOME=/opt/rustwide/rustup-home" "-w" "/opt/rustwide/workdir" "-m" "1610612736" "--user" "0:0" "--network" "none" "ghcr.io/rust-lang/crates-build-env/linux@sha256:4a844ea9eb2546a2d2c7022eacef16ef2e8229c7fbb2c7d4d55a9ceca922f72d" "/opt/rustwide/cargo-home/bin/cargo" "+nightly-2024-10-28" "test" "--frozen", kill_on_drop: false }`
[INFO] [stdout] ce16edaa2af1c2916c4f617bc2ad7848244bf152719cf7bebd7e3539d1d41504
[INFO] running `Command { std: "docker" "start" "-a" "ce16edaa2af1c2916c4f617bc2ad7848244bf152719cf7bebd7e3539d1d41504", kill_on_drop: false }`
[INFO] [stderr] warning: unused import: `super::group_employees_by_month`
[INFO] [stderr]   --> src/utils/group_employees_by_month.rs:32:9
[INFO] [stderr]    |
[INFO] [stderr] 32 |     use super::group_employees_by_month;
[INFO] [stderr]    |         ^^^^^^^^^^^^^^^^^^^^^^^^^^^^^^^
[INFO] [stderr]    |
[INFO] [stderr]    = note: `#[warn(unused_imports)]` on by default
[INFO] [stderr] 
[INFO] [stderr] warning: unused `#[macro_use]` import
[INFO] [stderr]   --> src/main.rs:22:1
[INFO] [stderr]    |
[INFO] [stderr] 22 | #[macro_use]
[INFO] [stderr]    | ^^^^^^^^^^^^
[INFO] [stderr] 
[INFO] [stderr] warning: unused `#[macro_use]` import
[INFO] [stderr]   --> src/main.rs:24:1
[INFO] [stderr]    |
[INFO] [stderr] 24 | #[macro_use]
[INFO] [stderr]    | ^^^^^^^^^^^^
[INFO] [stderr] 
[INFO] [stderr] warning: use of deprecated associated function `chrono::NaiveDateTime::from_timestamp_opt`: use `DateTime::from_timestamp` instead
[INFO] [stderr]   --> src/pg_database/db_seeder.rs:29:35
[INFO] [stderr]    |
[INFO] [stderr] 29 |         join_date: NaiveDateTime::from_timestamp_opt(seed_employee.date, 0).unwrap(),
[INFO] [stderr]    |                                   ^^^^^^^^^^^^^^^^^^
[INFO] [stderr]    |
[INFO] [stderr]    = note: `#[warn(deprecated)]` on by default
[INFO] [stderr] 
[INFO] [stderr] warning: use of deprecated associated function `chrono::NaiveDateTime::from_timestamp_opt`: use `DateTime::from_timestamp` instead
[INFO] [stderr]  --> src/utils/start_of_month.rs:4:20
[INFO] [stderr]   |
[INFO] [stderr] 4 |     NaiveDateTime::from_timestamp_opt(ts, 0)
[INFO] [stderr]   |                    ^^^^^^^^^^^^^^^^^^
[INFO] [stderr] 
[INFO] [stderr] warning: unused variable: `employees`
[INFO] [stderr]   --> src/utils/group_employees_by_month.rs:42:13
[INFO] [stderr]    |
[INFO] [stderr] 42 |         let employees: Vec<(i64, String)> = vec![
[INFO] [stderr]    |             ^^^^^^^^^ help: if this is intentional, prefix it with an underscore: `_employees`
[INFO] [stderr]    |
[INFO] [stderr]    = note: `#[warn(unused_variables)]` on by default
[INFO] [stderr] 
[INFO] [stderr] warning: fields `id`, `name`, and `admin_id` are never read
[INFO] [stderr]   --> src/models/mod.rs:21:9
[INFO] [stderr]    |
[INFO] [stderr] 20 | pub struct Projects {
[INFO] [stderr]    |            -------- fields in this struct
[INFO] [stderr] 21 |     pub id: Uuid,
[INFO] [stderr]    |         ^^
[INFO] [stderr] 22 |     pub name: String,
[INFO] [stderr]    |         ^^^^
[INFO] [stderr] 23 |     pub admin_id: String,
[INFO] [stderr]    |         ^^^^^^^^
[INFO] [stderr]    |
[INFO] [stderr]    = note: `#[warn(dead_code)]` on by default
[INFO] [stderr] 
[INFO] [stderr] warning: fields `project_id`, `employee_id`, and `onboarding_date` are never read
[INFO] [stderr]   --> src/models/mod.rs:30:9
[INFO] [stderr]    |
[INFO] [stderr] 29 | pub struct Onboardees {
[INFO] [stderr]    |            ---------- fields in this struct
[INFO] [stderr] 30 |     pub project_id: Uuid,
[INFO] [stderr]    |         ^^^^^^^^^^
[INFO] [stderr] 31 |     pub employee_id: String,
[INFO] [stderr]    |         ^^^^^^^^^^^
[INFO] [stderr] 32 |     pub onboarding_date: NaiveDateTime,
[INFO] [stderr]    |         ^^^^^^^^^^^^^^^
[INFO] [stderr] 
[INFO] [stderr] warning: fields `token`, `api_app_id`, and `response_url` are never read
[INFO] [stderr]   --> src/slash_command/mod.rs:22:9
[INFO] [stderr]    |
[INFO] [stderr] 21 | pub struct ListNewsEmployeesCommand {
[INFO] [stderr]    |            ------------------------ fields in this struct
[INFO] [stderr] 22 |     pub token: String,
[INFO] [stderr]    |         ^^^^^
[INFO] [stderr] 23 |     pub api_app_id: String,
[INFO] [stderr]    |         ^^^^^^^^^^
[INFO] [stderr] ...
[INFO] [stderr] 26 |     pub response_url: String,
[INFO] [stderr]    |         ^^^^^^^^^^^^
[INFO] [stderr]    |
[INFO] [stderr]    = note: `ListNewsEmployeesCommand` has a derived impl for the trait `Debug`, but this is intentionally ignored during dead code analysis
[INFO] [stderr] 
[INFO] [stderr] warning: `onboarding_bot_slack` (bin "onboarding_bot_slack" test) generated 9 warnings (run `cargo fix --bin "onboarding_bot_slack" --tests` to apply 1 suggestion)
[INFO] [stderr]     Finished `test` profile [unoptimized + debuginfo] target(s) in 0.10s
[INFO] [stderr]      Running unittests src/main.rs (/opt/rustwide/target/debug/deps/onboarding_bot_slack-580e52ae2a0dd1ef)
[INFO] [stdout] 
[INFO] [stdout] running 23 tests
[INFO] [stdout] test authenticate::tests::test_authenticate::should_fail_if_called_with_incorrect_params ... ok
[INFO] [stdout] test event::tests::test_database_actions::init ... ok
[INFO] [stdout] test slash_command::tests::test_slash_command::init ... ok
[INFO] [stdout] test utils::group_employees_by_month::test_group_employees_by_month::test_group_employees_by_month ... ok
[INFO] [stdout] test authenticate::tests::test_authenticate::should_pass_if_called_with_correct_params ... ok
[INFO] [stdout] test utils::last_day_of_month::test_last_day_of_month::returns_none_if_month_is_invalid ... ok
[INFO] [stdout] test utils::last_day_of_month::test_last_day_of_month::should_return_last_day_of_the_given_month ... ok
[INFO] [stdout] test utils::parse_date_str::test_parse_date_str::should_err_on_invalid_input ... ok
[INFO] [stdout] test utils::parse_date_str::test_parse_date_str::should_return_first_day_of_month_given_month_year_and_floor ... ok
[INFO] [stdout] test utils::parse_date_str::test_parse_date_str::should_return_eoy_given_only_a_year_and_ceil ... ok
[INFO] [stdout] test utils::parse_date_str::test_parse_date_str::should_return_first_day_of_year_given_a_year_and_floor ... ok
[INFO] [stdout] test utils::parse_date_str::test_parse_date_str::should_return_last_day_of_month_given_month_year_and_ceil ... ok
[INFO] [stdout] test utils::parse_date_str::test_parse_date_str::should_return_same_day_given_a_full_date ... ok
[INFO] [stdout] test utils::parse_interval::test_parse_interval::should_return_from_to_today_tuple_with_one_date ... ok
[INFO] [stdout] test utils::parse_interval::test_parse_interval::should_return_from_to_today_tuple_with_two_dates ... ok
[INFO] [stdout] test utils::response_templates::tests::test_employee_list ... ok
[INFO] [stdout] test utils::response_templates::tests::test_employee_list_by_month ... ok
[INFO] [stdout] test utils::response_templates::tests::test_new_employees_template ... ok
[INFO] [stdout] test utils::start_of_month::test_start_of_month::should_return_start_of_month ... ok
[INFO] [stdout] test utils::response_templates::tests::test_tag ... ok
[INFO] [stdout] test utils::start_of_month::test_start_of_month::should_return_start_of_month_for_different_ts ... ok
[INFO] [stdout] test utils::load_env::tests_load_env::should_panic_if_any_var_is_not_setted - should panic ... ok
[INFO] [stdout] test utils::load_env::tests_load_env::should_pass_if_all_vars_are_setted ... FAILED
[INFO] [stdout] 
[INFO] [stdout] failures:
[INFO] [stdout] 
[INFO] [stdout] ---- utils::load_env::tests_load_env::should_pass_if_all_vars_are_setted stdout ----
[INFO] [stdout] Using .env file
[INFO] [stdout] thread 'utils::load_env::tests_load_env::should_pass_if_all_vars_are_setted' panicked at src/utils/load_env.rs:20:27:
[INFO] [stdout] APP_ADDRESS is not set
[INFO] [stdout] stack backtrace:
[INFO] [stdout]    0:     0x62392814dc4a - std::backtrace_rs::backtrace::libunwind::trace::h207520d6e9873551
[INFO] [stdout]                                at /rustc/df4ca44d3fbc9301ee17f30f4d474e6ae4b05252/library/std/src/../../backtrace/src/backtrace/libunwind.rs:116:5
[INFO] [stdout]    1:     0x62392814dc4a - std::backtrace_rs::backtrace::trace_unsynchronized::h2ed7433f370e3eca
[INFO] [stdout]                                at /rustc/df4ca44d3fbc9301ee17f30f4d474e6ae4b05252/library/std/src/../../backtrace/src/backtrace/mod.rs:66:5
[INFO] [stdout]    2:     0x62392814dc4a - std::sys::backtrace::_print_fmt::h916fac51166b18d7
[INFO] [stdout]                                at /rustc/df4ca44d3fbc9301ee17f30f4d474e6ae4b05252/library/std/src/sys/backtrace.rs:66:9
[INFO] [stdout]    3:     0x62392814dc4a - <std::sys::backtrace::BacktraceLock::print::DisplayBacktrace as core::fmt::Display>::fmt::ha0a4c9b8ce3802e6
[INFO] [stdout]                                at /rustc/df4ca44d3fbc9301ee17f30f4d474e6ae4b05252/library/std/src/sys/backtrace.rs:39:26
[INFO] [stdout]    4:     0x6239281758d3 - core::fmt::rt::Argument::fmt::h4cfc8587d52b3eb5
[INFO] [stdout]                                at /rustc/df4ca44d3fbc9301ee17f30f4d474e6ae4b05252/library/core/src/fmt/rt.rs:177:76
[INFO] [stdout]    5:     0x6239281758d3 - core::fmt::write::h522cc39e5b36ae9f
[INFO] [stdout]                                at /rustc/df4ca44d3fbc9301ee17f30f4d474e6ae4b05252/library/core/src/fmt/mod.rs:1190:21
[INFO] [stdout]    6:     0x62392814a503 - std::io::Write::write_fmt::h7d3c26752da97734
[INFO] [stdout]                                at /rustc/df4ca44d3fbc9301ee17f30f4d474e6ae4b05252/library/std/src/io/mod.rs:1839:15
[INFO] [stdout]    7:     0x62392814da92 - std::sys::backtrace::BacktraceLock::print::h4b9e00b29e9c0942
[INFO] [stdout]                                at /rustc/df4ca44d3fbc9301ee17f30f4d474e6ae4b05252/library/std/src/sys/backtrace.rs:42:9
[INFO] [stdout]    8:     0x62392814f0da - std::panicking::default_hook::{{closure}}::hb59b88280d0324d9
[INFO] [stdout]                                at /rustc/df4ca44d3fbc9301ee17f30f4d474e6ae4b05252/library/std/src/panicking.rs:268:22
[INFO] [stdout]    9:     0x62392814eee4 - std::panicking::default_hook::he1dd496665be4a29
[INFO] [stdout]                                at /rustc/df4ca44d3fbc9301ee17f30f4d474e6ae4b05252/library/std/src/panicking.rs:292:9
[INFO] [stdout]   10:     0x6239280a68d9 - <alloc::boxed::Box<F,A> as core::ops::function::Fn<Args>>::call::h4ff71de18744e1dc
[INFO] [stdout]                                at /rustc/df4ca44d3fbc9301ee17f30f4d474e6ae4b05252/library/alloc/src/boxed.rs:2468:9
[INFO] [stdout]   11:     0x6239280a68d9 - test::test_main::{{closure}}::hcf7c055ce117aa81
[INFO] [stdout]                                at /rustc/df4ca44d3fbc9301ee17f30f4d474e6ae4b05252/library/test/src/lib.rs:133:21
[INFO] [stdout]   12:     0x62392814f7d8 - <alloc::boxed::Box<F,A> as core::ops::function::Fn<Args>>::call::h1d66c6bbd60c9692
[INFO] [stdout]                                at /rustc/df4ca44d3fbc9301ee17f30f4d474e6ae4b05252/library/alloc/src/boxed.rs:2468:9
[INFO] [stdout]   13:     0x62392814f7d8 - std::panicking::rust_panic_with_hook::h2ff17fe8f26dfcf8
[INFO] [stdout]                                at /rustc/df4ca44d3fbc9301ee17f30f4d474e6ae4b05252/library/std/src/panicking.rs:809:13
[INFO] [stdout]   14:     0x62392814f59a - std::panicking::begin_panic_handler::{{closure}}::h4fad77951c07e101
[INFO] [stdout]                                at /rustc/df4ca44d3fbc9301ee17f30f4d474e6ae4b05252/library/std/src/panicking.rs:674:13
[INFO] [stdout]   15:     0x62392814e129 - std::sys::backtrace::__rust_end_short_backtrace::hb1a25b3da5d0ea08
[INFO] [stdout]                                at /rustc/df4ca44d3fbc9301ee17f30f4d474e6ae4b05252/library/std/src/sys/backtrace.rs:170:18
[INFO] [stdout]   16:     0x62392814f22c - rust_begin_unwind
[INFO] [stdout]                                at /rustc/df4ca44d3fbc9301ee17f30f4d474e6ae4b05252/library/std/src/panicking.rs:665:5
[INFO] [stdout]   17:     0x6239281742d0 - core::panicking::panic_fmt::ha9db07b529f9b256
[INFO] [stdout]                                at /rustc/df4ca44d3fbc9301ee17f30f4d474e6ae4b05252/library/core/src/panicking.rs:75:14
[INFO] [stdout]   18:     0x623928062a47 - onboarding_bot_slack::utils::load_env::load_env::validate_env_vars::he9e73801434e807f
[INFO] [stdout]                                at /opt/rustwide/workdir/src/utils/load_env.rs:20:27
[INFO] [stdout]   19:     0x623928062871 - onboarding_bot_slack::utils::load_env::load_env::h7670a68b8e06e89e
[INFO] [stdout]                                at /opt/rustwide/workdir/src/utils/load_env.rs:34:5
[INFO] [stdout]   20:     0x623928065b3c - onboarding_bot_slack::utils::load_env::tests_load_env::should_pass_if_all_vars_are_setted::h08df0022955dd222
[INFO] [stdout]                                at /opt/rustwide/workdir/src/utils/load_env.rs:58:9
[INFO] [stdout]   21:     0x623928065b07 - onboarding_bot_slack::utils::load_env::tests_load_env::should_pass_if_all_vars_are_setted::{{closure}}::hc4caf80f5a7b5804
[INFO] [stdout]                                at /opt/rustwide/workdir/src/utils/load_env.rs:54:44
[INFO] [stdout]   22:     0x62392805f906 - core::ops::function::FnOnce::call_once::ha6daf4a3245fda13
[INFO] [stdout]                                at /rustc/df4ca44d3fbc9301ee17f30f4d474e6ae4b05252/library/core/src/ops/function.rs:250:5
[INFO] [stdout]   23:     0x6239280ab1ab - core::ops::function::FnOnce::call_once::h22c3ba5715e93f05
[INFO] [stdout]                                at /rustc/df4ca44d3fbc9301ee17f30f4d474e6ae4b05252/library/core/src/ops/function.rs:250:5
[INFO] [stdout]   24:     0x6239280ab1ab - test::__rust_begin_short_backtrace::h8e82d8113d0da17f
[INFO] [stdout]                                at /rustc/df4ca44d3fbc9301ee17f30f4d474e6ae4b05252/library/test/src/lib.rs:621:18
[INFO] [stdout]   25:     0x6239280aab27 - test::run_test_in_process::{{closure}}::h33235f4f20b7b7c7
[INFO] [stdout]                                at /rustc/df4ca44d3fbc9301ee17f30f4d474e6ae4b05252/library/test/src/lib.rs:644:60
[INFO] [stdout]   26:     0x6239280aab27 - <core::panic::unwind_safe::AssertUnwindSafe<F> as core::ops::function::FnOnce<()>>::call_once::hb5043206310c586f
[INFO] [stdout]                                at /rustc/df4ca44d3fbc9301ee17f30f4d474e6ae4b05252/library/core/src/panic/unwind_safe.rs:272:9
[INFO] [stdout]   27:     0x6239280aab27 - std::panicking::try::do_call::h9ad4731a60ab23e2
[INFO] [stdout]                                at /rustc/df4ca44d3fbc9301ee17f30f4d474e6ae4b05252/library/std/src/panicking.rs:557:40
[INFO] [stdout]   28:     0x6239280aab27 - std::panicking::try::h3824d23db772a716
[INFO] [stdout]                                at /rustc/df4ca44d3fbc9301ee17f30f4d474e6ae4b05252/library/std/src/panicking.rs:520:19
[INFO] [stdout]   29:     0x6239280aab27 - std::panic::catch_unwind::h5afd514605fde46b
[INFO] [stdout]                                at /rustc/df4ca44d3fbc9301ee17f30f4d474e6ae4b05252/library/std/src/panic.rs:358:14
[INFO] [stdout]   30:     0x6239280aab27 - test::run_test_in_process::h0d5cbfa7067d1720
[INFO] [stdout]                                at /rustc/df4ca44d3fbc9301ee17f30f4d474e6ae4b05252/library/test/src/lib.rs:644:27
[INFO] [stdout]   31:     0x6239280aab27 - test::run_test::{{closure}}::h708eb8872708115d
[INFO] [stdout]                                at /rustc/df4ca44d3fbc9301ee17f30f4d474e6ae4b05252/library/test/src/lib.rs:565:43
[INFO] [stdout]   32:     0x62392806e244 - test::run_test::{{closure}}::h392c51cee94713ab
[INFO] [stdout]                                at /rustc/df4ca44d3fbc9301ee17f30f4d474e6ae4b05252/library/test/src/lib.rs:595:41
[INFO] [stdout]   33:     0x62392806e244 - std::sys::backtrace::__rust_begin_short_backtrace::h2f40290710935a8b
[INFO] [stdout]                                at /rustc/df4ca44d3fbc9301ee17f30f4d474e6ae4b05252/library/std/src/sys/backtrace.rs:154:18
[INFO] [stdout]   34:     0x6239280719ee - std::thread::Builder::spawn_unchecked_::{{closure}}::{{closure}}::h3fd968d89053a903
[INFO] [stdout]                                at /rustc/df4ca44d3fbc9301ee17f30f4d474e6ae4b05252/library/std/src/thread/mod.rs:541:17
[INFO] [stdout]   35:     0x6239280719ee - <core::panic::unwind_safe::AssertUnwindSafe<F> as core::ops::function::FnOnce<()>>::call_once::h743f637ba4229880
[INFO] [stdout]                                at /rustc/df4ca44d3fbc9301ee17f30f4d474e6ae4b05252/library/core/src/panic/unwind_safe.rs:272:9
[INFO] [stdout]   36:     0x6239280719ee - std::panicking::try::do_call::h07440897322525a6
[INFO] [stdout]                                at /rustc/df4ca44d3fbc9301ee17f30f4d474e6ae4b05252/library/std/src/panicking.rs:557:40
[INFO] [stdout]   37:     0x6239280719ee - std::panicking::try::he5a2e00188156637
[INFO] [stdout]                                at /rustc/df4ca44d3fbc9301ee17f30f4d474e6ae4b05252/library/std/src/panicking.rs:520:19
[INFO] [stdout]   38:     0x6239280719ee - std::panic::catch_unwind::hbaf3cae49b3c6433
[INFO] [stdout]                                at /rustc/df4ca44d3fbc9301ee17f30f4d474e6ae4b05252/library/std/src/panic.rs:358:14
[INFO] [stdout]   39:     0x6239280719ee - std::thread::Builder::spawn_unchecked_::{{closure}}::h8e141ea224820bce
[INFO] [stdout]                                at /rustc/df4ca44d3fbc9301ee17f30f4d474e6ae4b05252/library/std/src/thread/mod.rs:540:30
[INFO] [stdout]   40:     0x6239280719ee - core::ops::function::FnOnce::call_once{{vtable.shim}}::h90d312fedd7b8ea8
[INFO] [stdout]                                at /rustc/df4ca44d3fbc9301ee17f30f4d474e6ae4b05252/library/core/src/ops/function.rs:250:5
[INFO] [stdout]   41:     0x623928153d4b - <alloc::boxed::Box<F,A> as core::ops::function::FnOnce<Args>>::call_once::h69aa08ddb6adb8b6
[INFO] [stdout]                                at /rustc/df4ca44d3fbc9301ee17f30f4d474e6ae4b05252/library/alloc/src/boxed.rs:2454:9
[INFO] [stdout]   42:     0x623928153d4b - <alloc::boxed::Box<F,A> as core::ops::function::FnOnce<Args>>::call_once::h5aa36efdb79c806f
[INFO] [stdout]                                at /rustc/df4ca44d3fbc9301ee17f30f4d474e6ae4b05252/library/alloc/src/boxed.rs:2454:9
[INFO] [stdout]   43:     0x623928153d4b - std::sys::pal::unix::thread::Thread::new::thread_start::h6cd80a1b4be5158d
[INFO] [stdout]                                at /rustc/df4ca44d3fbc9301ee17f30f4d474e6ae4b05252/library/std/src/sys/pal/unix/thread.rs:105:17
[INFO] [stdout]   44:     0x790cee594ac3 - <unknown>
[INFO] [stdout]   45:     0x790cee625a04 - clone
[INFO] [stdout]   46:                0x0 - <unknown>
[INFO] [stdout] 
[INFO] [stdout] 
[INFO] [stdout] failures:
[INFO] [stdout]     utils::load_env::tests_load_env::should_pass_if_all_vars_are_setted
[INFO] [stdout] 
[INFO] [stdout] test result: FAILED. 22 passed; 1 failed; 0 ignored; 0 measured; 0 filtered out; finished in 0.05s
[INFO] [stdout] 
[INFO] [stderr] error: test failed, to rerun pass `--bin onboarding_bot_slack`
[INFO] running `Command { std: "docker" "inspect" "ce16edaa2af1c2916c4f617bc2ad7848244bf152719cf7bebd7e3539d1d41504", kill_on_drop: false }`
[INFO] running `Command { std: "docker" "rm" "-f" "ce16edaa2af1c2916c4f617bc2ad7848244bf152719cf7bebd7e3539d1d41504", kill_on_drop: false }`
[INFO] [stdout] ce16edaa2af1c2916c4f617bc2ad7848244bf152719cf7bebd7e3539d1d41504
