[INFO] cloning repository https://github.com/AlexW-GH/Rustboy
[INFO] running `Command { std: "git" "-c" "credential.helper=" "-c" "credential.helper=/workspace/cargo-home/bin/git-credential-null" "clone" "--bare" "https://github.com/AlexW-GH/Rustboy" "/workspace/cache/git-repos/https%3A%2F%2Fgithub.com%2FAlexW-GH%2FRustboy", kill_on_drop: false }`
[INFO] [stderr] Cloning into bare repository '/workspace/cache/git-repos/https%3A%2F%2Fgithub.com%2FAlexW-GH%2FRustboy'...
[INFO] running `Command { std: "git" "rev-parse" "HEAD", kill_on_drop: false }`
[INFO] [stdout] 1496533706d3711e1ce5ee5ec89154d82d63b2a9
[INFO] testing AlexW-GH/Rustboy/1496533706d3711e1ce5ee5ec89154d82d63b2a9 against nightly-2024-10-28+rustflags=-Zrandomize-layout for randomize-layout
[INFO] running `Command { std: "git" "clone" "/workspace/cache/git-repos/https%3A%2F%2Fgithub.com%2FAlexW-GH%2FRustboy" "/workspace/builds/worker-7-tc2/source", kill_on_drop: false }`
[INFO] [stderr] Cloning into '/workspace/builds/worker-7-tc2/source'...
[INFO] [stderr] done.
[INFO] validating manifest of git repo https://github.com/AlexW-GH/Rustboy on toolchain nightly-2024-10-28
[INFO] running `Command { std: CARGO_HOME="/workspace/cargo-home" RUSTUP_HOME="/workspace/rustup-home" "/workspace/cargo-home/bin/cargo" "+nightly-2024-10-28" "metadata" "--manifest-path" "Cargo.toml" "--no-deps", kill_on_drop: false }`
[INFO] started tweaking git repo https://github.com/AlexW-GH/Rustboy
[INFO] finished tweaking git repo https://github.com/AlexW-GH/Rustboy
[INFO] tweaked toml for git repo https://github.com/AlexW-GH/Rustboy written to /workspace/builds/worker-7-tc2/source/Cargo.toml
[INFO] crate git repo https://github.com/AlexW-GH/Rustboy already has a lockfile, it will not be regenerated
[INFO] running `Command { std: CARGO_HOME="/workspace/cargo-home" RUSTUP_HOME="/workspace/rustup-home" "/workspace/cargo-home/bin/cargo" "+nightly-2024-10-28" "fetch" "--manifest-path" "Cargo.toml", kill_on_drop: false }`
[INFO] running `Command { std: "docker" "create" "-v" "/var/lib/crater-agent-workspace/builds/worker-7-tc2/target:/opt/rustwide/target:rw,Z" "-v" "/var/lib/crater-agent-workspace/builds/worker-7-tc2/source:/opt/rustwide/workdir:ro,Z" "-v" "/var/lib/crater-agent-workspace/cargo-home:/opt/rustwide/cargo-home:ro,Z" "-v" "/var/lib/crater-agent-workspace/rustup-home:/opt/rustwide/rustup-home:ro,Z" "-e" "SOURCE_DIR=/opt/rustwide/workdir" "-e" "CARGO_TARGET_DIR=/opt/rustwide/target" "-e" "CARGO_HOME=/opt/rustwide/cargo-home" "-e" "RUSTUP_HOME=/opt/rustwide/rustup-home" "-w" "/opt/rustwide/workdir" "-m" "1610612736" "--user" "0:0" "--network" "none" "ghcr.io/rust-lang/crates-build-env/linux@sha256:4a844ea9eb2546a2d2c7022eacef16ef2e8229c7fbb2c7d4d55a9ceca922f72d" "/opt/rustwide/cargo-home/bin/cargo" "+nightly-2024-10-28" "metadata" "--no-deps" "--format-version=1", kill_on_drop: false }`
[INFO] [stdout] d8c9de20384f4e7eefc2f109061901ff983eaf6583f30a002f9abab5b7421827
[INFO] running `Command { std: "docker" "start" "-a" "d8c9de20384f4e7eefc2f109061901ff983eaf6583f30a002f9abab5b7421827", kill_on_drop: false }`
[INFO] running `Command { std: "docker" "inspect" "d8c9de20384f4e7eefc2f109061901ff983eaf6583f30a002f9abab5b7421827", kill_on_drop: false }`
[INFO] running `Command { std: "docker" "rm" "-f" "d8c9de20384f4e7eefc2f109061901ff983eaf6583f30a002f9abab5b7421827", kill_on_drop: false }`
[INFO] [stdout] d8c9de20384f4e7eefc2f109061901ff983eaf6583f30a002f9abab5b7421827
[INFO] running `Command { std: "docker" "create" "-v" "/var/lib/crater-agent-workspace/builds/worker-7-tc2/target:/opt/rustwide/target:rw,Z" "-v" "/var/lib/crater-agent-workspace/builds/worker-7-tc2/source:/opt/rustwide/workdir:ro,Z" "-v" "/var/lib/crater-agent-workspace/cargo-home:/opt/rustwide/cargo-home:ro,Z" "-v" "/var/lib/crater-agent-workspace/rustup-home:/opt/rustwide/rustup-home:ro,Z" "-e" "SOURCE_DIR=/opt/rustwide/workdir" "-e" "CARGO_TARGET_DIR=/opt/rustwide/target" "-e" "CARGO_INCREMENTAL=0" "-e" "RUST_BACKTRACE=full" "-e" "RUSTFLAGS=--cap-lints=forbid -Zrandomize-layout" "-e" "RUSTDOCFLAGS=--cap-lints=forbid" "-e" "CARGO_HOME=/opt/rustwide/cargo-home" "-e" "RUSTUP_HOME=/opt/rustwide/rustup-home" "-w" "/opt/rustwide/workdir" "-m" "1610612736" "--user" "0:0" "--network" "none" "ghcr.io/rust-lang/crates-build-env/linux@sha256:4a844ea9eb2546a2d2c7022eacef16ef2e8229c7fbb2c7d4d55a9ceca922f72d" "/opt/rustwide/cargo-home/bin/cargo" "+nightly-2024-10-28" "build" "--frozen" "--message-format=json", kill_on_drop: false }`
[INFO] [stdout] 66936c3f8e122aeda012ad652031798e1f6f0cc3fa9a1e41917666d26fc21c84
[INFO] running `Command { std: "docker" "start" "-a" "66936c3f8e122aeda012ad652031798e1f6f0cc3fa9a1e41917666d26fc21c84", kill_on_drop: false }`
[INFO] [stderr]    Compiling num-traits v0.2.14
[INFO] [stderr]    Compiling libc v0.2.98
[INFO] [stderr]    Compiling crossbeam-utils v0.8.5
[INFO] [stderr]    Compiling memoffset v0.6.4
[INFO] [stderr]    Compiling num-integer v0.1.44
[INFO] [stderr]    Compiling proc-macro2 v0.4.30
[INFO] [stderr]    Compiling crossbeam-epoch v0.9.5
[INFO] [stderr]    Compiling unicode-xid v0.1.0
[INFO] [stderr]    Compiling rayon-core v1.9.1
[INFO] [stderr]    Compiling byteorder v1.2.7
[INFO] [stderr]    Compiling syn v0.15.44
[INFO] [stderr]    Compiling rayon v1.5.1
[INFO] [stderr]    Compiling num-iter v0.1.42
[INFO] [stderr]    Compiling bitflags v1.2.1
[INFO] [stderr]    Compiling num-derive v0.2.5
[INFO] [stderr]    Compiling adler32 v1.2.0
[INFO] [stderr]    Compiling num-rational v0.2.4
[INFO] [stderr]    Compiling either v1.6.1
[INFO] [stderr]    Compiling lzw v0.10.0
[INFO] [stderr]    Compiling inflate v0.4.5
[INFO] [stderr]    Compiling deflate v0.7.20
[INFO] [stderr]    Compiling cfg-if v0.1.6
[INFO] [stderr]    Compiling color_quant v1.1.0
[INFO] [stderr]    Compiling term v0.5.1
[INFO] [stderr]    Compiling log v0.4.6
[INFO] [stderr]    Compiling scoped_threadpool v0.1.9
[INFO] [stderr]    Compiling gif v0.10.3
[INFO] [stderr]    Compiling crossbeam-channel v0.5.1
[INFO] [stderr]    Compiling crossbeam-deque v0.8.0
[INFO] [stderr]    Compiling quote v0.6.13
[INFO] [stderr]    Compiling num_cpus v1.13.0
[INFO] [stderr]    Compiling time v0.1.40
[INFO] [stderr]    Compiling chrono v0.4.6
[INFO] [stderr]    Compiling png v0.12.0
[INFO] [stderr]    Compiling simplelog v0.5.3 (https://github.com/AlexW-GH/simplelog.rs#3ffe808c)
[INFO] [stderr]    Compiling tiff v0.2.2
[INFO] [stderr]    Compiling jpeg-decoder v0.1.22
[INFO] [stderr]    Compiling image v0.20.1
[INFO] [stderr]    Compiling rust_boy v0.1.0 (/opt/rustwide/workdir)
[INFO] [stdout] warning: constant `LCDC_REGISTER` is never used
[INFO] [stdout]  --> src/debug/vram_fetcher.rs:1:7
[INFO] [stdout]   |
[INFO] [stdout] 1 | const LCDC_REGISTER: u16 = 0xFF40;
[INFO] [stdout]   |       ^^^^^^^^^^^^^
[INFO] [stdout]   |
[INFO] [stdout]   = note: `#[warn(dead_code)]` on by default
[INFO] [stdout] 
[INFO] [stdout] 
[INFO] [stdout] warning: constant `PIXEL_WIDTH` is never used
[INFO] [stdout]  --> src/debug/vram_fetcher.rs:2:7
[INFO] [stdout]   |
[INFO] [stdout] 2 | const PIXEL_WIDTH: u32 = 128;
[INFO] [stdout]   |       ^^^^^^^^^^^
[INFO] [stdout] 
[INFO] [stdout] 
[INFO] [stdout] warning: constant `PIXEL_HEIGHT` is never used
[INFO] [stdout]  --> src/debug/vram_fetcher.rs:3:7
[INFO] [stdout]   |
[INFO] [stdout] 3 | const PIXEL_HEIGHT: u32 = 128;
[INFO] [stdout]   |       ^^^^^^^^^^^^
[INFO] [stdout] 
[INFO] [stdout] 
[INFO] [stdout] warning: trait `VramDebugger` is never used
[INFO] [stdout]  --> src/debug/vram_fetcher.rs:8:18
[INFO] [stdout]   |
[INFO] [stdout] 8 | pub(crate) trait VramDebugger {
[INFO] [stdout]   |                  ^^^^^^^^^^^^
[INFO] [stdout] 
[INFO] [stdout] 
[INFO] [stdout] warning: struct `VRAMFetcher` is never constructed
[INFO] [stdout]   --> src/debug/vram_fetcher.rs:14:19
[INFO] [stdout]    |
[INFO] [stdout] 14 | pub(crate) struct VRAMFetcher {}
[INFO] [stdout]    |                   ^^^^^^^^^^^
[INFO] [stdout] 
[INFO] [stdout] 
[INFO] [stdout] warning: associated items `render_all_background_tiles`, `render_background_tilemap`, `combine_pixels`, `create_pixels`, and `decode_pixel` are never used
[INFO] [stdout]    --> src/debug/vram_fetcher.rs:17:19
[INFO] [stdout]     |
[INFO] [stdout] 16  | impl VRAMFetcher {
[INFO] [stdout]     | ---------------- associated items in this implementation
[INFO] [stdout] 17  |     pub(crate) fn render_all_background_tiles(
[INFO] [stdout]     |                   ^^^^^^^^^^^^^^^^^^^^^^^^^^^
[INFO] [stdout] ...
[INFO] [stdout] 24  |     pub(crate) fn render_background_tilemap(
[INFO] [stdout]     |                   ^^^^^^^^^^^^^^^^^^^^^^^^^
[INFO] [stdout] ...
[INFO] [stdout] 94  |     fn combine_pixels(data0: u8, data1: u8) -> u16 {
[INFO] [stdout]     |        ^^^^^^^^^^^^^^
[INFO] [stdout] ...
[INFO] [stdout] 108 |     fn create_pixels(
[INFO] [stdout]     |        ^^^^^^^^^^^^^
[INFO] [stdout] ...
[INFO] [stdout] 132 |     fn decode_pixel(color_code: u16) -> Rgba<u8> {
[INFO] [stdout]     |        ^^^^^^^^^^^^
[INFO] [stdout] 
[INFO] [stdout] 
[INFO] [stdout] warning: multiple fields are never read
[INFO] [stdout]   --> src/mem/cartridge.rs:6:5
[INFO] [stdout]    |
[INFO] [stdout] 4  | struct CartridgeHeader {
[INFO] [stdout]    |        --------------- fields in this struct
[INFO] [stdout] 5  |     title: String,
[INFO] [stdout] 6  |     manufacturer: String,
[INFO] [stdout]    |     ^^^^^^^^^^^^
[INFO] [stdout] 7  |     licensee_code: u16,
[INFO] [stdout]    |     ^^^^^^^^^^^^^
[INFO] [stdout] 8  |     old_licensee_code: u8,
[INFO] [stdout]    |     ^^^^^^^^^^^^^^^^^
[INFO] [stdout] ...
[INFO] [stdout] 12 |     destination: String,
[INFO] [stdout]    |     ^^^^^^^^^^^
[INFO] [stdout] 13 |     version: u8,
[INFO] [stdout]    |     ^^^^^^^
[INFO] [stdout] 14 |     checksum: u8,
[INFO] [stdout]    |     ^^^^^^^^
[INFO] [stdout] 15 |     global_checksum: u16,
[INFO] [stdout]    |     ^^^^^^^^^^^^^^^
[INFO] [stdout]    |
[INFO] [stdout]    = note: `CartridgeHeader` has derived impls for the traits `Clone` and `Debug`, but these are intentionally ignored during dead code analysis
[INFO] [stdout] 
[INFO] [stdout] 
[INFO] [stdout] warning: field `battery` is never read
[INFO] [stdout]   --> src/mem/cartridge.rs:65:9
[INFO] [stdout]    |
[INFO] [stdout] 63 |     MBCNone {
[INFO] [stdout]    |     ------- field in this variant
[INFO] [stdout] 64 |         ram: bool,
[INFO] [stdout] 65 |         battery: bool,
[INFO] [stdout]    |         ^^^^^^^
[INFO] [stdout]    |
[INFO] [stdout]    = note: `CartridgeType` has derived impls for the traits `Debug` and `Clone`, but these are intentionally ignored during dead code analysis
[INFO] [stdout] 
[INFO] [stdout] 
[INFO] [stdout] warning: field `battery` is never read
[INFO] [stdout]   --> src/mem/cartridge.rs:69:9
[INFO] [stdout]    |
[INFO] [stdout] 67 |     MBC1 {
[INFO] [stdout]    |     ---- field in this variant
[INFO] [stdout] 68 |         ram: bool,
[INFO] [stdout] 69 |         battery: bool,
[INFO] [stdout]    |         ^^^^^^^
[INFO] [stdout]    |
[INFO] [stdout]    = note: `CartridgeType` has derived impls for the traits `Debug` and `Clone`, but these are intentionally ignored during dead code analysis
[INFO] [stdout] 
[INFO] [stdout] 
[INFO] [stdout] warning: field `battery` is never read
[INFO] [stdout]   --> src/mem/cartridge.rs:72:9
[INFO] [stdout]    |
[INFO] [stdout] 71 |     MBC2 {
[INFO] [stdout]    |     ---- field in this variant
[INFO] [stdout] 72 |         battery: bool,
[INFO] [stdout]    |         ^^^^^^^
[INFO] [stdout]    |
[INFO] [stdout]    = note: `CartridgeType` has derived impls for the traits `Debug` and `Clone`, but these are intentionally ignored during dead code analysis
[INFO] [stdout] 
[INFO] [stdout] 
[INFO] [stdout] warning: fields `ram` and `battery` are never read
[INFO] [stdout]   --> src/mem/cartridge.rs:75:9
[INFO] [stdout]    |
[INFO] [stdout] 74 |     MMM01 {
[INFO] [stdout]    |     ----- fields in this variant
[INFO] [stdout] 75 |         ram: bool,
[INFO] [stdout]    |         ^^^
[INFO] [stdout] 76 |         battery: bool,
[INFO] [stdout]    |         ^^^^^^^
[INFO] [stdout]    |
[INFO] [stdout]    = note: `CartridgeType` has derived impls for the traits `Debug` and `Clone`, but these are intentionally ignored during dead code analysis
[INFO] [stdout] 
[INFO] [stdout] 
[INFO] [stdout] warning: fields `timer`, `ram`, and `battery` are never read
[INFO] [stdout]   --> src/mem/cartridge.rs:79:9
[INFO] [stdout]    |
[INFO] [stdout] 78 |     MBC3 {
[INFO] [stdout]    |     ---- fields in this variant
[INFO] [stdout] 79 |         timer: bool,
[INFO] [stdout]    |         ^^^^^
[INFO] [stdout] 80 |         ram: bool,
[INFO] [stdout]    |         ^^^
[INFO] [stdout] 81 |         battery: bool,
[INFO] [stdout]    |         ^^^^^^^
[INFO] [stdout]    |
[INFO] [stdout]    = note: `CartridgeType` has derived impls for the traits `Debug` and `Clone`, but these are intentionally ignored during dead code analysis
[INFO] [stdout] 
[INFO] [stdout] 
[INFO] [stdout] warning: fields `interrupt_enable_flags` and `interrupt_request_flags` are never read
[INFO] [stdout]  --> src/processor/interrupt_controller.rs:3:9
[INFO] [stdout]   |
[INFO] [stdout] 1 | pub(crate) struct InterruptController {
[INFO] [stdout]   |                   ------------------- fields in this struct
[INFO] [stdout] 2 |     pub master_enable: bool,
[INFO] [stdout] 3 |     pub interrupt_enable_flags: u8,
[INFO] [stdout]   |         ^^^^^^^^^^^^^^^^^^^^^^
[INFO] [stdout] 4 |     pub interrupt_request_flags: u8,
[INFO] [stdout]   |         ^^^^^^^^^^^^^^^^^^^^^^^
[INFO] [stdout] 
[INFO] [stdout] 
[INFO] [stderr]     Finished `dev` profile [unoptimized + debuginfo] target(s) in 6.72s
[INFO] running `Command { std: "docker" "inspect" "66936c3f8e122aeda012ad652031798e1f6f0cc3fa9a1e41917666d26fc21c84", kill_on_drop: false }`
[INFO] running `Command { std: "docker" "rm" "-f" "66936c3f8e122aeda012ad652031798e1f6f0cc3fa9a1e41917666d26fc21c84", kill_on_drop: false }`
[INFO] [stdout] 66936c3f8e122aeda012ad652031798e1f6f0cc3fa9a1e41917666d26fc21c84
[INFO] running `Command { std: "docker" "create" "-v" "/var/lib/crater-agent-workspace/builds/worker-7-tc2/target:/opt/rustwide/target:rw,Z" "-v" "/var/lib/crater-agent-workspace/builds/worker-7-tc2/source:/opt/rustwide/workdir:ro,Z" "-v" "/var/lib/crater-agent-workspace/cargo-home:/opt/rustwide/cargo-home:ro,Z" "-v" "/var/lib/crater-agent-workspace/rustup-home:/opt/rustwide/rustup-home:ro,Z" "-e" "SOURCE_DIR=/opt/rustwide/workdir" "-e" "CARGO_TARGET_DIR=/opt/rustwide/target" "-e" "CARGO_INCREMENTAL=0" "-e" "RUST_BACKTRACE=full" "-e" "RUSTFLAGS=--cap-lints=forbid -Zrandomize-layout" "-e" "RUSTDOCFLAGS=--cap-lints=forbid" "-e" "CARGO_HOME=/opt/rustwide/cargo-home" "-e" "RUSTUP_HOME=/opt/rustwide/rustup-home" "-w" "/opt/rustwide/workdir" "-m" "1610612736" "--user" "0:0" "--network" "none" "ghcr.io/rust-lang/crates-build-env/linux@sha256:4a844ea9eb2546a2d2c7022eacef16ef2e8229c7fbb2c7d4d55a9ceca922f72d" "/opt/rustwide/cargo-home/bin/cargo" "+nightly-2024-10-28" "test" "--frozen" "--no-run" "--message-format=json", kill_on_drop: false }`
[INFO] [stdout] 9443959091fd199f2594f1b1a4a381250483b2e2d3ee39bb515448b6a656541a
[INFO] running `Command { std: "docker" "start" "-a" "9443959091fd199f2594f1b1a4a381250483b2e2d3ee39bb515448b6a656541a", kill_on_drop: false }`
[INFO] [stdout] warning: constant `LCDC_REGISTER` is never used
[INFO] [stdout]  --> src/debug/vram_fetcher.rs:1:7
[INFO] [stdout]   |
[INFO] [stdout] 1 | const LCDC_REGISTER: u16 = 0xFF40;
[INFO] [stdout]   |       ^^^^^^^^^^^^^
[INFO] [stdout]   |
[INFO] [stdout]   = note: `#[warn(dead_code)]` on by default
[INFO] [stdout] 
[INFO] [stdout] 
[INFO] [stdout] warning: constant `PIXEL_WIDTH` is never used
[INFO] [stdout]  --> src/debug/vram_fetcher.rs:2:7
[INFO] [stdout]   |
[INFO] [stdout] 2 | const PIXEL_WIDTH: u32 = 128;
[INFO] [stdout]   |       ^^^^^^^^^^^
[INFO] [stdout] 
[INFO] [stdout] 
[INFO] [stdout] warning: constant `PIXEL_HEIGHT` is never used
[INFO] [stdout]  --> src/debug/vram_fetcher.rs:3:7
[INFO] [stdout]   |
[INFO] [stdout] 3 | const PIXEL_HEIGHT: u32 = 128;
[INFO] [stdout]   |       ^^^^^^^^^^^^
[INFO] [stdout] 
[INFO] [stdout] 
[INFO] [stdout] warning: trait `VramDebugger` is never used
[INFO] [stdout]  --> src/debug/vram_fetcher.rs:8:18
[INFO] [stdout]   |
[INFO] [stdout] 8 | pub(crate) trait VramDebugger {
[INFO] [stdout]   |                  ^^^^^^^^^^^^
[INFO] [stdout] 
[INFO] [stdout] 
[INFO] [stdout] warning: struct `VRAMFetcher` is never constructed
[INFO] [stdout]   --> src/debug/vram_fetcher.rs:14:19
[INFO] [stdout]    |
[INFO] [stdout] 14 | pub(crate) struct VRAMFetcher {}
[INFO] [stdout]    |                   ^^^^^^^^^^^
[INFO] [stdout] 
[INFO] [stdout] 
[INFO] [stdout] warning: associated items `render_all_background_tiles`, `render_background_tilemap`, `combine_pixels`, `create_pixels`, and `decode_pixel` are never used
[INFO] [stdout]    --> src/debug/vram_fetcher.rs:17:19
[INFO] [stdout]     |
[INFO] [stdout] 16  | impl VRAMFetcher {
[INFO] [stdout]     | ---------------- associated items in this implementation
[INFO] [stdout] 17  |     pub(crate) fn render_all_background_tiles(
[INFO] [stdout]     |                   ^^^^^^^^^^^^^^^^^^^^^^^^^^^
[INFO] [stdout] ...
[INFO] [stdout] 24  |     pub(crate) fn render_background_tilemap(
[INFO] [stdout]     |                   ^^^^^^^^^^^^^^^^^^^^^^^^^
[INFO] [stdout] ...
[INFO] [stdout] 94  |     fn combine_pixels(data0: u8, data1: u8) -> u16 {
[INFO] [stdout]     |        ^^^^^^^^^^^^^^
[INFO] [stdout] ...
[INFO] [stdout] 108 |     fn create_pixels(
[INFO] [stdout]     |        ^^^^^^^^^^^^^
[INFO] [stdout] ...
[INFO] [stdout] 132 |     fn decode_pixel(color_code: u16) -> Rgba<u8> {
[INFO] [stdout]     |        ^^^^^^^^^^^^
[INFO] [stdout] 
[INFO] [stdout] 
[INFO] [stdout] warning: multiple fields are never read
[INFO] [stdout]   --> src/mem/cartridge.rs:6:5
[INFO] [stdout]    |
[INFO] [stdout] 4  | struct CartridgeHeader {
[INFO] [stdout]    |        --------------- fields in this struct
[INFO] [stdout] 5  |     title: String,
[INFO] [stdout] 6  |     manufacturer: String,
[INFO] [stdout]    |     ^^^^^^^^^^^^
[INFO] [stdout] 7  |     licensee_code: u16,
[INFO] [stdout]    |     ^^^^^^^^^^^^^
[INFO] [stdout] 8  |     old_licensee_code: u8,
[INFO] [stdout]    |     ^^^^^^^^^^^^^^^^^
[INFO] [stdout] ...
[INFO] [stdout] 12 |     destination: String,
[INFO] [stdout]    |     ^^^^^^^^^^^
[INFO] [stdout] 13 |     version: u8,
[INFO] [stdout]    |     ^^^^^^^
[INFO] [stdout] 14 |     checksum: u8,
[INFO] [stdout]    |     ^^^^^^^^
[INFO] [stdout] 15 |     global_checksum: u16,
[INFO] [stdout]    |     ^^^^^^^^^^^^^^^
[INFO] [stdout]    |
[INFO] [stdout]    = note: `CartridgeHeader` has derived impls for the traits `Clone` and `Debug`, but these are intentionally ignored during dead code analysis
[INFO] [stdout] 
[INFO] [stdout] 
[INFO] [stdout] warning: field `battery` is never read
[INFO] [stdout]   --> src/mem/cartridge.rs:65:9
[INFO] [stdout]    |
[INFO] [stdout] 63 |     MBCNone {
[INFO] [stdout]    |     ------- field in this variant
[INFO] [stdout] 64 |         ram: bool,
[INFO] [stdout] 65 |         battery: bool,
[INFO] [stdout]    |         ^^^^^^^
[INFO] [stdout]    |
[INFO] [stdout]    = note: `CartridgeType` has derived impls for the traits `Debug` and `Clone`, but these are intentionally ignored during dead code analysis
[INFO] [stdout] 
[INFO] [stdout] 
[INFO] [stdout] warning: field `battery` is never read
[INFO] [stdout]   --> src/mem/cartridge.rs:69:9
[INFO] [stdout]    |
[INFO] [stdout] 67 |     MBC1 {
[INFO] [stdout]    |     ---- field in this variant
[INFO] [stdout] 68 |         ram: bool,
[INFO] [stdout] 69 |         battery: bool,
[INFO] [stdout]    |         ^^^^^^^
[INFO] [stdout]    |
[INFO] [stdout]    = note: `CartridgeType` has derived impls for the traits `Debug` and `Clone`, but these are intentionally ignored during dead code analysis
[INFO] [stdout] 
[INFO] [stdout] 
[INFO] [stdout] warning: field `battery` is never read
[INFO] [stdout]   --> src/mem/cartridge.rs:72:9
[INFO] [stdout]    |
[INFO] [stdout] 71 |     MBC2 {
[INFO] [stdout]    |     ---- field in this variant
[INFO] [stdout] 72 |         battery: bool,
[INFO] [stdout]    |         ^^^^^^^
[INFO] [stdout]    |
[INFO] [stdout]    = note: `CartridgeType` has derived impls for the traits `Debug` and `Clone`, but these are intentionally ignored during dead code analysis
[INFO] [stdout] 
[INFO] [stdout] 
[INFO] [stdout] warning: fields `ram` and `battery` are never read
[INFO] [stdout]   --> src/mem/cartridge.rs:75:9
[INFO] [stdout]    |
[INFO] [stdout] 74 |     MMM01 {
[INFO] [stdout]    |     ----- fields in this variant
[INFO] [stdout] 75 |         ram: bool,
[INFO] [stdout]    |         ^^^
[INFO] [stdout] 76 |         battery: bool,
[INFO] [stdout]    |         ^^^^^^^
[INFO] [stdout]    |
[INFO] [stdout]    = note: `CartridgeType` has derived impls for the traits `Debug` and `Clone`, but these are intentionally ignored during dead code analysis
[INFO] [stdout] 
[INFO] [stdout] 
[INFO] [stdout] warning: fields `timer`, `ram`, and `battery` are never read
[INFO] [stdout]   --> src/mem/cartridge.rs:79:9
[INFO] [stdout]    |
[INFO] [stdout] 78 |     MBC3 {
[INFO] [stdout]    |     ---- fields in this variant
[INFO] [stdout] 79 |         timer: bool,
[INFO] [stdout]    |         ^^^^^
[INFO] [stdout] 80 |         ram: bool,
[INFO] [stdout]    |         ^^^
[INFO] [stdout] 81 |         battery: bool,
[INFO] [stdout]    |         ^^^^^^^
[INFO] [stdout]    |
[INFO] [stdout]    = note: `CartridgeType` has derived impls for the traits `Debug` and `Clone`, but these are intentionally ignored during dead code analysis
[INFO] [stdout] 
[INFO] [stdout] 
[INFO] [stdout] warning: fields `interrupt_enable_flags` and `interrupt_request_flags` are never read
[INFO] [stdout]  --> src/processor/interrupt_controller.rs:3:9
[INFO] [stdout]   |
[INFO] [stdout] 1 | pub(crate) struct InterruptController {
[INFO] [stdout]   |                   ------------------- fields in this struct
[INFO] [stdout] 2 |     pub master_enable: bool,
[INFO] [stdout] 3 |     pub interrupt_enable_flags: u8,
[INFO] [stdout]   |         ^^^^^^^^^^^^^^^^^^^^^^
[INFO] [stdout] 4 |     pub interrupt_request_flags: u8,
[INFO] [stdout]   |         ^^^^^^^^^^^^^^^^^^^^^^^
[INFO] [stdout] 
[INFO] [stdout] 
[INFO] [stderr]    Compiling rust_boy v0.1.0 (/opt/rustwide/workdir)
[INFO] [stdout] warning: unused imports: `Arc` and `Mutex`
[INFO] [stdout]    --> src/processor/cpu.rs:197:16
[INFO] [stdout]     |
[INFO] [stdout] 197 |         sync::{Arc, Mutex},
[INFO] [stdout]     |                ^^^  ^^^^^
[INFO] [stdout]     |
[INFO] [stdout]     = note: `#[warn(unused_imports)]` on by default
[INFO] [stdout] 
[INFO] [stdout] 
[INFO] [stdout] warning: constant `LCDC_REGISTER` is never used
[INFO] [stdout]  --> src/debug/vram_fetcher.rs:1:7
[INFO] [stdout]   |
[INFO] [stdout] 1 | const LCDC_REGISTER: u16 = 0xFF40;
[INFO] [stdout]   |       ^^^^^^^^^^^^^
[INFO] [stdout]   |
[INFO] [stdout]   = note: `#[warn(dead_code)]` on by default
[INFO] [stdout] 
[INFO] [stdout] 
[INFO] [stdout] warning: constant `PIXEL_WIDTH` is never used
[INFO] [stdout]  --> src/debug/vram_fetcher.rs:2:7
[INFO] [stdout]   |
[INFO] [stdout] 2 | const PIXEL_WIDTH: u32 = 128;
[INFO] [stdout]   |       ^^^^^^^^^^^
[INFO] [stdout] 
[INFO] [stdout] 
[INFO] [stdout] warning: constant `PIXEL_HEIGHT` is never used
[INFO] [stdout]  --> src/debug/vram_fetcher.rs:3:7
[INFO] [stdout]   |
[INFO] [stdout] 3 | const PIXEL_HEIGHT: u32 = 128;
[INFO] [stdout]   |       ^^^^^^^^^^^^
[INFO] [stdout] 
[INFO] [stdout] 
[INFO] [stdout] warning: trait `VramDebugger` is never used
[INFO] [stdout]  --> src/debug/vram_fetcher.rs:8:18
[INFO] [stdout]   |
[INFO] [stdout] 8 | pub(crate) trait VramDebugger {
[INFO] [stdout]   |                  ^^^^^^^^^^^^
[INFO] [stdout] 
[INFO] [stdout] 
[INFO] [stdout] warning: struct `VRAMFetcher` is never constructed
[INFO] [stdout]   --> src/debug/vram_fetcher.rs:14:19
[INFO] [stdout]    |
[INFO] [stdout] 14 | pub(crate) struct VRAMFetcher {}
[INFO] [stdout]    |                   ^^^^^^^^^^^
[INFO] [stdout] 
[INFO] [stdout] 
[INFO] [stdout] warning: associated items `render_all_background_tiles`, `render_background_tilemap`, `combine_pixels`, `create_pixels`, and `decode_pixel` are never used
[INFO] [stdout]    --> src/debug/vram_fetcher.rs:17:19
[INFO] [stdout]     |
[INFO] [stdout] 16  | impl VRAMFetcher {
[INFO] [stdout]     | ---------------- associated items in this implementation
[INFO] [stdout] 17  |     pub(crate) fn render_all_background_tiles(
[INFO] [stdout]     |                   ^^^^^^^^^^^^^^^^^^^^^^^^^^^
[INFO] [stdout] ...
[INFO] [stdout] 24  |     pub(crate) fn render_background_tilemap(
[INFO] [stdout]     |                   ^^^^^^^^^^^^^^^^^^^^^^^^^
[INFO] [stdout] ...
[INFO] [stdout] 94  |     fn combine_pixels(data0: u8, data1: u8) -> u16 {
[INFO] [stdout]     |        ^^^^^^^^^^^^^^
[INFO] [stdout] ...
[INFO] [stdout] 108 |     fn create_pixels(
[INFO] [stdout]     |        ^^^^^^^^^^^^^
[INFO] [stdout] ...
[INFO] [stdout] 132 |     fn decode_pixel(color_code: u16) -> Rgba<u8> {
[INFO] [stdout]     |        ^^^^^^^^^^^^
[INFO] [stdout] 
[INFO] [stdout] 
[INFO] [stdout] warning: multiple fields are never read
[INFO] [stdout]   --> src/mem/cartridge.rs:6:5
[INFO] [stdout]    |
[INFO] [stdout] 4  | struct CartridgeHeader {
[INFO] [stdout]    |        --------------- fields in this struct
[INFO] [stdout] 5  |     title: String,
[INFO] [stdout] 6  |     manufacturer: String,
[INFO] [stdout]    |     ^^^^^^^^^^^^
[INFO] [stdout] 7  |     licensee_code: u16,
[INFO] [stdout]    |     ^^^^^^^^^^^^^
[INFO] [stdout] 8  |     old_licensee_code: u8,
[INFO] [stdout]    |     ^^^^^^^^^^^^^^^^^
[INFO] [stdout] ...
[INFO] [stdout] 12 |     destination: String,
[INFO] [stdout]    |     ^^^^^^^^^^^
[INFO] [stdout] 13 |     version: u8,
[INFO] [stdout]    |     ^^^^^^^
[INFO] [stdout] 14 |     checksum: u8,
[INFO] [stdout]    |     ^^^^^^^^
[INFO] [stdout] 15 |     global_checksum: u16,
[INFO] [stdout]    |     ^^^^^^^^^^^^^^^
[INFO] [stdout]    |
[INFO] [stdout]    = note: `CartridgeHeader` has derived impls for the traits `Clone` and `Debug`, but these are intentionally ignored during dead code analysis
[INFO] [stdout] 
[INFO] [stdout] 
[INFO] [stdout] warning: field `battery` is never read
[INFO] [stdout]   --> src/mem/cartridge.rs:65:9
[INFO] [stdout]    |
[INFO] [stdout] 63 |     MBCNone {
[INFO] [stdout]    |     ------- field in this variant
[INFO] [stdout] 64 |         ram: bool,
[INFO] [stdout] 65 |         battery: bool,
[INFO] [stdout]    |         ^^^^^^^
[INFO] [stdout]    |
[INFO] [stdout]    = note: `CartridgeType` has derived impls for the traits `Debug` and `Clone`, but these are intentionally ignored during dead code analysis
[INFO] [stdout] 
[INFO] [stdout] 
[INFO] [stdout] warning: field `battery` is never read
[INFO] [stdout]   --> src/mem/cartridge.rs:69:9
[INFO] [stdout]    |
[INFO] [stdout] 67 |     MBC1 {
[INFO] [stdout]    |     ---- field in this variant
[INFO] [stdout] 68 |         ram: bool,
[INFO] [stdout] 69 |         battery: bool,
[INFO] [stdout]    |         ^^^^^^^
[INFO] [stdout]    |
[INFO] [stdout]    = note: `CartridgeType` has derived impls for the traits `Debug` and `Clone`, but these are intentionally ignored during dead code analysis
[INFO] [stdout] 
[INFO] [stdout] 
[INFO] [stdout] warning: field `battery` is never read
[INFO] [stdout]   --> src/mem/cartridge.rs:72:9
[INFO] [stdout]    |
[INFO] [stdout] 71 |     MBC2 {
[INFO] [stdout]    |     ---- field in this variant
[INFO] [stdout] 72 |         battery: bool,
[INFO] [stdout]    |         ^^^^^^^
[INFO] [stdout]    |
[INFO] [stdout]    = note: `CartridgeType` has derived impls for the traits `Debug` and `Clone`, but these are intentionally ignored during dead code analysis
[INFO] [stdout] 
[INFO] [stdout] 
[INFO] [stdout] warning: fields `ram` and `battery` are never read
[INFO] [stdout]   --> src/mem/cartridge.rs:75:9
[INFO] [stdout]    |
[INFO] [stdout] 74 |     MMM01 {
[INFO] [stdout]    |     ----- fields in this variant
[INFO] [stdout] 75 |         ram: bool,
[INFO] [stdout]    |         ^^^
[INFO] [stdout] 76 |         battery: bool,
[INFO] [stdout]    |         ^^^^^^^
[INFO] [stdout]    |
[INFO] [stdout]    = note: `CartridgeType` has derived impls for the traits `Debug` and `Clone`, but these are intentionally ignored during dead code analysis
[INFO] [stdout] 
[INFO] [stdout] 
[INFO] [stdout] warning: fields `timer`, `ram`, and `battery` are never read
[INFO] [stdout]   --> src/mem/cartridge.rs:79:9
[INFO] [stdout]    |
[INFO] [stdout] 78 |     MBC3 {
[INFO] [stdout]    |     ---- fields in this variant
[INFO] [stdout] 79 |         timer: bool,
[INFO] [stdout]    |         ^^^^^
[INFO] [stdout] 80 |         ram: bool,
[INFO] [stdout]    |         ^^^
[INFO] [stdout] 81 |         battery: bool,
[INFO] [stdout]    |         ^^^^^^^
[INFO] [stdout]    |
[INFO] [stdout]    = note: `CartridgeType` has derived impls for the traits `Debug` and `Clone`, but these are intentionally ignored during dead code analysis
[INFO] [stdout] 
[INFO] [stdout] 
[INFO] [stdout] warning: fields `interrupt_enable_flags` and `interrupt_request_flags` are never read
[INFO] [stdout]  --> src/processor/interrupt_controller.rs:3:9
[INFO] [stdout]   |
[INFO] [stdout] 1 | pub(crate) struct InterruptController {
[INFO] [stdout]   |                   ------------------- fields in this struct
[INFO] [stdout] 2 |     pub master_enable: bool,
[INFO] [stdout] 3 |     pub interrupt_enable_flags: u8,
[INFO] [stdout]   |         ^^^^^^^^^^^^^^^^^^^^^^
[INFO] [stdout] 4 |     pub interrupt_request_flags: u8,
[INFO] [stdout]   |         ^^^^^^^^^^^^^^^^^^^^^^^
[INFO] [stdout] 
[INFO] [stdout] 
[INFO] [stderr]     Finished `test` profile [unoptimized + debuginfo] target(s) in 0.83s
[INFO] running `Command { std: "docker" "inspect" "9443959091fd199f2594f1b1a4a381250483b2e2d3ee39bb515448b6a656541a", kill_on_drop: false }`
[INFO] running `Command { std: "docker" "rm" "-f" "9443959091fd199f2594f1b1a4a381250483b2e2d3ee39bb515448b6a656541a", kill_on_drop: false }`
[INFO] [stdout] 9443959091fd199f2594f1b1a4a381250483b2e2d3ee39bb515448b6a656541a
[INFO] running `Command { std: "docker" "create" "-v" "/var/lib/crater-agent-workspace/builds/worker-7-tc2/target:/opt/rustwide/target:rw,Z" "-v" "/var/lib/crater-agent-workspace/builds/worker-7-tc2/source:/opt/rustwide/workdir:ro,Z" "-v" "/var/lib/crater-agent-workspace/cargo-home:/opt/rustwide/cargo-home:ro,Z" "-v" "/var/lib/crater-agent-workspace/rustup-home:/opt/rustwide/rustup-home:ro,Z" "-e" "SOURCE_DIR=/opt/rustwide/workdir" "-e" "CARGO_TARGET_DIR=/opt/rustwide/target" "-e" "CARGO_INCREMENTAL=0" "-e" "RUST_BACKTRACE=full" "-e" "RUSTFLAGS=--cap-lints=forbid -Zrandomize-layout" "-e" "RUSTDOCFLAGS=--cap-lints=forbid" "-e" "CARGO_HOME=/opt/rustwide/cargo-home" "-e" "RUSTUP_HOME=/opt/rustwide/rustup-home" "-w" "/opt/rustwide/workdir" "-m" "1610612736" "--user" "0:0" "--network" "none" "ghcr.io/rust-lang/crates-build-env/linux@sha256:4a844ea9eb2546a2d2c7022eacef16ef2e8229c7fbb2c7d4d55a9ceca922f72d" "/opt/rustwide/cargo-home/bin/cargo" "+nightly-2024-10-28" "test" "--frozen", kill_on_drop: false }`
[INFO] [stdout] cc68161b0e0e044a0afa4f84c21c706da8c5824372024f7902141aed3c5820d9
[INFO] running `Command { std: "docker" "start" "-a" "cc68161b0e0e044a0afa4f84c21c706da8c5824372024f7902141aed3c5820d9", kill_on_drop: false }`
[INFO] [stderr] warning: constant `LCDC_REGISTER` is never used
[INFO] [stderr]  --> src/debug/vram_fetcher.rs:1:7
[INFO] [stderr]   |
[INFO] [stderr] 1 | const LCDC_REGISTER: u16 = 0xFF40;
[INFO] [stderr]   |       ^^^^^^^^^^^^^
[INFO] [stderr]   |
[INFO] [stderr]   = note: `#[warn(dead_code)]` on by default
[INFO] [stderr] 
[INFO] [stderr] warning: constant `PIXEL_WIDTH` is never used
[INFO] [stderr]  --> src/debug/vram_fetcher.rs:2:7
[INFO] [stderr]   |
[INFO] [stderr] 2 | const PIXEL_WIDTH: u32 = 128;
[INFO] [stderr]   |       ^^^^^^^^^^^
[INFO] [stderr] 
[INFO] [stderr] warning: constant `PIXEL_HEIGHT` is never used
[INFO] [stderr]  --> src/debug/vram_fetcher.rs:3:7
[INFO] [stderr]   |
[INFO] [stderr] 3 | const PIXEL_HEIGHT: u32 = 128;
[INFO] [stderr]   |       ^^^^^^^^^^^^
[INFO] [stderr] 
[INFO] [stderr] warning: trait `VramDebugger` is never used
[INFO] [stderr]  --> src/debug/vram_fetcher.rs:8:18
[INFO] [stderr]   |
[INFO] [stderr] 8 | pub(crate) trait VramDebugger {
[INFO] [stderr]   |                  ^^^^^^^^^^^^
[INFO] [stderr] 
[INFO] [stderr] warning: struct `VRAMFetcher` is never constructed
[INFO] [stderr]   --> src/debug/vram_fetcher.rs:14:19
[INFO] [stderr]    |
[INFO] [stderr] 14 | pub(crate) struct VRAMFetcher {}
[INFO] [stderr]    |                   ^^^^^^^^^^^
[INFO] [stderr] 
[INFO] [stderr] warning: associated items `render_all_background_tiles`, `render_background_tilemap`, `combine_pixels`, `create_pixels`, and `decode_pixel` are never used
[INFO] [stderr]    --> src/debug/vram_fetcher.rs:17:19
[INFO] [stderr]     |
[INFO] [stderr] 16  | impl VRAMFetcher {
[INFO] [stderr]     | ---------------- associated items in this implementation
[INFO] [stderr] 17  |     pub(crate) fn render_all_background_tiles(
[INFO] [stderr]     |                   ^^^^^^^^^^^^^^^^^^^^^^^^^^^
[INFO] [stderr] ...
[INFO] [stderr] 24  |     pub(crate) fn render_background_tilemap(
[INFO] [stderr]     |                   ^^^^^^^^^^^^^^^^^^^^^^^^^
[INFO] [stderr] ...
[INFO] [stderr] 94  |     fn combine_pixels(data0: u8, data1: u8) -> u16 {
[INFO] [stderr]     |        ^^^^^^^^^^^^^^
[INFO] [stderr] ...
[INFO] [stderr] 108 |     fn create_pixels(
[INFO] [stderr]     |        ^^^^^^^^^^^^^
[INFO] [stderr] ...
[INFO] [stderr] 132 |     fn decode_pixel(color_code: u16) -> Rgba<u8> {
[INFO] [stderr]     |        ^^^^^^^^^^^^
[INFO] [stderr] 
[INFO] [stderr] warning: multiple fields are never read
[INFO] [stderr]   --> src/mem/cartridge.rs:6:5
[INFO] [stderr]    |
[INFO] [stderr] 4  | struct CartridgeHeader {
[INFO] [stderr]    |        --------------- fields in this struct
[INFO] [stderr] 5  |     title: String,
[INFO] [stderr] 6  |     manufacturer: String,
[INFO] [stderr]    |     ^^^^^^^^^^^^
[INFO] [stderr] 7  |     licensee_code: u16,
[INFO] [stderr]    |     ^^^^^^^^^^^^^
[INFO] [stderr] 8  |     old_licensee_code: u8,
[INFO] [stderr]    |     ^^^^^^^^^^^^^^^^^
[INFO] [stderr] ...
[INFO] [stderr] 12 |     destination: String,
[INFO] [stderr]    |     ^^^^^^^^^^^
[INFO] [stderr] 13 |     version: u8,
[INFO] [stderr]    |     ^^^^^^^
[INFO] [stderr] 14 |     checksum: u8,
[INFO] [stderr]    |     ^^^^^^^^
[INFO] [stderr] 15 |     global_checksum: u16,
[INFO] [stderr]    |     ^^^^^^^^^^^^^^^
[INFO] [stderr]    |
[INFO] [stderr]    = note: `CartridgeHeader` has derived impls for the traits `Clone` and `Debug`, but these are intentionally ignored during dead code analysis
[INFO] [stderr] 
[INFO] [stderr] warning: field `battery` is never read
[INFO] [stderr]   --> src/mem/cartridge.rs:65:9
[INFO] [stderr]    |
[INFO] [stderr] 63 |     MBCNone {
[INFO] [stderr]    |     ------- field in this variant
[INFO] [stderr] 64 |         ram: bool,
[INFO] [stderr] 65 |         battery: bool,
[INFO] [stderr]    |         ^^^^^^^
[INFO] [stderr]    |
[INFO] [stderr]    = note: `CartridgeType` has derived impls for the traits `Debug` and `Clone`, but these are intentionally ignored during dead code analysis
[INFO] [stderr] 
[INFO] [stderr] warning: field `battery` is never read
[INFO] [stderr]   --> src/mem/cartridge.rs:69:9
[INFO] [stderr]    |
[INFO] [stderr] 67 |     MBC1 {
[INFO] [stderr]    |     ---- field in this variant
[INFO] [stderr] 68 |         ram: bool,
[INFO] [stderr] 69 |         battery: bool,
[INFO] [stderr]    |         ^^^^^^^
[INFO] [stderr]    |
[INFO] [stderr]    = note: `CartridgeType` has derived impls for the traits `Debug` and `Clone`, but these are intentionally ignored during dead code analysis
[INFO] [stderr] 
[INFO] [stderr] warning: field `battery` is never read
[INFO] [stderr]   --> src/mem/cartridge.rs:72:9
[INFO] [stderr]    |
[INFO] [stderr] 71 |     MBC2 {
[INFO] [stderr]    |     ---- field in this variant
[INFO] [stderr] 72 |         battery: bool,
[INFO] [stderr]    |         ^^^^^^^
[INFO] [stderr]    |
[INFO] [stderr]    = note: `CartridgeType` has derived impls for the traits `Debug` and `Clone`, but these are intentionally ignored during dead code analysis
[INFO] [stderr] 
[INFO] [stderr] warning: fields `ram` and `battery` are never read
[INFO] [stderr]   --> src/mem/cartridge.rs:75:9
[INFO] [stderr]    |
[INFO] [stderr] 74 |     MMM01 {
[INFO] [stderr]    |     ----- fields in this variant
[INFO] [stderr] 75 |         ram: bool,
[INFO] [stderr]    |         ^^^
[INFO] [stderr] 76 |         battery: bool,
[INFO] [stderr]    |         ^^^^^^^
[INFO] [stderr]    |
[INFO] [stderr]    = note: `CartridgeType` has derived impls for the traits `Debug` and `Clone`, but these are intentionally ignored during dead code analysis
[INFO] [stderr] 
[INFO] [stderr] warning: fields `timer`, `ram`, and `battery` are never read
[INFO] [stderr]   --> src/mem/cartridge.rs:79:9
[INFO] [stderr]    |
[INFO] [stderr] 78 |     MBC3 {
[INFO] [stderr]    |     ---- fields in this variant
[INFO] [stderr] 79 |         timer: bool,
[INFO] [stderr]    |         ^^^^^
[INFO] [stderr] 80 |         ram: bool,
[INFO] [stderr]    |         ^^^
[INFO] [stderr] 81 |         battery: bool,
[INFO] [stderr]    |         ^^^^^^^
[INFO] [stderr]    |
[INFO] [stderr]    = note: `CartridgeType` has derived impls for the traits `Debug` and `Clone`, but these are intentionally ignored during dead code analysis
[INFO] [stderr] 
[INFO] [stderr] warning: fields `interrupt_enable_flags` and `interrupt_request_flags` are never read
[INFO] [stderr]  --> src/processor/interrupt_controller.rs:3:9
[INFO] [stderr]   |
[INFO] [stderr] 1 | pub(crate) struct InterruptController {
[INFO] [stderr]   |                   ------------------- fields in this struct
[INFO] [stderr] 2 |     pub master_enable: bool,
[INFO] [stderr] 3 |     pub interrupt_enable_flags: u8,
[INFO] [stderr]   |         ^^^^^^^^^^^^^^^^^^^^^^
[INFO] [stderr] 4 |     pub interrupt_request_flags: u8,
[INFO] [stderr]   |         ^^^^^^^^^^^^^^^^^^^^^^^
[INFO] [stderr] 
[INFO] [stderr] warning: unused imports: `Arc` and `Mutex`
[INFO] [stderr]    --> src/processor/cpu.rs:197:16
[INFO] [stderr]     |
[INFO] [stderr] 197 |         sync::{Arc, Mutex},
[INFO] [stderr]     |                ^^^  ^^^^^
[INFO] [stderr]     |
[INFO] [stderr]     = note: `#[warn(unused_imports)]` on by default
[INFO] [stderr] 
[INFO] [stderr] warning: `rust_boy` (lib) generated 13 warnings
[INFO] [stderr] warning: `rust_boy` (lib test) generated 14 warnings (13 duplicates) (run `cargo fix --lib -p rust_boy --tests` to apply 1 suggestion)
[INFO] [stderr]     Finished `test` profile [unoptimized + debuginfo] target(s) in 0.03s
[INFO] [stderr]      Running unittests src/lib.rs (/opt/rustwide/target/debug/deps/rust_boy-097e2a33df8d6f44)
[INFO] [stdout] 
[INFO] [stdout] running 139 tests
[INFO] [stdout] test processor::cpu::tests::adc_a_0x3b ... ok
[INFO] [stdout] test processor::cpu::tests::adc_a_e ... ok
[INFO] [stdout] test processor::cpu::tests::adc_a_mem_hl ... ok
[INFO] [stdout] test processor::cpu::tests::add_a_b ... ok
[INFO] [stdout] test processor::cpu::tests::add_a_0xff ... ok
[INFO] [stdout] test processor::cpu::tests::add_hl_bc ... ok
[INFO] [stdout] test processor::cpu::tests::add_a_mem_hl ... ok
[INFO] [stdout] test processor::cpu::tests::and_a_0x38 ... ok
[INFO] [stdout] test processor::cpu::tests::and_a_mem_hl ... ok
[INFO] [stdout] test processor::cpu::tests::add_sp_2 ... ok
[INFO] [stdout] test processor::cpu::tests::add_hl_hl ... ok
[INFO] [stdout] test processor::cpu::tests::and_a_l ... ok
[INFO] [stdout] test processor::cpu::tests::bit_1_mem_hl ... ok
[INFO] [stdout] test processor::cpu::tests::bit_0_mem_hl ... ok
[INFO] [stdout] test processor::cpu::tests::bit_7_a ... ok
[INFO] [stdout] test processor::cpu::tests::cp_a_b ... ok
[INFO] [stdout] test processor::cpu::tests::call_0x8000_reti ... ok
[INFO] [stdout] test processor::cpu::tests::call_0x1234 ... ok
[INFO] [stdout] test processor::cpu::tests::call_0x8000_nz_ret ... ok
[INFO] [stdout] test processor::cpu::tests::call_0x8000_ret ... ok
[INFO] [stdout] test processor::cpu::tests::bit_4_l ... ok
[INFO] [stdout] test processor::cpu::tests::call_0x8000_z_ret ... ok
[INFO] [stdout] test processor::cpu::tests::cpl ... ok
[INFO] [stdout] test processor::cpu::tests::dec_mem_hl ... ok
[INFO] [stdout] test processor::cpu::tests::cp_a_mem_hl ... ok
[INFO] [stdout] test processor::cpu::tests::call_z_0x1234 ... ok
[INFO] [stdout] test processor::cpu::tests::ccf ... ok
[INFO] [stdout] test processor::cpu::tests::di ... ok
[INFO] [stdout] test processor::cpu::tests::dec_de ... ok
[INFO] [stdout] test processor::cpu::tests::ei ... ok
[INFO] [stdout] test processor::cpu::tests::cp_a_0x3c ... ok
[INFO] [stdout] test processor::cpu::tests::inc_de ... ok
[INFO] [stdout] test processor::cpu::tests::jp_nz_0x8000 ... ok
[INFO] [stdout] test processor::cpu::tests::jp_z_0x8000 ... ok
[INFO] [stdout] test processor::cpu::tests::jp_mem_hl ... ok
[INFO] [stdout] test processor::cpu::tests::inc_mem_hl ... ok
[INFO] [stdout] test processor::cpu::tests::jp_c_0x8000 ... ok
[INFO] [stdout] test processor::cpu::tests::jp_nc_0x8000 ... ok
[INFO] [stdout] test processor::cpu::tests::dec_r ... ok
[INFO] [stdout] test processor::cpu::tests::ld_b_24 ... ok
[INFO] [stdout] test processor::cpu::tests::jp_0x8000 ... ok
[INFO] [stdout] test processor::cpu::tests::inc_r ... ok
[INFO] [stdout] test processor::cpu::tests::ld_a_b ... ok
[INFO] [stdout] test processor::cpu::tests::jr_nc_pos_5 ... ok
[INFO] [stdout] test processor::cpu::tests::jr_neg_5 ... ok
[INFO] [stdout] test processor::cpu::tests::jr_pos_5 ... ok
[INFO] [stdout] test processor::cpu::tests::jr_z_neg_5 ... ok
[INFO] [stdout] test processor::cpu::tests::ld_a_mem_de ... ok
[INFO] [stdout] test processor::cpu::tests::ld_a_mem_34 ... ok
[INFO] [stdout] test processor::cpu::tests::ld_a_mem_hld ... ok
[INFO] [stdout] test processor::cpu::tests::ld_a_mem_hli ... ok
[INFO] [stdout] test processor::cpu::tests::ld_a_mem_bc ... ok
[INFO] [stdout] test processor::cpu::tests::ld_b_d ... ok
[INFO] [stdout] test processor::cpu::tests::ld_a_mem_nn ... ok
[INFO] [stdout] test processor::cpu::tests::ld_a_mem_c ... ok
[INFO] [stdout] test processor::cpu::tests::ld_h_mem_hl ... ok
[INFO] [stdout] test processor::cpu::tests::ld_mem_0xfff8_sp ... ok
[INFO] [stdout] test processor::cpu::tests::ld_hl_0x3a5b ... ok
[INFO] [stdout] test processor::cpu::tests::ld_mem_hld_a ... ok
[INFO] [stdout] test processor::cpu::tests::ld_mem_bc_a ... ok
[INFO] [stdout] test processor::cpu::tests::ld_mem_hl_24 ... ok
[INFO] [stdout] test processor::cpu::tests::ld_mem_hli_a ... ok
[INFO] [stdout] test processor::cpu::tests::ld_mem_de_a ... ok
[INFO] [stdout] test processor::cpu::tests::ld_mem_n_a ... ok
[INFO] [stdout] test processor::cpu::tests::ld_mem_c_a ... ok
[INFO] [stdout] test processor::cpu::tests::ld_mem_nn_a ... ok
[INFO] [stdout] test processor::cpu::tests::ld_mem_hl_a ... ok
[INFO] [stdout] test processor::cpu::tests::nop ... ok
[INFO] [stdout] test processor::cpu::tests::ldhl_sp_sub_5 ... ok
[INFO] [stdout] test processor::cpu::tests::ldhl_sp_add_5 ... ok
[INFO] [stdout] test processor::cpu::tests::or_a_0x03 ... ok
[INFO] [stdout] test processor::cpu::tests::or_a_l ... ok
[INFO] [stdout] test processor::cpu::tests::push_hl ... ok
[INFO] [stdout] test processor::cpu::tests::or_a_mem_hl ... ok
[INFO] [stdout] test processor::cpu::tests::ld_sp_hl ... ok
[INFO] [stdout] test processor::cpu::tests::res_3_mem_hl ... ok
[INFO] [stdout] test processor::cpu::tests::rlc_b ... ok
[INFO] [stdout] test processor::cpu::tests::rl_mem_hl ... ok
[INFO] [stdout] test processor::cpu::tests::rlc_mem_hl ... ok
[INFO] [stdout] test processor::cpu::tests::rl_l ... ok
[INFO] [stdout] test processor::cpu::tests::rla ... ok
[INFO] [stdout] test processor::cpu::tests::rr_a ... ok
[INFO] [stdout] test processor::cpu::tests::rra ... ok
[INFO] [stdout] test processor::cpu::tests::res_7_a ... ok
[INFO] [stdout] test processor::cpu::tests::rlca ... ok
[INFO] [stdout] test processor::cpu::tests::rr_mem_hl ... ok
[INFO] [stdout] test processor::cpu::tests::rrc_c ... ok
[INFO] [stdout] test processor::cpu::tests::rrc_mem_hl ... ok
[INFO] [stdout] test processor::cpu::tests::rst_3 ... ok
[INFO] [stdout] test processor::cpu::tests::rrca ... ok
[INFO] [stdout] test processor::cpu::tests::rst_0 ... ok
[INFO] [stdout] test processor::cpu::tests::rst_7 ... ok
[INFO] [stdout] test processor::cpu::tests::rst_1 ... ok
[INFO] [stdout] test processor::cpu::tests::rst_5 ... ok
[INFO] [stdout] test processor::cpu::tests::rst_2 ... ok
[INFO] [stdout] test processor::cpu::tests::rst_4 ... ok
[INFO] [stdout] test processor::cpu::tests::rst_6 ... ok
[INFO] [stdout] test processor::cpu::tests::sbc_a_0x3a ... ok
[INFO] [stdout] test processor::cpu::tests::sbc_a_mem_hl ... ok
[INFO] [stdout] test processor::cpu::tests::set_0_mem_hl ... ok
[INFO] [stdout] test processor::cpu::tests::scf ... ok
[INFO] [stdout] test processor::cpu::tests::sbc_a_h ... ok
[INFO] [stdout] test processor::cpu::tests::set_1_l ... ok
[INFO] [stdout] test processor::cpu::tests::set_3_a ... ok
[INFO] [stdout] test processor::cpu::tests::sla_mem_hl ... ok
[INFO] [stdout] test processor::cpu::tests::sla_d ... ok
[INFO] [stdout] test processor::cpu::tests::sra_mem_hl ... ok
[INFO] [stdout] test processor::cpu::tests::srl_mem_hl ... ok
[INFO] [stdout] test processor::cpu::tests::sra_a ... ok
[INFO] [stdout] test processor::cpu::tests::srl_a ... ok
[INFO] [stdout] test processor::registers::tests::everything_setup_after_initialization_with_boot_sequence ... ok
[INFO] [stdout] test processor::registers::tests::set_a_singles_correct ... ok
[INFO] [stdout] test processor::registers::tests::set_af_correct ... ok
[INFO] [stdout] test processor::registers::tests::set_af_singles_correct ... ok
[INFO] [stdout] test processor::cpu::tests::set_4_l ... ok
[INFO] [stdout] test processor::registers::tests::set_de_correct ... ok
[INFO] [stdout] test processor::registers::tests::set_de_singles_correct ... ok
[INFO] [stdout] test processor::registers::tests::set_e_singles_correct ... ok
[INFO] [stdout] test processor::cpu::tests::sub_a_0x0f ... ok
[INFO] [stdout] test processor::registers::tests::set_f_singles_correct ... ok
[INFO] [stdout] test processor::registers::tests::set_d_singles_correct ... ok
[INFO] [stdout] test processor::cpu::tests::xor_a_l ... ok
[INFO] [stdout] test processor::registers::tests::set_h_singles_correct ... ok
[INFO] [stdout] test processor::registers::tests::set_hl_correct ... ok
[INFO] [stdout] test processor::registers::tests::set_hl_singles_correct ... ok
[INFO] [stdout] test processor::registers::tests::set_sp_and_pc ... ok
[INFO] [stdout] test processor::cpu::tests::xor_a_mem_hl ... ok
[INFO] [stdout] test processor::registers::tests::set_l_singles_correct ... ok
[INFO] [stdout] test processor::cpu::tests::swap_a ... ok
[INFO] [stdout] test processor::cpu::tests::sub_a_mem_hl ... ok
[INFO] [stdout] test processor::cpu::tests::sub_a_h ... ok
[INFO] [stdout] test processor::cpu::tests::swap_mem_hl ... ok
[INFO] [stdout] test processor::cpu::tests::xor_a_0x0f ... ok
[INFO] [stdout] test processor::cpu::tests::pop_bc ... FAILED
[INFO] [stdout] test processor::registers::tests::everything_setup_after_initialization ... FAILED
[INFO] [stdout] test processor::registers::tests::set_b_singles_correct ... FAILED
[INFO] [stdout] test processor::registers::tests::set_bc_correct ... FAILED
[INFO] [stdout] test processor::registers::tests::set_bc_singles_correct ... FAILED
[INFO] [stdout] test processor::registers::tests::set_c_singles_correct ... FAILED
[INFO] [stdout] 
[INFO] [stdout] failures:
[INFO] [stdout] 
[INFO] [stdout] ---- processor::cpu::tests::pop_bc stdout ----
[INFO] [stdout] 19:59:37 [INFO] Load Rom: CartridgeHeader { title: "", manufacturer: "", licensee_code: 0, old_licensee_code: 0, cartridge_type: MBC1 { ram: false, battery: false }, rom_size: KB32, ram_size: None, destination: "", version: 0, checksum: 0, global_checksum: 0 }
[INFO] [stdout] 19:59:37 [DEBUG] rust_boy::processor::opcodes: 0x0000: 0x21 | LD   HL, 14939
[INFO] [stdout] 19:59:37 [DEBUG] rust_boy::processor::opcodes: 0x0003: 0xE5 | PUSH HL(14939)
[INFO] [stdout] 19:59:37 [DEBUG] rust_boy::processor::opcodes: 0x0004: 0xC1 | POP  BC(14939)
[INFO] [stdout] thread 'processor::cpu::tests::pop_bc' panicked at src/processor/cpu.rs:645:9:
[INFO] [stdout] assertion `left == right` failed
[INFO] [stdout]   left: 91
[INFO] [stdout]  right: 58
[INFO] [stdout] stack backtrace:
[INFO] [stdout]    0:     0x60576ec6d38a - std::backtrace_rs::backtrace::libunwind::trace::h207520d6e9873551
[INFO] [stdout]                                at /rustc/df4ca44d3fbc9301ee17f30f4d474e6ae4b05252/library/std/src/../../backtrace/src/backtrace/libunwind.rs:116:5
[INFO] [stdout]    1:     0x60576ec6d38a - std::backtrace_rs::backtrace::trace_unsynchronized::h2ed7433f370e3eca
[INFO] [stdout]                                at /rustc/df4ca44d3fbc9301ee17f30f4d474e6ae4b05252/library/std/src/../../backtrace/src/backtrace/mod.rs:66:5
[INFO] [stdout]    2:     0x60576ec6d38a - std::sys::backtrace::_print_fmt::h916fac51166b18d7
[INFO] [stdout]                                at /rustc/df4ca44d3fbc9301ee17f30f4d474e6ae4b05252/library/std/src/sys/backtrace.rs:66:9
[INFO] [stdout]    3:     0x60576ec6d38a - <std::sys::backtrace::BacktraceLock::print::DisplayBacktrace as core::fmt::Display>::fmt::ha0a4c9b8ce3802e6
[INFO] [stdout]                                at /rustc/df4ca44d3fbc9301ee17f30f4d474e6ae4b05252/library/std/src/sys/backtrace.rs:39:26
[INFO] [stdout]    4:     0x60576ec93a43 - core::fmt::rt::Argument::fmt::h4cfc8587d52b3eb5
[INFO] [stdout]                                at /rustc/df4ca44d3fbc9301ee17f30f4d474e6ae4b05252/library/core/src/fmt/rt.rs:177:76
[INFO] [stdout]    5:     0x60576ec93a43 - core::fmt::write::h522cc39e5b36ae9f
[INFO] [stdout]                                at /rustc/df4ca44d3fbc9301ee17f30f4d474e6ae4b05252/library/core/src/fmt/mod.rs:1190:21
[INFO] [stdout]    6:     0x60576ec69ff3 - std::io::Write::write_fmt::h7d3c26752da97734
[INFO] [stdout]                                at /rustc/df4ca44d3fbc9301ee17f30f4d474e6ae4b05252/library/std/src/io/mod.rs:1839:15
[INFO] [stdout]    7:     0x60576ec6d1d2 - std::sys::backtrace::BacktraceLock::print::h4b9e00b29e9c0942
[INFO] [stdout]                                at /rustc/df4ca44d3fbc9301ee17f30f4d474e6ae4b05252/library/std/src/sys/backtrace.rs:42:9
[INFO] [stdout]    8:     0x60576ec6e81a - std::panicking::default_hook::{{closure}}::hb59b88280d0324d9
[INFO] [stdout]                                at /rustc/df4ca44d3fbc9301ee17f30f4d474e6ae4b05252/library/std/src/panicking.rs:268:22
[INFO] [stdout]    9:     0x60576ec6e624 - std::panicking::default_hook::he1dd496665be4a29
[INFO] [stdout]                                at /rustc/df4ca44d3fbc9301ee17f30f4d474e6ae4b05252/library/std/src/panicking.rs:292:9
[INFO] [stdout]   10:     0x60576ec18279 - <alloc::boxed::Box<F,A> as core::ops::function::Fn<Args>>::call::h4ff71de18744e1dc
[INFO] [stdout]                                at /rustc/df4ca44d3fbc9301ee17f30f4d474e6ae4b05252/library/alloc/src/boxed.rs:2468:9
[INFO] [stdout]   11:     0x60576ec18279 - test::test_main::{{closure}}::hcf7c055ce117aa81
[INFO] [stdout]                                at /rustc/df4ca44d3fbc9301ee17f30f4d474e6ae4b05252/library/test/src/lib.rs:133:21
[INFO] [stdout]   12:     0x60576ec6ef18 - <alloc::boxed::Box<F,A> as core::ops::function::Fn<Args>>::call::h1d66c6bbd60c9692
[INFO] [stdout]                                at /rustc/df4ca44d3fbc9301ee17f30f4d474e6ae4b05252/library/alloc/src/boxed.rs:2468:9
[INFO] [stdout]   13:     0x60576ec6ef18 - std::panicking::rust_panic_with_hook::h2ff17fe8f26dfcf8
[INFO] [stdout]                                at /rustc/df4ca44d3fbc9301ee17f30f4d474e6ae4b05252/library/std/src/panicking.rs:809:13
[INFO] [stdout]   14:     0x60576ec6ecda - std::panicking::begin_panic_handler::{{closure}}::h4fad77951c07e101
[INFO] [stdout]                                at /rustc/df4ca44d3fbc9301ee17f30f4d474e6ae4b05252/library/std/src/panicking.rs:674:13
[INFO] [stdout]   15:     0x60576ec6d869 - std::sys::backtrace::__rust_end_short_backtrace::hb1a25b3da5d0ea08
[INFO] [stdout]                                at /rustc/df4ca44d3fbc9301ee17f30f4d474e6ae4b05252/library/std/src/sys/backtrace.rs:170:18
[INFO] [stdout]   16:     0x60576ec6e96c - rust_begin_unwind
[INFO] [stdout]                                at /rustc/df4ca44d3fbc9301ee17f30f4d474e6ae4b05252/library/std/src/panicking.rs:665:5
[INFO] [stdout]   17:     0x60576ec92400 - core::panicking::panic_fmt::ha9db07b529f9b256
[INFO] [stdout]                                at /rustc/df4ca44d3fbc9301ee17f30f4d474e6ae4b05252/library/core/src/panicking.rs:75:14
[INFO] [stdout]   18:     0x60576ec92804 - core::panicking::assert_failed_inner::h04f38944d74a80a8
[INFO] [stdout]   19:     0x60576ec3db62 - core::panicking::assert_failed::haaf9b03771d6b791
[INFO] [stdout]                                at /rustc/df4ca44d3fbc9301ee17f30f4d474e6ae4b05252/library/core/src/panicking.rs:377:5
[INFO] [stdout]   20:     0x60576eb7c5f5 - rust_boy::processor::cpu::tests::pop_bc::h0912b2bcc0fa452d
[INFO] [stdout]                                at /opt/rustwide/workdir/src/processor/cpu.rs:645:9
[INFO] [stdout]   21:     0x60576eb7c3b7 - rust_boy::processor::cpu::tests::pop_bc::{{closure}}::h992ab157a6fc37f0
[INFO] [stdout]                                at /opt/rustwide/workdir/src/processor/cpu.rs:630:16
[INFO] [stdout]   22:     0x60576ebcdca6 - core::ops::function::FnOnce::call_once::hc78ef19b9740a9c1
[INFO] [stdout]                                at /rustc/df4ca44d3fbc9301ee17f30f4d474e6ae4b05252/library/core/src/ops/function.rs:250:5
[INFO] [stdout]   23:     0x60576ec1cb4b - core::ops::function::FnOnce::call_once::h22c3ba5715e93f05
[INFO] [stdout]                                at /rustc/df4ca44d3fbc9301ee17f30f4d474e6ae4b05252/library/core/src/ops/function.rs:250:5
[INFO] [stdout]   24:     0x60576ec1cb4b - test::__rust_begin_short_backtrace::h8e82d8113d0da17f
[INFO] [stdout]                                at /rustc/df4ca44d3fbc9301ee17f30f4d474e6ae4b05252/library/test/src/lib.rs:621:18
[INFO] [stdout]   25:     0x60576ec1c4c7 - test::run_test_in_process::{{closure}}::h33235f4f20b7b7c7
[INFO] [stdout]                                at /rustc/df4ca44d3fbc9301ee17f30f4d474e6ae4b05252/library/test/src/lib.rs:644:60
[INFO] [stdout]   26:     0x60576ec1c4c7 - <core::panic::unwind_safe::AssertUnwindSafe<F> as core::ops::function::FnOnce<()>>::call_once::hb5043206310c586f
[INFO] [stdout]                                at /rustc/df4ca44d3fbc9301ee17f30f4d474e6ae4b05252/library/core/src/panic/unwind_safe.rs:272:9
[INFO] [stdout]   27:     0x60576ec1c4c7 - std::panicking::try::do_call::h9ad4731a60ab23e2
[INFO] [stdout]                                at /rustc/df4ca44d3fbc9301ee17f30f4d474e6ae4b05252/library/std/src/panicking.rs:557:40
[INFO] [stdout]   28:     0x60576ec1c4c7 - std::panicking::try::h3824d23db772a716
[INFO] [stdout]                                at /rustc/df4ca44d3fbc9301ee17f30f4d474e6ae4b05252/library/std/src/panicking.rs:520:19
[INFO] [stdout]   29:     0x60576ec1c4c7 - std::panic::catch_unwind::h5afd514605fde46b
[INFO] [stdout]                                at /rustc/df4ca44d3fbc9301ee17f30f4d474e6ae4b05252/library/std/src/panic.rs:358:14
[INFO] [stdout]   30:     0x60576ec1c4c7 - test::run_test_in_process::h0d5cbfa7067d1720
[INFO] [stdout]                                at /rustc/df4ca44d3fbc9301ee17f30f4d474e6ae4b05252/library/test/src/lib.rs:644:27
[INFO] [stdout]   31:     0x60576ec1c4c7 - test::run_test::{{closure}}::h708eb8872708115d
[INFO] [stdout]                                at /rustc/df4ca44d3fbc9301ee17f30f4d474e6ae4b05252/library/test/src/lib.rs:565:43
[INFO] [stdout]   32:     0x60576ebdfbe4 - test::run_test::{{closure}}::h392c51cee94713ab
[INFO] [stdout]                                at /rustc/df4ca44d3fbc9301ee17f30f4d474e6ae4b05252/library/test/src/lib.rs:595:41
[INFO] [stdout]   33:     0x60576ebdfbe4 - std::sys::backtrace::__rust_begin_short_backtrace::h2f40290710935a8b
[INFO] [stdout]                                at /rustc/df4ca44d3fbc9301ee17f30f4d474e6ae4b05252/library/std/src/sys/backtrace.rs:154:18
[INFO] [stdout]   34:     0x60576ebe338e - std::thread::Builder::spawn_unchecked_::{{closure}}::{{closure}}::h3fd968d89053a903
[INFO] [stdout]                                at /rustc/df4ca44d3fbc9301ee17f30f4d474e6ae4b05252/library/std/src/thread/mod.rs:541:17
[INFO] [stdout]   35:     0x60576ebe338e - <core::panic::unwind_safe::AssertUnwindSafe<F> as core::ops::function::FnOnce<()>>::call_once::h743f637ba4229880
[INFO] [stdout]                                at /rustc/df4ca44d3fbc9301ee17f30f4d474e6ae4b05252/library/core/src/panic/unwind_safe.rs:272:9
[INFO] [stdout]   36:     0x60576ebe338e - std::panicking::try::do_call::h07440897322525a6
[INFO] [stdout]                                at /rustc/df4ca44d3fbc9301ee17f30f4d474e6ae4b05252/library/std/src/panicking.rs:557:40
[INFO] [stdout]   37:     0x60576ebe338e - std::panicking::try::he5a2e00188156637
[INFO] [stdout]                                at /rustc/df4ca44d3fbc9301ee17f30f4d474e6ae4b05252/library/std/src/panicking.rs:520:19
[INFO] [stdout]   38:     0x60576ebe338e - std::panic::catch_unwind::hbaf3cae49b3c6433
[INFO] [stdout]                                at /rustc/df4ca44d3fbc9301ee17f30f4d474e6ae4b05252/library/std/src/panic.rs:358:14
[INFO] [stdout]   39:     0x60576ebe338e - std::thread::Builder::spawn_unchecked_::{{closure}}::h8e141ea224820bce
[INFO] [stdout]                                at /rustc/df4ca44d3fbc9301ee17f30f4d474e6ae4b05252/library/std/src/thread/mod.rs:540:30
[INFO] [stdout]   40:     0x60576ebe338e - core::ops::function::FnOnce::call_once{{vtable.shim}}::h90d312fedd7b8ea8
[INFO] [stdout]                                at /rustc/df4ca44d3fbc9301ee17f30f4d474e6ae4b05252/library/core/src/ops/function.rs:250:5
[INFO] [stdout]   41:     0x60576ec72d0b - <alloc::boxed::Box<F,A> as core::ops::function::FnOnce<Args>>::call_once::h69aa08ddb6adb8b6
[INFO] [stdout]                                at /rustc/df4ca44d3fbc9301ee17f30f4d474e6ae4b05252/library/alloc/src/boxed.rs:2454:9
[INFO] [stdout]   42:     0x60576ec72d0b - <alloc::boxed::Box<F,A> as core::ops::function::FnOnce<Args>>::call_once::h5aa36efdb79c806f
[INFO] [stdout]                                at /rustc/df4ca44d3fbc9301ee17f30f4d474e6ae4b05252/library/alloc/src/boxed.rs:2454:9
[INFO] [stdout]   43:     0x60576ec72d0b - std::sys::pal::unix::thread::Thread::new::thread_start::h6cd80a1b4be5158d
[INFO] [stdout]                                at /rustc/df4ca44d3fbc9301ee17f30f4d474e6ae4b05252/library/std/src/sys/pal/unix/thread.rs:105:17
[INFO] [stdout]   44:     0x7871fce17ac3 - <unknown>
[INFO] [stdout]   45:     0x7871fcea8a04 - clone
[INFO] [stdout]   46:                0x0 - <unknown>
[INFO] [stdout] 
[INFO] [stdout] ---- processor::registers::tests::everything_setup_after_initialization stdout ----
[INFO] [stdout] thread 'processor::registers::tests::everything_setup_after_initialization' panicked at src/processor/registers.rs:934:9:
[INFO] [stdout] assertion `left == right` failed
[INFO] [stdout]   left: 19
[INFO] [stdout]  right: 0
[INFO] [stdout] stack backtrace:
[INFO] [stdout]    0:     0x60576ec6d38a - std::backtrace_rs::backtrace::libunwind::trace::h207520d6e9873551
[INFO] [stdout]                                at /rustc/df4ca44d3fbc9301ee17f30f4d474e6ae4b05252/library/std/src/../../backtrace/src/backtrace/libunwind.rs:116:5
[INFO] [stdout]    1:     0x60576ec6d38a - std::backtrace_rs::backtrace::trace_unsynchronized::h2ed7433f370e3eca
[INFO] [stdout]                                at /rustc/df4ca44d3fbc9301ee17f30f4d474e6ae4b05252/library/std/src/../../backtrace/src/backtrace/mod.rs:66:5
[INFO] [stdout]    2:     0x60576ec6d38a - std::sys::backtrace::_print_fmt::h916fac51166b18d7
[INFO] [stdout]                                at /rustc/df4ca44d3fbc9301ee17f30f4d474e6ae4b05252/library/std/src/sys/backtrace.rs:66:9
[INFO] [stdout]    3:     0x60576ec6d38a - <std::sys::backtrace::BacktraceLock::print::DisplayBacktrace as core::fmt::Display>::fmt::ha0a4c9b8ce3802e6
[INFO] [stdout]                                at /rustc/df4ca44d3fbc9301ee17f30f4d474e6ae4b05252/library/std/src/sys/backtrace.rs:39:26
[INFO] [stdout]    4:     0x60576ec93a43 - core::fmt::rt::Argument::fmt::h4cfc8587d52b3eb5
[INFO] [stdout]                                at /rustc/df4ca44d3fbc9301ee17f30f4d474e6ae4b05252/library/core/src/fmt/rt.rs:177:76
[INFO] [stdout]    5:     0x60576ec93a43 - core::fmt::write::h522cc39e5b36ae9f
[INFO] [stdout]                                at /rustc/df4ca44d3fbc9301ee17f30f4d474e6ae4b05252/library/core/src/fmt/mod.rs:1190:21
[INFO] [stdout]    6:     0x60576ec69ff3 - std::io::Write::write_fmt::h7d3c26752da97734
[INFO] [stdout]                                at /rustc/df4ca44d3fbc9301ee17f30f4d474e6ae4b05252/library/std/src/io/mod.rs:1839:15
[INFO] [stdout]    7:     0x60576ec6d1d2 - std::sys::backtrace::BacktraceLock::print::h4b9e00b29e9c0942
[INFO] [stdout]                                at /rustc/df4ca44d3fbc9301ee17f30f4d474e6ae4b05252/library/std/src/sys/backtrace.rs:42:9
[INFO] [stdout]    8:     0x60576ec6e81a - std::panicking::default_hook::{{closure}}::hb59b88280d0324d9
[INFO] [stdout]                                at /rustc/df4ca44d3fbc9301ee17f30f4d474e6ae4b05252/library/std/src/panicking.rs:268:22
[INFO] [stdout]    9:     0x60576ec6e624 - std::panicking::default_hook::he1dd496665be4a29
[INFO] [stdout]                                at /rustc/df4ca44d3fbc9301ee17f30f4d474e6ae4b05252/library/std/src/panicking.rs:292:9
[INFO] [stdout]   10:     0x60576ec18279 - <alloc::boxed::Box<F,A> as core::ops::function::Fn<Args>>::call::h4ff71de18744e1dc
[INFO] [stdout]                                at /rustc/df4ca44d3fbc9301ee17f30f4d474e6ae4b05252/library/alloc/src/boxed.rs:2468:9
[INFO] [stdout]   11:     0x60576ec18279 - test::test_main::{{closure}}::hcf7c055ce117aa81
[INFO] [stdout]                                at /rustc/df4ca44d3fbc9301ee17f30f4d474e6ae4b05252/library/test/src/lib.rs:133:21
[INFO] [stdout]   12:     0x60576ec6ef18 - <alloc::boxed::Box<F,A> as core::ops::function::Fn<Args>>::call::h1d66c6bbd60c9692
[INFO] [stdout]                                at /rustc/df4ca44d3fbc9301ee17f30f4d474e6ae4b05252/library/alloc/src/boxed.rs:2468:9
[INFO] [stdout]   13:     0x60576ec6ef18 - std::panicking::rust_panic_with_hook::h2ff17fe8f26dfcf8
[INFO] [stdout]                                at /rustc/df4ca44d3fbc9301ee17f30f4d474e6ae4b05252/library/std/src/panicking.rs:809:13
[INFO] [stdout]   14:     0x60576ec6ecda - std::panicking::begin_panic_handler::{{closure}}::h4fad77951c07e101
[INFO] [stdout]                                at /rustc/df4ca44d3fbc9301ee17f30f4d474e6ae4b05252/library/std/src/panicking.rs:674:13
[INFO] [stdout]   15:     0x60576ec6d869 - std::sys::backtrace::__rust_end_short_backtrace::hb1a25b3da5d0ea08
[INFO] [stdout]                                at /rustc/df4ca44d3fbc9301ee17f30f4d474e6ae4b05252/library/std/src/sys/backtrace.rs:170:18
[INFO] [stdout]   16:     0x60576ec6e96c - rust_begin_unwind
[INFO] [stdout]                                at /rustc/df4ca44d3fbc9301ee17f30f4d474e6ae4b05252/library/std/src/panicking.rs:665:5
[INFO] [stdout]   17:     0x60576ec92400 - core::panicking::panic_fmt::ha9db07b529f9b256
[INFO] [stdout]                                at /rustc/df4ca44d3fbc9301ee17f30f4d474e6ae4b05252/library/core/src/panicking.rs:75:14
[INFO] [stdout]   18:     0x60576ec92804 - core::panicking::assert_failed_inner::h04f38944d74a80a8
[INFO] [stdout]   19:     0x60576ec3db62 - core::panicking::assert_failed::haaf9b03771d6b791
[INFO] [stdout]                                at /rustc/df4ca44d3fbc9301ee17f30f4d474e6ae4b05252/library/core/src/panicking.rs:377:5
[INFO] [stdout]   20:     0x60576ebd667b - rust_boy::processor::registers::tests::everything_setup_after_initialization::hc5f6d1993ace634a
[INFO] [stdout]                                at /opt/rustwide/workdir/src/processor/registers.rs:934:9
[INFO] [stdout]   21:     0x60576ebd6397 - rust_boy::processor::registers::tests::everything_setup_after_initialization::{{closure}}::h79f156b8c6ea56c0
[INFO] [stdout]                                at /opt/rustwide/workdir/src/processor/registers.rs:927:47
[INFO] [stdout]   22:     0x60576ebccaa6 - core::ops::function::FnOnce::call_once::h3be1a8bae6c9b4d3
[INFO] [stdout]                                at /rustc/df4ca44d3fbc9301ee17f30f4d474e6ae4b05252/library/core/src/ops/function.rs:250:5
[INFO] [stdout]   23:     0x60576ec1cb4b - core::ops::function::FnOnce::call_once::h22c3ba5715e93f05
[INFO] [stdout]                                at /rustc/df4ca44d3fbc9301ee17f30f4d474e6ae4b05252/library/core/src/ops/function.rs:250:5
[INFO] [stdout]   24:     0x60576ec1cb4b - test::__rust_begin_short_backtrace::h8e82d8113d0da17f
[INFO] [stdout]                                at /rustc/df4ca44d3fbc9301ee17f30f4d474e6ae4b05252/library/test/src/lib.rs:621:18
[INFO] [stdout]   25:     0x60576ec1c4c7 - test::run_test_in_process::{{closure}}::h33235f4f20b7b7c7
[INFO] [stdout]                                at /rustc/df4ca44d3fbc9301ee17f30f4d474e6ae4b05252/library/test/src/lib.rs:644:60
[INFO] [stdout]   26:     0x60576ec1c4c7 - <core::panic::unwind_safe::AssertUnwindSafe<F> as core::ops::function::FnOnce<()>>::call_once::hb5043206310c586f
[INFO] [stdout]                                at /rustc/df4ca44d3fbc9301ee17f30f4d474e6ae4b05252/library/core/src/panic/unwind_safe.rs:272:9
[INFO] [stdout]   27:     0x60576ec1c4c7 - std::panicking::try::do_call::h9ad4731a60ab23e2
[INFO] [stdout]                                at /rustc/df4ca44d3fbc9301ee17f30f4d474e6ae4b05252/library/std/src/panicking.rs:557:40
[INFO] [stdout]   28:     0x60576ec1c4c7 - std::panicking::try::h3824d23db772a716
[INFO] [stdout]                                at /rustc/df4ca44d3fbc9301ee17f30f4d474e6ae4b05252/library/std/src/panicking.rs:520:19
[INFO] [stdout]   29:     0x60576ec1c4c7 - std::panic::catch_unwind::h5afd514605fde46b
[INFO] [stdout]                                at /rustc/df4ca44d3fbc9301ee17f30f4d474e6ae4b05252/library/std/src/panic.rs:358:14
[INFO] [stdout]   30:     0x60576ec1c4c7 - test::run_test_in_process::h0d5cbfa7067d1720
[INFO] [stdout]                                at /rustc/df4ca44d3fbc9301ee17f30f4d474e6ae4b05252/library/test/src/lib.rs:644:27
[INFO] [stdout]   31:     0x60576ec1c4c7 - test::run_test::{{closure}}::h708eb8872708115d
[INFO] [stdout]                                at /rustc/df4ca44d3fbc9301ee17f30f4d474e6ae4b05252/library/test/src/lib.rs:565:43
[INFO] [stdout]   32:     0x60576ebdfbe4 - test::run_test::{{closure}}::h392c51cee94713ab
[INFO] [stdout]                                at /rustc/df4ca44d3fbc9301ee17f30f4d474e6ae4b05252/library/test/src/lib.rs:595:41
[INFO] [stdout]   33:     0x60576ebdfbe4 - std::sys::backtrace::__rust_begin_short_backtrace::h2f40290710935a8b
[INFO] [stdout]                                at /rustc/df4ca44d3fbc9301ee17f30f4d474e6ae4b05252/library/std/src/sys/backtrace.rs:154:18
[INFO] [stdout]   34:     0x60576ebe338e - std::thread::Builder::spawn_unchecked_::{{closure}}::{{closure}}::h3fd968d89053a903
[INFO] [stdout]                                at /rustc/df4ca44d3fbc9301ee17f30f4d474e6ae4b05252/library/std/src/thread/mod.rs:541:17
[INFO] [stdout]   35:     0x60576ebe338e - <core::panic::unwind_safe::AssertUnwindSafe<F> as core::ops::function::FnOnce<()>>::call_once::h743f637ba4229880
[INFO] [stdout]                                at /rustc/df4ca44d3fbc9301ee17f30f4d474e6ae4b05252/library/core/src/panic/unwind_safe.rs:272:9
[INFO] [stdout]   36:     0x60576ebe338e - std::panicking::try::do_call::h07440897322525a6
[INFO] [stdout]                                at /rustc/df4ca44d3fbc9301ee17f30f4d474e6ae4b05252/library/std/src/panicking.rs:557:40
[INFO] [stdout]   37:     0x60576ebe338e - std::panicking::try::he5a2e00188156637
[INFO] [stdout]                                at /rustc/df4ca44d3fbc9301ee17f30f4d474e6ae4b05252/library/std/src/panicking.rs:520:19
[INFO] [stdout]   38:     0x60576ebe338e - std::panic::catch_unwind::hbaf3cae49b3c6433
[INFO] [stdout]                                at /rustc/df4ca44d3fbc9301ee17f30f4d474e6ae4b05252/library/std/src/panic.rs:358:14
[INFO] [stdout]   39:     0x60576ebe338e - std::thread::Builder::spawn_unchecked_::{{closure}}::h8e141ea224820bce
[INFO] [stdout]                                at /rustc/df4ca44d3fbc9301ee17f30f4d474e6ae4b05252/library/std/src/thread/mod.rs:540:30
[INFO] [stdout]   40:     0x60576ebe338e - core::ops::function::FnOnce::call_once{{vtable.shim}}::h90d312fedd7b8ea8
[INFO] [stdout]                                at /rustc/df4ca44d3fbc9301ee17f30f4d474e6ae4b05252/library/core/src/ops/function.rs:250:5
[INFO] [stdout]   41:     0x60576ec72d0b - <alloc::boxed::Box<F,A> as core::ops::function::FnOnce<Args>>::call_once::h69aa08ddb6adb8b6
[INFO] [stdout]                                at /rustc/df4ca44d3fbc9301ee17f30f4d474e6ae4b05252/library/alloc/src/boxed.rs:2454:9
[INFO] [stdout]   42:     0x60576ec72d0b - <alloc::boxed::Box<F,A> as core::ops::function::FnOnce<Args>>::call_once::h5aa36efdb79c806f
[INFO] [stdout]                                at /rustc/df4ca44d3fbc9301ee17f30f4d474e6ae4b05252/library/alloc/src/boxed.rs:2454:9
[INFO] [stdout]   43:     0x60576ec72d0b - std::sys::pal::unix::thread::Thread::new::thread_start::h6cd80a1b4be5158d
[INFO] [stdout]                                at /rustc/df4ca44d3fbc9301ee17f30f4d474e6ae4b05252/library/std/src/sys/pal/unix/thread.rs:105:17
[INFO] [stdout]   44:     0x7871fce17ac3 - <unknown>
[INFO] [stdout]   45:     0x7871fcea8a04 - clone
[INFO] [stdout]   46:                0x0 - <unknown>
[INFO] [stdout] 
[INFO] [stdout] ---- processor::registers::tests::set_b_singles_correct stdout ----
[INFO] [stdout] thread 'processor::registers::tests::set_b_singles_correct' panicked at src/processor/registers.rs:1005:9:
[INFO] [stdout] assertion `left == right` failed
[INFO] [stdout]   left: 171
[INFO] [stdout]  right: 43795
[INFO] [stdout] stack backtrace:
[INFO] [stdout]    0:     0x60576ec6d38a - std::backtrace_rs::backtrace::libunwind::trace::h207520d6e9873551
[INFO] [stdout]                                at /rustc/df4ca44d3fbc9301ee17f30f4d474e6ae4b05252/library/std/src/../../backtrace/src/backtrace/libunwind.rs:116:5
[INFO] [stdout]    1:     0x60576ec6d38a - std::backtrace_rs::backtrace::trace_unsynchronized::h2ed7433f370e3eca
[INFO] [stdout]                                at /rustc/df4ca44d3fbc9301ee17f30f4d474e6ae4b05252/library/std/src/../../backtrace/src/backtrace/mod.rs:66:5
[INFO] [stdout]    2:     0x60576ec6d38a - std::sys::backtrace::_print_fmt::h916fac51166b18d7
[INFO] [stdout]                                at /rustc/df4ca44d3fbc9301ee17f30f4d474e6ae4b05252/library/std/src/sys/backtrace.rs:66:9
[INFO] [stdout]    3:     0x60576ec6d38a - <std::sys::backtrace::BacktraceLock::print::DisplayBacktrace as core::fmt::Display>::fmt::ha0a4c9b8ce3802e6
[INFO] [stdout]                                at /rustc/df4ca44d3fbc9301ee17f30f4d474e6ae4b05252/library/std/src/sys/backtrace.rs:39:26
[INFO] [stdout]    4:     0x60576ec93a43 - core::fmt::rt::Argument::fmt::h4cfc8587d52b3eb5
[INFO] [stdout]                                at /rustc/df4ca44d3fbc9301ee17f30f4d474e6ae4b05252/library/core/src/fmt/rt.rs:177:76
[INFO] [stdout]    5:     0x60576ec93a43 - core::fmt::write::h522cc39e5b36ae9f
[INFO] [stdout]                                at /rustc/df4ca44d3fbc9301ee17f30f4d474e6ae4b05252/library/core/src/fmt/mod.rs:1190:21
[INFO] [stdout]    6:     0x60576ec69ff3 - std::io::Write::write_fmt::h7d3c26752da97734
[INFO] [stdout]                                at /rustc/df4ca44d3fbc9301ee17f30f4d474e6ae4b05252/library/std/src/io/mod.rs:1839:15
[INFO] [stdout]    7:     0x60576ec6d1d2 - std::sys::backtrace::BacktraceLock::print::h4b9e00b29e9c0942
[INFO] [stdout]                                at /rustc/df4ca44d3fbc9301ee17f30f4d474e6ae4b05252/library/std/src/sys/backtrace.rs:42:9
[INFO] [stdout]    8:     0x60576ec6e81a - std::panicking::default_hook::{{closure}}::hb59b88280d0324d9
[INFO] [stdout]                                at /rustc/df4ca44d3fbc9301ee17f30f4d474e6ae4b05252/library/std/src/panicking.rs:268:22
[INFO] [stdout]    9:     0x60576ec6e624 - std::panicking::default_hook::he1dd496665be4a29
[INFO] [stdout]                                at /rustc/df4ca44d3fbc9301ee17f30f4d474e6ae4b05252/library/std/src/panicking.rs:292:9
[INFO] [stdout]   10:     0x60576ec18279 - <alloc::boxed::Box<F,A> as core::ops::function::Fn<Args>>::call::h4ff71de18744e1dc
[INFO] [stdout]                                at /rustc/df4ca44d3fbc9301ee17f30f4d474e6ae4b05252/library/alloc/src/boxed.rs:2468:9
[INFO] [stdout]   11:     0x60576ec18279 - test::test_main::{{closure}}::hcf7c055ce117aa81
[INFO] [stdout]                                at /rustc/df4ca44d3fbc9301ee17f30f4d474e6ae4b05252/library/test/src/lib.rs:133:21
[INFO] [stdout]   12:     0x60576ec6ef18 - <alloc::boxed::Box<F,A> as core::ops::function::Fn<Args>>::call::h1d66c6bbd60c9692
[INFO] [stdout]                                at /rustc/df4ca44d3fbc9301ee17f30f4d474e6ae4b05252/library/alloc/src/boxed.rs:2468:9
[INFO] [stdout]   13:     0x60576ec6ef18 - std::panicking::rust_panic_with_hook::h2ff17fe8f26dfcf8
[INFO] [stdout]                                at /rustc/df4ca44d3fbc9301ee17f30f4d474e6ae4b05252/library/std/src/panicking.rs:809:13
[INFO] [stdout]   14:     0x60576ec6ecda - std::panicking::begin_panic_handler::{{closure}}::h4fad77951c07e101
[INFO] [stdout]                                at /rustc/df4ca44d3fbc9301ee17f30f4d474e6ae4b05252/library/std/src/panicking.rs:674:13
[INFO] [stdout]   15:     0x60576ec6d869 - std::sys::backtrace::__rust_end_short_backtrace::hb1a25b3da5d0ea08
[INFO] [stdout]                                at /rustc/df4ca44d3fbc9301ee17f30f4d474e6ae4b05252/library/std/src/sys/backtrace.rs:170:18
[INFO] [stdout]   16:     0x60576ec6e96c - rust_begin_unwind
[INFO] [stdout]                                at /rustc/df4ca44d3fbc9301ee17f30f4d474e6ae4b05252/library/std/src/panicking.rs:665:5
[INFO] [stdout]   17:     0x60576ec92400 - core::panicking::panic_fmt::ha9db07b529f9b256
[INFO] [stdout]                                at /rustc/df4ca44d3fbc9301ee17f30f4d474e6ae4b05252/library/core/src/panicking.rs:75:14
[INFO] [stdout]   18:     0x60576ec92804 - core::panicking::assert_failed_inner::h04f38944d74a80a8
[INFO] [stdout]   19:     0x60576ebd97a5 - core::panicking::assert_failed::h725ba2217b9f71d8
[INFO] [stdout]                                at /rustc/df4ca44d3fbc9301ee17f30f4d474e6ae4b05252/library/core/src/panicking.rs:377:5
[INFO] [stdout]   20:     0x60576ebd758b - rust_boy::processor::registers::tests::set_b_singles_correct::h5400fafff3514bed
[INFO] [stdout]                                at /opt/rustwide/workdir/src/processor/registers.rs:1005:9
[INFO] [stdout]   21:     0x60576ebd74e7 - rust_boy::processor::registers::tests::set_b_singles_correct::{{closure}}::ha1c188210a497555
[INFO] [stdout]                                at /opt/rustwide/workdir/src/processor/registers.rs:1002:31
[INFO] [stdout]   22:     0x60576ebcdb66 - core::ops::function::FnOnce::call_once::hbfac6443cb2c4f4c
[INFO] [stdout]                                at /rustc/df4ca44d3fbc9301ee17f30f4d474e6ae4b05252/library/core/src/ops/function.rs:250:5
[INFO] [stdout]   23:     0x60576ec1cb4b - core::ops::function::FnOnce::call_once::h22c3ba5715e93f05
[INFO] [stdout]                                at /rustc/df4ca44d3fbc9301ee17f30f4d474e6ae4b05252/library/core/src/ops/function.rs:250:5
[INFO] [stdout]   24:     0x60576ec1cb4b - test::__rust_begin_short_backtrace::h8e82d8113d0da17f
[INFO] [stdout]                                at /rustc/df4ca44d3fbc9301ee17f30f4d474e6ae4b05252/library/test/src/lib.rs:621:18
[INFO] [stdout]   25:     0x60576ec1c4c7 - test::run_test_in_process::{{closure}}::h33235f4f20b7b7c7
[INFO] [stdout]                                at /rustc/df4ca44d3fbc9301ee17f30f4d474e6ae4b05252/library/test/src/lib.rs:644:60
[INFO] [stdout]   26:     0x60576ec1c4c7 - <core::panic::unwind_safe::AssertUnwindSafe<F> as core::ops::function::FnOnce<()>>::call_once::hb5043206310c586f
[INFO] [stdout]                                at /rustc/df4ca44d3fbc9301ee17f30f4d474e6ae4b05252/library/core/src/panic/unwind_safe.rs:272:9
[INFO] [stdout]   27:     0x60576ec1c4c7 - std::panicking::try::do_call::h9ad4731a60ab23e2
[INFO] [stdout]                                at /rustc/df4ca44d3fbc9301ee17f30f4d474e6ae4b05252/library/std/src/panicking.rs:557:40
[INFO] [stdout]   28:     0x60576ec1c4c7 - std::panicking::try::h3824d23db772a716
[INFO] [stdout]                                at /rustc/df4ca44d3fbc9301ee17f30f4d474e6ae4b05252/library/std/src/panicking.rs:520:19
[INFO] [stdout]   29:     0x60576ec1c4c7 - std::panic::catch_unwind::h5afd514605fde46b
[INFO] [stdout]                                at /rustc/df4ca44d3fbc9301ee17f30f4d474e6ae4b05252/library/std/src/panic.rs:358:14
[INFO] [stdout]   30:     0x60576ec1c4c7 - test::run_test_in_process::h0d5cbfa7067d1720
[INFO] [stdout]                                at /rustc/df4ca44d3fbc9301ee17f30f4d474e6ae4b05252/library/test/src/lib.rs:644:27
[INFO] [stdout]   31:     0x60576ec1c4c7 - test::run_test::{{closure}}::h708eb8872708115d
[INFO] [stdout]                                at /rustc/df4ca44d3fbc9301ee17f30f4d474e6ae4b05252/library/test/src/lib.rs:565:43
[INFO] [stdout]   32:     0x60576ebdfbe4 - test::run_test::{{closure}}::h392c51cee94713ab
[INFO] [stdout]                                at /rustc/df4ca44d3fbc9301ee17f30f4d474e6ae4b05252/library/test/src/lib.rs:595:41
[INFO] [stdout]   33:     0x60576ebdfbe4 - std::sys::backtrace::__rust_begin_short_backtrace::h2f40290710935a8b
[INFO] [stdout]                                at /rustc/df4ca44d3fbc9301ee17f30f4d474e6ae4b05252/library/std/src/sys/backtrace.rs:154:18
[INFO] [stdout]   34:     0x60576ebe338e - std::thread::Builder::spawn_unchecked_::{{closure}}::{{closure}}::h3fd968d89053a903
[INFO] [stdout]                                at /rustc/df4ca44d3fbc9301ee17f30f4d474e6ae4b05252/library/std/src/thread/mod.rs:541:17
[INFO] [stdout]   35:     0x60576ebe338e - <core::panic::unwind_safe::AssertUnwindSafe<F> as core::ops::function::FnOnce<()>>::call_once::h743f637ba4229880
[INFO] [stdout]                                at /rustc/df4ca44d3fbc9301ee17f30f4d474e6ae4b05252/library/core/src/panic/unwind_safe.rs:272:9
[INFO] [stdout]   36:     0x60576ebe338e - std::panicking::try::do_call::h07440897322525a6
[INFO] [stdout]                                at /rustc/df4ca44d3fbc9301ee17f30f4d474e6ae4b05252/library/std/src/panicking.rs:557:40
[INFO] [stdout]   37:     0x60576ebe338e - std::panicking::try::he5a2e00188156637
[INFO] [stdout]                                at /rustc/df4ca44d3fbc9301ee17f30f4d474e6ae4b05252/library/std/src/panicking.rs:520:19
[INFO] [stdout]   38:     0x60576ebe338e - std::panic::catch_unwind::hbaf3cae49b3c6433
[INFO] [stdout]                                at /rustc/df4ca44d3fbc9301ee17f30f4d474e6ae4b05252/library/std/src/panic.rs:358:14
[INFO] [stdout]   39:     0x60576ebe338e - std::thread::Builder::spawn_unchecked_::{{closure}}::h8e141ea224820bce
[INFO] [stdout]                                at /rustc/df4ca44d3fbc9301ee17f30f4d474e6ae4b05252/library/std/src/thread/mod.rs:540:30
[INFO] [stdout]   40:     0x60576ebe338e - core::ops::function::FnOnce::call_once{{vtable.shim}}::h90d312fedd7b8ea8
[INFO] [stdout]                                at /rustc/df4ca44d3fbc9301ee17f30f4d474e6ae4b05252/library/core/src/ops/function.rs:250:5
[INFO] [stdout]   41:     0x60576ec72d0b - <alloc::boxed::Box<F,A> as core::ops::function::FnOnce<Args>>::call_once::h69aa08ddb6adb8b6
[INFO] [stdout]                                at /rustc/df4ca44d3fbc9301ee17f30f4d474e6ae4b05252/library/alloc/src/boxed.rs:2454:9
[INFO] [stdout]   42:     0x60576ec72d0b - <alloc::boxed::Box<F,A> as core::ops::function::FnOnce<Args>>::call_once::h5aa36efdb79c806f
[INFO] [stdout]                                at /rustc/df4ca44d3fbc9301ee17f30f4d474e6ae4b05252/library/alloc/src/boxed.rs:2454:9
[INFO] [stdout]   43:     0x60576ec72d0b - std::sys::pal::unix::thread::Thread::new::thread_start::h6cd80a1b4be5158d
[INFO] [stdout]                                at /rustc/df4ca44d3fbc9301ee17f30f4d474e6ae4b05252/library/std/src/sys/pal/unix/thread.rs:105:17
[INFO] [stdout]   44:     0x7871fce17ac3 - <unknown>
[INFO] [stdout]   45:     0x7871fcea8a04 - clone
[INFO] [stdout]   46:                0x0 - <unknown>
[INFO] [stdout] 
[INFO] [stdout] ---- processor::registers::tests::set_bc_correct stdout ----
[INFO] [stdout] thread 'processor::registers::tests::set_bc_correct' panicked at src/processor/registers.rs:987:9:
[INFO] [stdout] assertion `left == right` failed
[INFO] [stdout]   left: 205
[INFO] [stdout]  right: 171
[INFO] [stdout] stack backtrace:
[INFO] [stdout]    0:     0x60576ec6d38a - std::backtrace_rs::backtrace::libunwind::trace::h207520d6e9873551
[INFO] [stdout]                                at /rustc/df4ca44d3fbc9301ee17f30f4d474e6ae4b05252/library/std/src/../../backtrace/src/backtrace/libunwind.rs:116:5
[INFO] [stdout]    1:     0x60576ec6d38a - std::backtrace_rs::backtrace::trace_unsynchronized::h2ed7433f370e3eca
[INFO] [stdout]                                at /rustc/df4ca44d3fbc9301ee17f30f4d474e6ae4b05252/library/std/src/../../backtrace/src/backtrace/mod.rs:66:5
[INFO] [stdout]    2:     0x60576ec6d38a - std::sys::backtrace::_print_fmt::h916fac51166b18d7
[INFO] [stdout]                                at /rustc/df4ca44d3fbc9301ee17f30f4d474e6ae4b05252/library/std/src/sys/backtrace.rs:66:9
[INFO] [stdout]    3:     0x60576ec6d38a - <std::sys::backtrace::BacktraceLock::print::DisplayBacktrace as core::fmt::Display>::fmt::ha0a4c9b8ce3802e6
[INFO] [stdout]                                at /rustc/df4ca44d3fbc9301ee17f30f4d474e6ae4b05252/library/std/src/sys/backtrace.rs:39:26
[INFO] [stdout]    4:     0x60576ec93a43 - core::fmt::rt::Argument::fmt::h4cfc8587d52b3eb5
[INFO] [stdout]                                at /rustc/df4ca44d3fbc9301ee17f30f4d474e6ae4b05252/library/core/src/fmt/rt.rs:177:76
[INFO] [stdout]    5:     0x60576ec93a43 - core::fmt::write::h522cc39e5b36ae9f
[INFO] [stdout]                                at /rustc/df4ca44d3fbc9301ee17f30f4d474e6ae4b05252/library/core/src/fmt/mod.rs:1190:21
[INFO] [stdout]    6:     0x60576ec69ff3 - std::io::Write::write_fmt::h7d3c26752da97734
[INFO] [stdout]                                at /rustc/df4ca44d3fbc9301ee17f30f4d474e6ae4b05252/library/std/src/io/mod.rs:1839:15
[INFO] [stdout]    7:     0x60576ec6d1d2 - std::sys::backtrace::BacktraceLock::print::h4b9e00b29e9c0942
[INFO] [stdout]                                at /rustc/df4ca44d3fbc9301ee17f30f4d474e6ae4b05252/library/std/src/sys/backtrace.rs:42:9
[INFO] [stdout]    8:     0x60576ec6e81a - std::panicking::default_hook::{{closure}}::hb59b88280d0324d9
[INFO] [stdout]                                at /rustc/df4ca44d3fbc9301ee17f30f4d474e6ae4b05252/library/std/src/panicking.rs:268:22
[INFO] [stdout]    9:     0x60576ec6e624 - std::panicking::default_hook::he1dd496665be4a29
[INFO] [stdout]                                at /rustc/df4ca44d3fbc9301ee17f30f4d474e6ae4b05252/library/std/src/panicking.rs:292:9
[INFO] [stdout]   10:     0x60576ec18279 - <alloc::boxed::Box<F,A> as core::ops::function::Fn<Args>>::call::h4ff71de18744e1dc
[INFO] [stdout]                                at /rustc/df4ca44d3fbc9301ee17f30f4d474e6ae4b05252/library/alloc/src/boxed.rs:2468:9
[INFO] [stdout]   11:     0x60576ec18279 - test::test_main::{{closure}}::hcf7c055ce117aa81
[INFO] [stdout]                                at /rustc/df4ca44d3fbc9301ee17f30f4d474e6ae4b05252/library/test/src/lib.rs:133:21
[INFO] [stdout]   12:     0x60576ec6ef18 - <alloc::boxed::Box<F,A> as core::ops::function::Fn<Args>>::call::h1d66c6bbd60c9692
[INFO] [stdout]                                at /rustc/df4ca44d3fbc9301ee17f30f4d474e6ae4b05252/library/alloc/src/boxed.rs:2468:9
[INFO] [stdout]   13:     0x60576ec6ef18 - std::panicking::rust_panic_with_hook::h2ff17fe8f26dfcf8
[INFO] [stdout]                                at /rustc/df4ca44d3fbc9301ee17f30f4d474e6ae4b05252/library/std/src/panicking.rs:809:13
[INFO] [stdout]   14:     0x60576ec6ecda - std::panicking::begin_panic_handler::{{closure}}::h4fad77951c07e101
[INFO] [stdout]                                at /rustc/df4ca44d3fbc9301ee17f30f4d474e6ae4b05252/library/std/src/panicking.rs:674:13
[INFO] [stdout]   15:     0x60576ec6d869 - std::sys::backtrace::__rust_end_short_backtrace::hb1a25b3da5d0ea08
[INFO] [stdout]                                at /rustc/df4ca44d3fbc9301ee17f30f4d474e6ae4b05252/library/std/src/sys/backtrace.rs:170:18
[INFO] [stdout]   16:     0x60576ec6e96c - rust_begin_unwind
[INFO] [stdout]                                at /rustc/df4ca44d3fbc9301ee17f30f4d474e6ae4b05252/library/std/src/panicking.rs:665:5
[INFO] [stdout]   17:     0x60576ec92400 - core::panicking::panic_fmt::ha9db07b529f9b256
[INFO] [stdout]                                at /rustc/df4ca44d3fbc9301ee17f30f4d474e6ae4b05252/library/core/src/panicking.rs:75:14
[INFO] [stdout]   18:     0x60576ec92804 - core::panicking::assert_failed_inner::h04f38944d74a80a8
[INFO] [stdout]   19:     0x60576ec3db62 - core::panicking::assert_failed::haaf9b03771d6b791
[INFO] [stdout]                                at /rustc/df4ca44d3fbc9301ee17f30f4d474e6ae4b05252/library/core/src/panicking.rs:377:5
[INFO] [stdout]   20:     0x60576ebd7285 - rust_boy::processor::registers::tests::set_bc_correct::h9ecb23fed407bf08
[INFO] [stdout]                                at /opt/rustwide/workdir/src/processor/registers.rs:987:9
[INFO] [stdout]   21:     0x60576ebd7177 - rust_boy::processor::registers::tests::set_bc_correct::{{closure}}::hfbd0c100b5758922
[INFO] [stdout]                                at /opt/rustwide/workdir/src/processor/registers.rs:983:24
[INFO] [stdout]   22:     0x60576ebccca6 - core::ops::function::FnOnce::call_once::h4a21475fb41b22b2
[INFO] [stdout]                                at /rustc/df4ca44d3fbc9301ee17f30f4d474e6ae4b05252/library/core/src/ops/function.rs:250:5
[INFO] [stdout]   23:     0x60576ec1cb4b - core::ops::function::FnOnce::call_once::h22c3ba5715e93f05
[INFO] [stdout]                                at /rustc/df4ca44d3fbc9301ee17f30f4d474e6ae4b05252/library/core/src/ops/function.rs:250:5
[INFO] [stdout]   24:     0x60576ec1cb4b - test::__rust_begin_short_backtrace::h8e82d8113d0da17f
[INFO] [stdout]                                at /rustc/df4ca44d3fbc9301ee17f30f4d474e6ae4b05252/library/test/src/lib.rs:621:18
[INFO] [stdout]   25:     0x60576ec1c4c7 - test::run_test_in_process::{{closure}}::h33235f4f20b7b7c7
[INFO] [stdout]                                at /rustc/df4ca44d3fbc9301ee17f30f4d474e6ae4b05252/library/test/src/lib.rs:644:60
[INFO] [stdout]   26:     0x60576ec1c4c7 - <core::panic::unwind_safe::AssertUnwindSafe<F> as core::ops::function::FnOnce<()>>::call_once::hb5043206310c586f
[INFO] [stdout]                                at /rustc/df4ca44d3fbc9301ee17f30f4d474e6ae4b05252/library/core/src/panic/unwind_safe.rs:272:9
[INFO] [stdout]   27:     0x60576ec1c4c7 - std::panicking::try::do_call::h9ad4731a60ab23e2
[INFO] [stdout]                                at /rustc/df4ca44d3fbc9301ee17f30f4d474e6ae4b05252/library/std/src/panicking.rs:557:40
[INFO] [stdout]   28:     0x60576ec1c4c7 - std::panicking::try::h3824d23db772a716
[INFO] [stdout]                                at /rustc/df4ca44d3fbc9301ee17f30f4d474e6ae4b05252/library/std/src/panicking.rs:520:19
[INFO] [stdout]   29:     0x60576ec1c4c7 - std::panic::catch_unwind::h5afd514605fde46b
[INFO] [stdout]                                at /rustc/df4ca44d3fbc9301ee17f30f4d474e6ae4b05252/library/std/src/panic.rs:358:14
[INFO] [stdout]   30:     0x60576ec1c4c7 - test::run_test_in_process::h0d5cbfa7067d1720
[INFO] [stdout]                                at /rustc/df4ca44d3fbc9301ee17f30f4d474e6ae4b05252/library/test/src/lib.rs:644:27
[INFO] [stdout]   31:     0x60576ec1c4c7 - test::run_test::{{closure}}::h708eb8872708115d
[INFO] [stdout]                                at /rustc/df4ca44d3fbc9301ee17f30f4d474e6ae4b05252/library/test/src/lib.rs:565:43
[INFO] [stdout]   32:     0x60576ebdfbe4 - test::run_test::{{closure}}::h392c51cee94713ab
[INFO] [stdout]                                at /rustc/df4ca44d3fbc9301ee17f30f4d474e6ae4b05252/library/test/src/lib.rs:595:41
[INFO] [stdout]   33:     0x60576ebdfbe4 - std::sys::backtrace::__rust_begin_short_backtrace::h2f40290710935a8b
[INFO] [stdout]                                at /rustc/df4ca44d3fbc9301ee17f30f4d474e6ae4b05252/library/std/src/sys/backtrace.rs:154:18
[INFO] [stdout]   34:     0x60576ebe338e - std::thread::Builder::spawn_unchecked_::{{closure}}::{{closure}}::h3fd968d89053a903
[INFO] [stdout]                                at /rustc/df4ca44d3fbc9301ee17f30f4d474e6ae4b05252/library/std/src/thread/mod.rs:541:17
[INFO] [stdout]   35:     0x60576ebe338e - <core::panic::unwind_safe::AssertUnwindSafe<F> as core::ops::function::FnOnce<()>>::call_once::h743f637ba4229880
[INFO] [stdout]                                at /rustc/df4ca44d3fbc9301ee17f30f4d474e6ae4b05252/library/core/src/panic/unwind_safe.rs:272:9
[INFO] [stdout]   36:     0x60576ebe338e - std::panicking::try::do_call::h07440897322525a6
[INFO] [stdout]                                at /rustc/df4ca44d3fbc9301ee17f30f4d474e6ae4b05252/library/std/src/panicking.rs:557:40
[INFO] [stdout]   37:     0x60576ebe338e - std::panicking::try::he5a2e00188156637
[INFO] [stdout]                                at /rustc/df4ca44d3fbc9301ee17f30f4d474e6ae4b05252/library/std/src/panicking.rs:520:19
[INFO] [stdout]   38:     0x60576ebe338e - std::panic::catch_unwind::hbaf3cae49b3c6433
[INFO] [stdout]                                at /rustc/df4ca44d3fbc9301ee17f30f4d474e6ae4b05252/library/std/src/panic.rs:358:14
[INFO] [stdout]   39:     0x60576ebe338e - std::thread::Builder::spawn_unchecked_::{{closure}}::h8e141ea224820bce
[INFO] [stdout]                                at /rustc/df4ca44d3fbc9301ee17f30f4d474e6ae4b05252/library/std/src/thread/mod.rs:540:30
[INFO] [stdout]   40:     0x60576ebe338e - core::ops::function::FnOnce::call_once{{vtable.shim}}::h90d312fedd7b8ea8
[INFO] [stdout]                                at /rustc/df4ca44d3fbc9301ee17f30f4d474e6ae4b05252/library/core/src/ops/function.rs:250:5
[INFO] [stdout]   41:     0x60576ec72d0b - <alloc::boxed::Box<F,A> as core::ops::function::FnOnce<Args>>::call_once::h69aa08ddb6adb8b6
[INFO] [stdout]                                at /rustc/df4ca44d3fbc9301ee17f30f4d474e6ae4b05252/library/alloc/src/boxed.rs:2454:9
[INFO] [stdout]   42:     0x60576ec72d0b - <alloc::boxed::Box<F,A> as core::ops::function::FnOnce<Args>>::call_once::h5aa36efdb79c806f
[INFO] [stdout]                                at /rustc/df4ca44d3fbc9301ee17f30f4d474e6ae4b05252/library/alloc/src/boxed.rs:2454:9
[INFO] [stdout]   43:     0x60576ec72d0b - std::sys::pal::unix::thread::Thread::new::thread_start::h6cd80a1b4be5158d
[INFO] [stdout]                                at /rustc/df4ca44d3fbc9301ee17f30f4d474e6ae4b05252/library/std/src/sys/pal/unix/thread.rs:105:17
[INFO] [stdout]   44:     0x7871fce17ac3 - <unknown>
[INFO] [stdout]   45:     0x7871fcea8a04 - clone
[INFO] [stdout]   46:                0x0 - <unknown>
[INFO] [stdout] 
[INFO] [stdout] ---- processor::registers::tests::set_bc_singles_correct stdout ----
[INFO] [stdout] thread 'processor::registers::tests::set_bc_singles_correct' panicked at src/processor/registers.rs:996:9:
[INFO] [stdout] assertion `left == right` failed
[INFO] [stdout]   left: 52651
[INFO] [stdout]  right: 43981
[INFO] [stdout] stack backtrace:
[INFO] [stdout]    0:     0x60576ec6d38a - std::backtrace_rs::backtrace::libunwind::trace::h207520d6e9873551
[INFO] [stdout]                                at /rustc/df4ca44d3fbc9301ee17f30f4d474e6ae4b05252/library/std/src/../../backtrace/src/backtrace/libunwind.rs:116:5
[INFO] [stdout]    1:     0x60576ec6d38a - std::backtrace_rs::backtrace::trace_unsynchronized::h2ed7433f370e3eca
[INFO] [stdout]                                at /rustc/df4ca44d3fbc9301ee17f30f4d474e6ae4b05252/library/std/src/../../backtrace/src/backtrace/mod.rs:66:5
[INFO] [stdout]    2:     0x60576ec6d38a - std::sys::backtrace::_print_fmt::h916fac51166b18d7
[INFO] [stdout]                                at /rustc/df4ca44d3fbc9301ee17f30f4d474e6ae4b05252/library/std/src/sys/backtrace.rs:66:9
[INFO] [stdout]    3:     0x60576ec6d38a - <std::sys::backtrace::BacktraceLock::print::DisplayBacktrace as core::fmt::Display>::fmt::ha0a4c9b8ce3802e6
[INFO] [stdout]                                at /rustc/df4ca44d3fbc9301ee17f30f4d474e6ae4b05252/library/std/src/sys/backtrace.rs:39:26
[INFO] [stdout]    4:     0x60576ec93a43 - core::fmt::rt::Argument::fmt::h4cfc8587d52b3eb5
[INFO] [stdout]                                at /rustc/df4ca44d3fbc9301ee17f30f4d474e6ae4b05252/library/core/src/fmt/rt.rs:177:76
[INFO] [stdout]    5:     0x60576ec93a43 - core::fmt::write::h522cc39e5b36ae9f
[INFO] [stdout]                                at /rustc/df4ca44d3fbc9301ee17f30f4d474e6ae4b05252/library/core/src/fmt/mod.rs:1190:21
[INFO] [stdout]    6:     0x60576ec69ff3 - std::io::Write::write_fmt::h7d3c26752da97734
[INFO] [stdout]                                at /rustc/df4ca44d3fbc9301ee17f30f4d474e6ae4b05252/library/std/src/io/mod.rs:1839:15
[INFO] [stdout]    7:     0x60576ec6d1d2 - std::sys::backtrace::BacktraceLock::print::h4b9e00b29e9c0942
[INFO] [stdout]                                at /rustc/df4ca44d3fbc9301ee17f30f4d474e6ae4b05252/library/std/src/sys/backtrace.rs:42:9
[INFO] [stdout]    8:     0x60576ec6e81a - std::panicking::default_hook::{{closure}}::hb59b88280d0324d9
[INFO] [stdout]                                at /rustc/df4ca44d3fbc9301ee17f30f4d474e6ae4b05252/library/std/src/panicking.rs:268:22
[INFO] [stdout]    9:     0x60576ec6e624 - std::panicking::default_hook::he1dd496665be4a29
[INFO] [stdout]                                at /rustc/df4ca44d3fbc9301ee17f30f4d474e6ae4b05252/library/std/src/panicking.rs:292:9
[INFO] [stdout]   10:     0x60576ec18279 - <alloc::boxed::Box<F,A> as core::ops::function::Fn<Args>>::call::h4ff71de18744e1dc
[INFO] [stdout]                                at /rustc/df4ca44d3fbc9301ee17f30f4d474e6ae4b05252/library/alloc/src/boxed.rs:2468:9
[INFO] [stdout]   11:     0x60576ec18279 - test::test_main::{{closure}}::hcf7c055ce117aa81
[INFO] [stdout]                                at /rustc/df4ca44d3fbc9301ee17f30f4d474e6ae4b05252/library/test/src/lib.rs:133:21
[INFO] [stdout]   12:     0x60576ec6ef18 - <alloc::boxed::Box<F,A> as core::ops::function::Fn<Args>>::call::h1d66c6bbd60c9692
[INFO] [stdout]                                at /rustc/df4ca44d3fbc9301ee17f30f4d474e6ae4b05252/library/alloc/src/boxed.rs:2468:9
[INFO] [stdout]   13:     0x60576ec6ef18 - std::panicking::rust_panic_with_hook::h2ff17fe8f26dfcf8
[INFO] [stdout]                                at /rustc/df4ca44d3fbc9301ee17f30f4d474e6ae4b05252/library/std/src/panicking.rs:809:13
[INFO] [stdout]   14:     0x60576ec6ecda - std::panicking::begin_panic_handler::{{closure}}::h4fad77951c07e101
[INFO] [stdout]                                at /rustc/df4ca44d3fbc9301ee17f30f4d474e6ae4b05252/library/std/src/panicking.rs:674:13
[INFO] [stdout]   15:     0x60576ec6d869 - std::sys::backtrace::__rust_end_short_backtrace::hb1a25b3da5d0ea08
[INFO] [stdout]                                at /rustc/df4ca44d3fbc9301ee17f30f4d474e6ae4b05252/library/std/src/sys/backtrace.rs:170:18
[INFO] [stdout]   16:     0x60576ec6e96c - rust_begin_unwind
[INFO] [stdout]                                at /rustc/df4ca44d3fbc9301ee17f30f4d474e6ae4b05252/library/std/src/panicking.rs:665:5
[INFO] [stdout]   17:     0x60576ec92400 - core::panicking::panic_fmt::ha9db07b529f9b256
[INFO] [stdout]                                at /rustc/df4ca44d3fbc9301ee17f30f4d474e6ae4b05252/library/core/src/panicking.rs:75:14
[INFO] [stdout]   18:     0x60576ec92804 - core::panicking::assert_failed_inner::h04f38944d74a80a8
[INFO] [stdout]   19:     0x60576ebd97a5 - core::panicking::assert_failed::h725ba2217b9f71d8
[INFO] [stdout]                                at /rustc/df4ca44d3fbc9301ee17f30f4d474e6ae4b05252/library/core/src/panicking.rs:377:5
[INFO] [stdout]   20:     0x60576ebd73da - rust_boy::processor::registers::tests::set_bc_singles_correct::h51af82a7d517cba2
[INFO] [stdout]                                at /opt/rustwide/workdir/src/processor/registers.rs:996:9
[INFO] [stdout]   21:     0x60576ebd7327 - rust_boy::processor::registers::tests::set_bc_singles_correct::{{closure}}::h64959c5d93ebea82
[INFO] [stdout]                                at /opt/rustwide/workdir/src/processor/registers.rs:992:32
[INFO] [stdout]   22:     0x60576ebce466 - core::ops::function::FnOnce::call_once::hfd78502c4afe70a7
[INFO] [stdout]                                at /rustc/df4ca44d3fbc9301ee17f30f4d474e6ae4b05252/library/core/src/ops/function.rs:250:5
[INFO] [stdout]   23:     0x60576ec1cb4b - core::ops::function::FnOnce::call_once::h22c3ba5715e93f05
[INFO] [stdout]                                at /rustc/df4ca44d3fbc9301ee17f30f4d474e6ae4b05252/library/core/src/ops/function.rs:250:5
[INFO] [stdout]   24:     0x60576ec1cb4b - test::__rust_begin_short_backtrace::h8e82d8113d0da17f
[INFO] [stdout]                                at /rustc/df4ca44d3fbc9301ee17f30f4d474e6ae4b05252/library/test/src/lib.rs:621:18
[INFO] [stdout]   25:     0x60576ec1c4c7 - test::run_test_in_process::{{closure}}::h33235f4f20b7b7c7
[INFO] [stdout]                                at /rustc/df4ca44d3fbc9301ee17f30f4d474e6ae4b05252/library/test/src/lib.rs:644:60
[INFO] [stdout]   26:     0x60576ec1c4c7 - <core::panic::unwind_safe::AssertUnwindSafe<F> as core::ops::function::FnOnce<()>>::call_once::hb5043206310c586f
[INFO] [stdout]                                at /rustc/df4ca44d3fbc9301ee17f30f4d474e6ae4b05252/library/core/src/panic/unwind_safe.rs:272:9
[INFO] [stdout]   27:     0x60576ec1c4c7 - std::panicking::try::do_call::h9ad4731a60ab23e2
[INFO] [stdout]                                at /rustc/df4ca44d3fbc9301ee17f30f4d474e6ae4b05252/library/std/src/panicking.rs:557:40
[INFO] [stdout]   28:     0x60576ec1c4c7 - std::panicking::try::h3824d23db772a716
[INFO] [stdout]                                at /rustc/df4ca44d3fbc9301ee17f30f4d474e6ae4b05252/library/std/src/panicking.rs:520:19
[INFO] [stdout]   29:     0x60576ec1c4c7 - std::panic::catch_unwind::h5afd514605fde46b
[INFO] [stdout]                                at /rustc/df4ca44d3fbc9301ee17f30f4d474e6ae4b05252/library/std/src/panic.rs:358:14
[INFO] [stdout]   30:     0x60576ec1c4c7 - test::run_test_in_process::h0d5cbfa7067d1720
[INFO] [stdout]                                at /rustc/df4ca44d3fbc9301ee17f30f4d474e6ae4b05252/library/test/src/lib.rs:644:27
[INFO] [stdout]   31:     0x60576ec1c4c7 - test::run_test::{{closure}}::h708eb8872708115d
[INFO] [stdout]                                at /rustc/df4ca44d3fbc9301ee17f30f4d474e6ae4b05252/library/test/src/lib.rs:565:43
[INFO] [stdout]   32:     0x60576ebdfbe4 - test::run_test::{{closure}}::h392c51cee94713ab
[INFO] [stdout]                                at /rustc/df4ca44d3fbc9301ee17f30f4d474e6ae4b05252/library/test/src/lib.rs:595:41
[INFO] [stdout]   33:     0x60576ebdfbe4 - std::sys::backtrace::__rust_begin_short_backtrace::h2f40290710935a8b
[INFO] [stdout]                                at /rustc/df4ca44d3fbc9301ee17f30f4d474e6ae4b05252/library/std/src/sys/backtrace.rs:154:18
[INFO] [stdout]   34:     0x60576ebe338e - std::thread::Builder::spawn_unchecked_::{{closure}}::{{closure}}::h3fd968d89053a903
[INFO] [stdout]                                at /rustc/df4ca44d3fbc9301ee17f30f4d474e6ae4b05252/library/std/src/thread/mod.rs:541:17
[INFO] [stdout]   35:     0x60576ebe338e - <core::panic::unwind_safe::AssertUnwindSafe<F> as core::ops::function::FnOnce<()>>::call_once::h743f637ba4229880
[INFO] [stdout]                                at /rustc/df4ca44d3fbc9301ee17f30f4d474e6ae4b05252/library/core/src/panic/unwind_safe.rs:272:9
[INFO] [stdout]   36:     0x60576ebe338e - std::panicking::try::do_call::h07440897322525a6
[INFO] [stdout]                                at /rustc/df4ca44d3fbc9301ee17f30f4d474e6ae4b05252/library/std/src/panicking.rs:557:40
[INFO] [stdout]   37:     0x60576ebe338e - std::panicking::try::he5a2e00188156637
[INFO] [stdout]                                at /rustc/df4ca44d3fbc9301ee17f30f4d474e6ae4b05252/library/std/src/panicking.rs:520:19
[INFO] [stdout]   38:     0x60576ebe338e - std::panic::catch_unwind::hbaf3cae49b3c6433
[INFO] [stdout]                                at /rustc/df4ca44d3fbc9301ee17f30f4d474e6ae4b05252/library/std/src/panic.rs:358:14
[INFO] [stdout]   39:     0x60576ebe338e - std::thread::Builder::spawn_unchecked_::{{closure}}::h8e141ea224820bce
[INFO] [stdout]                                at /rustc/df4ca44d3fbc9301ee17f30f4d474e6ae4b05252/library/std/src/thread/mod.rs:540:30
[INFO] [stdout]   40:     0x60576ebe338e - core::ops::function::FnOnce::call_once{{vtable.shim}}::h90d312fedd7b8ea8
[INFO] [stdout]                                at /rustc/df4ca44d3fbc9301ee17f30f4d474e6ae4b05252/library/core/src/ops/function.rs:250:5
[INFO] [stdout]   41:     0x60576ec72d0b - <alloc::boxed::Box<F,A> as core::ops::function::FnOnce<Args>>::call_once::h69aa08ddb6adb8b6
[INFO] [stdout]                                at /rustc/df4ca44d3fbc9301ee17f30f4d474e6ae4b05252/library/alloc/src/boxed.rs:2454:9
[INFO] [stdout]   42:     0x60576ec72d0b - <alloc::boxed::Box<F,A> as core::ops::function::FnOnce<Args>>::call_once::h5aa36efdb79c806f
[INFO] [stdout]                                at /rustc/df4ca44d3fbc9301ee17f30f4d474e6ae4b05252/library/alloc/src/boxed.rs:2454:9
[INFO] [stdout]   43:     0x60576ec72d0b - std::sys::pal::unix::thread::Thread::new::thread_start::h6cd80a1b4be5158d
[INFO] [stdout]                                at /rustc/df4ca44d3fbc9301ee17f30f4d474e6ae4b05252/library/std/src/sys/pal/unix/thread.rs:105:17
[INFO] [stdout]   44:     0x7871fce17ac3 - <unknown>
[INFO] [stdout]   45:     0x7871fcea8a04 - clone
[INFO] [stdout]   46:                0x0 - <unknown>
[INFO] [stdout] 
[INFO] [stdout] ---- processor::registers::tests::set_c_singles_correct stdout ----
[INFO] [stdout] thread 'processor::registers::tests::set_c_singles_correct' panicked at src/processor/registers.rs:1014:9:
[INFO] [stdout] assertion `left == right` failed
[INFO] [stdout]   left: 52499
[INFO] [stdout]  right: 205
[INFO] [stdout] stack backtrace:
[INFO] [stdout]    0:     0x60576ec6d38a - std::backtrace_rs::backtrace::libunwind::trace::h207520d6e9873551
[INFO] [stdout]                                at /rustc/df4ca44d3fbc9301ee17f30f4d474e6ae4b05252/library/std/src/../../backtrace/src/backtrace/libunwind.rs:116:5
[INFO] [stdout]    1:     0x60576ec6d38a - std::backtrace_rs::backtrace::trace_unsynchronized::h2ed7433f370e3eca
[INFO] [stdout]                                at /rustc/df4ca44d3fbc9301ee17f30f4d474e6ae4b05252/library/std/src/../../backtrace/src/backtrace/mod.rs:66:5
[INFO] [stdout]    2:     0x60576ec6d38a - std::sys::backtrace::_print_fmt::h916fac51166b18d7
[INFO] [stdout]                                at /rustc/df4ca44d3fbc9301ee17f30f4d474e6ae4b05252/library/std/src/sys/backtrace.rs:66:9
[INFO] [stdout]    3:     0x60576ec6d38a - <std::sys::backtrace::BacktraceLock::print::DisplayBacktrace as core::fmt::Display>::fmt::ha0a4c9b8ce3802e6
[INFO] [stdout]                                at /rustc/df4ca44d3fbc9301ee17f30f4d474e6ae4b05252/library/std/src/sys/backtrace.rs:39:26
[INFO] [stdout]    4:     0x60576ec93a43 - core::fmt::rt::Argument::fmt::h4cfc8587d52b3eb5
[INFO] [stdout]                                at /rustc/df4ca44d3fbc9301ee17f30f4d474e6ae4b05252/library/core/src/fmt/rt.rs:177:76
[INFO] [stdout]    5:     0x60576ec93a43 - core::fmt::write::h522cc39e5b36ae9f
[INFO] [stdout]                                at /rustc/df4ca44d3fbc9301ee17f30f4d474e6ae4b05252/library/core/src/fmt/mod.rs:1190:21
[INFO] [stdout]    6:     0x60576ec69ff3 - std::io::Write::write_fmt::h7d3c26752da97734
[INFO] [stdout]                                at /rustc/df4ca44d3fbc9301ee17f30f4d474e6ae4b05252/library/std/src/io/mod.rs:1839:15
[INFO] [stdout]    7:     0x60576ec6d1d2 - std::sys::backtrace::BacktraceLock::print::h4b9e00b29e9c0942
[INFO] [stdout]                                at /rustc/df4ca44d3fbc9301ee17f30f4d474e6ae4b05252/library/std/src/sys/backtrace.rs:42:9
[INFO] [stdout]    8:     0x60576ec6e81a - std::panicking::default_hook::{{closure}}::hb59b88280d0324d9
[INFO] [stdout]                                at /rustc/df4ca44d3fbc9301ee17f30f4d474e6ae4b05252/library/std/src/panicking.rs:268:22
[INFO] [stdout]    9:     0x60576ec6e624 - std::panicking::default_hook::he1dd496665be4a29
[INFO] [stdout]                                at /rustc/df4ca44d3fbc9301ee17f30f4d474e6ae4b05252/library/std/src/panicking.rs:292:9
[INFO] [stdout]   10:     0x60576ec18279 - <alloc::boxed::Box<F,A> as core::ops::function::Fn<Args>>::call::h4ff71de18744e1dc
[INFO] [stdout]                                at /rustc/df4ca44d3fbc9301ee17f30f4d474e6ae4b05252/library/alloc/src/boxed.rs:2468:9
[INFO] [stdout]   11:     0x60576ec18279 - test::test_main::{{closure}}::hcf7c055ce117aa81
[INFO] [stdout]                                at /rustc/df4ca44d3fbc9301ee17f30f4d474e6ae4b05252/library/test/src/lib.rs:133:21
[INFO] [stdout]   12:     0x60576ec6ef18 - <alloc::boxed::Box<F,A> as core::ops::function::Fn<Args>>::call::h1d66c6bbd60c9692
[INFO] [stdout]                                at /rustc/df4ca44d3fbc9301ee17f30f4d474e6ae4b05252/library/alloc/src/boxed.rs:2468:9
[INFO] [stdout]   13:     0x60576ec6ef18 - std::panicking::rust_panic_with_hook::h2ff17fe8f26dfcf8
[INFO] [stdout]                                at /rustc/df4ca44d3fbc9301ee17f30f4d474e6ae4b05252/library/std/src/panicking.rs:809:13
[INFO] [stdout]   14:     0x60576ec6ecda - std::panicking::begin_panic_handler::{{closure}}::h4fad77951c07e101
[INFO] [stdout]                                at /rustc/df4ca44d3fbc9301ee17f30f4d474e6ae4b05252/library/std/src/panicking.rs:674:13
[INFO] [stdout]   15:     0x60576ec6d869 - std::sys::backtrace::__rust_end_short_backtrace::hb1a25b3da5d0ea08
[INFO] [stdout]                                at /rustc/df4ca44d3fbc9301ee17f30f4d474e6ae4b05252/library/std/src/sys/backtrace.rs:170:18
[INFO] [stdout]   16:     0x60576ec6e96c - rust_begin_unwind
[INFO] [stdout]                                at /rustc/df4ca44d3fbc9301ee17f30f4d474e6ae4b05252/library/std/src/panicking.rs:665:5
[INFO] [stdout]   17:     0x60576ec92400 - core::panicking::panic_fmt::ha9db07b529f9b256
[INFO] [stdout]                                at /rustc/df4ca44d3fbc9301ee17f30f4d474e6ae4b05252/library/core/src/panicking.rs:75:14
[INFO] [stdout]   18:     0x60576ec92804 - core::panicking::assert_failed_inner::h04f38944d74a80a8
[INFO] [stdout]   19:     0x60576ebd97a5 - core::panicking::assert_failed::h725ba2217b9f71d8
[INFO] [stdout]                                at /rustc/df4ca44d3fbc9301ee17f30f4d474e6ae4b05252/library/core/src/panicking.rs:377:5
[INFO] [stdout]   20:     0x60576ebd773b - rust_boy::processor::registers::tests::set_c_singles_correct::h2505b20f39c3be4b
[INFO] [stdout]                                at /opt/rustwide/workdir/src/processor/registers.rs:1014:9
[INFO] [stdout]   21:     0x60576ebd7697 - rust_boy::processor::registers::tests::set_c_singles_correct::{{closure}}::h24b451bb7e824690
[INFO] [stdout]                                at /opt/rustwide/workdir/src/processor/registers.rs:1011:31
[INFO] [stdout]   22:     0x60576ebcc566 - core::ops::function::FnOnce::call_once::h1515537ef092528a
[INFO] [stdout]                                at /rustc/df4ca44d3fbc9301ee17f30f4d474e6ae4b05252/library/core/src/ops/function.rs:250:5
[INFO] [stdout]   23:     0x60576ec1cb4b - core::ops::function::FnOnce::call_once::h22c3ba5715e93f05
[INFO] [stdout]                                at /rustc/df4ca44d3fbc9301ee17f30f4d474e6ae4b05252/library/core/src/ops/function.rs:250:5
[INFO] [stdout]   24:     0x60576ec1cb4b - test::__rust_begin_short_backtrace::h8e82d8113d0da17f
[INFO] [stdout]                                at /rustc/df4ca44d3fbc9301ee17f30f4d474e6ae4b05252/library/test/src/lib.rs:621:18
[INFO] [stdout]   25:     0x60576ec1c4c7 - test::run_test_in_process::{{closure}}::h33235f4f20b7b7c7
[INFO] [stdout]                                at /rustc/df4ca44d3fbc9301ee17f30f4d474e6ae4b05252/library/test/src/lib.rs:644:60
[INFO] [stdout]   26:     0x60576ec1c4c7 - <core::panic::unwind_safe::AssertUnwindSafe<F> as core::ops::function::FnOnce<()>>::call_once::hb5043206310c586f
[INFO] [stdout]                                at /rustc/df4ca44d3fbc9301ee17f30f4d474e6ae4b05252/library/core/src/panic/unwind_safe.rs:272:9
[INFO] [stdout]   27:     0x60576ec1c4c7 - std::panicking::try::do_call::h9ad4731a60ab23e2
[INFO] [stdout]                                at /rustc/df4ca44d3fbc9301ee17f30f4d474e6ae4b05252/library/std/src/panicking.rs:557:40
[INFO] [stdout]   28:     0x60576ec1c4c7 - std::panicking::try::h3824d23db772a716
[INFO] [stdout]                                at /rustc/df4ca44d3fbc9301ee17f30f4d474e6ae4b05252/library/std/src/panicking.rs:520:19
[INFO] [stdout]   29:     0x60576ec1c4c7 - std::panic::catch_unwind::h5afd514605fde46b
[INFO] [stdout]                                at /rustc/df4ca44d3fbc9301ee17f30f4d474e6ae4b05252/library/std/src/panic.rs:358:14
[INFO] [stdout]   30:     0x60576ec1c4c7 - test::run_test_in_process::h0d5cbfa7067d1720
[INFO] [stdout]                                at /rustc/df4ca44d3fbc9301ee17f30f4d474e6ae4b05252/library/test/src/lib.rs:644:27
[INFO] [stdout]   31:     0x60576ec1c4c7 - test::run_test::{{closure}}::h708eb8872708115d
[INFO] [stdout]                                at /rustc/df4ca44d3fbc9301ee17f30f4d474e6ae4b05252/library/test/src/lib.rs:565:43
[INFO] [stdout]   32:     0x60576ebdfbe4 - test::run_test::{{closure}}::h392c51cee94713ab
[INFO] [stdout]                                at /rustc/df4ca44d3fbc9301ee17f30f4d474e6ae4b05252/library/test/src/lib.rs:595:41
[INFO] [stdout]   33:     0x60576ebdfbe4 - std::sys::backtrace::__rust_begin_short_backtrace::h2f40290710935a8b
[INFO] [stdout]                                at /rustc/df4ca44d3fbc9301ee17f30f4d474e6ae4b05252/library/std/src/sys/backtrace.rs:154:18
[INFO] [stdout]   34:     0x60576ebe338e - std::thread::Builder::spawn_unchecked_::{{closure}}::{{closure}}::h3fd968d89053a903
[INFO] [stdout]                                at /rustc/df4ca44d3fbc9301ee17f30f4d474e6ae4b05252/library/std/src/thread/mod.rs:541:17
[INFO] [stdout]   35:     0x60576ebe338e - <core::panic::unwind_safe::AssertUnwindSafe<F> as core::ops::function::FnOnce<()>>::call_once::h743f637ba4229880
[INFO] [stdout]                                at /rustc/df4ca44d3fbc9301ee17f30f4d474e6ae4b05252/library/core/src/panic/unwind_safe.rs:272:9
[INFO] [stdout]   36:     0x60576ebe338e - std::panicking::try::do_call::h07440897322525a6
[INFO] [stdout]                                at /rustc/df4ca44d3fbc9301ee17f30f4d474e6ae4b05252/library/std/src/panicking.rs:557:40
[INFO] [stdout]   37:     0x60576ebe338e - std::panicking::try::he5a2e00188156637
[INFO] [stdout]                                at /rustc/df4ca44d3fbc9301ee17f30f4d474e6ae4b05252/library/std/src/panicking.rs:520:19
[INFO] [stdout]   38:     0x60576ebe338e - std::panic::catch_unwind::hbaf3cae49b3c6433
[INFO] [stdout]                                at /rustc/df4ca44d3fbc9301ee17f30f4d474e6ae4b05252/library/std/src/panic.rs:358:14
[INFO] [stdout]   39:     0x60576ebe338e - std::thread::Builder::spawn_unchecked_::{{closure}}::h8e141ea224820bce
[INFO] [stdout]                                at /rustc/df4ca44d3fbc9301ee17f30f4d474e6ae4b05252/library/std/src/thread/mod.rs:540:30
[INFO] [stdout]   40:     0x60576ebe338e - core::ops::function::FnOnce::call_once{{vtable.shim}}::h90d312fedd7b8ea8
[INFO] [stdout]                                at /rustc/df4ca44d3fbc9301ee17f30f4d474e6ae4b05252/library/core/src/ops/function.rs:250:5
[INFO] [stdout]   41:     0x60576ec72d0b - <alloc::boxed::Box<F,A> as core::ops::function::FnOnce<Args>>::call_once::h69aa08ddb6adb8b6
[INFO] [stdout]                                at /rustc/df4ca44d3fbc9301ee17f30f4d474e6ae4b05252/library/alloc/src/boxed.rs:2454:9
[INFO] [stdout]   42:     0x60576ec72d0b - <alloc::boxed::Box<F,A> as core::ops::function::FnOnce<Args>>::call_once::h5aa36efdb79c806f
[INFO] [stdout]                                at /rustc/df4ca44d3fbc9301ee17f30f4d474e6ae4b05252/library/alloc/src/boxed.rs:2454:9
[INFO] [stdout]   43:     0x60576ec72d0b - std::sys::pal::unix::thread::Thread::new::thread_start::h6cd80a1b4be5158d
[INFO] [stdout]                                at /rustc/df4ca44d3fbc9301ee17f30f4d474e6ae4b05252/library/std/src/sys/pal/unix/thread.rs:105:17
[INFO] [stdout]   44:     0x7871fce17ac3 - <unknown>
[INFO] [stdout]   45:     0x7871fcea8a04 - clone
[INFO] [stdout]   46:                0x0 - <unknown>
[INFO] [stdout] 
[INFO] [stdout] 
[INFO] [stdout] failures:
[INFO] [stdout]     processor::cpu::tests::pop_bc
[INFO] [stdout]     processor::registers::tests::everything_setup_after_initialization
[INFO] [stdout]     processor::registers::tests::set_b_singles_correct
[INFO] [stdout]     processor::registers::tests::set_bc_correct
[INFO] [stdout]     processor::registers::tests::set_bc_singles_correct
[INFO] [stdout]     processor::registers::tests::set_c_singles_correct
[INFO] [stdout] 
[INFO] [stdout] test result: FAILED. 133 passed; 6 failed; 0 ignored; 0 measured; 0 filtered out; finished in 0.05s
[INFO] [stdout] 
[INFO] [stderr] error: test failed, to rerun pass `--lib`
[INFO] running `Command { std: "docker" "inspect" "cc68161b0e0e044a0afa4f84c21c706da8c5824372024f7902141aed3c5820d9", kill_on_drop: false }`
[INFO] running `Command { std: "docker" "rm" "-f" "cc68161b0e0e044a0afa4f84c21c706da8c5824372024f7902141aed3c5820d9", kill_on_drop: false }`
[INFO] [stdout] cc68161b0e0e044a0afa4f84c21c706da8c5824372024f7902141aed3c5820d9
